[INFO] fetching crate pezpallet-election-provider-multi-block 0.9.0...
[INFO] testing pezpallet-election-provider-multi-block-0.9.0 against 1.99.0-beta.8+cargoflags=--release for beta-release-1.100-2
[INFO] extracting crate pezpallet-election-provider-multi-block 0.9.0 into /workspace/builds/worker-2-tc1/source
[INFO] started tweaking crates.io crate pezpallet-election-provider-multi-block 0.9.0
[INFO] finished tweaking crates.io crate pezpallet-election-provider-multi-block 0.9.0
[INFO] tweaked toml for crates.io crate pezpallet-election-provider-multi-block 0.9.0 written to /workspace/builds/worker-2-tc1/source/Cargo.toml
[INFO] validating manifest of crates.io crate pezpallet-election-provider-multi-block 0.9.0 on toolchain 1.99.0-beta.8
[INFO] running `Command { std: CARGO_HOME="/workspace/cargo-home" RUSTUP_HOME="/workspace/rustup-home" "/workspace/cargo-home/bin/cargo" "+1.99.0-beta.8" "metadata" "--manifest-path" "Cargo.toml" "--no-deps", kill_on_drop: false }`
[INFO] crate crates.io crate pezpallet-election-provider-multi-block 0.9.0 already has a lockfile, it will not be regenerated
[INFO] running `Command { std: CARGO_HOME="/workspace/cargo-home" RUSTUP_HOME="/workspace/rustup-home" "/workspace/cargo-home/bin/cargo" "+1.99.0-beta.8" "fetch" "--manifest-path" "Cargo.toml", kill_on_drop: false }`
[INFO] [stderr] warning: Cargo.toml: `lints.clippy.borrowed-box` is deprecated in favor of `lints.clippy.borrowed_box` and will not work in a future edition
[INFO] [stderr] warning: Cargo.toml: `lints.clippy.extra-unused-type-parameters` is deprecated in favor of `lints.clippy.extra_unused_type_parameters` and will not work in a future edition
[INFO] [stderr] warning: Cargo.toml: `lints.clippy.identity-op` is deprecated in favor of `lints.clippy.identity_op` and will not work in a future edition
[INFO] [stderr] warning: Cargo.toml: `lints.clippy.if-same-then-else` is deprecated in favor of `lints.clippy.if_same_then_else` and will not work in a future edition
[INFO] [stderr] warning: Cargo.toml: `lints.clippy.needless-lifetimes` is deprecated in favor of `lints.clippy.needless_lifetimes` and will not work in a future edition
[INFO] [stderr] warning: Cargo.toml: `lints.clippy.nonminimal-bool` is deprecated in favor of `lints.clippy.nonminimal_bool` and will not work in a future edition
[INFO] [stderr] warning: Cargo.toml: `lints.clippy.option-map-unit-fn` is deprecated in favor of `lints.clippy.option_map_unit_fn` and will not work in a future edition
[INFO] [stderr] warning: Cargo.toml: `lints.clippy.too-many-arguments` is deprecated in favor of `lints.clippy.too_many_arguments` and will not work in a future edition
[INFO] [stderr] warning: Cargo.toml: `lints.clippy.zero-prefixed-literal` is deprecated in favor of `lints.clippy.zero_prefixed_literal` and will not work in a future edition
[INFO] [stderr] warning: `pezpallet-election-provider-multi-block` (manifest) generated 9 warnings
[INFO] [stderr]     Updating crates.io index
[INFO] [stderr]  Downloading crates ...
[INFO] [stderr]   Downloaded pezsp-weights v27.0.0
[INFO] [stderr]   Downloaded itoa v1.0.16
[INFO] [stderr]   Downloaded pezsp-std v14.0.0
[INFO] [stderr]   Downloaded pezsp-tracing v16.0.0
[INFO] [stderr]   Downloaded pezsp-debug-derive v14.0.0
[INFO] [stderr]   Downloaded pezsp-storage v19.0.0
[INFO] [stderr]   Downloaded pezsp-crypto-hashing v0.1.0
[INFO] [stderr]   Downloaded jam-codec-derive v0.1.1
[INFO] [stderr]   Downloaded pezsp-externalities v0.25.0
[INFO] [stderr]   Downloaded pezsp-ss58-registry v1.52.0
[INFO] [stderr]   Downloaded base64ct v1.8.1
[INFO] [stderr]   Downloaded zmij v0.1.7
[INFO] [stderr]   Downloaded bizinikiwi-bip39 v0.4.7
[INFO] [stderr]   Downloaded pezsp-arithmetic v23.0.0
[INFO] [stderr]   Downloaded jam-codec v0.1.1
[INFO] [stderr]   Downloaded pezsp-trie v29.0.0
[INFO] [stderr]   Downloaded pezsp-core v28.0.0
[INFO] [stderr]   Downloaded cc v1.2.50
[INFO] [stderr]   Downloaded schemars v1.1.0
[INFO] [stderr]   Downloaded serde_json v1.0.147
[INFO] [stderr]   Downloaded pezsp-panic-handler v13.0.0
[INFO] [stderr]   Downloaded polkavm-derive v0.26.0
[INFO] [stderr]   Downloaded polkavm-derive-impl-macro v0.26.0
[INFO] [stderr]   Downloaded pezsp-wasm-interface v20.0.0
[INFO] [stderr]   Downloaded pezsp-io v30.0.0
[INFO] [stderr]   Downloaded polkavm-derive-impl v0.26.0
[INFO] [stderr]   Downloaded polkavm-common v0.26.0
[INFO] [stderr]   Downloaded pezsp-runtime-interface v24.0.0
[INFO] [stderr]   Downloaded pezsp-state-machine v0.35.0
[INFO] [stderr]   Downloaded wasmtime-internal-versioned-export-macros v37.0.3
[INFO] [stderr]   Downloaded wasmtime-internal-math v37.0.3
[INFO] [stderr]   Downloaded wasmtime-internal-jit-icache-coherence v37.0.3
[INFO] [stderr]   Downloaded wasmtime-internal-jit-debug v37.0.3
[INFO] [stderr]   Downloaded wasmtime-internal-fiber v37.0.3
[INFO] [stderr]   Downloaded wasmtime-internal-asm-macros v37.0.3
[INFO] [stderr]   Downloaded cranelift-entity v0.124.3
[INFO] [stderr]   Downloaded cranelift-bitset v0.124.3
[INFO] [stderr]   Downloaded pulley-interpreter v37.0.3
[INFO] [stderr]   Downloaded pulley-macros v37.0.3
[INFO] [stderr]   Downloaded pezsp-runtime-interface-proc-macro v17.0.0
[INFO] [stderr]   Downloaded target-lexicon v0.13.4
[INFO] [stderr]   Downloaded pezsp-version-proc-macro v13.0.0
[INFO] [stderr]   Downloaded ark-vrf v0.1.1
[INFO] [stderr]   Downloaded pez-binary-merkle-tree v14.0.1
[INFO] [stderr]   Downloaded wasmtime-environ v37.0.3
[INFO] [stderr]   Downloaded wasmparser v0.239.0
[INFO] [stderr]   Downloaded pezframe-system v28.0.0
[INFO] [stderr]   Downloaded pezsp-crypto-hashing-proc-macro v0.1.0
[INFO] [stderr]   Downloaded pezsp-inherents v26.0.0
[INFO] [stderr]   Downloaded pezsp-application-crypto v30.0.0
[INFO] [stderr]   Downloaded pezsp-npos-elections v26.0.0
[INFO] [stderr]   Downloaded pezpallet-balances v28.0.0
[INFO] [stderr]   Downloaded pezsp-version v29.0.0
[INFO] [stderr]   Downloaded pezsp-metadata-ir v0.6.0
[INFO] [stderr]   Downloaded pezsp-keystore v0.34.0
[INFO] [stderr]   Downloaded pezsp-staking v26.0.0
[INFO] [stderr]   Downloaded pezsp-genesis-builder v0.8.0
[INFO] [stderr]   Downloaded pezsp-api v26.0.0
[INFO] [stderr]   Downloaded pezsp-api-proc-macro v15.0.0
[INFO] [stderr]   Downloaded wasmtime v37.0.3
[INFO] [stderr]   Downloaded pezframe-support-procedural-tools v10.0.0
[INFO] [stderr]   Downloaded pezsp-runtime v31.0.1
[INFO] [stderr]   Downloaded pezframe-support v28.0.0
[INFO] [stderr]   Downloaded pezframe-support-procedural-tools-derive v11.0.0
[INFO] [stderr]   Downloaded pezframe-election-provider-solution-type v13.0.0
[INFO] [stderr]   Downloaded pezframe-support-procedural v23.0.0
[INFO] [stderr]   Downloaded linregress v0.5.4
[INFO] [stderr]   Downloaded pezframe-benchmarking v28.0.0
[INFO] [stderr]   Downloaded pezframe-election-provider-support v28.0.0
[INFO] running `Command { std: "docker" "create" "-v" "/var/lib/crater-agent-workspace/builds/worker-2-tc1/source:/opt/rustwide/workdir:ro,Z" "-v" "/var/lib/crater-agent-workspace/builds/worker-2-tc1/target:/opt/rustwide/target:rw,Z" "-v" "/var/lib/crater-agent-workspace/cargo-home:/opt/rustwide/cargo-home:ro,Z" "-v" "/var/lib/crater-agent-workspace/rustup-home:/opt/rustwide/rustup-home:ro,Z" "-m" "1610612736" "--network" "none" "ghcr.io/rust-lang/crates-build-env/linux@sha256:77db811e55d90add9212f6832c23229e3de5f1c1f9905e8cb07319ea15df73ac" "sleep" "infinity", kill_on_drop: false }`
[INFO] [stdout] 01ea557cd15cd827d237e35e8ebdb7ea6f495bb14befe78f66a69ee3811dc535
[INFO] running `Command { std: "docker" "start" "01ea557cd15cd827d237e35e8ebdb7ea6f495bb14befe78f66a69ee3811dc535", kill_on_drop: false }`
[INFO] running `Command { std: "docker" "inspect" "01ea557cd15cd827d237e35e8ebdb7ea6f495bb14befe78f66a69ee3811dc535", kill_on_drop: false }`
[INFO] running `Command { std: "docker" "exec" "-e" "SOURCE_DIR=/opt/rustwide/workdir" "-e" "CARGO_HOME=/opt/rustwide/cargo-home" "-e" "RUSTUP_HOME=/opt/rustwide/rustup-home" "-e" "CARGO_TARGET_DIR=/opt/rustwide/target" "-w" "/opt/rustwide/workdir" "--user" "0:0" "01ea557cd15cd827d237e35e8ebdb7ea6f495bb14befe78f66a69ee3811dc535" "/opt/rustwide/cargo-home/bin/cargo" "+1.99.0-beta.8" "metadata" "--no-deps" "--format-version=1", kill_on_drop: false }`
[INFO] running `Command { std: "docker" "inspect" "01ea557cd15cd827d237e35e8ebdb7ea6f495bb14befe78f66a69ee3811dc535", kill_on_drop: false }`
[INFO] running `Command { std: "docker" "exec" "-e" "SOURCE_DIR=/opt/rustwide/workdir" "-e" "CARGO_HOME=/opt/rustwide/cargo-home" "-e" "RUSTUP_HOME=/opt/rustwide/rustup-home" "-e" "CARGO_TARGET_DIR=/opt/rustwide/target" "-e" "CARGO_INCREMENTAL=0" "-e" "RUST_BACKTRACE=full" "-e" "RUSTFLAGS=--cap-lints=warn" "-e" "RUSTDOCFLAGS=--cap-lints=warn" "-w" "/opt/rustwide/workdir" "--user" "0:0" "01ea557cd15cd827d237e35e8ebdb7ea6f495bb14befe78f66a69ee3811dc535" "/opt/rustwide/cargo-home/bin/cargo" "+1.99.0-beta.8" "build" "--frozen" "--message-format=json" "--release", kill_on_drop: false }`
[INFO] [stderr] warning: Cargo.toml: `lints.clippy.borrowed-box` is deprecated in favor of `lints.clippy.borrowed_box` and will not work in a future edition
[INFO] [stderr] warning: Cargo.toml: `lints.clippy.extra-unused-type-parameters` is deprecated in favor of `lints.clippy.extra_unused_type_parameters` and will not work in a future edition
[INFO] [stderr] warning: Cargo.toml: `lints.clippy.identity-op` is deprecated in favor of `lints.clippy.identity_op` and will not work in a future edition
[INFO] [stderr] warning: Cargo.toml: `lints.clippy.if-same-then-else` is deprecated in favor of `lints.clippy.if_same_then_else` and will not work in a future edition
[INFO] [stderr] warning: Cargo.toml: `lints.clippy.needless-lifetimes` is deprecated in favor of `lints.clippy.needless_lifetimes` and will not work in a future edition
[INFO] [stderr] warning: Cargo.toml: `lints.clippy.nonminimal-bool` is deprecated in favor of `lints.clippy.nonminimal_bool` and will not work in a future edition
[INFO] [stderr] warning: Cargo.toml: `lints.clippy.option-map-unit-fn` is deprecated in favor of `lints.clippy.option_map_unit_fn` and will not work in a future edition
[INFO] [stderr] warning: Cargo.toml: `lints.clippy.too-many-arguments` is deprecated in favor of `lints.clippy.too_many_arguments` and will not work in a future edition
[INFO] [stderr] warning: Cargo.toml: `lints.clippy.zero-prefixed-literal` is deprecated in favor of `lints.clippy.zero_prefixed_literal` and will not work in a future edition
[INFO] [stderr] warning: `pezpallet-election-provider-multi-block` (manifest) generated 9 warnings
[INFO] [stderr]    Compiling libc v0.2.178
[INFO] [stderr]    Compiling hashbrown v0.16.1
[INFO] [stderr]    Compiling winnow v0.7.14
[INFO] [stderr]    Compiling generic-array v0.14.7
[INFO] [stderr]    Compiling rustversion v1.0.22
[INFO] [stderr]    Compiling syn v2.0.111
[INFO] [stderr]    Compiling toml_datetime v0.7.5+spec-1.1.0
[INFO] [stderr]    Compiling subtle v2.6.1
[INFO] [stderr]    Compiling serde v1.0.228
[INFO] [stderr]    Compiling zerocopy v0.8.31
[INFO] [stderr]    Compiling typenum v1.19.0
[INFO] [stderr]    Compiling const-oid v0.9.6
[INFO] [stderr]    Compiling const_format_proc_macros v0.2.34
[INFO] [stderr]    Compiling serde_core v1.0.228
[INFO] [stderr]    Compiling parity-scale-codec v3.7.5
[INFO] [stderr]    Compiling indexmap v2.12.1
[INFO] [stderr]    Compiling crunchy v0.2.4
[INFO] [stderr]    Compiling byte-slice-cast v1.2.3
[INFO] [stderr]    Compiling const_format v0.2.35
[INFO] [stderr]    Compiling getrandom v0.2.16
[INFO] [stderr]    Compiling rand_core v0.6.4
[INFO] [stderr]    Compiling bytes v1.11.0
[INFO] [stderr]    Compiling crypto-common v0.1.7
[INFO] [stderr]    Compiling block-buffer v0.10.4
[INFO] [stderr]    Compiling semver v1.0.27
[INFO] [stderr]    Compiling byteorder v1.5.0
[INFO] [stderr]    Compiling toml_parser v1.0.6+spec-1.1.0
[INFO] [stderr]    Compiling rustc_version v0.4.1
[INFO] [stderr]    Compiling Inflector v0.11.4
[INFO] [stderr]    Compiling digest v0.10.7
[INFO] [stderr]    Compiling num-traits v0.2.19
[INFO] [stderr]    Compiling itoa v1.0.16
[INFO] [stderr]    Compiling smallvec v1.15.1
[INFO] [stderr]    Compiling curve25519-dalek v4.1.3
[INFO] [stderr]    Compiling digest v0.9.0
[INFO] [stderr]    Compiling toml_edit v0.23.10+spec-1.0.0
[INFO] [stderr]    Compiling libsecp256k1-core v0.3.0
[INFO] [stderr]    Compiling base16ct v0.2.0
[INFO] [stderr]    Compiling serde_json v1.0.147
[INFO] [stderr]    Compiling arrayref v0.3.9
[INFO] [stderr]    Compiling keccak v0.1.5
[INFO] [stderr]    Compiling cc v1.2.50
[INFO] [stderr]    Compiling proc-macro-crate v3.4.0
[INFO] [stderr]    Compiling ff v0.13.1
[INFO] [stderr]    Compiling integer-sqrt v0.1.5
[INFO] [stderr]    Compiling jam-codec v0.1.1
[INFO] [stderr]    Compiling zmij v0.1.7
[INFO] [stderr]    Compiling futures-core v0.3.31
[INFO] [stderr]    Compiling prettyplease v0.2.37
[INFO] [stderr]    Compiling toml_write v0.1.2
[INFO] [stderr]    Compiling hash-db v0.16.0
[INFO] [stderr]    Compiling futures-sink v0.3.31
[INFO] [stderr]    Compiling ppv-lite86 v0.2.21
[INFO] [stderr]    Compiling futures-channel v0.3.31
[INFO] [stderr]    Compiling secp256k1-sys v0.9.2
[INFO] [stderr]    Compiling group v0.13.0
[INFO] [stderr]    Compiling libsecp256k1-gen-genmult v0.3.0
[INFO] [stderr]    Compiling libsecp256k1-gen-ecmult v0.3.0
[INFO] [stderr]    Compiling fs-err v2.11.0
[INFO] [stderr]    Compiling rustc-hex v2.1.0
[INFO] [stderr]    Compiling hex v0.4.3
[INFO] [stderr]    Compiling same-file v1.0.6
[INFO] [stderr]    Compiling base64ct v1.8.1
[INFO] [stderr]    Compiling foldhash v0.1.5
[INFO] [stderr]    Compiling tinyvec v1.10.0
[INFO] [stderr]    Compiling walkdir v2.5.0
[INFO] [stderr]    Compiling rand_chacha v0.3.1
[INFO] [stderr]    Compiling hashbrown v0.15.5
[INFO] [stderr]    Compiling password-hash v0.5.0
[INFO] [stderr]    Compiling uint v0.10.0
[INFO] [stderr]    Compiling libsecp256k1 v0.7.2
[INFO] [stderr]    Compiling num_cpus v1.17.0
[INFO] [stderr]    Compiling rand v0.8.5
[INFO] [stderr]    Compiling hex-conservative v0.2.2
[INFO] [stderr]    Compiling serde_bytes v0.11.19
[INFO] [stderr]    Compiling opaque-debug v0.3.1
[INFO] [stderr]    Compiling common-path v1.0.0
[INFO] [stderr]    Compiling expander v2.2.1
[INFO] [stderr]    Compiling environmental v1.1.4
[INFO] [stderr]    Compiling bitcoin_hashes v0.14.1
[INFO] [stderr]    Compiling blake2b_simd v1.0.3
[INFO] [stderr]    Compiling unicode-normalization v0.1.25
[INFO] [stderr]    Compiling getrandom_or_panic v0.0.3
[INFO] [stderr]    Compiling fixed-hash v0.8.0
[INFO] [stderr]    Compiling impl-num-traits v0.2.0
[INFO] [stderr]    Compiling parking_lot_core v0.9.12
[INFO] [stderr]    Compiling num-format v0.4.4
[INFO] [stderr]    Compiling serde_derive v1.0.228
[INFO] [stderr]    Compiling zeroize_derive v1.4.2
[INFO] [stderr]    Compiling impl-trait-for-tuples v0.2.3
[INFO] [stderr]    Compiling parity-scale-codec-derive v3.7.5
[INFO] [stderr]    Compiling zeroize v1.8.2
[INFO] [stderr]    Compiling derive_more-impl v1.0.0
[INFO] [stderr]    Compiling scale-info-derive v2.11.6
[INFO] [stderr]    Compiling der v0.7.10
[INFO] [stderr]    Compiling sha2 v0.10.9
[INFO] [stderr]    Compiling derive-syn-parse v0.2.0
[INFO] [stderr]    Compiling signature v2.2.0
[INFO] [stderr]    Compiling derive_more v1.0.0
[INFO] [stderr]    Compiling curve25519-dalek-derive v0.1.1
[INFO] [stderr]    Compiling hmac v0.12.1
[INFO] [stderr]    Compiling tracing-attributes v0.1.31
[INFO] [stderr]    Compiling ref-cast-impl v1.0.25
[INFO] [stderr]    Compiling pezsp-debug-derive v14.0.0
[INFO] [stderr]    Compiling spki v0.7.3
[INFO] [stderr]    Compiling ref-cast v1.0.25
[INFO] [stderr]    Compiling pkcs8 v0.10.2
[INFO] [stderr]    Compiling crypto-bigint v0.5.5
[INFO] [stderr]    Compiling tracing v0.1.44
[INFO] [stderr]    Compiling futures-macro v0.3.31
[INFO] [stderr]    Compiling jam-codec-derive v0.1.1
[INFO] [stderr]    Compiling futures-util v0.3.31
[INFO] [stderr]    Compiling serde_spanned v0.6.9
[INFO] [stderr]    Compiling toml_datetime v0.6.11
[INFO] [stderr]    Compiling serdect v0.2.0
[INFO] [stderr]    Compiling impl-serde v0.5.0
[INFO] [stderr]    Compiling toml_edit v0.22.27
[INFO] [stderr]    Compiling sec1 v0.7.3
[INFO] [stderr]    Compiling elliptic-curve v0.13.8
[INFO] [stderr]    Compiling scale-info v2.11.6
[INFO] [stderr]    Compiling pezsp-storage v19.0.0
[INFO] [stderr]    Compiling pezsp-ss58-registry v1.52.0
[INFO] [stderr]    Compiling rfc6979 v0.4.0
[INFO] [stderr]    Compiling ed25519 v2.2.3
[INFO] [stderr]    Compiling block-buffer v0.9.0
[INFO] [stderr]    Compiling merlin v3.0.0
[INFO] [stderr]    Compiling sha2 v0.9.9
[INFO] [stderr]    Compiling schnorrkel v0.11.5
[INFO] [stderr]    Compiling pezsp-externalities v0.25.0
[INFO] [stderr]    Compiling ecdsa v0.16.9
[INFO] [stderr]    Compiling impl-codec v0.7.1
[INFO] [stderr]    Compiling sha3 v0.10.8
[INFO] [stderr]    Compiling pbkdf2 v0.12.2
[INFO] [stderr]    Compiling twox-hash v1.6.3
[INFO] [stderr]    Compiling toml v0.8.23
[INFO] [stderr]    Compiling bounded-collections v0.3.2
[INFO] [stderr]    Compiling thiserror-impl v1.0.69
[INFO] [stderr]    Compiling docify_macros v0.2.9
[INFO] [stderr]    Compiling futures-executor v0.3.31
[INFO] [stderr]    Compiling blake2 v0.10.6
[INFO] [stderr]    Compiling file-guard v0.2.0
[INFO] [stderr]    Compiling pezsp-std v14.0.0
[INFO] [stderr]    Compiling object v0.37.3
[INFO] [stderr]    Compiling futures v0.3.31
[INFO] [stderr]    Compiling pezsp-crypto-hashing v0.1.0
[INFO] [stderr]    Compiling bizinikiwi-bip39 v0.4.7
[INFO] [stderr]    Compiling primitive-types v0.13.1
[INFO] [stderr]    Compiling thiserror v1.0.69
[INFO] [stderr]    Compiling k256 v0.13.4
[INFO] [stderr]    Compiling secp256k1 v0.28.2
[INFO] [stderr]    Compiling ed25519-zebra v4.1.0
[INFO] [stderr]    Compiling bip39 v2.2.2
[INFO] [stderr]    Compiling secrecy v0.8.0
[INFO] [stderr]    Compiling parking_lot v0.12.5
[INFO] [stderr]    Compiling getrandom v0.3.4
[INFO] [stderr]    Compiling hash256-std-hasher v0.15.2
[INFO] [stderr]    Compiling array-bytes v6.2.3
[INFO] [stderr]    Compiling bs58 v0.5.1
[INFO] [stderr]    Compiling num-conv v0.1.0
[INFO] [stderr]    Compiling time-core v0.1.6
[INFO] [stderr]    Compiling gimli v0.32.3
[INFO] [stderr]    Compiling time v0.3.44
[INFO] [stderr]    Compiling miniz_oxide v0.8.9
[INFO] [stderr]    Compiling ahash v0.8.12
[INFO] [stderr]    Compiling rustc-demangle v0.1.26
[INFO] [stderr]    Compiling hashbrown v0.13.2
[INFO] [stderr]    Compiling tracing-subscriber v0.3.22
[INFO] [stderr]    Compiling docify v0.2.9
[INFO] [stderr]    Compiling pezsp-core v28.0.0
[INFO] [stderr]    Compiling memory-db v0.34.0
[INFO] [stderr]    Compiling schnellru v0.2.4
[INFO] [stderr]    Compiling trie-db v0.30.0
[INFO] [stderr]    Compiling trie-root v0.18.0
[INFO] [stderr]    Compiling nohash-hasher v0.2.0
[INFO] [stderr]    Compiling addr2line v0.25.1
[INFO] [stderr]    Compiling pezsp-runtime-interface-proc-macro v17.0.0
[INFO] [stderr]    Compiling pezsp-wasm-interface v20.0.0
[INFO] [stderr]    Compiling pezsp-io v30.0.0
[INFO] [stderr]    Compiling ed25519-dalek v2.2.0
[INFO] [stderr]    Compiling pezsp-tracing v16.0.0
[INFO] [stderr]    Compiling pezsp-trie v29.0.0
[INFO] [stderr]    Compiling pezsp-keystore v0.34.0
[INFO] [stderr]    Compiling backtrace v0.3.76
[INFO] [stderr]    Compiling pezsp-runtime-interface v24.0.0
[INFO] [stderr]    Compiling arrayvec v0.7.6
[INFO] [stderr]    Compiling tiny-keccak v2.0.2
[INFO] [stderr]    Compiling pezsp-panic-handler v13.0.0
[INFO] [stderr]    Compiling pezsp-state-machine v0.35.0
[INFO] [stderr]    Compiling pezsp-arithmetic v23.0.0
[INFO] [stderr]    Compiling pez-binary-merkle-tree v14.0.1
[INFO] [stderr]    Compiling static_assertions v1.1.0
[INFO] [stderr]    Compiling tuplex v0.1.2
[INFO] [stderr]    Compiling constant_time_eq v0.3.1
[INFO] [stderr]    Compiling simple-mermaid v0.1.1
[INFO] [stderr]    Compiling pezsp-weights v27.0.0
[INFO] [stderr]    Compiling const-random-macro v0.1.16
[INFO] [stderr]    Compiling macro_magic_core_macros v0.5.1
[INFO] [stderr]    Compiling const-random v0.1.18
[INFO] [stderr]    Compiling proc-macro-warning v1.84.1
[INFO] [stderr]    Compiling macro_magic_core v0.5.1
[INFO] [stderr]    Compiling frame-metadata v23.0.1
[INFO] [stderr]    Compiling pezsp-crypto-hashing-proc-macro v0.1.0
[INFO] [stderr]    Compiling macro_magic_macros v0.5.1
[INFO] [stderr]    Compiling parity-wasm v0.45.0
[INFO] [stderr]    Compiling proc-macro-error-attr v1.0.4
[INFO] [stderr]    Compiling syn v1.0.109
[INFO] [stderr]    Compiling pezsp-version-proc-macro v13.0.0
[INFO] [stderr]    Compiling pezsp-api-proc-macro v15.0.0
[INFO] [stderr]    Compiling pezframe-support-procedural-tools-derive v11.0.0
[INFO] [stderr]    Compiling pezsp-metadata-ir v0.6.0
[INFO] [stderr]    Compiling include_dir_macros v0.7.4
[INFO] [stderr]    Compiling cfg-expr v0.15.8
[INFO] [stderr]    Compiling pezsp-application-crypto v30.0.0
[INFO] [stderr]    Compiling pezsp-runtime v31.0.1
[INFO] [stderr]    Compiling include_dir v0.7.4
[INFO] [stderr]    Compiling pezframe-support-procedural-tools v10.0.0
[INFO] [stderr]    Compiling proc-macro-error v1.0.4
[INFO] [stderr]    Compiling macro_magic v0.5.1
[INFO] [stderr]    Compiling itertools v0.10.5
[INFO] [stderr]    Compiling itertools v0.11.0
[INFO] [stderr]    Compiling async-trait v0.1.89
[INFO] [stderr]    Compiling aquamarine v0.5.0
[INFO] [stderr]    Compiling tt-call v1.0.9
[INFO] [stderr]    Compiling pezframe-election-provider-solution-type v13.0.0
[INFO] [stderr]    Compiling pezframe-support-procedural v23.0.0
[INFO] [stderr]    Compiling pezsp-version v29.0.0
[INFO] [stderr]    Compiling pezsp-staking v26.0.0
[INFO] [stderr]    Compiling pezsp-inherents v26.0.0
[INFO] [stderr]    Compiling pezsp-npos-elections v26.0.0
[INFO] [stderr]    Compiling pezsp-api v26.0.0
[INFO] [stderr]    Compiling pezsp-genesis-builder v0.8.0
[INFO] [stderr]    Compiling pezframe-support v28.0.0
[INFO] [stderr]    Compiling pezframe-system v28.0.0
[INFO] [stderr]    Compiling pezframe-election-provider-support v28.0.0
[INFO] [stderr]    Compiling pezpallet-election-provider-multi-block v0.9.0 (/opt/rustwide/workdir)
[INFO] [stderr]     Finished `release` profile [optimized] target(s) in 4m 02s
[INFO] [stderr] warning: the following packages contain code that will be rejected by a future version of Rust: trie-db v0.30.0
[INFO] [stderr] note: to see what the problems were, use the option `--future-incompat-report`, or run `cargo report future-incompatibilities --id 2`
[INFO] running `Command { std: "docker" "inspect" "01ea557cd15cd827d237e35e8ebdb7ea6f495bb14befe78f66a69ee3811dc535", kill_on_drop: false }`
[INFO] running `Command { std: "docker" "exec" "-e" "SOURCE_DIR=/opt/rustwide/workdir" "-e" "CARGO_HOME=/opt/rustwide/cargo-home" "-e" "RUSTUP_HOME=/opt/rustwide/rustup-home" "-e" "CARGO_TARGET_DIR=/opt/rustwide/target" "-e" "CARGO_INCREMENTAL=0" "-e" "RUST_BACKTRACE=full" "-e" "RUSTFLAGS=--cap-lints=warn" "-e" "RUSTDOCFLAGS=--cap-lints=warn" "-w" "/opt/rustwide/workdir" "--user" "0:0" "01ea557cd15cd827d237e35e8ebdb7ea6f495bb14befe78f66a69ee3811dc535" "/opt/rustwide/cargo-home/bin/cargo" "+1.99.0-beta.8" "test" "--frozen" "--no-run" "--message-format=json" "--release", kill_on_drop: false }`
[INFO] [stderr] warning: Cargo.toml: `lints.clippy.borrowed-box` is deprecated in favor of `lints.clippy.borrowed_box` and will not work in a future edition
[INFO] [stderr] warning: Cargo.toml: `lints.clippy.extra-unused-type-parameters` is deprecated in favor of `lints.clippy.extra_unused_type_parameters` and will not work in a future edition
[INFO] [stderr] warning: Cargo.toml: `lints.clippy.identity-op` is deprecated in favor of `lints.clippy.identity_op` and will not work in a future edition
[INFO] [stderr] warning: Cargo.toml: `lints.clippy.if-same-then-else` is deprecated in favor of `lints.clippy.if_same_then_else` and will not work in a future edition
[INFO] [stderr] warning: Cargo.toml: `lints.clippy.needless-lifetimes` is deprecated in favor of `lints.clippy.needless_lifetimes` and will not work in a future edition
[INFO] [stderr] warning: Cargo.toml: `lints.clippy.nonminimal-bool` is deprecated in favor of `lints.clippy.nonminimal_bool` and will not work in a future edition
[INFO] [stderr] warning: Cargo.toml: `lints.clippy.option-map-unit-fn` is deprecated in favor of `lints.clippy.option_map_unit_fn` and will not work in a future edition
[INFO] [stderr] warning: Cargo.toml: `lints.clippy.too-many-arguments` is deprecated in favor of `lints.clippy.too_many_arguments` and will not work in a future edition
[INFO] [stderr] warning: Cargo.toml: `lints.clippy.zero-prefixed-literal` is deprecated in favor of `lints.clippy.zero_prefixed_literal` and will not work in a future edition
[INFO] [stderr] warning: `pezpallet-election-provider-multi-block` (manifest) generated 9 warnings
[INFO] [stderr]    Compiling serde v1.0.228
[INFO] [stderr]    Compiling num-traits v0.2.19
[INFO] [stderr]    Compiling pezsp-io v30.0.0
[INFO] [stderr]    Compiling bytemuck v1.24.0
[INFO] [stderr]    Compiling safe_arch v0.7.4
[INFO] [stderr]    Compiling wide v0.7.33
[INFO] [stderr]    Compiling parity-scale-codec v3.7.5
[INFO] [stderr]    Compiling serdect v0.2.0
[INFO] [stderr]    Compiling impl-serde v0.5.0
[INFO] [stderr]    Compiling jam-codec v0.1.1
[INFO] [stderr]    Compiling libsecp256k1 v0.7.2
[INFO] [stderr]    Compiling sec1 v0.7.3
[INFO] [stderr]    Compiling bip39 v2.2.2
[INFO] [stderr]    Compiling elliptic-curve v0.13.8
[INFO] [stderr]    Compiling integer-sqrt v0.1.5
[INFO] [stderr]    Compiling impl-num-traits v0.2.0
[INFO] [stderr]    Compiling num-integer v0.1.46
[INFO] [stderr]    Compiling ecdsa v0.16.9
[INFO] [stderr]    Compiling scale-info v2.11.6
[INFO] [stderr]    Compiling pezsp-storage v19.0.0
[INFO] [stderr]    Compiling impl-codec v0.7.1
[INFO] [stderr]    Compiling pezsp-tracing v16.0.0
[INFO] [stderr]    Compiling pezsp-wasm-interface v20.0.0
[INFO] [stderr]    Compiling pezsp-externalities v0.25.0
[INFO] [stderr]    Compiling k256 v0.13.4
[INFO] [stderr]    Compiling pezsp-runtime-interface v24.0.0
[INFO] [stderr]    Compiling pez-binary-merkle-tree v14.0.1
[INFO] [stderr]    Compiling approx v0.5.1
[INFO] [stderr]    Compiling num-complex v0.4.6
[INFO] [stderr]    Compiling num-rational v0.4.2
[INFO] [stderr]    Compiling bounded-collections v0.3.2
[INFO] [stderr]    Compiling primitive-types v0.13.1
[INFO] [stderr]    Compiling pezsp-arithmetic v23.0.0
[INFO] [stderr]    Compiling frame-metadata v23.0.1
[INFO] [stderr]    Compiling simba v0.9.1
[INFO] [stderr]    Compiling pezsp-core v28.0.0
[INFO] [stderr]    Compiling pezsp-weights v27.0.0
[INFO] [stderr]    Compiling pezsp-metadata-ir v0.6.0
[INFO] [stderr]    Compiling pezsp-trie v29.0.0
[INFO] [stderr]    Compiling pezsp-keystore v0.34.0
[INFO] [stderr]    Compiling pezsp-state-machine v0.35.0
[INFO] [stderr]    Compiling nalgebra v0.33.2
[INFO] [stderr]    Compiling pezsp-application-crypto v30.0.0
[INFO] [stderr]    Compiling pezsp-runtime v31.0.1
[INFO] [stderr]    Compiling linregress v0.5.4
[INFO] [stderr]    Compiling pezsp-version v29.0.0
[INFO] [stderr]    Compiling pezsp-staking v26.0.0
[INFO] [stderr]    Compiling pezsp-inherents v26.0.0
[INFO] [stderr]    Compiling pezsp-npos-elections v26.0.0
[INFO] [stderr]    Compiling pezsp-api v26.0.0
[INFO] [stderr]    Compiling pezsp-genesis-builder v0.8.0
[INFO] [stderr]    Compiling pezframe-support v28.0.0
[INFO] [stderr]    Compiling pezframe-system v28.0.0
[INFO] [stderr]    Compiling pezframe-election-provider-support v28.0.0
[INFO] [stderr]    Compiling pezframe-benchmarking v28.0.0
[INFO] [stderr]    Compiling pezpallet-balances v28.0.0
[INFO] [stderr]    Compiling pezpallet-election-provider-multi-block v0.9.0 (/opt/rustwide/workdir)
[INFO] [stdout] warning: unused import: `pezframe_support::storage::unhashed`
[INFO] [stdout]   --> src/signed/tests.rs:26:5
[INFO] [stdout]    |
[INFO] [stdout] 26 | use pezframe_support::storage::unhashed;
[INFO] [stdout]    |     ^^^^^^^^^^^^^^^^^^^^^^^^^^^^^^^^^^^
[INFO] [stdout]    |
[INFO] [stdout]    = note: `#[warn(unused_imports)]` (part of `#[warn(unused)]`) on by default
[INFO] [stdout] 
[INFO] [stdout] 
[INFO] [stderr]     Finished `release` profile [optimized] target(s) in 3m 28s
[INFO] [stderr] warning: the following packages contain code that will be rejected by a future version of Rust: trie-db v0.30.0
[INFO] [stderr] note: to see what the problems were, use the option `--future-incompat-report`, or run `cargo report future-incompatibilities --id 2`
[INFO] running `Command { std: "docker" "inspect" "01ea557cd15cd827d237e35e8ebdb7ea6f495bb14befe78f66a69ee3811dc535", kill_on_drop: false }`
[INFO] running `Command { std: "docker" "exec" "-e" "SOURCE_DIR=/opt/rustwide/workdir" "-e" "CARGO_HOME=/opt/rustwide/cargo-home" "-e" "RUSTUP_HOME=/opt/rustwide/rustup-home" "-e" "CARGO_TARGET_DIR=/opt/rustwide/target" "-e" "CARGO_INCREMENTAL=0" "-e" "RUST_BACKTRACE=full" "-e" "RUSTFLAGS=--cap-lints=warn" "-e" "RUSTDOCFLAGS=--cap-lints=warn" "-w" "/opt/rustwide/workdir" "--user" "0:0" "01ea557cd15cd827d237e35e8ebdb7ea6f495bb14befe78f66a69ee3811dc535" "/opt/rustwide/cargo-home/bin/cargo" "+1.99.0-beta.8" "test" "--frozen" "--release", kill_on_drop: false }`
[INFO] [stderr] warning: Cargo.toml: `lints.clippy.borrowed-box` is deprecated in favor of `lints.clippy.borrowed_box` and will not work in a future edition
[INFO] [stderr] warning: Cargo.toml: `lints.clippy.extra-unused-type-parameters` is deprecated in favor of `lints.clippy.extra_unused_type_parameters` and will not work in a future edition
[INFO] [stderr] warning: Cargo.toml: `lints.clippy.identity-op` is deprecated in favor of `lints.clippy.identity_op` and will not work in a future edition
[INFO] [stderr] warning: Cargo.toml: `lints.clippy.if-same-then-else` is deprecated in favor of `lints.clippy.if_same_then_else` and will not work in a future edition
[INFO] [stderr] warning: Cargo.toml: `lints.clippy.needless-lifetimes` is deprecated in favor of `lints.clippy.needless_lifetimes` and will not work in a future edition
[INFO] [stderr] warning: Cargo.toml: `lints.clippy.nonminimal-bool` is deprecated in favor of `lints.clippy.nonminimal_bool` and will not work in a future edition
[INFO] [stderr] warning: Cargo.toml: `lints.clippy.option-map-unit-fn` is deprecated in favor of `lints.clippy.option_map_unit_fn` and will not work in a future edition
[INFO] [stderr] warning: Cargo.toml: `lints.clippy.too-many-arguments` is deprecated in favor of `lints.clippy.too_many_arguments` and will not work in a future edition
[INFO] [stderr] warning: Cargo.toml: `lints.clippy.zero-prefixed-literal` is deprecated in favor of `lints.clippy.zero_prefixed_literal` and will not work in a future edition
[INFO] [stderr] warning: `pezpallet-election-provider-multi-block` (manifest) generated 9 warnings
[INFO] [stderr] warning: unused import: `pezframe_support::storage::unhashed`
[INFO] [stderr]   --> src/signed/tests.rs:26:5
[INFO] [stderr]    |
[INFO] [stderr] 26 | use pezframe_support::storage::unhashed;
[INFO] [stderr]    |     ^^^^^^^^^^^^^^^^^^^^^^^^^^^^^^^^^^^
[INFO] [stderr]    |
[INFO] [stderr]    = note: `#[warn(unused_imports)]` (part of `#[warn(unused)]`) on by default
[INFO] [stderr] 
[INFO] [stderr] warning: `pezpallet-election-provider-multi-block` (lib test) generated 1 warning (run `cargo fix --lib -p pezpallet-election-provider-multi-block --tests` to apply 1 suggestion)
[INFO] [stderr]     Finished `release` profile [optimized] target(s) in 0.51s
[INFO] [stderr] warning: the following packages contain code that will be rejected by a future version of Rust: trie-db v0.30.0
[INFO] [stderr] note: to see what the problems were, use the option `--future-incompat-report`, or run `cargo report future-incompatibilities --id 2`
[INFO] [stderr]      Running unittests src/lib.rs (/opt/rustwide/target/release/deps/pezpallet_election_provider_multi_block-acc0370dbf2a2442)
[INFO] [stdout] 
[INFO] [stdout] running 141 tests
[INFO] [stdout] test admin_ops::set_minimum_solution_score ... ok
[INFO] [stdout] test election_provider::elect_call_when_not_ongoing ... ok
[INFO] [stdout] test election_provider::call_to_elect_should_prevent_any_submission ... ok
[INFO] [stdout] test election_provider::elect_does_not_finish_without_call_of_page_0 ... ok
[INFO] [stdout] test election_provider::multi_page_elect_fast_track ... ok
[INFO] [stdout] test election_provider::multi_page_fallback_shortcut_to_msp_works ... ok
[INFO] [stderr] [2m2026-10-18T13:44:22.303784Z[0m [31mERROR[0m [2mruntime::multiblock-election[0m[2m:[0m [#15] 🗳🗳🗳  Emergency phase triggered, halting the election.
[INFO] [stdout] test election_provider::multi_page_elect_simple_works ... ok
[INFO] [stdout] test election_provider::multi_page_onchain_elect_fallback_works ... ok
[INFO] [stdout] test manage_ops::force_set_phase ... ok
[INFO] [stdout] test election_provider::emergency_fallback_works - should panic ... ok
[INFO] [stdout] test election_provider::skip_unsigned_phase ... ok
[INFO] [stdout] test election_provider::continue_fallback_works - should panic ... ok
[INFO] [stdout] test mock::staking::tests::targets ... ok
[INFO] [stdout] test mock::test_genesis_config_builds ... ok
[INFO] [stderr] [2m2026-10-18T13:44:22.304473Z[0m [31mERROR[0m [2mruntime::multiblock-election[0m[2m:[0m [#15] 🗳🗳🗳  Emergency phase triggered, halting the election.
[INFO] [stdout] test manage_ops::trigger_fallback_works ... ok
[INFO] [stdout] test admin_ops::set_solution_emergency_works ... ok
[INFO] [stdout] test election_provider::elect_advances_phase_even_on_error ... ok
[INFO] [stdout] test phase_rotation::are_we_done_back_to_signed ... ok
[INFO] [stdout] test phase_rotation::incorrect_signed_validation_phase_shorter_than_number_of_pages - should panic ... ok
[INFO] [stdout] test phase_rotation::incorret_signed_validation_phase_not_a_multiple_of_the_number_of_pages - should panic ... ok
[INFO] [stdout] test phase_rotation::export_phase_out_of_order_elect_fails ... ok
[INFO] [stdout] test mock::__construct_runtime_integrity_test::runtime_integrity_tests ... ok
[INFO] [stdout] test phase_rotation::no_signed_and_unsigned_phase - should panic ... ok
[INFO] [stdout] test phase_rotation::multi_page_3 ... ok
[INFO] [stderr] [2m2026-10-18T13:44:22.315746Z[0m [31mERROR[0m [2mruntime::defensive[0m[2m:[0m a defensive failure has been triggered; please report the block number at https://github.com/pezkuwichain/pezkuwi-sdk/issues: "Failed to create target snapshot: {:?}": "Targets too big"
[INFO] [stdout] test phase_rotation::target_snapshot_failed_event_emitted ... FAILED
[INFO] [stdout] test manage_ops::force_rotate_round ... ok
[INFO] [stdout] test mock::staking::tests::multi_page_votes ... ok
[INFO] [stdout] test signed::tests::calls::can_bail_at_a_cost ... ok
[INFO] [stdout] test phase_rotation::export_phase_only_transitions_on_elect ... ok
[INFO] [stdout] test phase_rotation::multi_page_2 ... ok
[INFO] [stdout] test phase_rotation::single_page ... ok
[INFO] [stdout] test phase_rotation::no_unsigned_phase ... ok
[INFO] [stdout] test phase_rotation::no_signed_phase ... ok
[INFO] [stdout] test signed::tests::calls::cannot_register_if_not_signed ... ok
[INFO] [stdout] test signed::tests::calls::page_submission_accumulates_fee ... ok
[INFO] [stderr] [2m2026-10-18T13:44:22.333627Z[0m [31mERROR[0m [2mruntime::defensive[0m[2m:[0m a defensive failure has been triggered; please report the block number at https://github.com/pezkuwichain/pezkuwi-sdk/issues
[INFO] [stdout] test signed::tests::calls::cannot_register_with_insufficient_balance ... ok
[INFO] [stdout] test signed::tests::calls::register_metadata_works ... ok
[INFO] [stdout] test signed::tests::e2e::after_rejecting_does_not_call_verifier_start_if_no_leader_exists ... ok
[INFO] [stdout] test signed::tests::calls::can_submit_pages ... ok
[INFO] [stderr] [2m2026-10-18T13:44:22.335666Z[0m [31mERROR[0m [2mruntime::defensive[0m[2m:[0m a defensive failure has been triggered; please report the block number at https://github.com/pezkuwichain/pezkuwi-sdk/issues
[INFO] [stdout] test signed::tests::defensive_tests::get_score_defensive_when_no_leader - should panic ... FAILED
[INFO] [stdout] test signed::tests::calls::metadata_submission_sorted_based_on_score ... ok
[INFO] [stdout] test signed::tests::defensive_tests::get_page_defensive_when_no_leader - should panic ... FAILED
[INFO] [stdout] test signed::tests::invulnerables::all_invulnerables ... ok
[INFO] [stdout] test signed::tests::e2e::good_bad_evil ... ok
[INFO] [stdout] test signed::tests::e2e::not_all_solutions_verified_signed_verification_to_unsigned ... ok
[INFO] [stdout] test signed::tests::invulnerables::invulnerable_cannot_eject_middle ... ok
[INFO] [stdout] test signed::tests::invulnerables::invulnerable_cannot_eject_first ... ok
[INFO] [stdout] test signed::tests::invulnerables::discarded_invulnerable_gets_fee_and_deposit_back ... ok
[INFO] [stdout] test signed::tests::invulnerables::multiple_invulnerables_all_get_fixed_deposit ... ok
[INFO] [stdout] test signed::tests::invulnerables::set_invulnerables_too_many_fails ... ok
[INFO] [stdout] test signed::tests::e2e::missing_pages_treated_as_empty ... ok
[INFO] [stdout] test signed::tests::invulnerables::invulnerable_pays_different_deposit_independent_of_pages ... ok
[INFO] [stdout] test types::pagify::pad_solution_pages_works ... ok
[INFO] [stdout] test signed::tests::invulnerables::removing_from_invulnerables_affects_future_submissions ... ok
[INFO] [stdout] test signed::tests::e2e::not_all_solutions_verified_signed_verification_incomplete_to_signed ... ok
[INFO] [stdout] test signed::tests::invulnerables::slashed_invulnerable_is_expelled ... ok
[INFO] [stdout] test unsigned::call::unfeasible_solution_panics - should panic ... ok
[INFO] [stdout] test signed::tests::e2e::incomplete_signed_verification_1_solution_back_to_signed_then_done ... ok
[INFO] [stdout] test types::pagify::pagify_works ... ok
[INFO] [stdout] test signed::tests::e2e::max_queue_with_single_valid_solution_at_end ... ok
[INFO] [stdout] test unsigned::call::unsigned_submission_e2e ... ok
[INFO] [stdout] test signed::tests::invulnerables::set_invulnerables_requires_admin_origin ... ok
[INFO] [stdout] test unsigned::miner::base_miner::mine_solution_double_page_works ... ok
[INFO] [stdout] test unsigned::miner::base_miner::mine_solution_triple_page_works ... ok
[INFO] [stdout] test unsigned::miner::base_miner::can_reduce_solution ... ok
[INFO] [stdout] test unsigned::miner::base_miner::mine_solution_2_out_of_3_pages ... ok
[INFO] [stdout] test unsigned::miner::offchain_worker_miner::lock_prevents_frequent_execution ... ok
[INFO] [stderr] [2m2026-10-18T13:44:22.395110Z[0m [31mERROR[0m [2mruntime::multiblock-election::unsigned::ocw-miner[0m[2m:[0m [#22] 🗳🗳🗳  unsigned specific checks failed (WrongFingerprint) while restoring solution. This should never happen. clearing cache.
[INFO] [stdout] test unsigned::miner::offchain_worker_miner::full_multi_page_ocw_e2e_submits_and_queued_msp_only ... ok
[INFO] [stdout] test unsigned::miner::offchain_worker_miner::lock_released_after_successful_execution ... ok
[INFO] [stdout] test unsigned::miner::base_miner::mine_solution_single_page_works ... ok
[INFO] [stdout] test unsigned::miner::offchain_worker_miner::initial_ocw_runs_and_saves_new_cache ... ok
[INFO] [stdout] test unsigned::miner::base_miner::pagination_does_not_affect_score ... ok
[INFO] [stdout] test unsigned::miner::offchain_worker_miner::altering_snapshot_invalidates_solution_cache ... ok
[INFO] [stdout] test unsigned::miner::offchain_worker_miner::multi_page_ocw_e2e_submits_and_queued_msp_only ... ok
[INFO] [stdout] test unsigned::miner::offchain_worker_miner::resubmits_after_offchain_repeat ... ok
[INFO] [stdout] test unsigned::miner::offchain_worker_miner::ocw_pool_submission_works ... ok
[INFO] [stdout] test unsigned::miner::offchain_worker_miner::no_storage::ocw_never_uses_cache_on_initial_run_or_resubmission ... ok
[INFO] [stdout] test unsigned::miner::offchain_worker_miner::lock_prevents_overlapping_execution ... ok
[INFO] [stdout] test unsigned::miner::base_miner::mine_solution_choses_most_significant_pages ... ok
[INFO] [stdout] test unsigned::miner::trimming::solution_without_any_trimming ... ok
[INFO] [stdout] test unsigned::miner::offchain_worker_miner::will_not_mine_if_not_enough_winners ... ok
[INFO] [stdout] test unsigned::miner::offchain_worker_miner::ocw_e2e_submits_and_queued_msp_only ... ok
[INFO] [stdout] test unsigned::miner::trimming::trim_backers_final_works ... ok
[INFO] [stdout] test unsigned::miner::offchain_worker_miner::wont_resubmit_if_weak_score ... ok
[INFO] [stdout] test unsigned::miner::offchain_worker_miner::regenerates_and_resubmits_after_offchain_repeat_if_no_cache ... ok
[INFO] [stdout] test unsigned::miner::offchain_worker_miner::ocw_submission_e2e_works ... ok
[INFO] [stdout] test unsigned::miner::trimming::aggressive_backer_trimming_maintains_winner_count ... ok
[INFO] [stdout] test unsigned::miner::trimming::trim_backers_per_page_and_final_works ... ok
[INFO] [stdout] test unsigned::miner::trimming::trim_backers_per_page_works ... ok
[INFO] [stdout] test unsigned::miner::trimming::trim_length_2 ... ok
[INFO] [stdout] test unsigned::miner::trimming::trim_backers_per_page_works_2 ... ok
[INFO] [stdout] test unsigned::validate_unsigned::priority_is_set ... ok
[INFO] [stdout] test unsigned::miner::trimming::trim_length_3 ... ok
[INFO] [stdout] test unsigned::validate_unsigned::retracts_wrong_round ... ok
[INFO] [stdout] test verifier::tests::async_verification::basic_multi_verification_partial ... ok
[INFO] [stdout] test unsigned::miner::trimming::trim_length ... ok
[INFO] [stdout] test verifier::tests::async_verification::invalid_solution_bad_bounds_final ... ok
[INFO] [stdout] test unsigned::validate_unsigned::retracts_weak_score_accepts_better ... ok
[INFO] [stdout] test unsigned::validate_unsigned::retracts_too_many_pages_unsigned ... ok
[INFO] [stdout] test verifier::tests::async_verification::basic_multi_verification_works ... ok
[INFO] [stdout] test unsigned::validate_unsigned::retracts_wrong_winner_count ... ok
[INFO] [stdout] test verifier::tests::async_verification::invalid_solution_bad_bounds_per_page ... ok
[INFO] [stdout] test verifier::tests::async_verification::basic_single_verification_works ... ok
[INFO] [stdout] test unsigned::validate_unsigned::retracts_wrong_phase ... ok
[INFO] [stdout] test verifier::tests::async_verification::better_valid_solution_replaces ... ok
[INFO] [stdout] test verifier::tests::async_verification::invalid_solution_bad_desired_targets ... ok
[INFO] [stdout] test verifier::tests::async_verification::invalid_solution_bad_score ... ok
[INFO] [stdout] test verifier::tests::async_verification::invalid_solution_bad_minimum_score ... ok
[INFO] [stdout] test verifier::tests::async_verification::solution_data_provider_empty_data_midway ... ok
[INFO] [stdout] test verifier::tests::async_verification::solution_data_provider_missing_score_at_end ... ok
[INFO] [stdout] test verifier::tests::async_verification::rejects_new_verification_via_start_if_ongoing ... ok
[INFO] [stdout] test verifier::tests::async_verification::weak_valid_solution_is_insta_rejected ... ok
[INFO] [stdout] test verifier::tests::async_verification::solution_data_provider_empty_data_solution ... ok
[INFO] [stdout] test verifier::tests::async_verification::verification_failure_clears_everything ... ok
[INFO] [stdout] test verifier::tests::feasibility_check::prevents_duplicate_voter_index ... ok
[INFO] [stdout] test verifier::tests::feasibility_check::prevents_duplicate_target_index ... ok
[INFO] [stdout] test verifier::tests::multi_page_sync_verification::basic_sync_verification_works ... ok
[INFO] [stdout] test verifier::tests::feasibility_check::missing_snapshot ... ok
[INFO] [stdout] test verifier::tests::feasibility_check::voter_must_have_same_targets_as_snapshot ... ok
[INFO] [stdout] test verifier::tests::feasibility_check::heuristic_desired_target_check_per_page ... ok
[INFO] [stdout] test verifier::tests::multi_page_sync_verification::incorrect_score_checked_at_end ... ok
[INFO] [stdout] test verifier::tests::feasibility_check::heuristic_max_backers_per_winner_per_page ... ok
[INFO] [stdout] test verifier::tests::feasibility_check::voter_indices_per_page_must_be_in_bounds ... ok
[INFO] [stdout] test verifier::tests::feasibility_check::winner_indices_single_page_must_be_in_bounds ... ok
[INFO] [stdout] test verifier::tests::async_verification::invalid_solution_does_not_alter_queue ... ok
[INFO] [stdout] test verifier::tests::single_page_sync_verification::bad_bounds_rejected_max_backers_per_winner ... ok
[INFO] [stdout] test verifier::tests::multi_page_sync_verification::invalid_second_page ... ok
[INFO] [stdout] test verifier::tests::multi_page_sync_verification::too_may_max_backers_per_winner_second_page ... ok
[INFO] [stdout] test verifier::tests::multi_page_sync_verification::basic_sync_verification_works_full ... ok
[INFO] [stdout] test verifier::tests::single_page_sync_verification::bad_bounds_rejected_max_backers_per_winner_final ... ok
[INFO] [stdout] test verifier::tests::single_page_sync_verification::good_solution_replaces ... ok
[INFO] [stdout] test verifier::tests::single_page_sync_verification::exact_same_score_is_rejected ... ok
[INFO] [stdout] test verifier::tests::single_page_sync_verification::basic_sync_verification_works ... ok
[INFO] [stdout] test verifier::tests::single_page_sync_verification::weak_valid_is_discarded ... ok
[INFO] [stdout] test verifier::tests::single_page_sync_verification::weak_score_is_insta_rejected ... ok
[INFO] [stdout] test verifier::tests::single_page_sync_verification::incorrect_score_is_rejected ... ok
[INFO] [stdout] test verifier::tests::single_page_sync_verification::solution_improvement_respected ... ok
[INFO] [stdout] test verifier::tests::single_page_sync_verification::winner_count_less ... ok
[INFO] [stdout] test verifier::tests::single_page_sync_verification::winner_count_more ... ok
[INFO] [stdout] test verifier::tests::single_page_sync_verification::bad_bounds_rejected_max_winners_per_page ... ok
[INFO] [stdout] test verifier::tests::single_page_sync_verification::minimum_untrusted_score_is_rejected ... ok
[INFO] [stdout] 
[INFO] [stdout] failures:
[INFO] [stdout] 
[INFO] [stderr] error: test failed, to rerun pass `--lib`
[INFO] [stdout] ---- phase_rotation::target_snapshot_failed_event_emitted stdout ----
[INFO] [stdout] 
[INFO] [stdout] thread 'phase_rotation::target_snapshot_failed_event_emitted' (4982) panicked at src/lib.rs:1582:49:
[INFO] [stdout] called `Result::unwrap()` on an `Err` value: "targets mismatch"
[INFO] [stdout] stack backtrace:
[INFO] [stdout]    0:     0x5a73cadfc241 - <<std[70759c8f55707aa4]::sys::backtrace::BacktraceLock>::print::DisplayBacktrace as core[df12db4294e9bfd3]::fmt::Display>::fmt
[INFO] [stdout]    1:     0x5a73cae1290a - core[df12db4294e9bfd3]::fmt::write
[INFO] [stdout]    2:     0x5a73cae0094c - <alloc[2182bb758b4b3781]::vec::Vec<u8> as core[df12db4294e9bfd3]::io::write::Write>::write_fmt
[INFO] [stdout]    3:     0x5a73cadd8656 - std[70759c8f55707aa4]::panicking::default_hook::{closure#0}
[INFO] [stdout]    4:     0x5a73cadf4809 - std[70759c8f55707aa4]::panicking::default_hook
[INFO] [stdout]    5:     0x5a73cac38650 - test[9d35eded1c95d3be]::test_main_inner::<test[9d35eded1c95d3be]::test_main_static::{closure#0}>::{closure#0}
[INFO] [stdout]    6:     0x5a73cadf49c2 - std[70759c8f55707aa4]::panicking::panic_with_hook
[INFO] [stdout]    7:     0x5a73cadd8702 - std[70759c8f55707aa4]::panicking::panic_handler::{closure#0}
[INFO] [stdout]    8:     0x5a73cadd1459 - std[70759c8f55707aa4]::sys::backtrace::__rust_end_short_backtrace::<std[70759c8f55707aa4]::panicking::panic_handler::{closure#0}, !>
[INFO] [stdout]    9:     0x5a73cadd92fd - __rustc[8fa7c3cbc660c2b3]::rust_begin_unwind
[INFO] [stdout]   10:     0x5a73cae130ec - core[df12db4294e9bfd3]::panicking::panic_fmt
[INFO] [stdout]   11:     0x5a73cae12ec2 - core[df12db4294e9bfd3]::result::unwrap_failed
[INFO] [stdout]   12:     0x5a73cab454eb - <pezpallet_election_provider_multi_block[5e26dff290221b3b]::pezpallet::Pezpallet<pezpallet_election_provider_multi_block[5e26dff290221b3b]::mock::Runtime>>::roll_to
[INFO] [stdout]   13:     0x5a73caa4dfd5 - <std[70759c8f55707aa4]::thread::local::LocalKey<core[df12db4294e9bfd3]::cell::RefCell<alloc[2182bb758b4b3781]::vec::Vec<alloc[2182bb758b4b3781]::rc::Rc<core[df12db4294e9bfd3]::cell::RefCell<*mut dyn pezsp_externalities[4a0369e79d23d4fb]::Externalities>>>>>>::with::<environmental[5f29cb8eecdd1e9f]::using<dyn pezsp_externalities[4a0369e79d23d4fb]::Externalities, (), pezpallet_election_provider_multi_block[5e26dff290221b3b]::phase_rotation::target_snapshot_failed_event_emitted::{closure#0}>::{closure#0}, ()>
[INFO] [stdout]   14:     0x5a73cab320e4 - <pezsp_state_machine[8a6cd27ab35079ec]::testing::TestExternalities<pezsp_core[c03f6bacd8b2bf68]::hasher::blake2::Blake2Hasher> as pezpallet_election_provider_multi_block[5e26dff290221b3b]::mock::ExecuteWithSanityChecks>::execute_with_sanity_checks::<pezpallet_election_provider_multi_block[5e26dff290221b3b]::phase_rotation::target_snapshot_failed_event_emitted::{closure#0}>
[INFO] [stdout]   15:     0x5a73cab959ee - pezpallet_election_provider_multi_block[5e26dff290221b3b]::phase_rotation::target_snapshot_failed_event_emitted
[INFO] [stdout]   16:     0x5a73cabcf769 - <pezpallet_election_provider_multi_block[5e26dff290221b3b]::phase_rotation::target_snapshot_failed_event_emitted::{closure#0} as core[df12db4294e9bfd3]::ops::function::FnOnce<()>>::call_once
[INFO] [stdout]   17:     0x5a73cac2b93b - test[9d35eded1c95d3be]::__rust_begin_short_backtrace::<core[df12db4294e9bfd3]::result::Result<(), alloc[2182bb758b4b3781]::string::String>, fn() -> core[df12db4294e9bfd3]::result::Result<(), alloc[2182bb758b4b3781]::string::String>>
[INFO] [stdout]   18:     0x5a73cac38fa5 - test[9d35eded1c95d3be]::run_test::{closure#0}
[INFO] [stdout]   19:     0x5a73cac32864 - std[70759c8f55707aa4]::sys::backtrace::__rust_begin_short_backtrace::<test[9d35eded1c95d3be]::run_test::{closure#1}, ()>
[INFO] [stdout]   20:     0x5a73cac3c102 - <std[70759c8f55707aa4]::thread::lifecycle::spawn_unchecked<test[9d35eded1c95d3be]::run_test::{closure#1}, ()>::{closure#1} as core[df12db4294e9bfd3]::ops::function::FnOnce<()>>::call_once::{shim:vtable#0}
[INFO] [stdout]   21:     0x5a73cadfbae9 - <std[70759c8f55707aa4]::sys::thread::unix::Thread>::new::thread_start
[INFO] [stdout]   22:     0x7d03fae81dfa - <unknown>
[INFO] [stdout]   23:     0x7d03faf153d4 - clone
[INFO] [stdout]   24:                0x0 - <unknown>
[INFO] [stdout] 
[INFO] [stdout] ---- signed::tests::defensive_tests::get_score_defensive_when_no_leader stdout ----
[INFO] [stdout] note: test did not panic as expected at src/signed/tests.rs:1691:5
[INFO] [stdout] ---- signed::tests::defensive_tests::get_page_defensive_when_no_leader stdout ----
[INFO] [stdout] note: test did not panic as expected at src/signed/tests.rs:1707:5
[INFO] [stdout] 
[INFO] [stdout] failures:
[INFO] [stdout]     phase_rotation::target_snapshot_failed_event_emitted
[INFO] [stdout]     signed::tests::defensive_tests::get_page_defensive_when_no_leader
[INFO] [stdout]     signed::tests::defensive_tests::get_score_defensive_when_no_leader
[INFO] [stdout] 
[INFO] [stdout] test result: FAILED. 138 passed; 3 failed; 0 ignored; 0 measured; 0 filtered out; finished in 0.22s
[INFO] [stdout] 
[INFO] running `Command { std: "docker" "inspect" "01ea557cd15cd827d237e35e8ebdb7ea6f495bb14befe78f66a69ee3811dc535", kill_on_drop: false }`
[INFO] running `Command { std: "docker" "rm" "-f" "01ea557cd15cd827d237e35e8ebdb7ea6f495bb14befe78f66a69ee3811dc535", kill_on_drop: false }`
[INFO] [stdout] 01ea557cd15cd827d237e35e8ebdb7ea6f495bb14befe78f66a69ee3811dc535
