[INFO] fetching crate oxish 0.1.0...
[INFO] testing oxish-0.1.0 against 1.100.0-beta.1+cargoflags=--release for beta-release-1.100-2
[INFO] extracting crate oxish 0.1.0 into /workspace/builds/worker-6-tc2/source
[INFO] started tweaking crates.io crate oxish 0.1.0
[INFO] finished tweaking crates.io crate oxish 0.1.0
[INFO] tweaked toml for crates.io crate oxish 0.1.0 written to /workspace/builds/worker-6-tc2/source/Cargo.toml
[INFO] validating manifest of crates.io crate oxish 0.1.0 on toolchain 1.100.0-beta.1
[INFO] running `Command { std: CARGO_HOME="/workspace/cargo-home" RUSTUP_HOME="/workspace/rustup-home" "/workspace/cargo-home/bin/cargo" "+1.100.0-beta.1" "metadata" "--manifest-path" "Cargo.toml" "--no-deps", kill_on_drop: false }`
[INFO] crate crates.io crate oxish 0.1.0 already has a lockfile, it will not be regenerated
[INFO] running `Command { std: CARGO_HOME="/workspace/cargo-home" RUSTUP_HOME="/workspace/rustup-home" "/workspace/cargo-home/bin/cargo" "+1.100.0-beta.1" "fetch" "--manifest-path" "Cargo.toml", kill_on_drop: false }`
[INFO] running `Command { std: "docker" "create" "-v" "/var/lib/crater-agent-workspace/builds/worker-6-tc2/source:/opt/rustwide/workdir:ro,Z" "-v" "/var/lib/crater-agent-workspace/builds/worker-6-tc2/target:/opt/rustwide/target:rw,Z" "-v" "/var/lib/crater-agent-workspace/cargo-home:/opt/rustwide/cargo-home:ro,Z" "-v" "/var/lib/crater-agent-workspace/rustup-home:/opt/rustwide/rustup-home:ro,Z" "-m" "1610612736" "--network" "none" "ghcr.io/rust-lang/crates-build-env/linux@sha256:77db811e55d90add9212f6832c23229e3de5f1c1f9905e8cb07319ea15df73ac" "sleep" "infinity", kill_on_drop: false }`
[INFO] [stdout] 3f6ae9d8b3aed003892fbf93d4e36e8da653f9abfede08c6aaa883e474b245e4
[INFO] running `Command { std: "docker" "start" "3f6ae9d8b3aed003892fbf93d4e36e8da653f9abfede08c6aaa883e474b245e4", kill_on_drop: false }`
[INFO] running `Command { std: "docker" "inspect" "3f6ae9d8b3aed003892fbf93d4e36e8da653f9abfede08c6aaa883e474b245e4", kill_on_drop: false }`
[INFO] running `Command { std: "docker" "exec" "-e" "SOURCE_DIR=/opt/rustwide/workdir" "-e" "CARGO_HOME=/opt/rustwide/cargo-home" "-e" "RUSTUP_HOME=/opt/rustwide/rustup-home" "-e" "CARGO_TARGET_DIR=/opt/rustwide/target" "-w" "/opt/rustwide/workdir" "--user" "0:0" "3f6ae9d8b3aed003892fbf93d4e36e8da653f9abfede08c6aaa883e474b245e4" "/opt/rustwide/cargo-home/bin/cargo" "+1.100.0-beta.1" "metadata" "--no-deps" "--format-version=1", kill_on_drop: false }`
[INFO] running `Command { std: "docker" "inspect" "3f6ae9d8b3aed003892fbf93d4e36e8da653f9abfede08c6aaa883e474b245e4", kill_on_drop: false }`
[INFO] running `Command { std: "docker" "exec" "-e" "SOURCE_DIR=/opt/rustwide/workdir" "-e" "CARGO_HOME=/opt/rustwide/cargo-home" "-e" "RUSTUP_HOME=/opt/rustwide/rustup-home" "-e" "CARGO_TARGET_DIR=/opt/rustwide/target" "-e" "CARGO_INCREMENTAL=0" "-e" "RUST_BACKTRACE=full" "-e" "RUSTFLAGS=--cap-lints=warn" "-e" "RUSTDOCFLAGS=--cap-lints=warn" "-w" "/opt/rustwide/workdir" "--user" "0:0" "3f6ae9d8b3aed003892fbf93d4e36e8da653f9abfede08c6aaa883e474b245e4" "/opt/rustwide/cargo-home/bin/cargo" "+1.100.0-beta.1" "build" "--frozen" "--message-format=json" "--release", kill_on_drop: false }`
[INFO] [stderr]    Compiling syn v2.0.117
[INFO] [stderr]    Compiling syn v3.0.2
[INFO] [stderr]    Compiling thiserror v2.0.19
[INFO] [stderr]    Compiling errno v0.3.14
[INFO] [stderr]    Compiling regex-syntax v0.8.10
[INFO] [stderr]    Compiling socket2 v0.6.3
[INFO] [stderr]    Compiling mio v1.2.0
[INFO] [stderr]    Compiling rustix v1.1.4
[INFO] [stderr]    Compiling signal-hook-registry v1.4.8
[INFO] [stderr]    Compiling data-encoding v2.11.1
[INFO] [stderr]    Compiling bytes v1.11.1
[INFO] [stderr]    Compiling zeroize v1.9.0
[INFO] [stderr]    Compiling clap_builder v4.6.6
[INFO] [stderr]    Compiling graviola v0.4.1
[INFO] [stderr]    Compiling linux-raw-sys v0.12.1
[INFO] [stderr]    Compiling bitflags v2.13.1
[INFO] [stderr]    Compiling regex-automata v0.4.14
[INFO] [stderr]    Compiling listenfd v1.0.2
[INFO] [stderr]    Compiling thiserror-impl v2.0.19
[INFO] [stderr]    Compiling matchers v0.2.0
[INFO] [stderr]    Compiling clap_derive v4.6.4
[INFO] [stderr]    Compiling tracing-attributes v0.1.31
[INFO] [stderr]    Compiling tokio-macros v2.7.0
[INFO] [stderr]    Compiling tracing v0.1.44
[INFO] [stderr]    Compiling tokio v1.53.1
[INFO] [stderr]    Compiling oxish-proto v0.1.0
[INFO] [stderr]    Compiling clap v4.6.6
[INFO] [stderr]    Compiling tracing-subscriber v0.3.23
[INFO] [stderr]    Compiling oxish-graviola v0.1.0
[INFO] [stderr]    Compiling tokio-stream v0.1.19
[INFO] [stderr]    Compiling oxish v0.1.0 (/opt/rustwide/workdir)
[INFO] [stderr] warning: unused dependency `tokio-stream`
[INFO] [stderr]   --> Cargo.toml:49:15
[INFO] [stderr]    |
[INFO] [stderr] 49 | [dependencies.tokio-stream]
[INFO] [stderr]    |               ^^^^^^^^^^^^^
[INFO] [stderr]    |
[INFO] [stderr]    = note: `cargo::unused_dependencies` is set to `warn` by default
[INFO] [stderr] help: consider removing the dependency on `tokio-stream`
[INFO] [stderr] warning: `oxish` (manifest) generated 1 warning
[INFO] [stderr]     Finished `release` profile [optimized] target(s) in 1m 54s
[INFO] running `Command { std: "docker" "inspect" "3f6ae9d8b3aed003892fbf93d4e36e8da653f9abfede08c6aaa883e474b245e4", kill_on_drop: false }`
[INFO] running `Command { std: "docker" "exec" "-e" "SOURCE_DIR=/opt/rustwide/workdir" "-e" "CARGO_HOME=/opt/rustwide/cargo-home" "-e" "RUSTUP_HOME=/opt/rustwide/rustup-home" "-e" "CARGO_TARGET_DIR=/opt/rustwide/target" "-e" "CARGO_INCREMENTAL=0" "-e" "RUST_BACKTRACE=full" "-e" "RUSTFLAGS=--cap-lints=warn" "-e" "RUSTDOCFLAGS=--cap-lints=warn" "-w" "/opt/rustwide/workdir" "--user" "0:0" "3f6ae9d8b3aed003892fbf93d4e36e8da653f9abfede08c6aaa883e474b245e4" "/opt/rustwide/cargo-home/bin/cargo" "+1.100.0-beta.1" "test" "--frozen" "--no-run" "--message-format=json" "--release", kill_on_drop: false }`
[INFO] [stderr]    Compiling tempfile v3.27.0
[INFO] [stderr]    Compiling oxish v0.1.0 (/opt/rustwide/workdir)
[INFO] [stderr] warning: unused dependency `tokio-stream`
[INFO] [stderr]   --> Cargo.toml:49:15
[INFO] [stderr]    |
[INFO] [stderr] 49 | [dependencies.tokio-stream]
[INFO] [stderr]    |               ^^^^^^^^^^^^^
[INFO] [stderr]    |
[INFO] [stderr]    = note: `cargo::unused_dependencies` is set to `warn` by default
[INFO] [stderr] help: consider removing the dependency on `tokio-stream`
[INFO] [stderr] warning: `oxish` (manifest) generated 1 warning
[INFO] [stderr]     Finished `release` profile [optimized] target(s) in 16.10s
[INFO] running `Command { std: "docker" "inspect" "3f6ae9d8b3aed003892fbf93d4e36e8da653f9abfede08c6aaa883e474b245e4", kill_on_drop: false }`
[INFO] running `Command { std: "docker" "exec" "-e" "SOURCE_DIR=/opt/rustwide/workdir" "-e" "CARGO_HOME=/opt/rustwide/cargo-home" "-e" "RUSTUP_HOME=/opt/rustwide/rustup-home" "-e" "CARGO_TARGET_DIR=/opt/rustwide/target" "-e" "CARGO_INCREMENTAL=0" "-e" "RUST_BACKTRACE=full" "-e" "RUSTFLAGS=--cap-lints=warn" "-e" "RUSTDOCFLAGS=--cap-lints=warn" "-w" "/opt/rustwide/workdir" "--user" "0:0" "3f6ae9d8b3aed003892fbf93d4e36e8da653f9abfede08c6aaa883e474b245e4" "/opt/rustwide/cargo-home/bin/cargo" "+1.100.0-beta.1" "test" "--frozen" "--release", kill_on_drop: false }`
[INFO] [stderr] warning: unused dependency `tokio-stream`
[INFO] [stderr]   --> Cargo.toml:49:15
[INFO] [stderr]    |
[INFO] [stderr] 49 | [dependencies.tokio-stream]
[INFO] [stderr]    |               ^^^^^^^^^^^^^
[INFO] [stderr]    |
[INFO] [stderr]    = note: `cargo::unused_dependencies` is set to `warn` by default
[INFO] [stderr] help: consider removing the dependency on `tokio-stream`
[INFO] [stderr] warning: `oxish` (manifest) generated 1 warning
[INFO] [stderr]     Finished `release` profile [optimized] target(s) in 0.13s
[INFO] [stderr]      Running unittests src/lib.rs (/opt/rustwide/target/release/build/oxish/171b35c17c506a25/out/oxish-171b35c17c506a25)
[INFO] [stdout] 
[INFO] [stdout] running 11 tests
[INFO] [stdout] test session::tests::banner_at_80_columns ... ok
[INFO] [stdout] test tests::rekey_graviola ... ignored, slow
[INFO] [stdout] test authentication::tests::parse_fake_keys ... ok
[INFO] [stdout] test tests::verify_keys ... ok
[INFO] [stdout] test session::tests::banner_at_80_columns_with_openssh_warning ... ok
[INFO] [stdout] test tests::session_state_round_trip ... ok
[INFO] [stdout] test tests::host_keys_from_dir_graviola ... ok
[INFO] [stdout] test tests::handshake_ecdsa_graviola has been running for over 60 seconds
[INFO] [stdout] test tests::handshake_ed25519_graviola has been running for over 60 seconds
[INFO] [stdout] test tests::handshake_x25519_graviola has been running for over 60 seconds
[INFO] [stdout] test tests::no_spawn has been running for over 60 seconds
[INFO] [stdout] test tests::handshake_x25519_graviola ... FAILED
[INFO] [stdout] test tests::handshake_ed25519_graviola ... FAILED
[INFO] [stdout] test tests::no_spawn ... FAILED
[INFO] [stdout] test tests::handshake_ecdsa_graviola ... FAILED
[INFO] [stdout] 
[INFO] [stdout] failures:
[INFO] [stdout] 
[INFO] [stdout] ---- tests::handshake_x25519_graviola stdout ----
[INFO] [stdout] 
[INFO] [stdout] thread 'tests::handshake_x25519_graviola' (977) panicked at src/tests.rs:521:5:
[INFO] [stdout] oxish-session binary not found at `/opt/rustwide/target/release/build/oxish/171b35c17c506a25/oxish-session`
[INFO] [stdout] stack backtrace:
[INFO] [stdout]    0:     0x5793de107011 - <<std[617be2ca0a6fd877]::sys::backtrace::BacktraceLock>::print::DisplayBacktrace as core[a373ad73a504971]::fmt::Display>::fmt
[INFO] [stdout]    1:     0x5793de11e76a - core[a373ad73a504971]::fmt::write
[INFO] [stdout]    2:     0x5793de10be1c - <alloc[2e1b2a31b91974c5]::vec::Vec<u8> as core[a373ad73a504971]::io::write::Write>::write_fmt
[INFO] [stdout]    3:     0x5793de0e0236 - std[617be2ca0a6fd877]::panicking::default_hook::{closure#0}
[INFO] [stdout]    4:     0x5793de0fe729 - std[617be2ca0a6fd877]::panicking::default_hook
[INFO] [stdout]    5:     0x5793ddfb96c0 - test[aada8e7e76ba119b]::test_main_inner::{closure#0}
[INFO] [stdout]    6:     0x5793de0fea52 - std[617be2ca0a6fd877]::panicking::panic_with_hook
[INFO] [stdout]    7:     0x5793de0e02e2 - std[617be2ca0a6fd877]::panicking::panic_handler::{closure#0}
[INFO] [stdout]    8:     0x5793de0d8719 - std[617be2ca0a6fd877]::sys::backtrace::__rust_end_short_backtrace::<std[617be2ca0a6fd877]::panicking::panic_handler::{closure#0}, !>
[INFO] [stdout]    9:     0x5793de0e0ffd - __rustc[ea4f61d10b84890b]::rust_begin_unwind
[INFO] [stdout]   10:     0x5793de11ef4c - core[a373ad73a504971]::panicking::panic_fmt
[INFO] [stdout]   11:     0x5793ddeedd05 - oxish[1f8cbd39c9a2a152]::tests::setup::{closure#0}
[INFO] [stdout]   12:     0x5793ddeef349 - oxish[1f8cbd39c9a2a152]::tests::handshake_x25519_graviola::{closure#0}
[INFO] [stdout]   13:     0x5793ddf0bcf3 - <tokio[32424a63cd8d9cbb]::runtime::scheduler::current_thread::Context>::enter::<core[a373ad73a504971]::task::poll::Poll<()>, <tokio[32424a63cd8d9cbb]::runtime::scheduler::current_thread::CoreGuard>::block_on<core[a373ad73a504971]::pin::Pin<&mut core[a373ad73a504971]::pin::Pin<&mut dyn core[a373ad73a504971]::future::future::Future<Output = ()>>>>::{closure#0}::{closure#0}>
[INFO] [stdout]   14:     0x5793ddf344f9 - <std[617be2ca0a6fd877]::thread::local::LocalKey<tokio[32424a63cd8d9cbb]::runtime::context::Context>>::with::<tokio[32424a63cd8d9cbb]::runtime::context::set_scheduler<(alloc[2e1b2a31b91974c5]::boxed::Box<tokio[32424a63cd8d9cbb]::runtime::scheduler::current_thread::Core>, core[a373ad73a504971]::option::Option<()>), <tokio[32424a63cd8d9cbb]::runtime::scheduler::current_thread::CoreGuard>::enter<<tokio[32424a63cd8d9cbb]::runtime::scheduler::current_thread::CoreGuard>::block_on<core[a373ad73a504971]::pin::Pin<&mut core[a373ad73a504971]::pin::Pin<&mut dyn core[a373ad73a504971]::future::future::Future<Output = ()>>>>::{closure#0}, core[a373ad73a504971]::option::Option<()>>::{closure#0}>::{closure#0}, (alloc[2e1b2a31b91974c5]::boxed::Box<tokio[32424a63cd8d9cbb]::runtime::scheduler::current_thread::Core>, core[a373ad73a504971]::option::Option<()>)>
[INFO] [stdout]   15:     0x5793ddf0c0a7 - <tokio[32424a63cd8d9cbb]::runtime::scheduler::current_thread::CoreGuard>::block_on::<core[a373ad73a504971]::pin::Pin<&mut core[a373ad73a504971]::pin::Pin<&mut dyn core[a373ad73a504971]::future::future::Future<Output = ()>>>>
[INFO] [stdout]   16:     0x5793ddf04d0d - tokio[32424a63cd8d9cbb]::runtime::context::runtime::enter_runtime::<<tokio[32424a63cd8d9cbb]::runtime::scheduler::current_thread::CurrentThread>::block_on<core[a373ad73a504971]::pin::Pin<&mut dyn core[a373ad73a504971]::future::future::Future<Output = ()>>>::{closure#0}, ()>
[INFO] [stdout]   17:     0x5793ddf0bbd5 - <tokio[32424a63cd8d9cbb]::runtime::runtime::Runtime>::block_on::<core[a373ad73a504971]::pin::Pin<&mut dyn core[a373ad73a504971]::future::future::Future<Output = ()>>>
[INFO] [stdout]   18:     0x5793ddef21fe - <oxish[1f8cbd39c9a2a152]::tests::handshake_x25519_graviola::{closure#0} as core[a373ad73a504971]::ops::function::FnOnce<()>>::call_once
[INFO] [stdout]   19:     0x5793ddfacb0b - test[aada8e7e76ba119b]::__rust_begin_short_backtrace::<core[a373ad73a504971]::result::Result<(), alloc[2e1b2a31b91974c5]::string::String>, fn() -> core[a373ad73a504971]::result::Result<(), alloc[2e1b2a31b91974c5]::string::String>>
[INFO] [stdout]   20:     0x5793ddfb9ce5 - test[aada8e7e76ba119b]::run_test::{closure#0}
[INFO] [stdout]   21:     0x5793ddfb35d4 - std[617be2ca0a6fd877]::sys::backtrace::__rust_begin_short_backtrace::<test[aada8e7e76ba119b]::run_test::{closure#1}, ()>
[INFO] [stdout]   22:     0x5793ddfbcd72 - <std[617be2ca0a6fd877]::thread::lifecycle::spawn_unchecked<test[aada8e7e76ba119b]::run_test::{closure#1}, ()>::{closure#1} as core[a373ad73a504971]::ops::function::FnOnce<()>>::call_once::{shim:vtable#0}
[INFO] [stdout]   23:     0x5793de1064cf - <std[617be2ca0a6fd877]::sys::thread::unix::Thread>::new::thread_start
[INFO] [stdout]   24:     0x7e6d0fa36dfa - <unknown>
[INFO] [stdout]   25:     0x7e6d0faca3d4 - clone
[INFO] [stdout]   26:                0x0 - <unknown>
[INFO] [stdout] 
[INFO] [stdout] ---- tests::handshake_ed25519_graviola stdout ----
[INFO] [stdout] 
[INFO] [stdout] thread 'tests::handshake_ed25519_graviola' (976) panicked at src/tests.rs:521:5:
[INFO] [stdout] oxish-session binary not found at `/opt/rustwide/target/release/build/oxish/171b35c17c506a25/oxish-session`
[INFO] [stdout] stack backtrace:
[INFO] [stdout]    0:     0x5793de107011 - <<std[617be2ca0a6fd877]::sys::backtrace::BacktraceLock>::print::DisplayBacktrace as core[a373ad73a504971]::fmt::Display>::fmt
[INFO] [stdout]    1:     0x5793de11e76a - core[a373ad73a504971]::fmt::write
[INFO] [stdout]    2:     0x5793de10be1c - <alloc[2e1b2a31b91974c5]::vec::Vec<u8> as core[a373ad73a504971]::io::write::Write>::write_fmt
[INFO] [stdout]    3:     0x5793de0e0236 - std[617be2ca0a6fd877]::panicking::default_hook::{closure#0}
[INFO] [stdout]    4:     0x5793de0fe729 - std[617be2ca0a6fd877]::panicking::default_hook
[INFO] [stdout]    5:     0x5793ddfb96c0 - test[aada8e7e76ba119b]::test_main_inner::{closure#0}
[INFO] [stdout]    6:     0x5793de0fea52 - std[617be2ca0a6fd877]::panicking::panic_with_hook
[INFO] [stdout]    7:     0x5793de0e02e2 - std[617be2ca0a6fd877]::panicking::panic_handler::{closure#0}
[INFO] [stdout]    8:     0x5793de0d8719 - std[617be2ca0a6fd877]::sys::backtrace::__rust_end_short_backtrace::<std[617be2ca0a6fd877]::panicking::panic_handler::{closure#0}, !>
[INFO] [stdout]    9:     0x5793de0e0ffd - __rustc[ea4f61d10b84890b]::rust_begin_unwind
[INFO] [stdout]   10:     0x5793de11ef4c - core[a373ad73a504971]::panicking::panic_fmt
[INFO] [stdout]   11:     0x5793ddeedd05 - oxish[1f8cbd39c9a2a152]::tests::setup::{closure#0}
[INFO] [stdout]   12:     0x5793ddeee484 - oxish[1f8cbd39c9a2a152]::tests::handshake::{closure#0}
[INFO] [stdout]   13:     0x5793ddeef8ef - oxish[1f8cbd39c9a2a152]::tests::handshake_ed25519_graviola::{closure#0}
[INFO] [stdout]   14:     0x5793ddf0bcf3 - <tokio[32424a63cd8d9cbb]::runtime::scheduler::current_thread::Context>::enter::<core[a373ad73a504971]::task::poll::Poll<()>, <tokio[32424a63cd8d9cbb]::runtime::scheduler::current_thread::CoreGuard>::block_on<core[a373ad73a504971]::pin::Pin<&mut core[a373ad73a504971]::pin::Pin<&mut dyn core[a373ad73a504971]::future::future::Future<Output = ()>>>>::{closure#0}::{closure#0}>
[INFO] [stdout]   15:     0x5793ddf344f9 - <std[617be2ca0a6fd877]::thread::local::LocalKey<tokio[32424a63cd8d9cbb]::runtime::context::Context>>::with::<tokio[32424a63cd8d9cbb]::runtime::context::set_scheduler<(alloc[2e1b2a31b91974c5]::boxed::Box<tokio[32424a63cd8d9cbb]::runtime::scheduler::current_thread::Core>, core[a373ad73a504971]::option::Option<()>), <tokio[32424a63cd8d9cbb]::runtime::scheduler::current_thread::CoreGuard>::enter<<tokio[32424a63cd8d9cbb]::runtime::scheduler::current_thread::CoreGuard>::block_on<core[a373ad73a504971]::pin::Pin<&mut core[a373ad73a504971]::pin::Pin<&mut dyn core[a373ad73a504971]::future::future::Future<Output = ()>>>>::{closure#0}, core[a373ad73a504971]::option::Option<()>>::{closure#0}>::{closure#0}, (alloc[2e1b2a31b91974c5]::boxed::Box<tokio[32424a63cd8d9cbb]::runtime::scheduler::current_thread::Core>, core[a373ad73a504971]::option::Option<()>)>
[INFO] [stdout]   16:     0x5793ddf0c0a7 - <tokio[32424a63cd8d9cbb]::runtime::scheduler::current_thread::CoreGuard>::block_on::<core[a373ad73a504971]::pin::Pin<&mut core[a373ad73a504971]::pin::Pin<&mut dyn core[a373ad73a504971]::future::future::Future<Output = ()>>>>
[INFO] [stdout]   17:     0x5793ddf04d0d - tokio[32424a63cd8d9cbb]::runtime::context::runtime::enter_runtime::<<tokio[32424a63cd8d9cbb]::runtime::scheduler::current_thread::CurrentThread>::block_on<core[a373ad73a504971]::pin::Pin<&mut dyn core[a373ad73a504971]::future::future::Future<Output = ()>>>::{closure#0}, ()>
[INFO] [stdout]   18:     0x5793ddf0bbd5 - <tokio[32424a63cd8d9cbb]::runtime::runtime::Runtime>::block_on::<core[a373ad73a504971]::pin::Pin<&mut dyn core[a373ad73a504971]::future::future::Future<Output = ()>>>
[INFO] [stdout]   19:     0x5793ddef236e - <oxish[1f8cbd39c9a2a152]::tests::handshake_ed25519_graviola::{closure#0} as core[a373ad73a504971]::ops::function::FnOnce<()>>::call_once
[INFO] [stdout]   20:     0x5793ddfacb0b - test[aada8e7e76ba119b]::__rust_begin_short_backtrace::<core[a373ad73a504971]::result::Result<(), alloc[2e1b2a31b91974c5]::string::String>, fn() -> core[a373ad73a504971]::result::Result<(), alloc[2e1b2a31b91974c5]::string::String>>
[INFO] [stdout]   21:     0x5793ddfb9ce5 - test[aada8e7e76ba119b]::run_test::{closure#0}
[INFO] [stdout]   22:     0x5793ddfb35d4 - std[617be2ca0a6fd877]::sys::backtrace::__rust_begin_short_backtrace::<test[aada8e7e76ba119b]::run_test::{closure#1}, ()>
[INFO] [stdout]   23:     0x5793ddfbcd72 - <std[617be2ca0a6fd877]::thread::lifecycle::spawn_unchecked<test[aada8e7e76ba119b]::run_test::{closure#1}, ()>::{closure#1} as core[a373ad73a504971]::ops::function::FnOnce<()>>::call_once::{shim:vtable#0}
[INFO] [stdout]   24:     0x5793de1064cf - <std[617be2ca0a6fd877]::sys::thread::unix::Thread>::new::thread_start
[INFO] [stdout]   25:     0x7e6d0fa36dfa - <unknown>
[INFO] [stdout]   26:     0x7e6d0faca3d4 - clone
[INFO] [stdout]   27:                0x0 - <unknown>
[INFO] [stdout] 
[INFO] [stdout] ---- tests::no_spawn stdout ----
[INFO] [stdout] 
[INFO] [stdout] thread 'tests::no_spawn' (979) panicked at src/tests.rs:521:5:
[INFO] [stdout] oxish-session binary not found at `/opt/rustwide/target/release/build/oxish/171b35c17c506a25/oxish-session`
[INFO] [stdout] stack backtrace:
[INFO] [stdout]    0:     0x5793de107011 - <<std[617be2ca0a6fd877]::sys::backtrace::BacktraceLock>::print::DisplayBacktrace as core[a373ad73a504971]::fmt::Display>::fmt
[INFO] [stdout]    1:     0x5793de11e76a - core[a373ad73a504971]::fmt::write
[INFO] [stdout]    2:     0x5793de10be1c - <alloc[2e1b2a31b91974c5]::vec::Vec<u8> as core[a373ad73a504971]::io::write::Write>::write_fmt
[INFO] [stdout]    3:     0x5793de0e0236 - std[617be2ca0a6fd877]::panicking::default_hook::{closure#0}
[INFO] [stdout]    4:     0x5793de0fe729 - std[617be2ca0a6fd877]::panicking::default_hook
[INFO] [stdout]    5:     0x5793ddfb96c0 - test[aada8e7e76ba119b]::test_main_inner::{closure#0}
[INFO] [stdout]    6:     0x5793de0fea52 - std[617be2ca0a6fd877]::panicking::panic_with_hook
[INFO] [stdout]    7:     0x5793de0e02e2 - std[617be2ca0a6fd877]::panicking::panic_handler::{closure#0}
[INFO] [stdout]    8:     0x5793de0d8719 - std[617be2ca0a6fd877]::sys::backtrace::__rust_end_short_backtrace::<std[617be2ca0a6fd877]::panicking::panic_handler::{closure#0}, !>
[INFO] [stdout]    9:     0x5793de0e0ffd - __rustc[ea4f61d10b84890b]::rust_begin_unwind
[INFO] [stdout]   10:     0x5793de11ef4c - core[a373ad73a504971]::panicking::panic_fmt
[INFO] [stdout]   11:     0x5793ddeedd05 - oxish[1f8cbd39c9a2a152]::tests::setup::{closure#0}
[INFO] [stdout]   12:     0x5793ddef03f2 - oxish[1f8cbd39c9a2a152]::tests::no_spawn::{closure#0}
[INFO] [stdout]   13:     0x5793ddf0bcf3 - <tokio[32424a63cd8d9cbb]::runtime::scheduler::current_thread::Context>::enter::<core[a373ad73a504971]::task::poll::Poll<()>, <tokio[32424a63cd8d9cbb]::runtime::scheduler::current_thread::CoreGuard>::block_on<core[a373ad73a504971]::pin::Pin<&mut core[a373ad73a504971]::pin::Pin<&mut dyn core[a373ad73a504971]::future::future::Future<Output = ()>>>>::{closure#0}::{closure#0}>
[INFO] [stdout]   14:     0x5793ddf344f9 - <std[617be2ca0a6fd877]::thread::local::LocalKey<tokio[32424a63cd8d9cbb]::runtime::context::Context>>::with::<tokio[32424a63cd8d9cbb]::runtime::context::set_scheduler<(alloc[2e1b2a31b91974c5]::boxed::Box<tokio[32424a63cd8d9cbb]::runtime::scheduler::current_thread::Core>, core[a373ad73a504971]::option::Option<()>), <tokio[32424a63cd8d9cbb]::runtime::scheduler::current_thread::CoreGuard>::enter<<tokio[32424a63cd8d9cbb]::runtime::scheduler::current_thread::CoreGuard>::block_on<core[a373ad73a504971]::pin::Pin<&mut core[a373ad73a504971]::pin::Pin<&mut dyn core[a373ad73a504971]::future::future::Future<Output = ()>>>>::{closure#0}, core[a373ad73a504971]::option::Option<()>>::{closure#0}>::{closure#0}, (alloc[2e1b2a31b91974c5]::boxed::Box<tokio[32424a63cd8d9cbb]::runtime::scheduler::current_thread::Core>, core[a373ad73a504971]::option::Option<()>)>
[INFO] [stdout]   15:     0x5793ddf0c0a7 - <tokio[32424a63cd8d9cbb]::runtime::scheduler::current_thread::CoreGuard>::block_on::<core[a373ad73a504971]::pin::Pin<&mut core[a373ad73a504971]::pin::Pin<&mut dyn core[a373ad73a504971]::future::future::Future<Output = ()>>>>
[INFO] [stdout]   16:     0x5793ddf04d0d - tokio[32424a63cd8d9cbb]::runtime::context::runtime::enter_runtime::<<tokio[32424a63cd8d9cbb]::runtime::scheduler::current_thread::CurrentThread>::block_on<core[a373ad73a504971]::pin::Pin<&mut dyn core[a373ad73a504971]::future::future::Future<Output = ()>>>::{closure#0}, ()>
[INFO] [stdout]   17:     0x5793ddf0bbd5 - <tokio[32424a63cd8d9cbb]::runtime::runtime::Runtime>::block_on::<core[a373ad73a504971]::pin::Pin<&mut dyn core[a373ad73a504971]::future::future::Future<Output = ()>>>
[INFO] [stdout]   18:     0x5793ddef264e - <oxish[1f8cbd39c9a2a152]::tests::no_spawn::{closure#0} as core[a373ad73a504971]::ops::function::FnOnce<()>>::call_once
[INFO] [stdout]   19:     0x5793ddfacb0b - test[aada8e7e76ba119b]::__rust_begin_short_backtrace::<core[a373ad73a504971]::result::Result<(), alloc[2e1b2a31b91974c5]::string::String>, fn() -> core[a373ad73a504971]::result::Result<(), alloc[2e1b2a31b91974c5]::string::String>>
[INFO] [stdout]   20:     0x5793ddfb9ce5 - test[aada8e7e76ba119b]::run_test::{closure#0}
[INFO] [stdout]   21:     0x5793ddfb35d4 - std[617be2ca0a6fd877]::sys::backtrace::__rust_begin_short_backtrace::<test[aada8e7e76ba119b]::run_test::{closure#1}, ()>
[INFO] [stdout]   22:     0x5793ddfbcd72 - <std[617be2ca0a6fd877]::thread::lifecycle::spawn_unchecked<test[aada8e7e76ba119b]::run_test::{closure#1}, ()>::{closure#1} as core[a373ad73a504971]::ops::function::FnOnce<()>>::call_once::{shim:vtable#0}
[INFO] [stdout]   23:     0x5793de1064cf - <std[617be2ca0a6fd877]::sys::thread::unix::Thread>::new::thread_start
[INFO] [stdout]   24:     0x7e6d0fa36dfa - <unknown>
[INFO] [stdout]   25:     0x7e6d0faca3d4 - clone
[INFO] [stdout]   26:                0x0 - <unknown>
[INFO] [stdout] 
[INFO] [stdout] ---- tests::handshake_ecdsa_graviola stdout ----
[INFO] [stdout] 
[INFO] [stdout] thread 'tests::handshake_ecdsa_graviola' (975) panicked at src/tests.rs:521:5:
[INFO] [stdout] oxish-session binary not found at `/opt/rustwide/target/release/build/oxish/171b35c17c506a25/oxish-session`
[INFO] [stdout] stack backtrace:
[INFO] [stdout]    0:     0x5793de107011 - <<std[617be2ca0a6fd877]::sys::backtrace::BacktraceLock>::print::DisplayBacktrace as core[a373ad73a504971]::fmt::Display>::fmt
[INFO] [stdout]    1:     0x5793de11e76a - core[a373ad73a504971]::fmt::write
[INFO] [stdout]    2:     0x5793de10be1c - <alloc[2e1b2a31b91974c5]::vec::Vec<u8> as core[a373ad73a504971]::io::write::Write>::write_fmt
[INFO] [stdout]    3:     0x5793de0e0236 - std[617be2ca0a6fd877]::panicking::default_hook::{closure#0}
[INFO] [stdout]    4:     0x5793de0fe729 - std[617be2ca0a6fd877]::panicking::default_hook
[INFO] [stdout]    5:     0x5793ddfb96c0 - test[aada8e7e76ba119b]::test_main_inner::{closure#0}
[INFO] [stdout]    6:     0x5793de0fea52 - std[617be2ca0a6fd877]::panicking::panic_with_hook
[INFO] [stdout]    7:     0x5793de0e02e2 - std[617be2ca0a6fd877]::panicking::panic_handler::{closure#0}
[INFO] [stdout]    8:     0x5793de0d8719 - std[617be2ca0a6fd877]::sys::backtrace::__rust_end_short_backtrace::<std[617be2ca0a6fd877]::panicking::panic_handler::{closure#0}, !>
[INFO] [stdout]    9:     0x5793de0e0ffd - __rustc[ea4f61d10b84890b]::rust_begin_unwind
[INFO] [stdout]   10:     0x5793de11ef4c - core[a373ad73a504971]::panicking::panic_fmt
[INFO] [stdout]   11:     0x5793ddeedd05 - oxish[1f8cbd39c9a2a152]::tests::setup::{closure#0}
[INFO] [stdout]   12:     0x5793ddeee484 - oxish[1f8cbd39c9a2a152]::tests::handshake::{closure#0}
[INFO] [stdout]   13:     0x5793ddeef19f - oxish[1f8cbd39c9a2a152]::tests::handshake_ecdsa_graviola::{closure#0}
[INFO] [stdout]   14:     0x5793ddf0bcf3 - <tokio[32424a63cd8d9cbb]::runtime::scheduler::current_thread::Context>::enter::<core[a373ad73a504971]::task::poll::Poll<()>, <tokio[32424a63cd8d9cbb]::runtime::scheduler::current_thread::CoreGuard>::block_on<core[a373ad73a504971]::pin::Pin<&mut core[a373ad73a504971]::pin::Pin<&mut dyn core[a373ad73a504971]::future::future::Future<Output = ()>>>>::{closure#0}::{closure#0}>
[INFO] [stdout]   15:     0x5793ddf344f9 - <std[617be2ca0a6fd877]::thread::local::LocalKey<tokio[32424a63cd8d9cbb]::runtime::context::Context>>::with::<tokio[32424a63cd8d9cbb]::runtime::context::set_scheduler<(alloc[2e1b2a31b91974c5]::boxed::Box<tokio[32424a63cd8d9cbb]::runtime::scheduler::current_thread::Core>, core[a373ad73a504971]::option::Option<()>), <tokio[32424a63cd8d9cbb]::runtime::scheduler::current_thread::CoreGuard>::enter<<tokio[32424a63cd8d9cbb]::runtime::scheduler::current_thread::CoreGuard>::block_on<core[a373ad73a504971]::pin::Pin<&mut core[a373ad73a504971]::pin::Pin<&mut dyn core[a373ad73a504971]::future::future::Future<Output = ()>>>>::{closure#0}, core[a373ad73a504971]::option::Option<()>>::{closure#0}>::{closure#0}, (alloc[2e1b2a31b91974c5]::boxed::Box<tokio[32424a63cd8d9cbb]::runtime::scheduler::current_thread::Core>, core[a373ad73a504971]::option::Option<()>)>
[INFO] [stdout]   16:     0x5793ddf0c0a7 - <tokio[32424a63cd8d9cbb]::runtime::scheduler::current_thread::CoreGuard>::block_on::<core[a373ad73a504971]::pin::Pin<&mut core[a373ad73a504971]::pin::Pin<&mut dyn core[a373ad73a504971]::future::future::Future<Output = ()>>>>
[INFO] [stdout]   17:     0x5793ddf04d0d - tokio[32424a63cd8d9cbb]::runtime::context::runtime::enter_runtime::<<tokio[32424a63cd8d9cbb]::runtime::scheduler::current_thread::CurrentThread>::block_on<core[a373ad73a504971]::pin::Pin<&mut dyn core[a373ad73a504971]::future::future::Future<Output = ()>>>::{closure#0}, ()>
[INFO] [stdout]   18:     0x5793ddf0bbd5 - <tokio[32424a63cd8d9cbb]::runtime::runtime::Runtime>::block_on::<core[a373ad73a504971]::pin::Pin<&mut dyn core[a373ad73a504971]::future::future::Future<Output = ()>>>
[INFO] [stdout]   19:     0x5793ddef12ce - <oxish[1f8cbd39c9a2a152]::tests::handshake_ecdsa_graviola::{closure#0} as core[a373ad73a504971]::ops::function::FnOnce<()>>::call_once
[INFO] [stdout]   20:     0x5793ddfacb0b - test[aada8e7e76ba119b]::__rust_begin_short_backtrace::<core[a373ad73a504971]::result::Result<(), alloc[2e1b2a31b91974c5]::string::String>, fn() -> core[a373ad73a504971]::result::Result<(), alloc[2e1b2a31b91974c5]::string::String>>
[INFO] [stdout]   21:     0x5793ddfb9ce5 - test[aada8e7e76ba119b]::run_test::{closure#0}
[INFO] [stdout]   22:     0x5793ddfb35d4 - std[617be2ca0a6fd877]::sys::backtrace::__rust_begin_short_backtrace::<test[aada8e7e76ba119b]::run_test::{closure#1}, ()>
[INFO] [stdout]   23:     0x5793ddfbcd72 - <std[617be2ca0a6fd877]::thread::lifecycle::spawn_unchecked<test[aada8e7e76ba119b]::run_test::{closure#1}, ()>::{closure#1} as core[a373ad73a504971]::ops::function::FnOnce<()>>::call_once::{shim:vtable#0}
[INFO] [stdout]   24:     0x5793de1064cf - <std[617be2ca0a6fd877]::sys::thread::unix::Thread>::new::thread_start
[INFO] [stdout]   25:     0x7e6d0fa36dfa - <unknown>
[INFO] [stdout]   26:     0x7e6d0faca3d4 - clone
[INFO] [stdout]   27:                0x0 - <unknown>
[INFO] [stdout] 
[INFO] [stdout] 
[INFO] [stdout] failures:
[INFO] [stdout]     tests::handshake_ecdsa_graviola
[INFO] [stdout]     tests::handshake_ed25519_graviola
[INFO] [stdout]     tests::handshake_x25519_graviola
[INFO] [stdout]     tests::no_spawn
[INFO] [stdout] 
[INFO] [stdout] test result: FAILED. 6 passed; 4 failed; 1 ignored; 0 measured; 0 filtered out; finished in 65.98s
[INFO] [stdout] 
[INFO] [stderr] error: test failed, to rerun pass `--lib`
[INFO] running `Command { std: "docker" "inspect" "3f6ae9d8b3aed003892fbf93d4e36e8da653f9abfede08c6aaa883e474b245e4", kill_on_drop: false }`
[INFO] running `Command { std: "docker" "rm" "-f" "3f6ae9d8b3aed003892fbf93d4e36e8da653f9abfede08c6aaa883e474b245e4", kill_on_drop: false }`
[INFO] [stdout] 3f6ae9d8b3aed003892fbf93d4e36e8da653f9abfede08c6aaa883e474b245e4
