[INFO] fetching crate oss-facade 0.2.0...
[INFO] testing oss-facade-0.2.0 against 1.100.0-beta.1+cargoflags=--release for beta-release-1.100-2
[INFO] extracting crate oss-facade 0.2.0 into /workspace/builds/worker-0-tc2/source
[INFO] started tweaking crates.io crate oss-facade 0.2.0
[INFO] finished tweaking crates.io crate oss-facade 0.2.0
[INFO] tweaked toml for crates.io crate oss-facade 0.2.0 written to /workspace/builds/worker-0-tc2/source/Cargo.toml
[INFO] validating manifest of crates.io crate oss-facade 0.2.0 on toolchain 1.100.0-beta.1
[INFO] running `Command { std: CARGO_HOME="/workspace/cargo-home" RUSTUP_HOME="/workspace/rustup-home" "/workspace/cargo-home/bin/cargo" "+1.100.0-beta.1" "metadata" "--manifest-path" "Cargo.toml" "--no-deps", kill_on_drop: false }`
[INFO] crate crates.io crate oss-facade 0.2.0 already has a lockfile, it will not be regenerated
[INFO] running `Command { std: CARGO_HOME="/workspace/cargo-home" RUSTUP_HOME="/workspace/rustup-home" "/workspace/cargo-home/bin/cargo" "+1.100.0-beta.1" "fetch" "--manifest-path" "Cargo.toml", kill_on_drop: false }`
[INFO] [stderr] warning: `package.homepage` is redundant with `package.repository`
[INFO] [stderr]   --> Cargo.toml:46:12
[INFO] [stderr]    |
[INFO] [stderr] 46 | homepage = "https://github.com/sblattj/oss-search"
[INFO] [stderr]    |            ^^^^^^^^^^^^^^^^^^^^^^^^^^^^^^^^^^^^^^^
[INFO] [stderr] ...
[INFO] [stderr] 50 | repository = "https://github.com/sblattj/oss-search"
[INFO] [stderr]    |              ---------------------------------------
[INFO] [stderr]    |
[INFO] [stderr]    = note: `cargo::redundant_homepage` is set to `warn` by default
[INFO] [stderr] help: consider removing `package.homepage`
[INFO] [stderr] warning: `oss-facade` (manifest) generated 1 warning
[INFO] running `Command { std: "docker" "create" "-v" "/var/lib/crater-agent-workspace/builds/worker-0-tc2/source:/opt/rustwide/workdir:ro,Z" "-v" "/var/lib/crater-agent-workspace/builds/worker-0-tc2/target:/opt/rustwide/target:rw,Z" "-v" "/var/lib/crater-agent-workspace/cargo-home:/opt/rustwide/cargo-home:ro,Z" "-v" "/var/lib/crater-agent-workspace/rustup-home:/opt/rustwide/rustup-home:ro,Z" "-m" "1610612736" "--network" "none" "ghcr.io/rust-lang/crates-build-env/linux@sha256:77db811e55d90add9212f6832c23229e3de5f1c1f9905e8cb07319ea15df73ac" "sleep" "infinity", kill_on_drop: false }`
[INFO] [stdout] 50b9a4f8aa9436b6e4b73598ed9608f4a324189cd13f495a335f51c1c2f1c932
[INFO] running `Command { std: "docker" "start" "50b9a4f8aa9436b6e4b73598ed9608f4a324189cd13f495a335f51c1c2f1c932", kill_on_drop: false }`
[INFO] running `Command { std: "docker" "inspect" "50b9a4f8aa9436b6e4b73598ed9608f4a324189cd13f495a335f51c1c2f1c932", kill_on_drop: false }`
[INFO] running `Command { std: "docker" "exec" "-e" "SOURCE_DIR=/opt/rustwide/workdir" "-e" "CARGO_HOME=/opt/rustwide/cargo-home" "-e" "RUSTUP_HOME=/opt/rustwide/rustup-home" "-e" "CARGO_TARGET_DIR=/opt/rustwide/target" "-w" "/opt/rustwide/workdir" "--user" "0:0" "50b9a4f8aa9436b6e4b73598ed9608f4a324189cd13f495a335f51c1c2f1c932" "/opt/rustwide/cargo-home/bin/cargo" "+1.100.0-beta.1" "metadata" "--no-deps" "--format-version=1", kill_on_drop: false }`
[INFO] running `Command { std: "docker" "inspect" "50b9a4f8aa9436b6e4b73598ed9608f4a324189cd13f495a335f51c1c2f1c932", kill_on_drop: false }`
[INFO] running `Command { std: "docker" "exec" "-e" "SOURCE_DIR=/opt/rustwide/workdir" "-e" "CARGO_HOME=/opt/rustwide/cargo-home" "-e" "RUSTUP_HOME=/opt/rustwide/rustup-home" "-e" "CARGO_TARGET_DIR=/opt/rustwide/target" "-e" "CARGO_INCREMENTAL=0" "-e" "RUST_BACKTRACE=full" "-e" "RUSTFLAGS=--cap-lints=warn" "-e" "RUSTDOCFLAGS=--cap-lints=warn" "-w" "/opt/rustwide/workdir" "--user" "0:0" "50b9a4f8aa9436b6e4b73598ed9608f4a324189cd13f495a335f51c1c2f1c932" "/opt/rustwide/cargo-home/bin/cargo" "+1.100.0-beta.1" "build" "--frozen" "--message-format=json" "--release", kill_on_drop: false }`
[INFO] [stderr] warning: `package.homepage` is redundant with `package.repository`
[INFO] [stderr]   --> Cargo.toml:46:12
[INFO] [stderr]    |
[INFO] [stderr] 46 | homepage = "https://github.com/sblattj/oss-search"
[INFO] [stderr]    |            ^^^^^^^^^^^^^^^^^^^^^^^^^^^^^^^^^^^^^^^
[INFO] [stderr] ...
[INFO] [stderr] 50 | repository = "https://github.com/sblattj/oss-search"
[INFO] [stderr]    |              ---------------------------------------
[INFO] [stderr]    |
[INFO] [stderr]    = note: `cargo::redundant_homepage` is set to `warn` by default
[INFO] [stderr] help: consider removing `package.homepage`
[INFO] [stderr] warning: `oss-facade` (manifest) generated 1 warning
[INFO] [stderr]    Compiling find-msvc-tools v0.1.12
[INFO] [stderr]    Compiling smallvec v1.16.0
[INFO] [stderr]    Compiling yoke-derive v0.8.2
[INFO] [stderr]    Compiling tokio v1.53.1
[INFO] [stderr]    Compiling rustls v0.23.44
[INFO] [stderr]    Compiling serde_json v1.0.151
[INFO] [stderr]    Compiling serde_urlencoded v0.7.1
[INFO] [stderr]    Compiling cc v1.4.5
[INFO] [stderr]    Compiling yoke v0.8.3
[INFO] [stderr]    Compiling zerovec v0.11.8
[INFO] [stderr]    Compiling zerotrie v0.2.5
[INFO] [stderr]    Compiling ring v0.17.14
[INFO] [stderr]    Compiling tinystr v0.8.4
[INFO] [stderr]    Compiling potential_utf v0.1.6
[INFO] [stderr]    Compiling icu_collections v2.3.0
[INFO] [stderr]    Compiling icu_locale_core v2.3.0
[INFO] [stderr]    Compiling icu_provider v2.3.1
[INFO] [stderr]    Compiling icu_properties v2.3.0
[INFO] [stderr]    Compiling icu_normalizer v2.3.0
[INFO] [stderr]    Compiling idna_adapter v1.2.2
[INFO] [stderr]    Compiling idna v1.1.0
[INFO] [stderr]    Compiling url v2.5.8
[INFO] [stderr]    Compiling hyper v1.11.1
[INFO] [stderr]    Compiling tower v0.5.3
[INFO] [stderr]    Compiling tower-http v0.6.11
[INFO] [stderr]    Compiling hyper-util v0.1.20
[INFO] [stderr]    Compiling rustls-webpki v0.103.15
[INFO] [stderr]    Compiling tokio-rustls v0.26.5
[INFO] [stderr]    Compiling hyper-rustls v0.27.9
[INFO] [stderr]    Compiling reqwest v0.12.28
[INFO] [stderr]    Compiling oss-facade v0.2.0 (/opt/rustwide/workdir)
[INFO] [stderr]     Finished `release` profile [optimized] target(s) in 1m 10s
[INFO] running `Command { std: "docker" "inspect" "50b9a4f8aa9436b6e4b73598ed9608f4a324189cd13f495a335f51c1c2f1c932", kill_on_drop: false }`
[INFO] running `Command { std: "docker" "exec" "-e" "SOURCE_DIR=/opt/rustwide/workdir" "-e" "CARGO_HOME=/opt/rustwide/cargo-home" "-e" "RUSTUP_HOME=/opt/rustwide/rustup-home" "-e" "CARGO_TARGET_DIR=/opt/rustwide/target" "-e" "CARGO_INCREMENTAL=0" "-e" "RUST_BACKTRACE=full" "-e" "RUSTFLAGS=--cap-lints=warn" "-e" "RUSTDOCFLAGS=--cap-lints=warn" "-w" "/opt/rustwide/workdir" "--user" "0:0" "50b9a4f8aa9436b6e4b73598ed9608f4a324189cd13f495a335f51c1c2f1c932" "/opt/rustwide/cargo-home/bin/cargo" "+1.100.0-beta.1" "test" "--frozen" "--no-run" "--message-format=json" "--release", kill_on_drop: false }`
[INFO] [stderr] warning: `package.homepage` is redundant with `package.repository`
[INFO] [stderr]   --> Cargo.toml:46:12
[INFO] [stderr]    |
[INFO] [stderr] 46 | homepage = "https://github.com/sblattj/oss-search"
[INFO] [stderr]    |            ^^^^^^^^^^^^^^^^^^^^^^^^^^^^^^^^^^^^^^^
[INFO] [stderr] ...
[INFO] [stderr] 50 | repository = "https://github.com/sblattj/oss-search"
[INFO] [stderr]    |              ---------------------------------------
[INFO] [stderr]    |
[INFO] [stderr]    = note: `cargo::redundant_homepage` is set to `warn` by default
[INFO] [stderr] help: consider removing `package.homepage`
[INFO] [stderr] warning: `oss-facade` (manifest) generated 1 warning
[INFO] [stderr]    Compiling tokio v1.53.1
[INFO] [stderr]    Compiling futures-util v0.3.34
[INFO] [stderr]    Compiling indexmap v2.14.2
[INFO] [stderr]    Compiling serde_json v1.0.151
[INFO] [stderr]    Compiling aho-corasick v1.1.5
[INFO] [stderr]    Compiling num_cpus v1.17.0
[INFO] [stderr]    Compiling deadpool-runtime v0.1.4
[INFO] [stderr]    Compiling assert-json-diff v2.0.2
[INFO] [stderr]    Compiling regex-automata v0.4.18
[INFO] [stderr]    Compiling futures-executor v0.3.34
[INFO] [stderr]    Compiling futures v0.3.34
[INFO] [stderr]    Compiling regex v1.13.1
[INFO] [stderr]    Compiling tokio-util v0.7.19
[INFO] [stderr]    Compiling tokio-rustls v0.26.5
[INFO] [stderr]    Compiling tower v0.5.3
[INFO] [stderr]    Compiling deadpool v0.12.3
[INFO] [stderr]    Compiling h2 v0.4.19
[INFO] [stderr]    Compiling tower-http v0.6.11
[INFO] [stderr]    Compiling hyper v1.11.1
[INFO] [stderr]    Compiling hyper-util v0.1.20
[INFO] [stderr]    Compiling hyper-rustls v0.27.9
[INFO] [stderr]    Compiling wiremock v0.6.5
[INFO] [stderr]    Compiling reqwest v0.12.28
[INFO] [stderr]    Compiling oss-facade v0.2.0 (/opt/rustwide/workdir)
[INFO] [stderr]     Finished `release` profile [optimized] target(s) in 1m 58s
[INFO] running `Command { std: "docker" "inspect" "50b9a4f8aa9436b6e4b73598ed9608f4a324189cd13f495a335f51c1c2f1c932", kill_on_drop: false }`
[INFO] running `Command { std: "docker" "exec" "-e" "SOURCE_DIR=/opt/rustwide/workdir" "-e" "CARGO_HOME=/opt/rustwide/cargo-home" "-e" "RUSTUP_HOME=/opt/rustwide/rustup-home" "-e" "CARGO_TARGET_DIR=/opt/rustwide/target" "-e" "CARGO_INCREMENTAL=0" "-e" "RUST_BACKTRACE=full" "-e" "RUSTFLAGS=--cap-lints=warn" "-e" "RUSTDOCFLAGS=--cap-lints=warn" "-w" "/opt/rustwide/workdir" "--user" "0:0" "50b9a4f8aa9436b6e4b73598ed9608f4a324189cd13f495a335f51c1c2f1c932" "/opt/rustwide/cargo-home/bin/cargo" "+1.100.0-beta.1" "test" "--frozen" "--release", kill_on_drop: false }`
[INFO] [stderr] warning: `package.homepage` is redundant with `package.repository`
[INFO] [stderr]   --> Cargo.toml:46:12
[INFO] [stderr]    |
[INFO] [stderr] 46 | homepage = "https://github.com/sblattj/oss-search"
[INFO] [stderr]    |            ^^^^^^^^^^^^^^^^^^^^^^^^^^^^^^^^^^^^^^^
[INFO] [stderr] ...
[INFO] [stderr] 50 | repository = "https://github.com/sblattj/oss-search"
[INFO] [stderr]    |              ---------------------------------------
[INFO] [stderr]    |
[INFO] [stderr]    = note: `cargo::redundant_homepage` is set to `warn` by default
[INFO] [stderr] help: consider removing `package.homepage`
[INFO] [stderr] warning: `oss-facade` (manifest) generated 1 warning
[INFO] [stderr]     Finished `release` profile [optimized] target(s) in 0.25s
[INFO] [stderr]      Running unittests src/lib.rs (/opt/rustwide/target/release/build/oss-facade/fb1d9f230356fe52/out/oss_facade-fb1d9f230356fe52)
[INFO] [stdout] 
[INFO] [stdout] running 49 tests
[INFO] [stdout] test deps_dev::tests::parses_system_qualified_queries ... ok
[INFO] [stdout] test deps_dev::tests::search_code_unknown_package_is_ok_with_zero_hits ... ok
[INFO] [stdout] test deps_dev::tests::version_details_and_advisories_parse ... ok
[INFO] [stdout] test ecosystems::tests::lookup_404_is_none ... ok
[INFO] [stdout] test ecosystems::tests::lookup_parses_live_repo_metadata_shape ... ok
[INFO] [stdout] test deps_dev::tests::retries_5xx_then_succeeds ... ok
[INFO] [stdout] test ecosystems::tests::search_code_routes_slash_queries_to_repos ... ok
[INFO] [stdout] test ecosystems::tests::package_metadata_parses_live_shape ... ok
[INFO] [stdout] test ecosystems::tests::repository_lookup_parses ... ok
[INFO] [stdout] test ecosystems::tests::rate_limit_is_unavailable_with_warning ... ok
[INFO] [stdout] test ecosystems::tests::unknown_repo_is_ok_zero_hits ... ok
[INFO] [stdout] test deps_dev::tests::maps_languages_to_systems ... ok
[INFO] [stdout] test github::tests::builds_legacy_syntax_query ... ok
[INFO] [stdout] test ecosystems::tests::search_code_routes_bare_names_to_npm_packages ... ok
[INFO] [stdout] test github::tests::empty_query_is_rejected ... ok
[INFO] [stdout] test github::tests::caps_and_partial_results_surface_as_warnings ... ok
[INFO] [stdout] test deps_dev::tests::package_metadata_parses_and_tolerates_both_shapes ... ok
[INFO] [stdout] test github::tests::regex_requests_warn_and_literals_survive ... ok
[INFO] [stdout] test github::tests::parses_hits_with_text_matches_and_license ... ok
[INFO] [stdout] test github::tests::missing_token_surfaces_warning ... ok
[INFO] [stdout] test github::tests::rate_limit_response_is_unavailable_not_empty_results ... ok
[INFO] [stdout] test github::tests::noassertion_license_becomes_none ... ok
[INFO] [stdout] test github_content::tests::ref_is_passed_as_query_param ... ok
[INFO] [stdout] test github::tests::exhausted_quota_403_is_unavailable ... ok
[INFO] [stdout] test github::tests::validation_failure_is_an_error ... ok
[INFO] [stdout] test github::tests::retries_5xx_then_succeeds ... ok
[INFO] [stdout] test github_content::tests::contents_decodes_base64_with_embedded_newlines ... ok
[INFO] [stdout] test github_content::tests::contents_404_is_none_and_401_is_typed_error ... ok
[INFO] [stdout] test github_content::tests::too_large_403_names_the_raw_fallback ... ok
[INFO] [stdout] test grep_app::tests::legacy_429_is_unavailable_not_empty ... ok
[INFO] [stdout] test github_content::tests::tree_parses_entries_and_truncation ... ok
[INFO] [stdout] test grep_app::tests::legacy_html_challenge_is_unavailable ... ok
[INFO] [stdout] test grep_app::tests::cleans_snippet_markup ... ok
[INFO] [stdout] test github_content::tests::tree_404_is_none ... ok
[INFO] [stdout] test grep_app::tests::parses_github_blob_urls ... ok
[INFO] [stdout] test grep_app::tests::mcp_tool_error_is_degraded ... ok
[INFO] [stdout] test grep_app::tests::parses_line_numbers ... ok
[INFO] [stdout] test grep_app::tests::parses_mcp_text_into_hits ... ok
[INFO] [stdout] test npms::tests::computes_days_old ... ok
[INFO] [stdout] test grep_app::tests::legacy_parses_hits_and_totals ... ok
[INFO] [stdout] test rate::tests::spaces_permits_evenly ... ok
[INFO] [stdout] test grep_app::tests::mcp_initializes_then_searches ... ok
[INFO] [stdout] test rate::tests::ten_per_minute_allows_exactly_ten_in_first_window ... ok
[INFO] [stdout] test npms::tests::rate_limit_is_unavailable_not_empty_results ... ok
[INFO] [stdout] test npms::tests::package_scores_flags_stale_analysis ... ok
[INFO] [stdout] test npms::tests::search_parses_results_and_totals ... ok
[INFO] [stdout] test npms::tests::clamps_and_warns_on_caps ... ok
[INFO] [stdout] test github::tests::hard_limiter_allows_at_most_10_requests_per_minute ... FAILED
[INFO] [stdout] test github::tests::persistent_5xx_is_unavailable ... ok
[INFO] [stdout] 
[INFO] [stdout] failures:
[INFO] [stdout] 
[INFO] [stdout] ---- github::tests::hard_limiter_allows_at_most_10_requests_per_minute stdout ----
[INFO] [stdout] 
[INFO] [stdout] thread 'github::tests::hard_limiter_allows_at_most_10_requests_per_minute' (1350) panicked at src/github.rs:605:22:
[INFO] [stdout] called `Result::unwrap()` on an `Err` value: Timeout(10s)
[INFO] [stdout] stack backtrace:
[INFO] [stdout]    0:     0x6302503eb671 - <<std[617be2ca0a6fd877]::sys::backtrace::BacktraceLock>::print::DisplayBacktrace as core[a373ad73a504971]::fmt::Display>::fmt
[INFO] [stdout]    1:     0x63025040250a - core[a373ad73a504971]::fmt::write
[INFO] [stdout]    2:     0x6302503f044c - <alloc[2e1b2a31b91974c5]::vec::Vec<u8> as core[a373ad73a504971]::io::write::Write>::write_fmt
[INFO] [stdout]    3:     0x6302503c5d16 - std[617be2ca0a6fd877]::panicking::default_hook::{closure#0}
[INFO] [stdout]    4:     0x6302503e3319 - std[617be2ca0a6fd877]::panicking::default_hook
[INFO] [stdout]    5:     0x630250118b00 - test[aada8e7e76ba119b]::test_main_inner::{closure#0}
[INFO] [stdout]    6:     0x6302503e3642 - std[617be2ca0a6fd877]::panicking::panic_with_hook
[INFO] [stdout]    7:     0x6302503c5dc2 - std[617be2ca0a6fd877]::panicking::panic_handler::{closure#0}
[INFO] [stdout]    8:     0x6302503be9f9 - std[617be2ca0a6fd877]::sys::backtrace::__rust_end_short_backtrace::<std[617be2ca0a6fd877]::panicking::panic_handler::{closure#0}, !>
[INFO] [stdout]    9:     0x6302503c6bbd - __rustc[ea4f61d10b84890b]::rust_begin_unwind
[INFO] [stdout]   10:     0x630250402c6c - core[a373ad73a504971]::panicking::panic_fmt
[INFO] [stdout]   11:     0x630250402a42 - core[a373ad73a504971]::result::unwrap_failed
[INFO] [stdout]   12:     0x63025007082f - oss_facade[9804373b78382c9c]::github::tests::hard_limiter_allows_at_most_10_requests_per_minute::{closure#0}::{closure#0}
[INFO] [stdout]   13:     0x630250072506 - <tokio[e54927a0fc76c692]::runtime::task::core::Core<oss_facade[9804373b78382c9c]::github::tests::hard_limiter_allows_at_most_10_requests_per_minute::{closure#0}::{closure#0}, alloc[2e1b2a31b91974c5]::sync::Arc<tokio[e54927a0fc76c692]::runtime::scheduler::multi_thread::handle::Handle>>>::poll
[INFO] [stdout]   14:     0x6302500e727f - <tokio[e54927a0fc76c692]::runtime::task::harness::Harness<oss_facade[9804373b78382c9c]::github::tests::hard_limiter_allows_at_most_10_requests_per_minute::{closure#0}::{closure#0}, alloc[2e1b2a31b91974c5]::sync::Arc<tokio[e54927a0fc76c692]::runtime::scheduler::current_thread::Handle>>>::poll
[INFO] [stdout]   15:     0x63025036debc - <tokio[e54927a0fc76c692]::runtime::scheduler::current_thread::Context>::run_task
[INFO] [stdout]   16:     0x6302500caf2c - <tokio[e54927a0fc76c692]::runtime::context::scoped::Scoped<tokio[e54927a0fc76c692]::runtime::scheduler::Context>>::set::<<tokio[e54927a0fc76c692]::runtime::scheduler::current_thread::CoreGuard>::enter<<tokio[e54927a0fc76c692]::runtime::scheduler::current_thread::CoreGuard>::block_on<core[a373ad73a504971]::pin::Pin<&mut core[a373ad73a504971]::pin::Pin<&mut dyn core[a373ad73a504971]::future::future::Future<Output = ()>>>>::{closure#0}, core[a373ad73a504971]::option::Option<()>>::{closure#0}, (alloc[2e1b2a31b91974c5]::boxed::Box<tokio[e54927a0fc76c692]::runtime::scheduler::current_thread::Core>, core[a373ad73a504971]::option::Option<()>)>
[INFO] [stdout]   17:     0x63025008d4a7 - <tokio[e54927a0fc76c692]::runtime::scheduler::current_thread::CoreGuard>::block_on::<core[a373ad73a504971]::pin::Pin<&mut core[a373ad73a504971]::pin::Pin<&mut dyn core[a373ad73a504971]::future::future::Future<Output = ()>>>>
[INFO] [stdout]   18:     0x6302500cfc64 - tokio[e54927a0fc76c692]::runtime::context::runtime::enter_runtime::<<tokio[e54927a0fc76c692]::runtime::scheduler::current_thread::CurrentThread>::block_on<core[a373ad73a504971]::pin::Pin<&mut dyn core[a373ad73a504971]::future::future::Future<Output = ()>>>::{closure#0}, ()>
[INFO] [stdout]   19:     0x63025008bf35 - <tokio[e54927a0fc76c692]::runtime::runtime::Runtime>::block_on::<core[a373ad73a504971]::pin::Pin<&mut dyn core[a373ad73a504971]::future::future::Future<Output = ()>>>
[INFO] [stdout]   20:     0x630250068aa6 - <oss_facade[9804373b78382c9c]::github::tests::hard_limiter_allows_at_most_10_requests_per_minute::{closure#0} as core[a373ad73a504971]::ops::function::FnOnce<()>>::call_once
[INFO] [stdout]   21:     0x63025010bf4b - test[aada8e7e76ba119b]::__rust_begin_short_backtrace::<core[a373ad73a504971]::result::Result<(), alloc[2e1b2a31b91974c5]::string::String>, fn() -> core[a373ad73a504971]::result::Result<(), alloc[2e1b2a31b91974c5]::string::String>>
[INFO] [stdout]   22:     0x630250119125 - test[aada8e7e76ba119b]::run_test::{closure#0}
[INFO] [stdout]   23:     0x630250112a14 - std[617be2ca0a6fd877]::sys::backtrace::__rust_begin_short_backtrace::<test[aada8e7e76ba119b]::run_test::{closure#1}, ()>
[INFO] [stdout]   24:     0x63025011c1b2 - <std[617be2ca0a6fd877]::thread::lifecycle::spawn_unchecked<test[aada8e7e76ba119b]::run_test::{closure#1}, ()>::{closure#1} as core[a373ad73a504971]::ops::function::FnOnce<()>>::call_once::{shim:vtable#0}
[INFO] [stdout]   25:     0x6302503ea8cf - <std[617be2ca0a6fd877]::sys::thread::unix::Thread>::new::thread_start
[INFO] [stdout]   26:     0x7833be581dfa - <unknown>
[INFO] [stdout]   27:     0x7833be6153d4 - clone
[INFO] [stdout]   28:                0x0 - <unknown>
[INFO] [stdout] 
[INFO] [stdout] thread 'github::tests::hard_limiter_allows_at_most_10_requests_per_minute' (1350) panicked at src/github.rs:605:22:
[INFO] [stdout] called `Result::unwrap()` on an `Err` value: Timeout(10s)
[INFO] [stdout] stack backtrace:
[INFO] [stdout]    0:     0x6302503eb671 - <<std[617be2ca0a6fd877]::sys::backtrace::BacktraceLock>::print::DisplayBacktrace as core[a373ad73a504971]::fmt::Display>::fmt
[INFO] [stdout]    1:     0x63025040250a - core[a373ad73a504971]::fmt::write
[INFO] [stdout]    2:     0x6302503f044c - <alloc[2e1b2a31b91974c5]::vec::Vec<u8> as core[a373ad73a504971]::io::write::Write>::write_fmt
[INFO] [stdout]    3:     0x6302503c5d16 - std[617be2ca0a6fd877]::panicking::default_hook::{closure#0}
[INFO] [stdout]    4:     0x6302503e3319 - std[617be2ca0a6fd877]::panicking::default_hook
[INFO] [stdout]    5:     0x630250118b00 - test[aada8e7e76ba119b]::test_main_inner::{closure#0}
[INFO] [stdout]    6:     0x6302503e3642 - std[617be2ca0a6fd877]::panicking::panic_with_hook
[INFO] [stdout]    7:     0x6302503c5dc2 - std[617be2ca0a6fd877]::panicking::panic_handler::{closure#0}
[INFO] [stdout]    8:     0x6302503be9f9 - std[617be2ca0a6fd877]::sys::backtrace::__rust_end_short_backtrace::<std[617be2ca0a6fd877]::panicking::panic_handler::{closure#0}, !>
[INFO] [stdout]    9:     0x6302503c6bbd - __rustc[ea4f61d10b84890b]::rust_begin_unwind
[INFO] [stdout]   10:     0x630250402c6c - core[a373ad73a504971]::panicking::panic_fmt
[INFO] [stdout]   11:     0x630250402a42 - core[a373ad73a504971]::result::unwrap_failed
[INFO] [stdout]   12:     0x63025007082f - oss_facade[9804373b78382c9c]::github::tests::hard_limiter_allows_at_most_10_requests_per_minute::{closure#0}::{closure#0}
[INFO] [stdout]   13:     0x630250072506 - <tokio[e54927a0fc76c692]::runtime::task::core::Core<oss_facade[9804373b78382c9c]::github::tests::hard_limiter_allows_at_most_10_requests_per_minute::{closure#0}::{closure#0}, alloc[2e1b2a31b91974c5]::sync::Arc<tokio[e54927a0fc76c692]::runtime::scheduler::multi_thread::handle::Handle>>>::poll
[INFO] [stdout]   14:     0x6302500e727f - <tokio[e54927a0fc76c692]::runtime::task::harness::Harness<oss_facade[9804373b78382c9c]::github::tests::hard_limiter_allows_at_most_10_requests_per_minute::{closure#0}::{closure#0}, alloc[2e1b2a31b91974c5]::sync::Arc<tokio[e54927a0fc76c692]::runtime::scheduler::current_thread::Handle>>>::poll
[INFO] [stdout]   15:     0x63025036debc - <tokio[e54927a0fc76c692]::runtime::scheduler::current_thread::Context>::run_task
[INFO] [stdout]   16:     0x6302500caf2c - <tokio[e54927a0fc76c692]::runtime::context::scoped::Scoped<tokio[e54927a0fc76c692]::runtime::scheduler::Context>>::set::<<tokio[e54927a0fc76c692]::runtime::scheduler::current_thread::CoreGuard>::enter<<tokio[e54927a0fc76c692]::runtime::scheduler::current_thread::CoreGuard>::block_on<core[a373ad73a504971]::pin::Pin<&mut core[a373ad73a504971]::pin::Pin<&mut dyn core[a373ad73a504971]::future::future::Future<Output = ()>>>>::{closure#0}, core[a373ad73a504971]::option::Option<()>>::{closure#0}, (alloc[2e1b2a31b91974c5]::boxed::Box<tokio[e54927a0fc76c692]::runtime::scheduler::current_thread::Core>, core[a373ad73a504971]::option::Option<()>)>
[INFO] [stdout]   17:     0x63025008d4a7 - <tokio[e54927a0fc76c692]::runtime::scheduler::current_thread::CoreGuard>::block_on::<core[a373ad73a504971]::pin::Pin<&mut core[a373ad73a504971]::pin::Pin<&mut dyn core[a373ad73a504971]::future::future::Future<Output = ()>>>>
[INFO] [stdout]   18:     0x6302500cfc64 - tokio[e54927a0fc76c692]::runtime::context::runtime::enter_runtime::<<tokio[e54927a0fc76c692]::runtime::scheduler::current_thread::CurrentThread>::block_on<core[a373ad73a504971]::pin::Pin<&mut dyn core[a373ad73a504971]::future::future::Future<Output = ()>>>::{closure#0}, ()>
[INFO] [stdout]   19:     0x63025008bf35 - <tokio[e54927a0fc76c692]::runtime::runtime::Runtime>::block_on::<core[a373ad73a504971]::pin::Pin<&mut dyn core[a373ad73a504971]::future::future::Future<Output = ()>>>
[INFO] [stdout]   20:     0x630250068aa6 - <oss_facade[9804373b78382c9c]::github::tests::hard_limiter_allows_at_most_10_requests_per_minute::{closure#0} as core[a373ad73a504971]::ops::function::FnOnce<()>>::call_once
[INFO] [stdout]   21:     0x63025010bf4b - test[aada8e7e76ba119b]::__rust_begin_short_backtrace::<core[a373ad73a504971]::result::Result<(), alloc[2e1b2a31b91974c5]::string::String>, fn() -> core[a373ad73a504971]::result::Result<(), alloc[2e1b2a31b91974c5]::string::String>>
[INFO] [stdout]   22:     0x630250119125 - test[aada8e7e76ba119b]::run_test::{closure#0}
[INFO] [stdout]   23:     0x630250112a14 - std[617be2ca0a6fd877]::sys::backtrace::__rust_begin_short_backtrace::<test[aada8e7e76ba119b]::run_test::{closure#1}, ()>
[INFO] [stdout]   24:     0x63025011c1b2 - <std[617be2ca0a6fd877]::thread::lifecycle::spawn_unchecked<test[aada8e7e76ba119b]::run_test::{closure#1}, ()>::{closure#1} as core[a373ad73a504971]::ops::function::FnOnce<()>>::call_once::{shim:vtable#0}
[INFO] [stdout]   25:     0x6302503ea8cf - <std[617be2ca0a6fd877]::sys::thread::unix::Thread>::new::thread_start
[INFO] [stdout]   26:     0x7833be581dfa - <unknown>
[INFO] [stdout]   27:     0x7833be6153d4 - clone
[INFO] [stdout]   28:                0x0 - <unknown>
[INFO] [stdout] 
[INFO] [stdout] thread 'github::tests::hard_limiter_allows_at_most_10_requests_per_minute' (1350) panicked at src/github.rs:613:13:
[INFO] [stdout] only 9 requests served at 59s
[INFO] [stdout] stack backtrace:
[INFO] [stdout]    0:     0x6302503eb671 - <<std[617be2ca0a6fd877]::sys::backtrace::BacktraceLock>::print::DisplayBacktrace as core[a373ad73a504971]::fmt::Display>::fmt
[INFO] [stdout]    1:     0x63025040250a - core[a373ad73a504971]::fmt::write
[INFO] [stdout]    2:     0x6302503f044c - <alloc[2e1b2a31b91974c5]::vec::Vec<u8> as core[a373ad73a504971]::io::write::Write>::write_fmt
[INFO] [stdout]    3:     0x6302503c5d16 - std[617be2ca0a6fd877]::panicking::default_hook::{closure#0}
[INFO] [stdout]    4:     0x6302503e3319 - std[617be2ca0a6fd877]::panicking::default_hook
[INFO] [stdout]    5:     0x630250118b00 - test[aada8e7e76ba119b]::test_main_inner::{closure#0}
[INFO] [stdout]    6:     0x6302503e3642 - std[617be2ca0a6fd877]::panicking::panic_with_hook
[INFO] [stdout]    7:     0x6302503c5dc2 - std[617be2ca0a6fd877]::panicking::panic_handler::{closure#0}
[INFO] [stdout]    8:     0x6302503be9f9 - std[617be2ca0a6fd877]::sys::backtrace::__rust_end_short_backtrace::<std[617be2ca0a6fd877]::panicking::panic_handler::{closure#0}, !>
[INFO] [stdout]    9:     0x6302503c6bbd - __rustc[ea4f61d10b84890b]::rust_begin_unwind
[INFO] [stdout]   10:     0x630250402c6c - core[a373ad73a504971]::panicking::panic_fmt
[INFO] [stdout]   11:     0x630250063525 - oss_facade[9804373b78382c9c]::github::tests::hard_limiter_allows_at_most_10_requests_per_minute::{closure#0}
[INFO] [stdout]   12:     0x63025008c6a3 - <tokio[e54927a0fc76c692]::runtime::scheduler::current_thread::Context>::enter::<core[a373ad73a504971]::task::poll::Poll<()>, <tokio[e54927a0fc76c692]::runtime::scheduler::current_thread::CoreGuard>::block_on<core[a373ad73a504971]::pin::Pin<&mut core[a373ad73a504971]::pin::Pin<&mut dyn core[a373ad73a504971]::future::future::Future<Output = ()>>>>::{closure#0}::{closure#0}>
[INFO] [stdout]   13:     0x6302500caedc - <tokio[e54927a0fc76c692]::runtime::context::scoped::Scoped<tokio[e54927a0fc76c692]::runtime::scheduler::Context>>::set::<<tokio[e54927a0fc76c692]::runtime::scheduler::current_thread::CoreGuard>::enter<<tokio[e54927a0fc76c692]::runtime::scheduler::current_thread::CoreGuard>::block_on<core[a373ad73a504971]::pin::Pin<&mut core[a373ad73a504971]::pin::Pin<&mut dyn core[a373ad73a504971]::future::future::Future<Output = ()>>>>::{closure#0}, core[a373ad73a504971]::option::Option<()>>::{closure#0}, (alloc[2e1b2a31b91974c5]::boxed::Box<tokio[e54927a0fc76c692]::runtime::scheduler::current_thread::Core>, core[a373ad73a504971]::option::Option<()>)>
[INFO] [stdout]   14:     0x63025008d4a7 - <tokio[e54927a0fc76c692]::runtime::scheduler::current_thread::CoreGuard>::block_on::<core[a373ad73a504971]::pin::Pin<&mut core[a373ad73a504971]::pin::Pin<&mut dyn core[a373ad73a504971]::future::future::Future<Output = ()>>>>
[INFO] [stdout]   15:     0x6302500cfc64 - tokio[e54927a0fc76c692]::runtime::context::runtime::enter_runtime::<<tokio[e54927a0fc76c692]::runtime::scheduler::current_thread::CurrentThread>::block_on<core[a373ad73a504971]::pin::Pin<&mut dyn core[a373ad73a504971]::future::future::Future<Output = ()>>>::{closure#0}, ()>
[INFO] [stdout]   16:     0x63025008bf35 - <tokio[e54927a0fc76c692]::runtime::runtime::Runtime>::block_on::<core[a373ad73a504971]::pin::Pin<&mut dyn core[a373ad73a504971]::future::future::Future<Output = ()>>>
[INFO] [stdout]   17:     0x630250068aa6 - <oss_facade[9804373b78382c9c]::github::tests::hard_limiter_allows_at_most_10_requests_per_minute::{closure#0} as core[a373ad73a504971]::ops::function::FnOnce<()>>::call_once
[INFO] [stdout]   18:     0x63025010bf4b - test[aada8e7e76ba119b]::__rust_begin_short_backtrace::<core[a373ad73a504971]::result::Result<(), alloc[2e1b2a31b91974c5]::string::String>, fn() -> core[a373ad73a504971]::result::Result<(), alloc[2e1b2a31b91974c5]::string::String>>
[INFO] [stdout]   19:     0x630250119125 - test[aada8e7e76ba119b]::run_test::{closure#0}
[INFO] [stdout]   20:     0x630250112a14 - std[617be2ca0a6fd877]::sys::backtrace::__rust_begin_short_backtrace::<test[aada8e7e76ba119b]::run_test::{closure#1}, ()>
[INFO] [stdout]   21:     0x63025011c1b2 - <std[617be2ca0a6fd877]::thread::lifecycle::spawn_unchecked<test[aada8e7e76ba119b]::run_test::{closure#1}, ()>::{closure#1} as core[a373ad73a504971]::ops::function::FnOnce<()>>::call_once::{shim:vtable#0}
[INFO] [stdout]   22:     0x6302503ea8cf - <std[617be2ca0a6fd877]::sys::thread::unix::Thread>::new::thread_start
[INFO] [stdout]   23:     0x7833be581dfa - <unknown>
[INFO] [stdout]   24:     0x7833be6153d4 - clone
[INFO] [stdout]   25:                0x0 - <unknown>
[INFO] [stdout] 
[INFO] [stdout] 
[INFO] [stdout] failures:
[INFO] [stdout]     github::tests::hard_limiter_allows_at_most_10_requests_per_minute
[INFO] [stdout] 
[INFO] [stdout] test result: FAILED. 48 passed; 1 failed; 0 ignored; 0 measured; 0 filtered out; finished in 0.78s
[INFO] [stdout] 
[INFO] [stderr] error: test failed, to rerun pass `--lib`
[INFO] running `Command { std: "docker" "inspect" "50b9a4f8aa9436b6e4b73598ed9608f4a324189cd13f495a335f51c1c2f1c932", kill_on_drop: false }`
[INFO] running `Command { std: "docker" "rm" "-f" "50b9a4f8aa9436b6e4b73598ed9608f4a324189cd13f495a335f51c1c2f1c932", kill_on_drop: false }`
[INFO] [stdout] 50b9a4f8aa9436b6e4b73598ed9608f4a324189cd13f495a335f51c1c2f1c932
