[INFO] fetching crate neurogrim-ecosystem 5.0.0...
[INFO] testing neurogrim-ecosystem-5.0.0 against 1.100.0-beta.1+cargoflags=--release for beta-release-1.100-2
[INFO] extracting crate neurogrim-ecosystem 5.0.0 into /workspace/builds/worker-4-tc2/source
[INFO] started tweaking crates.io crate neurogrim-ecosystem 5.0.0
[INFO] removed 0 missing examples
[INFO] removed 0 missing tests
[INFO] finished tweaking crates.io crate neurogrim-ecosystem 5.0.0
[INFO] tweaked toml for crates.io crate neurogrim-ecosystem 5.0.0 written to /workspace/builds/worker-4-tc2/source/Cargo.toml
[INFO] validating manifest of crates.io crate neurogrim-ecosystem 5.0.0 on toolchain 1.100.0-beta.1
[INFO] running `Command { std: CARGO_HOME="/workspace/cargo-home" RUSTUP_HOME="/workspace/rustup-home" "/workspace/cargo-home/bin/cargo" "+1.100.0-beta.1" "metadata" "--manifest-path" "Cargo.toml" "--no-deps", kill_on_drop: false }`
[INFO] crate crates.io crate neurogrim-ecosystem 5.0.0 already has a lockfile, it will not be regenerated
[INFO] running `Command { std: CARGO_HOME="/workspace/cargo-home" RUSTUP_HOME="/workspace/rustup-home" "/workspace/cargo-home/bin/cargo" "+1.100.0-beta.1" "fetch" "--manifest-path" "Cargo.toml", kill_on_drop: false }`
[INFO] running `Command { std: "docker" "create" "-v" "/var/lib/crater-agent-workspace/builds/worker-4-tc2/source:/opt/rustwide/workdir:ro,Z" "-v" "/var/lib/crater-agent-workspace/builds/worker-4-tc2/target:/opt/rustwide/target:rw,Z" "-v" "/var/lib/crater-agent-workspace/cargo-home:/opt/rustwide/cargo-home:ro,Z" "-v" "/var/lib/crater-agent-workspace/rustup-home:/opt/rustwide/rustup-home:ro,Z" "-m" "1610612736" "--network" "none" "ghcr.io/rust-lang/crates-build-env/linux@sha256:77db811e55d90add9212f6832c23229e3de5f1c1f9905e8cb07319ea15df73ac" "sleep" "infinity", kill_on_drop: false }`
[INFO] [stdout] 382481b4b524c739bd1ccca5cdf00a698f8ae413b3ff95488290cd50fb11dc3b
[INFO] running `Command { std: "docker" "start" "382481b4b524c739bd1ccca5cdf00a698f8ae413b3ff95488290cd50fb11dc3b", kill_on_drop: false }`
[INFO] running `Command { std: "docker" "inspect" "382481b4b524c739bd1ccca5cdf00a698f8ae413b3ff95488290cd50fb11dc3b", kill_on_drop: false }`
[INFO] running `Command { std: "docker" "exec" "-e" "SOURCE_DIR=/opt/rustwide/workdir" "-e" "CARGO_HOME=/opt/rustwide/cargo-home" "-e" "RUSTUP_HOME=/opt/rustwide/rustup-home" "-e" "CARGO_TARGET_DIR=/opt/rustwide/target" "-w" "/opt/rustwide/workdir" "--user" "0:0" "382481b4b524c739bd1ccca5cdf00a698f8ae413b3ff95488290cd50fb11dc3b" "/opt/rustwide/cargo-home/bin/cargo" "+1.100.0-beta.1" "metadata" "--no-deps" "--format-version=1", kill_on_drop: false }`
[INFO] running `Command { std: "docker" "inspect" "382481b4b524c739bd1ccca5cdf00a698f8ae413b3ff95488290cd50fb11dc3b", kill_on_drop: false }`
[INFO] running `Command { std: "docker" "exec" "-e" "SOURCE_DIR=/opt/rustwide/workdir" "-e" "CARGO_HOME=/opt/rustwide/cargo-home" "-e" "RUSTUP_HOME=/opt/rustwide/rustup-home" "-e" "CARGO_TARGET_DIR=/opt/rustwide/target" "-e" "CARGO_INCREMENTAL=0" "-e" "RUST_BACKTRACE=full" "-e" "RUSTFLAGS=--cap-lints=warn" "-e" "RUSTDOCFLAGS=--cap-lints=warn" "-w" "/opt/rustwide/workdir" "--user" "0:0" "382481b4b524c739bd1ccca5cdf00a698f8ae413b3ff95488290cd50fb11dc3b" "/opt/rustwide/cargo-home/bin/cargo" "+1.100.0-beta.1" "build" "--frozen" "--message-format=json" "--release", kill_on_drop: false }`
[INFO] [stderr]    Compiling proc-macro2 v1.0.106
[INFO] [stderr]    Compiling unicode-ident v1.0.24
[INFO] [stderr]    Compiling quote v1.0.45
[INFO] [stderr]    Compiling libc v0.2.184
[INFO] [stderr]    Compiling cfg-if v1.0.4
[INFO] [stderr]    Compiling smallvec v1.15.1
[INFO] [stderr]    Compiling pin-project-lite v0.2.17
[INFO] [stderr]    Compiling once_cell v1.21.4
[INFO] [stderr]    Compiling itoa v1.0.18
[INFO] [stderr]    Compiling stable_deref_trait v1.2.1
[INFO] [stderr]    Compiling futures-core v0.3.32
[INFO] [stderr]    Compiling shlex v1.3.0
[INFO] [stderr]    Compiling serde_core v1.0.228
[INFO] [stderr]    Compiling find-msvc-tools v0.1.9
[INFO] [stderr]    Compiling bytes v1.11.1
[INFO] [stderr]    Compiling futures-sink v0.3.32
[INFO] [stderr]    Compiling parking_lot_core v0.9.12
[INFO] [stderr]    Compiling version_check v0.9.5
[INFO] [stderr]    Compiling memchr v2.8.0
[INFO] [stderr]    Compiling cc v1.2.60
[INFO] [stderr]    Compiling scopeguard v1.2.0
[INFO] [stderr]    Compiling lock_api v0.4.14
[INFO] [stderr]    Compiling futures-channel v0.3.32
[INFO] [stderr]    Compiling slab v0.4.12
[INFO] [stderr]    Compiling syn v2.0.117
[INFO] [stderr]    Compiling serde v1.0.228
[INFO] [stderr]    Compiling zerocopy v0.8.48
[INFO] [stderr]    Compiling futures-task v0.3.32
[INFO] [stderr]    Compiling futures-io v0.3.32
[INFO] [stderr]    Compiling http v1.4.0
[INFO] [stderr]    Compiling tracing-core v0.1.36
[INFO] [stderr]    Compiling litemap v0.8.2
[INFO] [stderr]    Compiling writeable v0.6.3
[INFO] [stderr]    Compiling errno v0.3.14
[INFO] [stderr]    Compiling getrandom v0.2.17
[INFO] [stderr]    Compiling signal-hook-registry v1.4.8
[INFO] [stderr]    Compiling parking_lot v0.12.5
[INFO] [stderr]    Compiling mio v1.2.0
[INFO] [stderr]    Compiling socket2 v0.6.3
[INFO] [stderr]    Compiling log v0.4.29
[INFO] [stderr]    Compiling ring v0.17.14
[INFO] [stderr]    Compiling http-body v1.0.1
[INFO] [stderr]    Compiling percent-encoding v2.3.2
[INFO] [stderr]    Compiling icu_normalizer_data v2.2.0
[INFO] [stderr]    Compiling icu_properties_data v2.2.0
[INFO] [stderr]    Compiling utf8_iter v1.0.4
[INFO] [stderr]    Compiling zmij v1.0.21
[INFO] [stderr]    Compiling httparse v1.10.1
[INFO] [stderr]    Compiling zeroize v1.8.2
[INFO] [stderr]    Compiling tower-service v0.3.3
[INFO] [stderr]    Compiling rustls-pki-types v1.14.0
[INFO] [stderr]    Compiling generic-array v0.14.7
[INFO] [stderr]    Compiling try-lock v0.2.5
[INFO] [stderr]    Compiling untrusted v0.9.0
[INFO] [stderr]    Compiling serde_json v1.0.149
[INFO] [stderr]    Compiling want v0.3.1
[INFO] [stderr]    Compiling form_urlencoded v1.2.2
[INFO] [stderr]    Compiling ahash v0.8.12
[INFO] [stderr]    Compiling sync_wrapper v1.0.2
[INFO] [stderr]    Compiling httpdate v1.0.3
[INFO] [stderr]    Compiling typenum v1.20.0
[INFO] [stderr]    Compiling autocfg v1.5.0
[INFO] [stderr]    Compiling tower-layer v0.3.3
[INFO] [stderr]    Compiling ryu v1.0.23
[INFO] [stderr]    Compiling atomic-waker v1.1.2
[INFO] [stderr]    Compiling rustls v0.23.38
[INFO] [stderr]    Compiling num-traits v0.2.19
[INFO] [stderr]    Compiling pkg-config v0.3.33
[INFO] [stderr]    Compiling vcpkg v0.2.15
[INFO] [stderr]    Compiling rustversion v1.0.22
[INFO] [stderr]    Compiling subtle v2.6.1
[INFO] [stderr]    Compiling base64 v0.22.1
[INFO] [stderr]    Compiling ipnet v2.12.0
[INFO] [stderr]    Compiling getrandom v0.4.2
[INFO] [stderr]    Compiling libsqlite3-sys v0.28.0
[INFO] [stderr]    Compiling http-body-util v0.1.3
[INFO] [stderr]    Compiling rand_core v0.6.4
[INFO] [stderr]    Compiling hashbrown v0.17.0
[INFO] [stderr]    Compiling anyhow v1.0.102
[INFO] [stderr]    Compiling openssl-probe v0.2.1
[INFO] [stderr]    Compiling equivalent v1.0.2
[INFO] [stderr]    Compiling bitflags v2.11.0
[INFO] [stderr]    Compiling thiserror v2.0.18
[INFO] [stderr]    Compiling rustls-native-certs v0.8.3
[INFO] [stderr]    Compiling block-buffer v0.10.4
[INFO] [stderr]    Compiling synstructure v0.13.2
[INFO] [stderr]    Compiling indexmap v2.14.0
[INFO] [stderr]    Compiling serde_derive_internals v0.29.1
[INFO] [stderr]    Compiling crypto-common v0.1.7
[INFO] [stderr]    Compiling ppv-lite86 v0.2.21
[INFO] [stderr]    Compiling unsafe-libyaml v0.2.11
[INFO] [stderr]    Compiling iana-time-zone v0.1.65
[INFO] [stderr]    Compiling hashbrown v0.14.5
[INFO] [stderr]    Compiling mime v0.3.17
[INFO] [stderr]    Compiling rand_chacha v0.3.1
[INFO] [stderr]    Compiling iri-string v0.7.12
[INFO] [stderr]    Compiling zerofrom-derive v0.1.7
[INFO] [stderr]    Compiling yoke-derive v0.8.2
[INFO] [stderr]    Compiling zerovec-derive v0.11.3
[INFO] [stderr]    Compiling displaydoc v0.2.5
[INFO] [stderr]    Compiling futures-macro v0.3.32
[INFO] [stderr]    Compiling tokio-macros v2.7.0
[INFO] [stderr]    Compiling zerofrom v0.1.7
[INFO] [stderr]    Compiling yoke v0.8.2
[INFO] [stderr]    Compiling tracing-attributes v0.1.31
[INFO] [stderr]    Compiling futures-util v0.3.32
[INFO] [stderr]    Compiling zerovec v0.11.6
[INFO] [stderr]    Compiling tokio v1.51.1
[INFO] [stderr]    Compiling serde_derive v1.0.228
[INFO] [stderr]    Compiling tinystr v0.8.3
[INFO] [stderr]    Compiling icu_locale_core v2.2.0
[INFO] [stderr]    Compiling tracing v0.1.44
[INFO] [stderr]    Compiling potential_utf v0.1.5
[INFO] [stderr]    Compiling zerotrie v0.2.4
[INFO] [stderr]    Compiling icu_provider v2.2.0
[INFO] [stderr]    Compiling icu_collections v2.2.0
[INFO] [stderr]    Compiling icu_normalizer v2.2.0
[INFO] [stderr]    Compiling icu_properties v2.2.0
[INFO] [stderr]    Compiling async-trait v0.1.89
[INFO] [stderr]    Compiling thiserror-impl v2.0.18
[INFO] [stderr]    Compiling schemars v0.8.22
[INFO] [stderr]    Compiling axum-core v0.4.5
[INFO] [stderr]    Compiling futures-executor v0.3.32
[INFO] [stderr]    Compiling idna_adapter v1.2.1
[INFO] [stderr]    Compiling idna v1.1.0
[INFO] [stderr]    Compiling serde_urlencoded v0.7.1
[INFO] [stderr]    Compiling serde_yaml v0.9.34+deprecated
[INFO] [stderr]    Compiling chrono v0.4.44
[INFO] [stderr]    Compiling url v2.5.8
[INFO] [stderr]    Compiling rustls-webpki v0.103.13
[INFO] [stderr]    Compiling hyper v1.9.0
[INFO] [stderr]    Compiling hyper-util v0.1.20
[INFO] [stderr]    Compiling tower v0.5.3
[INFO] [stderr]    Compiling tokio-util v0.7.18
[INFO] [stderr]    Compiling hashlink v0.9.1
[INFO] [stderr]    Compiling tower-http v0.6.8
[INFO] [stderr]    Compiling schemars_derive v0.8.22
[INFO] [stderr]    Compiling rand v0.8.6
[INFO] [stderr]    Compiling uuid v1.23.1
[INFO] [stderr]    Compiling digest v0.10.7
[INFO] [stderr]    Compiling serde_path_to_error v0.1.20
[INFO] [stderr]    Compiling dyn-clone v1.0.20
[INFO] [stderr]    Compiling matchit v0.7.3
[INFO] [stderr]    Compiling fallible-iterator v0.3.0
[INFO] [stderr]    Compiling cpufeatures v0.2.17
[INFO] [stderr]    Compiling fallible-streaming-iterator v0.1.9
[INFO] [stderr]    Compiling axum v0.7.9
[INFO] [stderr]    Compiling sha2 v0.10.9
[INFO] [stderr]    Compiling neurogrim-core v5.0.0
[INFO] [stderr]    Compiling tokio-rustls v0.26.4
[INFO] [stderr]    Compiling hyper-rustls v0.27.9
[INFO] [stderr]    Compiling reqwest v0.12.28
[INFO] [stderr]    Compiling futures v0.3.32
[INFO] [stderr]    Compiling base32 v0.5.1
[INFO] [stderr]    Compiling rusqlite v0.31.0
[INFO] [stderr]    Compiling neurogrim-a2a v5.0.0
[INFO] [stderr]    Compiling neurogrim-ecosystem v5.0.0 (/opt/rustwide/workdir)
[INFO] [stderr]     Finished `release` profile [optimized] target(s) in 3m 49s
[INFO] running `Command { std: "docker" "inspect" "382481b4b524c739bd1ccca5cdf00a698f8ae413b3ff95488290cd50fb11dc3b", kill_on_drop: false }`
[INFO] running `Command { std: "docker" "exec" "-e" "SOURCE_DIR=/opt/rustwide/workdir" "-e" "CARGO_HOME=/opt/rustwide/cargo-home" "-e" "RUSTUP_HOME=/opt/rustwide/rustup-home" "-e" "CARGO_TARGET_DIR=/opt/rustwide/target" "-e" "CARGO_INCREMENTAL=0" "-e" "RUST_BACKTRACE=full" "-e" "RUSTFLAGS=--cap-lints=warn" "-e" "RUSTDOCFLAGS=--cap-lints=warn" "-w" "/opt/rustwide/workdir" "--user" "0:0" "382481b4b524c739bd1ccca5cdf00a698f8ae413b3ff95488290cd50fb11dc3b" "/opt/rustwide/cargo-home/bin/cargo" "+1.100.0-beta.1" "test" "--frozen" "--no-run" "--message-format=json" "--release", kill_on_drop: false }`
[INFO] [stderr]    Compiling bitflags v2.11.0
[INFO] [stderr]    Compiling rustix v1.1.4
[INFO] [stderr]    Compiling neurogrim-core v5.0.0
[INFO] [stderr]    Compiling linux-raw-sys v0.12.1
[INFO] [stderr]    Compiling fastrand v2.4.1
[INFO] [stderr]    Compiling tower-http v0.6.8
[INFO] [stderr]    Compiling rusqlite v0.31.0
[INFO] [stderr]    Compiling reqwest v0.12.28
[INFO] [stderr]    Compiling tempfile v3.27.0
[INFO] [stderr]    Compiling neurogrim-a2a v5.0.0
[INFO] [stderr]    Compiling neurogrim-ecosystem v5.0.0 (/opt/rustwide/workdir)
[INFO] [stderr]     Finished `release` profile [optimized] target(s) in 1m 17s
[INFO] running `Command { std: "docker" "inspect" "382481b4b524c739bd1ccca5cdf00a698f8ae413b3ff95488290cd50fb11dc3b", kill_on_drop: false }`
[INFO] running `Command { std: "docker" "exec" "-e" "SOURCE_DIR=/opt/rustwide/workdir" "-e" "CARGO_HOME=/opt/rustwide/cargo-home" "-e" "RUSTUP_HOME=/opt/rustwide/rustup-home" "-e" "CARGO_TARGET_DIR=/opt/rustwide/target" "-e" "CARGO_INCREMENTAL=0" "-e" "RUST_BACKTRACE=full" "-e" "RUSTFLAGS=--cap-lints=warn" "-e" "RUSTDOCFLAGS=--cap-lints=warn" "-w" "/opt/rustwide/workdir" "--user" "0:0" "382481b4b524c739bd1ccca5cdf00a698f8ae413b3ff95488290cd50fb11dc3b" "/opt/rustwide/cargo-home/bin/cargo" "+1.100.0-beta.1" "test" "--frozen" "--release", kill_on_drop: false }`
[INFO] [stderr]     Finished `release` profile [optimized] target(s) in 0.27s
[INFO] [stderr]      Running unittests src/lib.rs (/opt/rustwide/target/release/build/neurogrim-ecosystem/dad742450a8326fb/out/neurogrim_ecosystem-dad742450a8326fb)
[INFO] [stdout] 
[INFO] [stdout] running 7 tests
[INFO] [stdout] test scoring_source::tests::bad_url_returns_none ... ok
[INFO] [stdout] test scoring_source::tests::a2a_factory_passes_full_conformance_suite ... ok
[INFO] [stdout] test scoring_source::tests::factory_source_type_matches_source ... ok
[INFO] [stdout] test tests::score_ecosystem_captures_subprocess_failure ... ok
[INFO] [stdout] test tests::score_ecosystem_empty_registry_equals_parent ... ok
[INFO] [stdout] test scoring_source::tests::missing_endpoint_returns_none_silently ... ok
[INFO] [stdout] test scoring_source::tests::unreachable_peer_returns_none ... ok
[INFO] [stderr]      Running tests/contract.rs (/opt/rustwide/target/release/build/neurogrim-ecosystem/4d54951998a60374/out/contract-4d54951998a60374)
[INFO] [stdout] 
[INFO] [stdout] test result: ok. 7 passed; 0 failed; 0 ignored; 0 measured; 0 filtered out; finished in 0.13s
[INFO] [stdout] 
[INFO] [stdout] 
[INFO] [stdout] running 6 tests
[INFO] [stdout] test boundary_no_mcp_imports_in_lib_source ... ok
[INFO] [stdout] test invoke_child_subprocess_and_a2a_return_identical_output ... FAILED
[INFO] [stdout] test score_ecosystem_identical_across_transports ... FAILED
[INFO] [stdout] test two_children_mixed_transports_hand_computed_aggregate ... FAILED
[INFO] [stdout] test invoke_a2a_rejects_peer_missing_snapshot_capability ... ok
[INFO] [stdout] test invoke_a2a_rejects_peer_interface_version_mismatch ... ok
[INFO] [stdout] 
[INFO] [stdout] failures:
[INFO] [stdout] 
[INFO] [stdout] ---- invoke_child_subprocess_and_a2a_return_identical_output stdout ----
[INFO] [stdout] 
[INFO] [stdout] thread 'invoke_child_subprocess_and_a2a_return_identical_output' (3270) panicked at tests/contract.rs:123:5:
[INFO] [stdout] stub_child_brain example not built at "/opt/rustwide/target/release/build/neurogrim-ecosystem/4d54951998a60374/examples/stub_child_brain"; run with `cargo test` which builds examples for the test target
[INFO] [stdout] stack backtrace:
[INFO] [stdout]    0:     0x5ba0c4e5cf11 - <<std[617be2ca0a6fd877]::sys::backtrace::BacktraceLock>::print::DisplayBacktrace as core[a373ad73a504971]::fmt::Display>::fmt
[INFO] [stdout]    1:     0x5ba0c4e7432a - core[a373ad73a504971]::fmt::write
[INFO] [stdout]    2:     0x5ba0c4e61f3c - <alloc[2e1b2a31b91974c5]::vec::Vec<u8> as core[a373ad73a504971]::io::write::Write>::write_fmt
[INFO] [stdout]    3:     0x5ba0c4e37686 - std[617be2ca0a6fd877]::panicking::default_hook::{closure#0}
[INFO] [stdout]    4:     0x5ba0c4e54b19 - std[617be2ca0a6fd877]::panicking::default_hook
[INFO] [stdout]    5:     0x5ba0c49d9c70 - test[aada8e7e76ba119b]::test_main_inner::{closure#0}
[INFO] [stdout]    6:     0x5ba0c4e54e42 - std[617be2ca0a6fd877]::panicking::panic_with_hook
[INFO] [stdout]    7:     0x5ba0c4e37732 - std[617be2ca0a6fd877]::panicking::panic_handler::{closure#0}
[INFO] [stdout]    8:     0x5ba0c4e30219 - std[617be2ca0a6fd877]::sys::backtrace::__rust_end_short_backtrace::<std[617be2ca0a6fd877]::panicking::panic_handler::{closure#0}, !>
[INFO] [stdout]    9:     0x5ba0c4e3852d - __rustc[ea4f61d10b84890b]::rust_begin_unwind
[INFO] [stdout]   10:     0x5ba0c4e74a8c - core[a373ad73a504971]::panicking::panic_fmt
[INFO] [stdout]   11:     0x5ba0c496dc5d - contract[81d0f1e2988b3ca3]::make_subprocess_brain_path
[INFO] [stdout]   12:     0x5ba0c4964cc1 - contract[81d0f1e2988b3ca3]::invoke_child_subprocess_and_a2a_return_identical_output::{closure#0}
[INFO] [stdout]   13:     0x5ba0c49b0e73 - <tokio[a3c8a98930c70aaf]::runtime::scheduler::current_thread::Context>::enter::<core[a373ad73a504971]::task::poll::Poll<()>, <tokio[a3c8a98930c70aaf]::runtime::scheduler::current_thread::CoreGuard>::block_on<core[a373ad73a504971]::pin::Pin<&mut core[a373ad73a504971]::pin::Pin<&mut dyn core[a373ad73a504971]::future::future::Future<Output = ()>>>>::{closure#0}::{closure#0}>
[INFO] [stdout]   14:     0x5ba0c4997eac - <tokio[a3c8a98930c70aaf]::runtime::context::scoped::Scoped<tokio[a3c8a98930c70aaf]::runtime::scheduler::Context>>::set::<<tokio[a3c8a98930c70aaf]::runtime::scheduler::current_thread::CoreGuard>::enter<<tokio[a3c8a98930c70aaf]::runtime::scheduler::current_thread::CoreGuard>::block_on<core[a373ad73a504971]::pin::Pin<&mut core[a373ad73a504971]::pin::Pin<&mut dyn core[a373ad73a504971]::future::future::Future<Output = ()>>>>::{closure#0}, core[a373ad73a504971]::option::Option<()>>::{closure#0}, (alloc[2e1b2a31b91974c5]::boxed::Box<tokio[a3c8a98930c70aaf]::runtime::scheduler::current_thread::Core>, core[a373ad73a504971]::option::Option<()>)>
[INFO] [stdout]   15:     0x5ba0c49b0a9c - <tokio[a3c8a98930c70aaf]::runtime::runtime::Runtime>::block_on::<core[a373ad73a504971]::pin::Pin<&mut dyn core[a373ad73a504971]::future::future::Future<Output = ()>>>
[INFO] [stdout]   16:     0x5ba0c496f8ee - <contract[81d0f1e2988b3ca3]::invoke_child_subprocess_and_a2a_return_identical_output::{closure#0} as core[a373ad73a504971]::ops::function::FnOnce<()>>::call_once
[INFO] [stdout]   17:     0x5ba0c49cd0bb - test[aada8e7e76ba119b]::__rust_begin_short_backtrace::<core[a373ad73a504971]::result::Result<(), alloc[2e1b2a31b91974c5]::string::String>, fn() -> core[a373ad73a504971]::result::Result<(), alloc[2e1b2a31b91974c5]::string::String>>
[INFO] [stdout]   18:     0x5ba0c49da295 - test[aada8e7e76ba119b]::run_test::{closure#0}
[INFO] [stdout]   19:     0x5ba0c49d3b84 - std[617be2ca0a6fd877]::sys::backtrace::__rust_begin_short_backtrace::<test[aada8e7e76ba119b]::run_test::{closure#1}, ()>
[INFO] [stdout]   20:     0x5ba0c49dd322 - <std[617be2ca0a6fd877]::thread::lifecycle::spawn_unchecked<test[aada8e7e76ba119b]::run_test::{closure#1}, ()>::{closure#1} as core[a373ad73a504971]::ops::function::FnOnce<()>>::call_once::{shim:vtable#0}
[INFO] [stderr] error: test failed, to rerun pass `--test contract`
[INFO] [stdout]   21:     0x5ba0c4e5c3bf - <std[617be2ca0a6fd877]::sys::thread::unix::Thread>::new::thread_start
[INFO] [stdout]   22:     0x734bbc2fbdfa - <unknown>
[INFO] [stdout]   23:     0x734bbc38f3d4 - clone
[INFO] [stdout]   24:                0x0 - <unknown>
[INFO] [stdout] 
[INFO] [stdout] ---- score_ecosystem_identical_across_transports stdout ----
[INFO] [stdout] 
[INFO] [stdout] thread 'score_ecosystem_identical_across_transports' (3271) panicked at tests/contract.rs:123:5:
[INFO] [stdout] stub_child_brain example not built at "/opt/rustwide/target/release/build/neurogrim-ecosystem/4d54951998a60374/examples/stub_child_brain"; run with `cargo test` which builds examples for the test target
[INFO] [stdout] stack backtrace:
[INFO] [stdout]    0:     0x5ba0c4e5cf11 - <<std[617be2ca0a6fd877]::sys::backtrace::BacktraceLock>::print::DisplayBacktrace as core[a373ad73a504971]::fmt::Display>::fmt
[INFO] [stdout]    1:     0x5ba0c4e7432a - core[a373ad73a504971]::fmt::write
[INFO] [stdout]    2:     0x5ba0c4e61f3c - <alloc[2e1b2a31b91974c5]::vec::Vec<u8> as core[a373ad73a504971]::io::write::Write>::write_fmt
[INFO] [stdout]    3:     0x5ba0c4e37686 - std[617be2ca0a6fd877]::panicking::default_hook::{closure#0}
[INFO] [stdout]    4:     0x5ba0c4e54b19 - std[617be2ca0a6fd877]::panicking::default_hook
[INFO] [stdout]    5:     0x5ba0c49d9c70 - test[aada8e7e76ba119b]::test_main_inner::{closure#0}
[INFO] [stdout]    6:     0x5ba0c4e54e42 - std[617be2ca0a6fd877]::panicking::panic_with_hook
[INFO] [stdout]    7:     0x5ba0c4e37732 - std[617be2ca0a6fd877]::panicking::panic_handler::{closure#0}
[INFO] [stdout]    8:     0x5ba0c4e30219 - std[617be2ca0a6fd877]::sys::backtrace::__rust_end_short_backtrace::<std[617be2ca0a6fd877]::panicking::panic_handler::{closure#0}, !>
[INFO] [stdout]    9:     0x5ba0c4e3852d - __rustc[ea4f61d10b84890b]::rust_begin_unwind
[INFO] [stdout]   10:     0x5ba0c4e74a8c - core[a373ad73a504971]::panicking::panic_fmt
[INFO] [stdout]   11:     0x5ba0c496dc5d - contract[81d0f1e2988b3ca3]::make_subprocess_brain_path
[INFO] [stdout]   12:     0x5ba0c495c2de - contract[81d0f1e2988b3ca3]::score_ecosystem_identical_across_transports::{closure#0}
[INFO] [stdout]   13:     0x5ba0c49b0e73 - <tokio[a3c8a98930c70aaf]::runtime::scheduler::current_thread::Context>::enter::<core[a373ad73a504971]::task::poll::Poll<()>, <tokio[a3c8a98930c70aaf]::runtime::scheduler::current_thread::CoreGuard>::block_on<core[a373ad73a504971]::pin::Pin<&mut core[a373ad73a504971]::pin::Pin<&mut dyn core[a373ad73a504971]::future::future::Future<Output = ()>>>>::{closure#0}::{closure#0}>
[INFO] [stdout]   14:     0x5ba0c4997eac - <tokio[a3c8a98930c70aaf]::runtime::context::scoped::Scoped<tokio[a3c8a98930c70aaf]::runtime::scheduler::Context>>::set::<<tokio[a3c8a98930c70aaf]::runtime::scheduler::current_thread::CoreGuard>::enter<<tokio[a3c8a98930c70aaf]::runtime::scheduler::current_thread::CoreGuard>::block_on<core[a373ad73a504971]::pin::Pin<&mut core[a373ad73a504971]::pin::Pin<&mut dyn core[a373ad73a504971]::future::future::Future<Output = ()>>>>::{closure#0}, core[a373ad73a504971]::option::Option<()>>::{closure#0}, (alloc[2e1b2a31b91974c5]::boxed::Box<tokio[a3c8a98930c70aaf]::runtime::scheduler::current_thread::Core>, core[a373ad73a504971]::option::Option<()>)>
[INFO] [stdout]   15:     0x5ba0c49b0a9c - <tokio[a3c8a98930c70aaf]::runtime::runtime::Runtime>::block_on::<core[a373ad73a504971]::pin::Pin<&mut dyn core[a373ad73a504971]::future::future::Future<Output = ()>>>
[INFO] [stdout]   16:     0x5ba0c496f36e - <contract[81d0f1e2988b3ca3]::score_ecosystem_identical_across_transports::{closure#0} as core[a373ad73a504971]::ops::function::FnOnce<()>>::call_once
[INFO] [stdout]   17:     0x5ba0c49cd0bb - test[aada8e7e76ba119b]::__rust_begin_short_backtrace::<core[a373ad73a504971]::result::Result<(), alloc[2e1b2a31b91974c5]::string::String>, fn() -> core[a373ad73a504971]::result::Result<(), alloc[2e1b2a31b91974c5]::string::String>>
[INFO] [stdout]   18:     0x5ba0c49da295 - test[aada8e7e76ba119b]::run_test::{closure#0}
[INFO] [stdout]   19:     0x5ba0c49d3b84 - std[617be2ca0a6fd877]::sys::backtrace::__rust_begin_short_backtrace::<test[aada8e7e76ba119b]::run_test::{closure#1}, ()>
[INFO] [stdout]   20:     0x5ba0c49dd322 - <std[617be2ca0a6fd877]::thread::lifecycle::spawn_unchecked<test[aada8e7e76ba119b]::run_test::{closure#1}, ()>::{closure#1} as core[a373ad73a504971]::ops::function::FnOnce<()>>::call_once::{shim:vtable#0}
[INFO] [stdout]   21:     0x5ba0c4e5c3bf - <std[617be2ca0a6fd877]::sys::thread::unix::Thread>::new::thread_start
[INFO] [stdout]   22:     0x734bbc2fbdfa - <unknown>
[INFO] [stdout]   23:     0x734bbc38f3d4 - clone
[INFO] [stdout]   24:                0x0 - <unknown>
[INFO] [stdout] 
[INFO] [stdout] ---- two_children_mixed_transports_hand_computed_aggregate stdout ----
[INFO] [stdout] 
[INFO] [stdout] thread 'two_children_mixed_transports_hand_computed_aggregate' (3272) panicked at tests/contract.rs:123:5:
[INFO] [stdout] stub_child_brain example not built at "/opt/rustwide/target/release/build/neurogrim-ecosystem/4d54951998a60374/examples/stub_child_brain"; run with `cargo test` which builds examples for the test target
[INFO] [stdout] stack backtrace:
[INFO] [stdout]    0:     0x5ba0c4e5cf11 - <<std[617be2ca0a6fd877]::sys::backtrace::BacktraceLock>::print::DisplayBacktrace as core[a373ad73a504971]::fmt::Display>::fmt
[INFO] [stdout]    1:     0x5ba0c4e7432a - core[a373ad73a504971]::fmt::write
[INFO] [stdout]    2:     0x5ba0c4e61f3c - <alloc[2e1b2a31b91974c5]::vec::Vec<u8> as core[a373ad73a504971]::io::write::Write>::write_fmt
[INFO] [stdout]    3:     0x5ba0c4e37686 - std[617be2ca0a6fd877]::panicking::default_hook::{closure#0}
[INFO] [stdout]    4:     0x5ba0c4e54b19 - std[617be2ca0a6fd877]::panicking::default_hook
[INFO] [stdout]    5:     0x5ba0c49d9c70 - test[aada8e7e76ba119b]::test_main_inner::{closure#0}
[INFO] [stdout]    6:     0x5ba0c4e54e42 - std[617be2ca0a6fd877]::panicking::panic_with_hook
[INFO] [stdout]    7:     0x5ba0c4e37732 - std[617be2ca0a6fd877]::panicking::panic_handler::{closure#0}
[INFO] [stdout]    8:     0x5ba0c4e30219 - std[617be2ca0a6fd877]::sys::backtrace::__rust_end_short_backtrace::<std[617be2ca0a6fd877]::panicking::panic_handler::{closure#0}, !>
[INFO] [stdout]    9:     0x5ba0c4e3852d - __rustc[ea4f61d10b84890b]::rust_begin_unwind
[INFO] [stdout]   10:     0x5ba0c4e74a8c - core[a373ad73a504971]::panicking::panic_fmt
[INFO] [stdout]   11:     0x5ba0c496dc5d - contract[81d0f1e2988b3ca3]::make_subprocess_brain_path
[INFO] [stdout]   12:     0x5ba0c49627c4 - contract[81d0f1e2988b3ca3]::two_children_mixed_transports_hand_computed_aggregate::{closure#0}
[INFO] [stdout]   13:     0x5ba0c49b0e73 - <tokio[a3c8a98930c70aaf]::runtime::scheduler::current_thread::Context>::enter::<core[a373ad73a504971]::task::poll::Poll<()>, <tokio[a3c8a98930c70aaf]::runtime::scheduler::current_thread::CoreGuard>::block_on<core[a373ad73a504971]::pin::Pin<&mut core[a373ad73a504971]::pin::Pin<&mut dyn core[a373ad73a504971]::future::future::Future<Output = ()>>>>::{closure#0}::{closure#0}>
[INFO] [stdout]   14:     0x5ba0c4997eac - <tokio[a3c8a98930c70aaf]::runtime::context::scoped::Scoped<tokio[a3c8a98930c70aaf]::runtime::scheduler::Context>>::set::<<tokio[a3c8a98930c70aaf]::runtime::scheduler::current_thread::CoreGuard>::enter<<tokio[a3c8a98930c70aaf]::runtime::scheduler::current_thread::CoreGuard>::block_on<core[a373ad73a504971]::pin::Pin<&mut core[a373ad73a504971]::pin::Pin<&mut dyn core[a373ad73a504971]::future::future::Future<Output = ()>>>>::{closure#0}, core[a373ad73a504971]::option::Option<()>>::{closure#0}, (alloc[2e1b2a31b91974c5]::boxed::Box<tokio[a3c8a98930c70aaf]::runtime::scheduler::current_thread::Core>, core[a373ad73a504971]::option::Option<()>)>
[INFO] [stdout]   15:     0x5ba0c49b0a9c - <tokio[a3c8a98930c70aaf]::runtime::runtime::Runtime>::block_on::<core[a373ad73a504971]::pin::Pin<&mut dyn core[a373ad73a504971]::future::future::Future<Output = ()>>>
[INFO] [stdout]   16:     0x5ba0c496f78e - <contract[81d0f1e2988b3ca3]::two_children_mixed_transports_hand_computed_aggregate::{closure#0} as core[a373ad73a504971]::ops::function::FnOnce<()>>::call_once
[INFO] [stdout]   17:     0x5ba0c49cd0bb - test[aada8e7e76ba119b]::__rust_begin_short_backtrace::<core[a373ad73a504971]::result::Result<(), alloc[2e1b2a31b91974c5]::string::String>, fn() -> core[a373ad73a504971]::result::Result<(), alloc[2e1b2a31b91974c5]::string::String>>
[INFO] [stdout]   18:     0x5ba0c49da295 - test[aada8e7e76ba119b]::run_test::{closure#0}
[INFO] [stdout]   19:     0x5ba0c49d3b84 - std[617be2ca0a6fd877]::sys::backtrace::__rust_begin_short_backtrace::<test[aada8e7e76ba119b]::run_test::{closure#1}, ()>
[INFO] [stdout]   20:     0x5ba0c49dd322 - <std[617be2ca0a6fd877]::thread::lifecycle::spawn_unchecked<test[aada8e7e76ba119b]::run_test::{closure#1}, ()>::{closure#1} as core[a373ad73a504971]::ops::function::FnOnce<()>>::call_once::{shim:vtable#0}
[INFO] [stdout]   21:     0x5ba0c4e5c3bf - <std[617be2ca0a6fd877]::sys::thread::unix::Thread>::new::thread_start
[INFO] [stdout]   22:     0x734bbc2fbdfa - <unknown>
[INFO] [stdout]   23:     0x734bbc38f3d4 - clone
[INFO] [stdout]   24:                0x0 - <unknown>
[INFO] [stdout] 
[INFO] [stdout] 
[INFO] [stdout] failures:
[INFO] [stdout]     invoke_child_subprocess_and_a2a_return_identical_output
[INFO] [stdout]     score_ecosystem_identical_across_transports
[INFO] [stdout]     two_children_mixed_transports_hand_computed_aggregate
[INFO] [stdout] 
[INFO] [stdout] test result: FAILED. 3 passed; 3 failed; 0 ignored; 0 measured; 0 filtered out; finished in 0.11s
[INFO] [stdout] 
[INFO] running `Command { std: "docker" "inspect" "382481b4b524c739bd1ccca5cdf00a698f8ae413b3ff95488290cd50fb11dc3b", kill_on_drop: false }`
[INFO] running `Command { std: "docker" "rm" "-f" "382481b4b524c739bd1ccca5cdf00a698f8ae413b3ff95488290cd50fb11dc3b", kill_on_drop: false }`
[INFO] [stdout] 382481b4b524c739bd1ccca5cdf00a698f8ae413b3ff95488290cd50fb11dc3b
