[INFO] fetching crate moq-relay-ietf 0.7.30...
[INFO] testing moq-relay-ietf-0.7.30 against 1.100.0-beta.1+cargoflags=--release for beta-release-1.100-2
[INFO] extracting crate moq-relay-ietf 0.7.30 into /workspace/builds/worker-3-tc2/source
[INFO] started tweaking crates.io crate moq-relay-ietf 0.7.30
[INFO] finished tweaking crates.io crate moq-relay-ietf 0.7.30
[INFO] tweaked toml for crates.io crate moq-relay-ietf 0.7.30 written to /workspace/builds/worker-3-tc2/source/Cargo.toml
[INFO] validating manifest of crates.io crate moq-relay-ietf 0.7.30 on toolchain 1.100.0-beta.1
[INFO] running `Command { std: CARGO_HOME="/workspace/cargo-home" RUSTUP_HOME="/workspace/rustup-home" "/workspace/cargo-home/bin/cargo" "+1.100.0-beta.1" "metadata" "--manifest-path" "Cargo.toml" "--no-deps", kill_on_drop: false }`
[INFO] crate crates.io crate moq-relay-ietf 0.7.30 already has a lockfile, it will not be regenerated
[INFO] running `Command { std: CARGO_HOME="/workspace/cargo-home" RUSTUP_HOME="/workspace/rustup-home" "/workspace/cargo-home/bin/cargo" "+1.100.0-beta.1" "fetch" "--manifest-path" "Cargo.toml", kill_on_drop: false }`
[INFO] running `Command { std: "docker" "create" "-v" "/var/lib/crater-agent-workspace/builds/worker-3-tc2/source:/opt/rustwide/workdir:ro,Z" "-v" "/var/lib/crater-agent-workspace/builds/worker-3-tc2/target:/opt/rustwide/target:rw,Z" "-v" "/var/lib/crater-agent-workspace/cargo-home:/opt/rustwide/cargo-home:ro,Z" "-v" "/var/lib/crater-agent-workspace/rustup-home:/opt/rustwide/rustup-home:ro,Z" "-m" "1610612736" "--network" "none" "ghcr.io/rust-lang/crates-build-env/linux@sha256:77db811e55d90add9212f6832c23229e3de5f1c1f9905e8cb07319ea15df73ac" "sleep" "infinity", kill_on_drop: false }`
[INFO] [stdout] 0e261f1b90d2d7d81c1b85ec3ced2130bf00b83a2c26a755b39f95eff1c6fc13
[INFO] running `Command { std: "docker" "start" "0e261f1b90d2d7d81c1b85ec3ced2130bf00b83a2c26a755b39f95eff1c6fc13", kill_on_drop: false }`
[INFO] running `Command { std: "docker" "inspect" "0e261f1b90d2d7d81c1b85ec3ced2130bf00b83a2c26a755b39f95eff1c6fc13", kill_on_drop: false }`
[INFO] running `Command { std: "docker" "exec" "-e" "SOURCE_DIR=/opt/rustwide/workdir" "-e" "CARGO_HOME=/opt/rustwide/cargo-home" "-e" "RUSTUP_HOME=/opt/rustwide/rustup-home" "-e" "CARGO_TARGET_DIR=/opt/rustwide/target" "-w" "/opt/rustwide/workdir" "--user" "0:0" "0e261f1b90d2d7d81c1b85ec3ced2130bf00b83a2c26a755b39f95eff1c6fc13" "/opt/rustwide/cargo-home/bin/cargo" "+1.100.0-beta.1" "metadata" "--no-deps" "--format-version=1", kill_on_drop: false }`
[INFO] running `Command { std: "docker" "inspect" "0e261f1b90d2d7d81c1b85ec3ced2130bf00b83a2c26a755b39f95eff1c6fc13", kill_on_drop: false }`
[INFO] running `Command { std: "docker" "exec" "-e" "SOURCE_DIR=/opt/rustwide/workdir" "-e" "CARGO_HOME=/opt/rustwide/cargo-home" "-e" "RUSTUP_HOME=/opt/rustwide/rustup-home" "-e" "CARGO_TARGET_DIR=/opt/rustwide/target" "-e" "CARGO_INCREMENTAL=0" "-e" "RUST_BACKTRACE=full" "-e" "RUSTFLAGS=--cap-lints=warn" "-e" "RUSTDOCFLAGS=--cap-lints=warn" "-w" "/opt/rustwide/workdir" "--user" "0:0" "0e261f1b90d2d7d81c1b85ec3ced2130bf00b83a2c26a755b39f95eff1c6fc13" "/opt/rustwide/cargo-home/bin/cargo" "+1.100.0-beta.1" "build" "--frozen" "--message-format=json" "--release", kill_on_drop: false }`
[INFO] [stderr]    Compiling libc v0.2.175
[INFO] [stderr]    Compiling proc-macro2 v1.0.101
[INFO] [stderr]    Compiling find-msvc-tools v0.1.3
[INFO] [stderr]    Compiling zeroize v1.7.0
[INFO] [stderr]    Compiling tracing-core v0.1.32
[INFO] [stderr]    Compiling fs_extra v1.3.0
[INFO] [stderr]    Compiling hashbrown v0.16.1
[INFO] [stderr]    Compiling dunce v1.0.4
[INFO] [stderr]    Compiling futures-channel v0.3.31
[INFO] [stderr]    Compiling aws-lc-rs v1.13.3
[INFO] [stderr]    Compiling getrandom v0.3.3
[INFO] [stderr]    Compiling rustls v0.23.31
[INFO] [stderr]    Compiling serde_json v1.0.145
[INFO] [stderr]    Compiling cfg_aliases v0.2.1
[INFO] [stderr]    Compiling rustversion v1.0.17
[INFO] [stderr]    Compiling thiserror v2.0.17
[INFO] [stderr]    Compiling ref-cast v1.0.25
[INFO] [stderr]    Compiling quinn-udp v0.5.14
[INFO] [stderr]    Compiling rustls-pki-types v1.12.0
[INFO] [stderr]    Compiling quinn v0.11.9
[INFO] [stderr]    Compiling num-traits v0.2.19
[INFO] [stderr]    Compiling rustc-hash v2.0.0
[INFO] [stderr]    Compiling lru-slab v0.1.2
[INFO] [stderr]    Compiling rustls v0.22.4
[INFO] [stderr]    Compiling http-body-util v0.1.1
[INFO] [stderr]    Compiling is_terminal_polyfill v1.70.0
[INFO] [stderr]    Compiling thiserror v1.0.61
[INFO] [stderr]    Compiling anstyle-query v1.0.3
[INFO] [stderr]    Compiling colorchoice v1.0.1
[INFO] [stderr]    Compiling web-transport-trait v0.3.4
[INFO] [stderr]    Compiling rustls-native-certs v0.8.1
[INFO] [stderr]    Compiling rustls-pemfile v2.1.2
[INFO] [stderr]    Compiling zerocopy v0.8.27
[INFO] [stderr]    Compiling anstream v0.6.14
[INFO] [stderr]    Compiling regex-syntax v0.6.29
[INFO] [stderr]    Compiling clap_lex v0.7.0
[INFO] [stderr]    Compiling sync_wrapper v0.1.2
[INFO] [stderr]    Compiling getrandom v0.2.15
[INFO] [stderr]    Compiling socket2 v0.6.0
[INFO] [stderr]    Compiling signal-hook-registry v1.4.2
[INFO] [stderr]    Compiling mio v1.1.0
[INFO] [stderr]    Compiling indexmap v2.13.0
[INFO] [stderr]    Compiling socket2 v0.5.7
[INFO] [stderr]    Compiling axum-core v0.4.3
[INFO] [stderr]    Compiling rand_core v0.9.3
[INFO] [stderr]    Compiling gimli v0.28.1
[INFO] [stderr]    Compiling regex-syntax v0.8.3
[INFO] [stderr]    Compiling quote v1.0.36
[INFO] [stderr]    Compiling jobserver v0.1.31
[INFO] [stderr]    Compiling rand_chacha v0.9.0
[INFO] [stderr]    Compiling num-integer v0.1.46
[INFO] [stderr]    Compiling syn v2.0.106
[INFO] [stderr]    Compiling cc v1.2.40
[INFO] [stderr]    Compiling rand v0.9.2
[INFO] [stderr]    Compiling clap_builder v4.5.2
[INFO] [stderr]    Compiling axum v0.7.5
[INFO] [stderr]    Compiling rand_core v0.6.4
[INFO] [stderr]    Compiling miniz_oxide v0.7.3
[INFO] [stderr]    Compiling fs-err v3.3.2
[INFO] [stderr]    Compiling fastrand v2.1.0
[INFO] [stderr]    Compiling rustc-demangle v0.1.24
[INFO] [stderr]    Compiling anyhow v1.0.85
[INFO] [stderr]    Compiling sharded-slab v0.1.7
[INFO] [stderr]    Compiling rand_chacha v0.3.1
[INFO] [stderr]    Compiling cmake v0.1.50
[INFO] [stderr]    Compiling backon v1.5.2
[INFO] [stderr]    Compiling num-bigint v0.4.6
[INFO] [stderr]    Compiling uuid v1.18.1
[INFO] [stderr]    Compiling tracing-log v0.2.0
[INFO] [stderr]    Compiling webpki-roots v0.26.1
[INFO] [stderr]    Compiling thread_local v1.1.8
[INFO] [stderr]    Compiling sha1_smol v1.0.0
[INFO] [stderr]    Compiling sync_wrapper v1.0.1
[INFO] [stderr]    Compiling ipnet v2.9.0
[INFO] [stderr]    Compiling matchit v0.7.3
[INFO] [stderr]    Compiling ring v0.17.14
[INFO] [stderr]    Compiling aws-lc-sys v0.30.0
[INFO] [stderr]    Compiling fastbloom v0.14.0
[INFO] [stderr]    Compiling backtrace v0.3.71
[INFO] [stderr]    Compiling regex-automata v0.1.10
[INFO] [stderr]    Compiling rand v0.8.5
[INFO] [stderr]    Compiling rustls-native-certs v0.7.0
[INFO] [stderr]    Compiling regex-automata v0.4.6
[INFO] [stderr]    Compiling bitflags v2.9.4
[INFO] [stderr]    Compiling tower-http v0.5.2
[INFO] [stderr]    Compiling fs2 v0.4.3
[INFO] [stderr]    Compiling matchers v0.1.0
[INFO] [stderr]    Compiling secrecy v0.10.3
[INFO] [stderr]    Compiling addr2line v0.21.0
[INFO] [stderr]    Compiling ahash v0.8.12
[INFO] [stderr]    Compiling regex v1.10.4
[INFO] [stderr]    Compiling metrics v0.24.3
[INFO] [stderr]    Compiling darling_core v0.20.11
[INFO] [stderr]    Compiling serde_derive v1.0.228
[INFO] [stderr]    Compiling tokio-macros v2.6.0
[INFO] [stderr]    Compiling tracing-attributes v0.1.27
[INFO] [stderr]    Compiling futures-macro v0.3.31
[INFO] [stderr]    Compiling pin-project-internal v1.1.5
[INFO] [stderr]    Compiling thiserror-impl v2.0.17
[INFO] [stderr]    Compiling ref-cast-impl v1.0.25
[INFO] [stderr]    Compiling thiserror-impl v1.0.61
[INFO] [stderr]    Compiling futures-util v0.3.31
[INFO] [stderr]    Compiling sfv v0.14.0
[INFO] [stderr]    Compiling async-trait v0.1.89
[INFO] [stderr]    Compiling clap_derive v4.5.4
[INFO] [stderr]    Compiling tracing v0.1.40
[INFO] [stderr]    Compiling pin-project v1.1.5
[INFO] [stderr]    Compiling darling_macro v0.20.11
[INFO] [stderr]    Compiling darling v0.20.11
[INFO] [stderr]    Compiling serde_with_macros v3.14.0
[INFO] [stderr]    Compiling serde v1.0.228
[INFO] [stderr]    Compiling smallvec v1.13.2
[INFO] [stderr]    Compiling url v2.5.0
[INFO] [stderr]    Compiling serde_urlencoded v0.7.1
[INFO] [stderr]    Compiling serde_path_to_error v0.1.16
[INFO] [stderr]    Compiling parking_lot_core v0.9.10
[INFO] [stderr]    Compiling tracing-subscriber v0.3.18
[INFO] [stderr]    Compiling parking_lot v0.12.2
[INFO] [stderr]    Compiling serde_with v3.14.0
[INFO] [stderr]    Compiling tokio v1.48.0
[INFO] [stderr]    Compiling clap v4.5.4
[INFO] [stderr]    Compiling futures-executor v0.3.30
[INFO] [stderr]    Compiling futures v0.3.30
[INFO] [stderr]    Compiling qlog v0.15.2
[INFO] [stderr]    Compiling rustls-webpki v0.102.4
[INFO] [stderr]    Compiling webpki v0.22.4
[INFO] [stderr]    Compiling tokio-util v0.7.11
[INFO] [stderr]    Compiling tower v0.4.13
[INFO] [stderr]    Compiling web-transport-proto v0.6.0
[INFO] [stderr]    Compiling h2 v0.4.5
[INFO] [stderr]    Compiling combine v4.6.7
[INFO] [stderr]    Compiling tokio-rustls v0.25.0
[INFO] [stderr]    Compiling hyper v1.4.1
[INFO] [stderr]    Compiling hyper-util v0.1.3
[INFO] [stderr]    Compiling hyper-rustls v0.26.0
[INFO] [stderr]    Compiling reqwest v0.12.4
[INFO] [stderr]    Compiling rustls-webpki v0.103.4
[INFO] [stderr]    Compiling tokio-rustls v0.26.0
[INFO] [stderr]    Compiling redis v0.32.5
[INFO] [stderr]    Compiling axum-server v0.7.3
[INFO] [stderr]    Compiling rustls-platform-verifier v0.6.1
[INFO] [stderr]    Compiling quinn-proto v0.11.13
[INFO] [stderr]    Compiling web-transport-quinn v0.11.8
[INFO] [stderr]    Compiling moq-api v0.2.15
[INFO] [stderr]    Compiling web-transport v0.10.4
[INFO] [stderr]    Compiling moq-transport v0.16.4
[INFO] [stderr]    Compiling moq-native-ietf v0.10.0
[INFO] [stderr]    Compiling moq-relay-ietf v0.7.30 (/opt/rustwide/workdir)
[INFO] [stderr]     Finished `release` profile [optimized] target(s) in 3m 14s
[INFO] [stderr] warning: the following packages contain code that will be rejected by a future version of Rust: quinn v0.11.9, quinn-udp v0.5.14, redis v0.32.5
[INFO] [stderr] note: to see what the problems were, use the option `--future-incompat-report`, or run `cargo report future-incompatibilities --id 2`
[INFO] running `Command { std: "docker" "inspect" "0e261f1b90d2d7d81c1b85ec3ced2130bf00b83a2c26a755b39f95eff1c6fc13", kill_on_drop: false }`
[INFO] running `Command { std: "docker" "exec" "-e" "SOURCE_DIR=/opt/rustwide/workdir" "-e" "CARGO_HOME=/opt/rustwide/cargo-home" "-e" "RUSTUP_HOME=/opt/rustwide/rustup-home" "-e" "CARGO_TARGET_DIR=/opt/rustwide/target" "-e" "CARGO_INCREMENTAL=0" "-e" "RUST_BACKTRACE=full" "-e" "RUSTFLAGS=--cap-lints=warn" "-e" "RUSTDOCFLAGS=--cap-lints=warn" "-w" "/opt/rustwide/workdir" "--user" "0:0" "0e261f1b90d2d7d81c1b85ec3ced2130bf00b83a2c26a755b39f95eff1c6fc13" "/opt/rustwide/cargo-home/bin/cargo" "+1.100.0-beta.1" "test" "--frozen" "--no-run" "--message-format=json" "--release", kill_on_drop: false }`
[INFO] [stderr]    Compiling subtle v2.5.0
[INFO] [stderr]    Compiling generic-array v0.14.9
[INFO] [stderr]    Compiling const-oid v0.9.6
[INFO] [stderr]    Compiling base64ct v1.8.3
[INFO] [stderr]    Compiling tokio v1.48.0
[INFO] [stderr]    Compiling base16ct v0.2.0
[INFO] [stderr]    Compiling deranged v0.5.4
[INFO] [stderr]    Compiling time-core v0.1.8
[INFO] [stderr]    Compiling pem v3.0.6
[INFO] [stderr]    Compiling rustls v0.23.31
[INFO] [stderr]    Compiling ff v0.13.1
[INFO] [stderr]    Compiling rustls v0.22.4
[INFO] [stderr]    Compiling group v0.13.0
[INFO] [stderr]    Compiling pem-rfc7468 v0.7.0
[INFO] [stderr]    Compiling der v0.7.10
[INFO] [stderr]    Compiling crypto-common v0.1.6
[INFO] [stderr]    Compiling block-buffer v0.10.4
[INFO] [stderr]    Compiling crypto-bigint v0.5.5
[INFO] [stderr]    Compiling digest v0.10.7
[INFO] [stderr]    Compiling hmac v0.12.1
[INFO] [stderr]    Compiling signature v2.2.0
[INFO] [stderr]    Compiling sha2 v0.10.9
[INFO] [stderr]    Compiling rfc6979 v0.4.0
[INFO] [stderr]    Compiling time v0.3.47
[INFO] [stderr]    Compiling spki v0.7.3
[INFO] [stderr]    Compiling pkcs8 v0.10.2
[INFO] [stderr]    Compiling yasna v0.5.2
[INFO] [stderr]    Compiling sec1 v0.7.3
[INFO] [stderr]    Compiling elliptic-curve v0.13.8
[INFO] [stderr]    Compiling rcgen v0.13.2
[INFO] [stderr]    Compiling primeorder v0.13.6
[INFO] [stderr]    Compiling ecdsa v0.16.9
[INFO] [stderr]    Compiling p256 v0.13.2
[INFO] [stderr]    Compiling tokio-util v0.7.11
[INFO] [stderr]    Compiling tower v0.4.13
[INFO] [stderr]    Compiling web-transport-proto v0.6.0
[INFO] [stderr]    Compiling tokio-rustls v0.26.0
[INFO] [stderr]    Compiling tokio-rustls v0.25.0
[INFO] [stderr]    Compiling fs-err v3.3.2
[INFO] [stderr]    Compiling h2 v0.4.5
[INFO] [stderr]    Compiling combine v4.6.7
[INFO] [stderr]    Compiling rustls-platform-verifier v0.6.1
[INFO] [stderr]    Compiling quinn-proto v0.11.13
[INFO] [stderr]    Compiling hyper v1.4.1
[INFO] [stderr]    Compiling redis v0.32.5
[INFO] [stderr]    Compiling hyper-util v0.1.3
[INFO] [stderr]    Compiling hyper-rustls v0.26.0
[INFO] [stderr]    Compiling axum v0.7.5
[INFO] [stderr]    Compiling axum-server v0.7.3
[INFO] [stderr]    Compiling quinn v0.11.9
[INFO] [stderr]    Compiling reqwest v0.12.4
[INFO] [stderr]    Compiling web-transport-quinn v0.11.8
[INFO] [stderr]    Compiling web-transport v0.10.4
[INFO] [stderr]    Compiling moq-transport v0.16.4
[INFO] [stderr]    Compiling moq-api v0.2.15
[INFO] [stderr]    Compiling moq-native-ietf v0.10.0
[INFO] [stderr]    Compiling moq-relay-ietf v0.7.30 (/opt/rustwide/workdir)
[INFO] [stderr]     Finished `release` profile [optimized] target(s) in 1m 21s
[INFO] [stderr] warning: the following packages contain code that will be rejected by a future version of Rust: quinn v0.11.9, quinn-udp v0.5.14, redis v0.32.5
[INFO] [stderr] note: to see what the problems were, use the option `--future-incompat-report`, or run `cargo report future-incompatibilities --id 2`
[INFO] running `Command { std: "docker" "inspect" "0e261f1b90d2d7d81c1b85ec3ced2130bf00b83a2c26a755b39f95eff1c6fc13", kill_on_drop: false }`
[INFO] running `Command { std: "docker" "exec" "-e" "SOURCE_DIR=/opt/rustwide/workdir" "-e" "CARGO_HOME=/opt/rustwide/cargo-home" "-e" "RUSTUP_HOME=/opt/rustwide/rustup-home" "-e" "CARGO_TARGET_DIR=/opt/rustwide/target" "-e" "CARGO_INCREMENTAL=0" "-e" "RUST_BACKTRACE=full" "-e" "RUSTFLAGS=--cap-lints=warn" "-e" "RUSTDOCFLAGS=--cap-lints=warn" "-w" "/opt/rustwide/workdir" "--user" "0:0" "0e261f1b90d2d7d81c1b85ec3ced2130bf00b83a2c26a755b39f95eff1c6fc13" "/opt/rustwide/cargo-home/bin/cargo" "+1.100.0-beta.1" "test" "--frozen" "--release", kill_on_drop: false }`
[INFO] [stderr]     Finished `release` profile [optimized] target(s) in 0.39s
[INFO] [stderr] warning: the following packages contain code that will be rejected by a future version of Rust: quinn v0.11.9, quinn-udp v0.5.14, redis v0.32.5
[INFO] [stderr] note: to see what the problems were, use the option `--future-incompat-report`, or run `cargo report future-incompatibilities --id 2`
[INFO] [stderr]      Running unittests src/lib.rs (/opt/rustwide/target/release/build/moq-relay-ietf/ae14bdc5c2a697fa/out/moq_relay_ietf-ae14bdc5c2a697fa)
[INFO] [stdout] 
[INFO] [stdout] running 218 tests
[INFO] [stdout] test auth::hook::tests::deny_all_denies_setup_and_requests ... ok
[INFO] [stdout] test auth::hook::tests::allow_all_allows_setup_and_requests ... ok
[INFO] [stdout] test auth::scope::tests::a_cold_scope_coordinator_failure_fails_closed ... ok
[INFO] [stdout] test auth::scope::tests::a_disabled_scope_past_twelve_ttls_survives_a_coordinator_failure ... ok
[INFO] [stdout] test auth::scope::tests::a_failed_refresh_does_not_overwrite_a_concurrent_success ... ok
[INFO] [stdout] test auth::scope::tests::a_failure_is_not_cached_as_permissive ... ok
[INFO] [stdout] test auth::scope::tests::a_recovered_coordinator_replaces_the_policy_after_the_retry_interval ... ok
[INFO] [stdout] test auth::scope::tests::an_unusable_config_denies_rather_than_disables ... ok
[INFO] [stdout] test auth::scope::tests::an_expired_deny_all_scope_survives_a_coordinator_failure ... ok
[INFO] [stdout] test auth::scope::tests::a_scope_without_auth_config_needs_no_hook ... ok
[INFO] [stdout] test auth::scope::tests::concurrent_refresh_failures_are_counted_once_per_retry_interval ... ok
[INFO] [stdout] test auth::scope::tests::concurrent_resolves_are_consistent ... ok
[INFO] [stdout] test auth::scope::tests::invalidate_forces_a_refetch ... ok
[INFO] [stdout] test auth::scope::tests::results_are_cached_per_scope ... ok
[INFO] [stdout] test auth::session::tests::a_denying_hook_blocks_the_operation ... ok
[INFO] [stdout] test auth::session::tests::an_allowing_hook_permits_the_operation ... ok
[INFO] [stdout] test auth::session::tests::a_hook_fault_denies ... ok
[INFO] [stdout] test auth::scope::tests::a_scope_requiring_tokens_is_refused_without_the_feature ... ok
[INFO] [stdout] test auth::token::tests::decodes_a_use_value_token ... ok
[INFO] [stdout] test auth::token::tests::empty_parameter_value_is_malformed ... ok
[INFO] [stdout] test auth::token::tests::delete_in_setup_is_a_protocol_violation ... ok
[INFO] [stdout] test auth::token::tests::empty_token_value_is_accepted_by_the_decoder ... ok
[INFO] [stdout] test auth::token::tests::multi_byte_varint_token_type_round_trips ... ok
[INFO] [stdout] test auth::token::tests::other_parameters_are_ignored ... ok
[INFO] [stdout] test auth::token::tests::int_valued_parameter_is_rejected ... ok
[INFO] [stdout] test auth::scope::tests::expired_scope_config_fails_closed_when_reuse_is_off ... ok
[INFO] [stdout] test auth::token::tests::register_is_treated_as_use_value ... ok
[INFO] [stdout] test auth::token::tests::register_without_alias_is_malformed ... ok
[INFO] [stdout] test auth::token::tests::repeated_parameters_all_decode ... ok
[INFO] [stdout] test auth::token::tests::token_count_is_bounded ... ok
[INFO] [stdout] test auth::token::tests::token_value_is_not_length_prefixed ... ok
[INFO] [stdout] test auth::token::tests::truncated_varint_is_malformed ... ok
[INFO] [stdout] test auth::token::tests::unknown_alias_type_is_malformed ... ok
[INFO] [stdout] test auth::token::tests::use_alias_in_setup_is_a_protocol_violation ... ok
[INFO] [stdout] test auth::session::tests::no_auth_state_permits_the_operation ... ok
[INFO] [stdout] test auth::token::tests::absent_parameter_yields_no_tokens ... ok
[INFO] [stdout] test auth::token::tests::use_value_is_0x3_and_use_alias_is_rejected ... ok
[INFO] [stdout] test auth::token::tests::use_value_without_token_type_is_malformed ... ok
[INFO] [stdout] test auth::types::tests::auth_token_debug_does_not_leak_the_value ... ok
[INFO] [stdout] test auth::types::tests::auth_token_value_requires_explicit_exposure ... ok
[INFO] [stdout] test auth::types::tests::decision_accessors_agree ... ok
[INFO] [stdout] test auth::types::tests::deny_reasons_map_to_draft16_request_error_codes ... ok
[INFO] [stdout] test auth::types::tests::only_hook_faults_are_retryable ... ok
[INFO] [stdout] test auth::scope::tests::too_many_keys_denies_rather_than_disables ... ok
[INFO] [stdout] test auth::types::tests::principal_round_trips_typed_claims ... ok
[INFO] [stdout] test auth::types::tests::principal_debug_does_not_leak_claims ... ok
[INFO] [stdout] test consumer::tests::fanout_adapter_accepts_a_subscribe_it_can_never_serve ... ok
[INFO] [stdout] test coordinator::tests::coordinator_context_constructors ... ok
[INFO] [stdout] test coordinator::tests::default_get_scope_config_returns_defaults ... ok
[INFO] [stdout] test coordinator::tests::default_list_tracks_returns_empty ... ok
[INFO] [stdout] test coordinator::tests::default_lookup_namespace_subscribers_returns_empty ... ok
[INFO] [stdout] test coordinator::tests::broadcast_multi_relay_scenario ... ok
[INFO] [stdout] test coordinator::tests::default_lookup_track_subscribers_returns_empty ... ok
[INFO] [stdout] test coordinator::tests::default_register_track_returns_no_op_handle ... ok
[INFO] [stdout] test coordinator::tests::default_resolve_scope_none_is_unscoped ... ok
[INFO] [stdout] test coordinator::tests::default_subscribe_namespace_returns_empty ... ok
[INFO] [stdout] test coordinator::tests::default_resolve_scope_passes_through_path ... ok
[INFO] [stdout] test coordinator::tests::default_subscribe_track_returns_no_op_handle ... ok
[INFO] [stdout] test coordinator::tests::duplicate_registration_rejected ... ok
[INFO] [stdout] test coordinator::tests::get_scope_config_unconfigured_returns_defaults ... ok
[INFO] [stdout] test coordinator::tests::get_scope_config_returns_configured_settings ... ok
[INFO] [stdout] test coordinator::tests::internal_subscribe_namespace_returns_no_upstream_relays ... ok
[INFO] [stdout] test coordinator::tests::lookup_namespace_subscribers_excludes_caller ... ok
[INFO] [stdout] test coordinator::tests::lookup_not_found ... ok
[INFO] [stdout] test coordinator::tests::lookup_prefix_matching ... ok
[INFO] [stdout] test coordinator::tests::lookup_namespace_subscribers_excludes_source ... ok
[INFO] [stdout] test coordinator::tests::lookup_track_finds_exact_registered_track ... ok
[INFO] [stdout] test coordinator::tests::lookup_namespace_subscribers_finds_interested_relays ... ok
[INFO] [stdout] test coordinator::tests::namespace_subscription_cleaned_up_on_drop ... ok
[INFO] [stdout] test coordinator::tests::namespace_subscription_default_is_empty ... ok
[INFO] [stdout] test coordinator::tests::namespace_unregistered_on_handle_drop ... ok
[INFO] [stdout] test coordinator::tests::lookup_track_falls_back_to_namespace_registration ... ok
[INFO] [stdout] test coordinator::tests::register_and_lookup_namespace ... ok
[INFO] [stdout] test coordinator::tests::relay_info_from_socket_addr_synthesizes_https_identity ... ok
[INFO] [stdout] test coordinator::tests::relay_info_with_direct_addr ... ok
[INFO] [stdout] test coordinator::tests::register_and_list_tracks ... ok
[INFO] [stdout] test coordinator::tests::relay_info_without_addr ... ok
[INFO] [stdout] test coordinator::tests::resolve_scope_maps_path_to_scope_identity ... ok
[INFO] [stdout] test coordinator::tests::resolve_scope_none_path_returns_unscoped ... ok
[INFO] [stdout] test coordinator::tests::scope_config_defaults ... ok
[INFO] [stdout] test coordinator::tests::resolve_scope_unknown_path_returns_error ... ok
[INFO] [stdout] test coordinator::tests::scope_config_with_origin_fallback ... ok
[INFO] [stdout] test coordinator::tests::scope_permissions_publish_and_subscribe ... ok
[INFO] [stdout] test coordinator::tests::scopes_are_isolated ... ok
[INFO] [stdout] test coordinator::tests::subscribe_namespace_empty_prefix_matches_all_namespaces ... ok
[INFO] [stdout] test coordinator::tests::subscribe_track_before_publisher_exists ... ok
[INFO] [stdout] test coordinator::tests::track_entry_construction ... ok
[INFO] [stdout] test coordinator::tests::subscribe_namespace_returns_hosting_relays_for_matching_prefix ... ok
[INFO] [stdout] test coordinator::tests::track_registration_default_is_no_op ... ok
[INFO] [stdout] test coordinator::tests::track_subscription_default_is_no_op ... ok
[INFO] [stdout] test coordinator::tests::track_subscription_cleaned_up_on_drop ... ok
[INFO] [stdout] test coordinator::tests::two_relay_publish_before_subscribe_returns_upstream_relay ... ok
[INFO] [stdout] test coordinator::tests::track_unregistered_on_handle_drop ... ok
[INFO] [stdout] test covering_prefix_set::tests::coalesces_idempotent_and_broader_prefixes ... ok
[INFO] [stdout] test coordinator::tests::two_relay_subscribe_before_publish_routes_publish_namespace ... ok
[INFO] [stdout] test covering_prefix_set::tests::containment_uses_tuple_fields_not_rendered_paths ... ok
[INFO] [stdout] test covering_prefix_set::tests::empty_prefix_covers_and_reexposes_everything ... ok
[INFO] [stdout] test covering_prefix_set::tests::ignores_narrower_prefix_under_broad_root ... ok
[INFO] [stdout] test covering_prefix_set::tests::reexposes_multiple_minimal_roots_after_deep_nesting ... ok
[INFO] [stdout] test covering_prefix_set::tests::removing_absent_prefix_is_a_no_op ... ok
[INFO] [stdout] test interest::tests::a_stale_guard_does_not_make_a_replacement_look_busy ... ok
[INFO] [stdout] test interest::tests::generations_are_distinguished_by_identity ... ok
[INFO] [stdout] test interest::tests::a_new_subscriber_restarts_the_grace_period ... ok
[INFO] [stdout] test covering_prefix_set::tests::keeps_unrelated_siblings_as_roots ... ok
[INFO] [stdout] test interest::tests::guards_count_subscribers ... ok
[INFO] [stdout] test interest::tests::idle_for_waits_for_the_last_subscriber_to_leave ... ok
[INFO] [stdout] test interest::tests::zero_grace_resolves_immediately_when_idle ... ok
[INFO] [stdout] test interest::tests::idle_for_resolves_when_nobody_subscribes ... ok
[INFO] [stdout] test local::tests::drop_does_not_rewrite_an_outcome_recorded_without_receivers ... ok
[INFO] [stdout] test local::tests::abandoned_request_releases_waiting_subscribers ... ok
[INFO] [stdout] test local::tests::drop_resolves_an_unreported_outcome_as_failed ... ok
[INFO] [stdout] test local::tests::cancelled_requester_does_not_pin_the_upstream_subscription ... ok
[INFO] [stdout] test local::tests::dropping_a_failed_sender_preserves_the_reported_reason ... ok
[INFO] [stdout] test local::tests::get_or_request_track_returns_none_without_track_or_namespace_source ... ok
[INFO] [stdout] test local::tests::dropping_a_resolved_sender_does_not_overwrite_the_outcome ... ok
[INFO] [stdout] test local::tests::idle_cached_track_is_evicted_and_lease_released ... ok
[INFO] [stdout] test local::tests::list_tracks_matching_excludes_pull_through_cache_entries ... ok
[INFO] [stdout] test local::tests::list_tracks_matching_keeps_unscoped_and_scoped_separate ... ok
[INFO] [stdout] test local::tests::outcome_is_recorded_after_the_last_receiver_is_gone ... ok
[INFO] [stdout] test local::tests::list_namespaces_matching_keeps_unscoped_and_scoped_separate ... ok
[INFO] [stdout] test local::tests::list_namespaces_matching_filters_by_prefix_and_scope ... ok
[INFO] [stdout] test local::tests::register_track_makes_exact_track_retrievable_until_drop ... ok
[INFO] [stdout] test local::tests::remote_namespace_is_visible_but_not_a_track_route ... ok
[INFO] [stdout] test local::tests::list_tracks_matching_filters_by_namespace_prefix_and_scope ... ok
[INFO] [stdout] test local::tests::published_track_has_no_upstream_gate ... ok
[INFO] [stdout] test local::tests::namespace_changes_reports_register_and_drop ... ok
[INFO] [stdout] test local::tests::namespace_changes_uses_none_for_unscoped ... ok
[INFO] [stdout] test local::tests::remote_namespace_scopes_stay_isolated ... ok
[INFO] [stdout] test local::tests::requests_stranded_in_the_queue_release_waiting_subscribers ... ok
[INFO] [stdout] test local::tests::stale_guard_does_not_block_eviction_of_a_replacement ... ok
[INFO] [stdout] test local::tests::remote_source_does_not_allow_duplicate_local_registration ... ok
[INFO] [stdout] test local::tests::track_changes_reports_register_and_drop ... ok
[INFO] [stdout] test local::tests::upstream_gate_propagates_the_upstream_rejection ... ok
[INFO] [stdout] test local::tests::subscriber_returning_within_grace_period_reuses_the_entry ... ok
[INFO] [stdout] test auth::scope::tests::a_broken_config_is_cached_and_keeps_denying ... ok
[INFO] [stdout] test local::tests::zero_idle_timeout_disables_eviction ... ok
[INFO] [stdout] test producer::tests::announcements_are_authorized_per_namespace ... ok
[INFO] [stdout] test producer::tests::announcements_are_withheld_when_denied ... ok
[INFO] [stdout] test producer::tests::expected_serve_shutdown_accepts_direct_serve_errors ... ok
[INFO] [stdout] test producer::tests::expected_serve_shutdown_accepts_wrapped_session_errors ... ok
[INFO] [stdout] test producer::tests::fanout_authorizes_each_track_as_a_subscribe ... ok
[INFO] [stdout] test producer::tests::fanout_distinguishes_a_fault_from_a_denial ... ok
[INFO] [stdout] test producer::tests::fanout_permits_everything_when_no_policy_applies ... ok
[INFO] [stdout] test producer::tests::fanout_withholds_a_track_the_token_does_not_cover ... ok
[INFO] [stdout] test producer::tests::fetch_denied_with_subscribe_only_token ... ok
[INFO] [stdout] test producer::tests::fetch_authorized_with_fetch_grant ... ok
[INFO] [stdout] test producer::tests::fetch_denied_yields_no_existence_oracle ... ok
[INFO] [stdout] test producer::tests::fetch_hookfault_is_fail_closed ... ok
[INFO] [stdout] test producer::tests::fetch_permits_everything_when_no_policy_applies ... ok
[INFO] [stdout] test producer::tests::actual_session_run_exit_cancels_existing_and_late_fetches ... ok
[INFO] [stdout] test producer::tests::failed_established_subscribe_retires_joining_association ... ok
[INFO] [stdout] test producer::tests::natural_subscribe_completion_retires_joining_association ... ok
[INFO] [stdout] test producer::tests::immediate_unsubscribe_before_subscribe_serve_is_benign ... ok
[INFO] [stdout] test producer::tests::public_api_issues_relative_and_absolute_joining_fetches ... ok
[INFO] [stdout] test producer::tests::remote_fetch_lookups_keep_scopes_isolated ... ok
[INFO] [stdout] test producer::tests::public_fetch_api_supports_both_success_orderings_and_rejection ... ok
[INFO] [stdout] test producer::tests::publish_association_is_joinable_only_after_publish_ok ... ok
[INFO] [stdout] test relay::tests::a_named_scope_is_preserved ... ok
[INFO] [stdout] test relay::tests::an_empty_scope_id_is_normalized_to_unscoped ... ok
[INFO] [stdout] test relay::tests::an_unscoped_session_stays_unscoped ... ok
[INFO] [stdout] test producer::tests::joining_fetch_with_non_largest_filter_closes_session ... ok
[INFO] [stdout] test relay::tests::internal_session_without_token_on_enforced_scope_is_admitted_and_authorizes_requests ... ok
[INFO] [stdout] test relay::tests::normalization_agrees_with_the_locals_bucket ... ok
[INFO] [stdout] test relay::tests::public_session_without_token_on_enforced_scope_is_denied ... ok
[INFO] [stdout] test producer::tests::two_relay_joining_fetch_is_normalized_and_cache_free ... ok
[INFO] [stdout] test remote::tests::dead_connection_is_replaced_on_next_fetch ... ok
[INFO] [stdout] test remote::tests::evict_when_idle_clears_the_slot_once_unwatched ... ok
[INFO] [stdout] test remote::tests::evict_when_idle_is_disabled_by_a_zero_timeout ... ok
[INFO] [stdout] test remote::tests::evict_when_idle_leaves_a_replacement_generation_alone ... ok
[INFO] [stdout] test remote::tests::evict_when_idle_waits_for_the_last_subscriber ... ok
[INFO] [stdout] test remote::tests::failed_connection_removes_empty_remote_slot ... ok
[INFO] [stdout] test remote::tests::new_uses_default_session_config ... ok
[INFO] [stdout] test remote::tests::new_with_session_config_stores_custom_config ... ok
[INFO] [stdout] test remote::tests::publish_namespace_without_clients_errors ... ok
[INFO] [stdout] test relay::tests::malformed_setup_tokens_are_rejected_on_both_interfaces ... ok
[INFO] [stdout] test remote::tests::remote_endpoint_context_is_internal ... ok
[INFO] [stdout] test remote::tests::direct_addresses_create_distinct_remote_connections ... ok
[INFO] [stdout] test remote::tests::subscribe_namespace_without_clients_errors ... ok
[INFO] [stdout] test session::tests::connection_meta_new_sets_fields ... ok
[INFO] [stdout] test session::tests::connection_tagger_classifies_by_local_ip ... ok
[INFO] [stdout] test session::tests::connection_tagger_classifies_by_server_name ... ok
[INFO] [stdout] test session::tests::connection_tags_default_interface_is_public ... ok
[INFO] [stdout] test session::tests::connection_tags_unknown_interface_value_falls_back_to_public ... ok
[INFO] [stdout] test session::tests::connection_tags_store_and_retrieve_arbitrary_keys ... ok
[INFO] [stdout] test session::tests::connection_tags_with_interface_roundtrips ... ok
[INFO] [stdout] test session::tests::coordinator_context_forwards_interface_and_peer ... ok
[INFO] [stdout] test session::tests::relay_uid_extracts_first_path_segment ... ok
[INFO] [stdout] test session::tests::relay_uid_hides_non_path_scopes ... ok
[INFO] [stdout] test session::tests::session_context_from_tags_populates_peer_for_internal ... ok
[INFO] [stdout] test session::tests::session_context_internal_carries_peer ... ok
[INFO] [stdout] test session::tests::session_context_public_has_no_peer_or_coordinator_source ... ok
[INFO] [stdout] test remote::tests::repeated_fetch_reuses_connection_after_request_error ... ok
[INFO] [stdout] test session::tests::session_span_does_not_inherit_the_current_session ... ok
[INFO] [stdout] test session::tests::session_span_fields_survive_target_specific_filters ... ok
[INFO] [stdout] test session::tests::session_span_fields_reach_a_record_that_names_none_of_them ... ok
[INFO] [stdout] test session::tests::session_span_never_formats_scope_or_relay_url_secrets ... ok
[INFO] [stdout] test session::tests::session_span_relay_uid_strips_jwt_segment ... ok
[INFO] [stdout] test session::tests::session_span_fields_survive_warn_and_error_filters ... ok
[INFO] [stdout] test upstream_namespaces::tests::backoff_doubles_and_saturates_at_max ... ok
[INFO] [stdout] test upstream_namespaces::tests::duplicate_leases_share_automatic_ownership ... ok
[INFO] [stdout] test upstream_namespaces::tests::only_pre_subscription_failures_are_retried ... ok
[INFO] [stdout] test session::tests::session_span_uses_enabled_filter_level_for_metadata ... ok
[INFO] [stdout] test upstream_namespaces::tests::recreated_interest_uses_a_new_generation ... ok
[INFO] [stdout] test upstream_namespaces::tests::relay_downgrade_starts_all_non_overlapping_roots_together ... ok
[INFO] [stdout] test upstream_namespaces::tests::relay_upgrades_progress_independently ... ok
[INFO] [stdout] test producer::tests::two_relay_fetch_is_fresh_and_cache_free ... ok
[INFO] [stdout] test local::tests::concurrent_get_or_request_track_deduplicates_request ... ok
[INFO] [stdout] test local::tests::get_or_request_track_uses_longest_namespace_prefix ... ok
[INFO] [stdout] test local::tests::get_or_request_track_uses_namespace_source_and_caches_reader ... ok
[INFO] [stdout] test local::tests::upstream_gate_waits_for_the_requester ... ok
[INFO] [stdout] test local::tests::upstream_gate_is_shared_by_concurrent_subscribers ... ok
[INFO] [stdout] test producer::tests::local_namespace_fetch_passthrough_is_fresh_and_bidirectional ... ok
[INFO] [stdout] test local::tests::local_then_remote_emits_only_union_transitions ... ok
[INFO] [stdout] test local::tests::remote_then_local_keeps_local_route_until_last_drop ... ok
[INFO] [stdout] test local::tests::multiple_remote_sources_remove_on_last_drop ... ok
[INFO] [stdout] test producer::tests::cancelled_pending_joining_fetch_creates_no_upstream_request ... ok
[INFO] [stdout] test producer::tests::local_joining_fetch_handoff_is_contiguous_and_non_overlapping ... ok
[INFO] [stdout] test local::tests::concurrent_get_or_request_track_multi_thread_never_returns_spurious_none ... ok
[INFO] [stdout] 
[INFO] [stdout] test result: ok. 218 passed; 0 failed; 0 ignored; 0 measured; 0 filtered out; finished in 3.30s
[INFO] [stdout] 
[INFO] [stderr]      Running unittests src/bin/moq-relay-ietf/main.rs (/opt/rustwide/target/release/build/moq-relay-ietf/5458f60f3d91cf14/out/moq_relay_ietf-5458f60f3d91cf14)
[INFO] [stdout] 
[INFO] [stdout] running 49 tests
[INFO] [stdout] test api_coordinator::tests::scope_config_turns_off_cached_policy_reuse ... ok
[INFO] [stdout] test api_coordinator::tests::test_config_new ... ok
[INFO] [stdout] test file_coordinator::tests::scope_config_turns_off_cached_policy_reuse ... ok
[INFO] [stdout] test scope_config::tests::a_missing_file_fails_at_startup ... ok
[INFO] [stdout] test scope_config::tests::a_long_ttl_is_accepted ... ok
[INFO] [stdout] test api_coordinator::tests::test_config_with_ttl ... ok
[INFO] [stdout] test scope_config::tests::a_missing_pem_file_is_rejected ... ok
[INFO] [stdout] test scope_config::tests::an_empty_auth_object_is_rejected_but_an_empty_scope_entry_opts_out ... ok
[INFO] [stdout] test scope_config::tests::a_private_key_pem_file_is_rejected ... ok
[INFO] [stdout] test scope_config::tests::a_wrong_type_does_not_echo_the_value ... ok
[INFO] [stdout] test scope_config::tests::an_empty_object_configures_nothing ... ok
[INFO] [stdout] test file_coordinator::tests::lookup_namespace_subscribers_finds_matching_prefixes ... ok
[INFO] [stdout] test scope_config::tests::coordinator_errors_do_not_leak_key_material ... ok
[INFO] [stdout] test scope_config::tests::exact_scope_beats_default ... ok
[INFO] [stdout] test file_coordinator::tests::lookup_namespace_subscribers_excludes_caller ... ok
[INFO] [stdout] test scope_config::tests::editing_a_pem_file_is_picked_up ... ok
[INFO] [stdout] test scope_config::tests::no_flag_means_no_policy ... ok
[INFO] [stdout] test scope_config::tests::one_bad_scope_fails_the_whole_file ... ok
[INFO] [stdout] test scope_config::tests::optional_fields_take_library_defaults ... ok
[INFO] [stdout] test scope_config::tests::parses_a_full_config ... ok
[INFO] [stdout] test scope_config::tests::rejects_a_non_public_key_pem ... ok
[INFO] [stdout] test scope_config::tests::pem_file_is_resolved_relative_to_the_config ... ok
[INFO] [stdout] test scope_config::tests::rejects_a_private_key_without_echoing_it ... ok
[INFO] [stdout] test scope_config::tests::rejects_an_empty_key_list ... ok
[INFO] [stdout] test scope_config::tests::rejects_empty_issuer_or_audience_strings ... ok
[INFO] [stdout] test scope_config::tests::rejects_duplicate_and_empty_kids ... ok
[INFO] [stdout] test scope_config::tests::rejects_malformed_json ... ok
[INFO] [stdout] test scope_config::tests::rejects_scope_keys_the_relay_would_never_look_up ... ok
[INFO] [stdout] test scope_config::tests::rejects_unknown_fields ... ok
[INFO] [stdout] test scope_config::tests::rejects_unsupported_algorithms ... ok
[INFO] [stdout] test scope_config::tests::rejects_too_many_keys ... ok
[INFO] [stdout] test scope_config::tests::requires_exactly_one_key_source ... ok
[INFO] [stdout] test scope_config::tests::without_a_default_unlisted_scopes_have_no_policy ... ok
[INFO] [stdout] test scope_config::tests::the_flag_without_auth_cat_is_a_startup_error ... ok
[INFO] [stdout] test tests::max_request_id_flag_overrides_default ... ok
[INFO] [stdout] test file_coordinator::tests::lookup_track_falls_back_to_namespace ... ok
[INFO] [stdout] test file_coordinator::tests::lookup_namespace_subscribers_excludes_source ... ok
[INFO] [stdout] test file_coordinator::tests::lookup_track_finds_registered_track ... ok
[INFO] [stdout] test scope_config::tests::lookups_within_the_interval_reuse_the_last_check ... FAILED
[INFO] [stdout] test file_coordinator::tests::namespace_subscription_drop_unregisters_with_refcount ... ok
[INFO] [stdout] test file_coordinator::tests::lookup_track_distinguishes_separator_text_in_namespace_and_track ... ok
[INFO] [stdout] test scope_config::tests::edits_are_picked_up_without_a_restart ... ok
[INFO] [stdout] test file_coordinator::tests::lookup_namespace_subscribers_keeps_scopes_isolated ... ok
[INFO] [stdout] test file_coordinator::tests::internal_subscribe_namespace_returns_no_upstream_relays ... ok
[INFO] [stdout] test file_coordinator::tests::subscribe_namespace_empty_prefix_matches_all_namespaces ... ok
[INFO] [stdout] test file_coordinator::tests::subscribe_namespace_matches_tuple_fields_not_slash_strings ... ok
[INFO] [stdout] test scope_config::tests::breakage_after_startup_fails_closed_and_recovers ... ok
[INFO] [stdout] test file_coordinator::tests::subscribe_namespace_keeps_scopes_isolated ... ok
[INFO] [stdout] test file_coordinator::tests::subscribe_namespace_returns_hosting_relays_for_matching_prefix ... ok
[INFO] [stdout] 
[INFO] [stdout] failures:
[INFO] [stdout] 
[INFO] [stdout] ---- scope_config::tests::lookups_within_the_interval_reuse_the_last_check stdout ----
[INFO] [stdout] 
[INFO] [stdout] thread 'scope_config::tests::lookups_within_the_interval_reuse_the_last_check' (5833) panicked at src/bin/moq-relay-ietf/scope_config.rs:1187:13:
[INFO] [stdout] inside the interval the previous result is reused
[INFO] [stdout] stack backtrace:
[INFO] [stdout]    0:     0x60f6cd2c8cb1 - <<std[617be2ca0a6fd877]::sys::backtrace::BacktraceLock>::print::DisplayBacktrace as core[a373ad73a504971]::fmt::Display>::fmt
[INFO] [stdout]    1:     0x60f6cd2e021a - core[a373ad73a504971]::fmt::write
[INFO] [stdout]    2:     0x60f6cd2cdccc - <alloc[2e1b2a31b91974c5]::vec::Vec<u8> as core[a373ad73a504971]::io::write::Write>::write_fmt
[INFO] [stdout]    3:     0x60f6cd2a2796 - std[617be2ca0a6fd877]::panicking::default_hook::{closure#0}
[INFO] [stdout]    4:     0x60f6cd2c0309 - std[617be2ca0a6fd877]::panicking::default_hook
[INFO] [stdout]    5:     0x60f6cd100500 - test[aada8e7e76ba119b]::test_main_inner::{closure#0}
[INFO] [stdout]    6:     0x60f6cd2c0632 - std[617be2ca0a6fd877]::panicking::panic_with_hook
[INFO] [stdout]    7:     0x60f6cd2a2874 - std[617be2ca0a6fd877]::panicking::panic_handler::{closure#0}
[INFO] [stdout]    8:     0x60f6cd29adc9 - std[617be2ca0a6fd877]::sys::backtrace::__rust_end_short_backtrace::<std[617be2ca0a6fd877]::panicking::panic_handler::{closure#0}, !>
[INFO] [stdout]    9:     0x60f6cd2a374d - __rustc[ea4f61d10b84890b]::rust_begin_unwind
[INFO] [stdout]   10:     0x60f6cd2e097c - core[a373ad73a504971]::panicking::panic_fmt
[INFO] [stdout]   11:     0x60f6cd06fb2e - moq_relay_ietf[e27a5f62d557d180]::scope_config::tests::lookups_within_the_interval_reuse_the_last_check::{closure#0}
[INFO] [stdout]   12:     0x60f6cd0d2a23 - <tokio[e4a05c2336b8e7b0]::runtime::scheduler::current_thread::Context>::enter::<core[a373ad73a504971]::task::poll::Poll<()>, <tokio[e4a05c2336b8e7b0]::runtime::scheduler::current_thread::CoreGuard>::block_on<core[a373ad73a504971]::pin::Pin<&mut core[a373ad73a504971]::pin::Pin<&mut dyn core[a373ad73a504971]::future::future::Future<Output = ()>>>>::{closure#0}::{closure#0}>
[INFO] [stdout]   13:     0x60f6cd0eb3cc - <tokio[e4a05c2336b8e7b0]::runtime::context::scoped::Scoped<tokio[e4a05c2336b8e7b0]::runtime::scheduler::Context>>::set::<<tokio[e4a05c2336b8e7b0]::runtime::scheduler::current_thread::CoreGuard>::enter<<tokio[e4a05c2336b8e7b0]::runtime::scheduler::current_thread::CoreGuard>::block_on<core[a373ad73a504971]::pin::Pin<&mut core[a373ad73a504971]::pin::Pin<&mut dyn core[a373ad73a504971]::future::future::Future<Output = ()>>>>::{closure#0}, core[a373ad73a504971]::option::Option<()>>::{closure#0}, (alloc[2e1b2a31b91974c5]::boxed::Box<tokio[e4a05c2336b8e7b0]::runtime::scheduler::current_thread::Core>, core[a373ad73a504971]::option::Option<()>)>
[INFO] [stdout]   14:     0x60f6cd0d2d77 - <tokio[e4a05c2336b8e7b0]::runtime::scheduler::current_thread::CoreGuard>::block_on::<core[a373ad73a504971]::pin::Pin<&mut core[a373ad73a504971]::pin::Pin<&mut dyn core[a373ad73a504971]::future::future::Future<Output = ()>>>>
[INFO] [stdout]   15:     0x60f6cd0bbaa7 - tokio[e4a05c2336b8e7b0]::runtime::context::runtime::enter_runtime::<<tokio[e4a05c2336b8e7b0]::runtime::scheduler::current_thread::CurrentThread>::block_on<core[a373ad73a504971]::pin::Pin<&mut dyn core[a373ad73a504971]::future::future::Future<Output = ()>>>::{closure#0}, ()>
[INFO] [stdout]   16:     0x60f6cd0eb2a5 - <tokio[e4a05c2336b8e7b0]::runtime::runtime::Runtime>::block_on::<core[a373ad73a504971]::pin::Pin<&mut dyn core[a373ad73a504971]::future::future::Future<Output = ()>>>
[INFO] [stdout]   17:     0x60f6cd08223e - <moq_relay_ietf[e27a5f62d557d180]::scope_config::tests::lookups_within_the_interval_reuse_the_last_check::{closure#0} as core[a373ad73a504971]::ops::function::FnOnce<()>>::call_once
[INFO] [stdout]   18:     0x60f6cd0f394b - test[aada8e7e76ba119b]::__rust_begin_short_backtrace::<core[a373ad73a504971]::result::Result<(), alloc[2e1b2a31b91974c5]::string::String>, fn() -> core[a373ad73a504971]::result::Result<(), alloc[2e1b2a31b91974c5]::string::String>>
[INFO] [stdout]   19:     0x60f6cd100b25 - test[aada8e7e76ba119b]::run_test::{closure#0}
[INFO] [stdout]   20:     0x60f6cd0fa414 - std[617be2ca0a6fd877]::sys::backtrace::__rust_begin_short_backtrace::<test[aada8e7e76ba119b]::run_test::{closure#1}, ()>
[INFO] [stdout]   21:     0x60f6cd103bb2 - <std[617be2ca0a6fd877]::thread::lifecycle::spawn_unchecked<test[aada8e7e76ba119b]::run_test::{closure#1}, ()>::{closure#1} as core[a373ad73a504971]::ops::function::FnOnce<()>>::call_once::{shim:vtable#0}
[INFO] [stdout]   22:     0x60f6cd2c7f7f - <std[617be2ca0a6fd877]::sys::thread::unix::Thread>::new::thread_start
[INFO] [stdout]   23:     0x7f7049642dfa - <unknown>
[INFO] [stdout]   24:     0x7f70496d63d4 - clone
[INFO] [stdout]   25:                0x0 - <unknown>
[INFO] [stdout] 
[INFO] [stdout] 
[INFO] [stdout] failures:
[INFO] [stdout]     scope_config::tests::lookups_within_the_interval_reuse_the_last_check
[INFO] [stdout] 
[INFO] [stdout] test result: FAILED. 48 passed; 1 failed; 0 ignored; 0 measured; 0 filtered out; finished in 1.87s
[INFO] [stdout] 
[INFO] [stderr] error: test failed, to rerun pass `--bin moq-relay-ietf`
[INFO] running `Command { std: "docker" "inspect" "0e261f1b90d2d7d81c1b85ec3ced2130bf00b83a2c26a755b39f95eff1c6fc13", kill_on_drop: false }`
[INFO] running `Command { std: "docker" "rm" "-f" "0e261f1b90d2d7d81c1b85ec3ced2130bf00b83a2c26a755b39f95eff1c6fc13", kill_on_drop: false }`
[INFO] [stdout] 0e261f1b90d2d7d81c1b85ec3ced2130bf00b83a2c26a755b39f95eff1c6fc13
