[INFO] fetching crate mirror-cache 0.1.0...
[INFO] testing mirror-cache-0.1.0 against 1.99.0-beta.8+cargoflags=--release for beta-release-1.100-2
[INFO] extracting crate mirror-cache 0.1.0 into /workspace/builds/worker-5-tc1/source
[INFO] started tweaking crates.io crate mirror-cache 0.1.0
[INFO] finished tweaking crates.io crate mirror-cache 0.1.0
[INFO] tweaked toml for crates.io crate mirror-cache 0.1.0 written to /workspace/builds/worker-5-tc1/source/Cargo.toml
[INFO] validating manifest of crates.io crate mirror-cache 0.1.0 on toolchain 1.99.0-beta.8
[INFO] running `Command { std: CARGO_HOME="/workspace/cargo-home" RUSTUP_HOME="/workspace/rustup-home" "/workspace/cargo-home/bin/cargo" "+1.99.0-beta.8" "metadata" "--manifest-path" "Cargo.toml" "--no-deps", kill_on_drop: false }`
[INFO] crate crates.io crate mirror-cache 0.1.0 already has a lockfile, it will not be regenerated
[INFO] running `Command { std: CARGO_HOME="/workspace/cargo-home" RUSTUP_HOME="/workspace/rustup-home" "/workspace/cargo-home/bin/cargo" "+1.99.0-beta.8" "fetch" "--manifest-path" "Cargo.toml", kill_on_drop: false }`
[INFO] [stderr]     Updating crates.io index
[INFO] [stderr]  Downloading crates ...
[INFO] [stderr]   Downloaded warp v0.3.1
[INFO] [stderr]   Downloaded tower-service v0.3.1
[INFO] [stderr]   Downloaded instant v0.1.10
[INFO] [stderr]   Downloaded futures-core v0.3.16
[INFO] [stderr]   Downloaded percent-encoding v2.1.0
[INFO] [stderr]   Downloaded matches v0.1.8
[INFO] [stderr]   Downloaded tracing v0.1.26
[INFO] [stderr]   Downloaded redox_syscall v0.2.9
[INFO] [stderr]   Downloaded lock_api v0.4.4
[INFO] [stderr]   Downloaded futures-sink v0.3.16
[INFO] [stderr]   Downloaded tokio-macros v1.3.0
[INFO] [stderr]   Downloaded sha-1 v0.9.7
[INFO] [stderr]   Downloaded version_check v0.9.3
[INFO] [stderr]   Downloaded cpufeatures v0.1.5
[INFO] [stderr]   Downloaded rand_hc v0.3.1
[INFO] [stderr]   Downloaded input_buffer v0.4.0
[INFO] [stderr]   Downloaded scoped-tls v1.0.0
[INFO] [stderr]   Downloaded hmac v0.11.0
[INFO] [stderr]   Downloaded schannel v0.1.19
[INFO] [stderr]   Downloaded http-body v0.4.2
[INFO] [stderr]   Downloaded parking_lot_core v0.8.3
[INFO] [stderr]   Downloaded once_cell v1.8.0
[INFO] [stderr]   Downloaded form_urlencoded v1.0.1
[INFO] [stderr]   Downloaded futures-macro v0.3.16
[INFO] [stderr]   Downloaded httpdate v1.0.1
[INFO] [stderr]   Downloaded cpufeatures v0.2.1
[INFO] [stderr]   Downloaded redox_users v0.4.0
[INFO] [stderr]   Downloaded tracing-core v0.1.18
[INFO] [stderr]   Downloaded slab v0.4.3
[INFO] [stderr]   Downloaded futures-task v0.3.16
[INFO] [stderr]   Downloaded safemem v0.3.3
[INFO] [stderr]   Downloaded memoffset v0.6.4
[INFO] [stderr]   Downloaded mime v0.3.16
[INFO] [stderr]   Downloaded futures-io v0.3.16
[INFO] [stderr]   Downloaded zeroize v1.4.2
[INFO] [stderr]   Downloaded core-foundation-sys v0.8.2
[INFO] [stderr]   Downloaded core-foundation v0.9.1
[INFO] [stderr]   Downloaded proc-macro-nested v0.1.7
[INFO] [stderr]   Downloaded serde_urlencoded v0.7.0
[INFO] [stderr]   Downloaded rusoto_signature v0.47.0
[INFO] [stderr]   Downloaded shlex v1.1.0
[INFO] [stderr]   Downloaded md-5 v0.9.1
[INFO] [stderr]   Downloaded rand_core v0.6.3
[INFO] [stderr]   Downloaded byteorder v1.4.3
[INFO] [stderr]   Downloaded futures-channel v0.3.16
[INFO] [stderr]   Downloaded twoway v0.1.8
[INFO] [stderr]   Downloaded tempfile v3.2.0
[INFO] [stderr]   Downloaded thiserror-impl v1.0.26
[INFO] [stderr]   Downloaded rusoto_core v0.47.0
[INFO] [stderr]   Downloaded semver v1.0.4
[INFO] [stderr]   Downloaded async-trait v0.1.51
[INFO] [stderr]   Downloaded crypto-mac v0.11.1
[INFO] [stderr]   Downloaded native-tls v0.2.7
[INFO] [stderr]   Downloaded security-framework-sys v2.3.0
[INFO] [stderr]   Downloaded quote v1.0.9
[INFO] [stderr]   Downloaded smallvec v1.6.1
[INFO] [stderr]   Downloaded httparse v1.4.1
[INFO] [stderr]   Downloaded pin-project-internal v1.0.8
[INFO] [stderr]   Downloaded mime_guess v2.0.3
[INFO] [stderr]   Downloaded buf_redux v0.8.4
[INFO] [stderr]   Downloaded futures-executor v0.3.16
[INFO] [stderr]   Downloaded thiserror v1.0.26
[INFO] [stderr]   Downloaded sha2 v0.9.8
[INFO] [stderr]   Downloaded rusoto_credential v0.47.0
[INFO] [stderr]   Downloaded openssl-sys v0.9.65
[INFO] [stderr]   Downloaded tokio-tungstenite v0.13.0
[INFO] [stderr]   Downloaded typenum v1.13.0
[INFO] [stderr]   Downloaded tokio-stream v0.1.7
[INFO] [stderr]   Downloaded ahash v0.7.4
[INFO] [stderr]   Downloaded crossbeam-utils v0.8.5
[INFO] [stderr]   Downloaded crossbeam-epoch v0.9.5
[INFO] [stderr]   Downloaded crc32fast v1.2.1
[INFO] [stderr]   Downloaded wasm-bindgen-macro v0.2.75
[INFO] [stderr]   Downloaded wasm-bindgen-macro-support v0.2.75
[INFO] [stderr]   Downloaded wasm-bindgen-shared v0.2.75
[INFO] [stderr]   Downloaded sha1 v0.6.0
[INFO] [stderr]   Downloaded kqueue v1.0.4
[INFO] [stderr]   Downloaded tokio-util v0.6.7
[INFO] [stderr]   Downloaded proc-macro2 v1.0.28
[INFO] [stderr]   Downloaded parking_lot v0.11.1
[INFO] [stderr]   Downloaded bytes v1.0.1
[INFO] [stderr]   Downloaded url v2.2.2
[INFO] [stderr]   Downloaded unicode-bidi v0.3.5
[INFO] [stderr]   Downloaded serde_derive v1.0.127
[INFO] [stderr]   Downloaded socket2 v0.4.1
[INFO] [stderr]   Downloaded indexmap v1.7.0
[INFO] [stderr]   Downloaded futures v0.3.16
[INFO] [stderr]   Downloaded xml-rs v0.8.4
[INFO] [stderr]   Downloaded pkg-config v0.3.19
[INFO] [stderr]   Downloaded crossbeam v0.7.3
[INFO] [stderr]   Downloaded mio v0.7.13
[INFO] [stderr]   Downloaded memchr v2.4.0
[INFO] [stderr]   Downloaded tungstenite v0.12.0
[INFO] [stderr]   Downloaded tinyvec v1.3.1
[INFO] [stderr]   Downloaded base64 v0.13.0
[INFO] [stderr]   Downloaded pin-project v1.0.8
[INFO] [stderr]   Downloaded serde v1.0.127
[INFO] [stderr]   Downloaded multipart v0.17.1
[INFO] [stderr]   Downloaded rand v0.8.4
[INFO] [stderr]   Downloaded headers v0.3.4
[INFO] [stderr]   Downloaded unicode-normalization v0.1.19
[INFO] [stderr]   Downloaded http v0.2.4
[INFO] [stderr]   Downloaded serde_json v1.0.66
[INFO] [stderr]   Downloaded sketches-ddsketch v0.1.2
[INFO] [stderr]   Downloaded ordered-float v2.7.0
[INFO] [stderr]   Downloaded openssl-probe v0.1.4
[INFO] [stderr]   Downloaded futures-util v0.3.16
[INFO] [stderr]   Downloaded hyper v0.14.11
[INFO] [stderr]   Downloaded h2 v0.3.3
[INFO] [stderr]   Downloaded rusoto_s3 v0.47.0
[INFO] [stderr]   Downloaded pretty_env_logger v0.4.0
[INFO] [stderr]   Downloaded filetime v0.2.15
[INFO] [stderr]   Downloaded ctor v0.1.20
[INFO] [stderr]   Downloaded metrics-macros v0.4.0
[INFO] [stderr]   Downloaded syn v1.0.74
[INFO] [stderr]   Downloaded idna v0.2.3
[INFO] [stderr]   Downloaded fsevent-sys v4.0.0
[INFO] [stderr]   Downloaded tokio v1.11.0
[INFO] [stderr]   Downloaded sled v0.34.6
[INFO] [stderr]   Downloaded wasm-bindgen-futures v0.4.25
[INFO] [stderr]   Downloaded kqueue-sys v1.0.3
[INFO] [stderr]   Downloaded bytefmt v0.1.7
[INFO] [stderr]   Downloaded libc v0.2.102
[INFO] [stderr]   Downloaded atomic-shim v0.1.0
[INFO] [stderr]   Downloaded inotify v0.9.3
[INFO] [stderr]   Downloaded dashmap v4.0.2
[INFO] [stderr]   Downloaded mach v0.3.2
[INFO] [stderr]   Downloaded winreg v0.7.0
[INFO] [stderr]   Downloaded metrics v0.17.0
[INFO] [stderr]   Downloaded wasm-bindgen-backend v0.2.75
[INFO] [stderr]   Downloaded ipnet v2.3.1
[INFO] [stderr]   Downloaded quanta v0.7.2
[INFO] [stderr]   Downloaded metrics-exporter-prometheus v0.6.0
[INFO] [stderr]   Downloaded metrics-util v0.10.0
[INFO] [stderr]   Downloaded raw-cpuid v9.1.1
[INFO] [stderr]   Downloaded notify v5.0.0-pre.12
[INFO] [stderr]   Downloaded cc v1.0.69
[INFO] [stderr]   Downloaded js-sys v0.3.52
[INFO] [stderr]   Downloaded crossbeam-channel v0.4.4
[INFO] [stderr]   Downloaded crossbeam-channel v0.5.1
[INFO] [stderr]   Downloaded combine v4.6.0
[INFO] [stderr]   Downloaded reqwest v0.11.4
[INFO] [stderr]   Downloaded bumpalo v3.7.0
[INFO] [stderr]   Downloaded redis v0.21.0
[INFO] [stderr]   Downloaded wasm-bindgen v0.2.75
[INFO] [stderr]   Downloaded openssl v0.10.35
[INFO] [stderr]   Downloaded clap v2.33.3
[INFO] [stderr]   Downloaded web-sys v0.3.52
[INFO] [stderr]   Downloaded encoding_rs v0.8.28
[INFO] running `Command { std: "docker" "create" "-v" "/var/lib/crater-agent-workspace/builds/worker-5-tc1/source:/opt/rustwide/workdir:ro,Z" "-v" "/var/lib/crater-agent-workspace/builds/worker-5-tc1/target:/opt/rustwide/target:rw,Z" "-v" "/var/lib/crater-agent-workspace/cargo-home:/opt/rustwide/cargo-home:ro,Z" "-v" "/var/lib/crater-agent-workspace/rustup-home:/opt/rustwide/rustup-home:ro,Z" "-m" "1610612736" "--network" "none" "ghcr.io/rust-lang/crates-build-env/linux@sha256:77db811e55d90add9212f6832c23229e3de5f1c1f9905e8cb07319ea15df73ac" "sleep" "infinity", kill_on_drop: false }`
[INFO] [stdout] 2d983aa47e54f2adacdb06bab829300fed8e6721fd9e401c2154f93402e394c7
[INFO] running `Command { std: "docker" "start" "2d983aa47e54f2adacdb06bab829300fed8e6721fd9e401c2154f93402e394c7", kill_on_drop: false }`
[INFO] running `Command { std: "docker" "inspect" "2d983aa47e54f2adacdb06bab829300fed8e6721fd9e401c2154f93402e394c7", kill_on_drop: false }`
[INFO] running `Command { std: "docker" "exec" "-e" "SOURCE_DIR=/opt/rustwide/workdir" "-e" "CARGO_HOME=/opt/rustwide/cargo-home" "-e" "RUSTUP_HOME=/opt/rustwide/rustup-home" "-e" "CARGO_TARGET_DIR=/opt/rustwide/target" "-w" "/opt/rustwide/workdir" "--user" "0:0" "2d983aa47e54f2adacdb06bab829300fed8e6721fd9e401c2154f93402e394c7" "/opt/rustwide/cargo-home/bin/cargo" "+1.99.0-beta.8" "metadata" "--no-deps" "--format-version=1", kill_on_drop: false }`
[INFO] running `Command { std: "docker" "inspect" "2d983aa47e54f2adacdb06bab829300fed8e6721fd9e401c2154f93402e394c7", kill_on_drop: false }`
[INFO] running `Command { std: "docker" "exec" "-e" "SOURCE_DIR=/opt/rustwide/workdir" "-e" "CARGO_HOME=/opt/rustwide/cargo-home" "-e" "RUSTUP_HOME=/opt/rustwide/rustup-home" "-e" "CARGO_TARGET_DIR=/opt/rustwide/target" "-e" "CARGO_INCREMENTAL=0" "-e" "RUST_BACKTRACE=full" "-e" "RUSTFLAGS=--cap-lints=warn" "-e" "RUSTDOCFLAGS=--cap-lints=warn" "-w" "/opt/rustwide/workdir" "--user" "0:0" "2d983aa47e54f2adacdb06bab829300fed8e6721fd9e401c2154f93402e394c7" "/opt/rustwide/cargo-home/bin/cargo" "+1.99.0-beta.8" "build" "--frozen" "--message-format=json" "--release", kill_on_drop: false }`
[INFO] [stderr]    Compiling libc v0.2.102
[INFO] [stderr]    Compiling autocfg v1.0.1
[INFO] [stderr]    Compiling version_check v0.9.3
[INFO] [stderr]    Compiling proc-macro2 v1.0.28
[INFO] [stderr]    Compiling memchr v2.4.0
[INFO] [stderr]    Compiling unicode-xid v0.2.2
[INFO] [stderr]    Compiling syn v1.0.74
[INFO] [stderr]    Compiling log v0.4.14
[INFO] [stderr]    Compiling once_cell v1.8.0
[INFO] [stderr]    Compiling bytes v1.0.1
[INFO] [stderr]    Compiling smallvec v1.6.1
[INFO] [stderr]    Compiling proc-macro-hack v0.5.19
[INFO] [stderr]    Compiling scopeguard v1.1.0
[INFO] [stderr]    Compiling pin-project-lite v0.2.7
[INFO] [stderr]    Compiling instant v0.1.10
[INFO] [stderr]    Compiling futures-core v0.3.16
[INFO] [stderr]    Compiling bitflags v1.2.1
[INFO] [stderr]    Compiling itoa v0.4.7
[INFO] [stderr]    Compiling lock_api v0.4.4
[INFO] [stderr]    Compiling proc-macro-nested v0.1.7
[INFO] [stderr]    Compiling futures-channel v0.3.16
[INFO] [stderr]    Compiling futures-task v0.3.16
[INFO] [stderr]    Compiling futures-sink v0.3.16
[INFO] [stderr]    Compiling typenum v1.13.0
[INFO] [stderr]    Compiling slab v0.4.3
[INFO] [stderr]    Compiling futures-io v0.3.16
[INFO] [stderr]    Compiling futures-macro v0.3.16
[INFO] [stderr]    Compiling tokio v1.11.0
[INFO] [stderr]    Compiling futures-util v0.3.16
[INFO] [stderr]    Compiling num-traits v0.2.14
[INFO] [stderr]    Compiling serde_derive v1.0.127
[INFO] [stderr]    Compiling generic-array v0.14.4
[INFO] [stderr]    Compiling ahash v0.7.4
[INFO] [stderr]    Compiling httparse v1.4.1
[INFO] [stderr]    Compiling indexmap v1.7.0
[INFO] [stderr]    Compiling serde v1.0.127
[INFO] [stderr]    Compiling ryu v1.0.5
[INFO] [stderr]    Compiling cc v1.0.69
[INFO] [stderr]    Compiling pkg-config v0.3.19
[INFO] [stderr]    Compiling tracing-core v0.1.18
[INFO] [stderr]    Compiling percent-encoding v2.1.0
[INFO] [stderr]    Compiling matches v0.1.8
[INFO] [stderr]    Compiling opaque-debug v0.3.0
[INFO] [stderr]    Compiling try-lock v0.2.3
[INFO] [stderr]    Compiling unicase v2.6.0
[INFO] [stderr]    Compiling getrandom v0.2.3
[INFO] [stderr]    Compiling parking_lot_core v0.8.3
[INFO] [stderr]    Compiling num_cpus v1.13.0
[INFO] [stderr]    Compiling mio v0.7.13
[INFO] [stderr]    Compiling signal-hook-registry v1.4.0
[INFO] [stderr]    Compiling socket2 v0.4.1
[INFO] [stderr]    Compiling quote v1.0.9
[INFO] [stderr]    Compiling parking_lot v0.11.1
[INFO] [stderr]    Compiling http v0.2.4
[INFO] [stderr]    Compiling want v0.3.0
[INFO] [stderr]    Compiling hashbrown v0.11.2
[INFO] [stderr]    Compiling ppv-lite86 v0.2.10
[INFO] [stderr]    Compiling tracing v0.1.26
[INFO] [stderr]    Compiling tower-service v0.3.1
[INFO] [stderr]    Compiling tinyvec_macros v0.1.0
[INFO] [stderr]    Compiling httpdate v1.0.1
[INFO] [stderr]    Compiling tinyvec v1.3.1
[INFO] [stderr]    Compiling aho-corasick v0.7.18
[INFO] [stderr]    Compiling base64 v0.13.0
[INFO] [stderr]    Compiling openssl v0.10.35
[INFO] [stderr]    Compiling serde_json v1.0.66
[INFO] [stderr]    Compiling crossbeam-utils v0.8.5
[INFO] [stderr]    Compiling rand_core v0.6.3
[INFO] [stderr]    Compiling time v0.1.43
[INFO] [stderr]    Compiling form_urlencoded v1.0.1
[INFO] [stderr]    Compiling unicode-bidi v0.3.5
[INFO] [stderr]    Compiling num-integer v0.1.44
[INFO] [stderr]    Compiling native-tls v0.2.7
[INFO] [stderr]    Compiling semver v1.0.4
[INFO] [stderr]    Compiling digest v0.9.0
[INFO] [stderr]    Compiling block-buffer v0.9.0
[INFO] [stderr]    Compiling async-trait v0.1.51
[INFO] [stderr]    Compiling openssl-sys v0.9.65
[INFO] [stderr]    Compiling memoffset v0.6.4
[INFO] [stderr]    Compiling openssl-probe v0.1.4
[INFO] [stderr]    Compiling rand_chacha v0.3.1
[INFO] [stderr]    Compiling regex-syntax v0.6.25
[INFO] [stderr]    Compiling getrandom v0.1.16
[INFO] [stderr]    Compiling dirs-sys-next v0.1.2
[INFO] [stderr]    Compiling crossbeam-epoch v0.9.5
[INFO] [stderr]    Compiling rand v0.8.4
[INFO] [stderr]    Compiling cpufeatures v0.1.5
[INFO] [stderr]    Compiling subtle v2.4.1
[INFO] [stderr]    Compiling byteorder v1.4.3
[INFO] [stderr]    Compiling mime v0.3.16
[INFO] [stderr]    Compiling crc32fast v1.2.1
[INFO] [stderr]    Compiling crypto-mac v0.11.1
[INFO] [stderr]    Compiling sha-1 v0.9.7
[INFO] [stderr]    Compiling rustc_version v0.4.0
[INFO] [stderr]    Compiling dirs-next v2.0.0
[INFO] [stderr]    Compiling rand_core v0.5.1
[INFO] [stderr]    Compiling mime_guess v2.0.3
[INFO] [stderr]    Compiling cpufeatures v0.2.1
[INFO] [stderr]    Compiling metrics v0.17.0
[INFO] [stderr]    Compiling unicode-normalization v0.1.19
[INFO] [stderr]    Compiling shlex v1.1.0
[INFO] [stderr]    Compiling lexical-core v0.7.6
[INFO] [stderr]    Compiling zeroize v1.4.2
[INFO] [stderr]    Compiling rusoto_core v0.47.0
[INFO] [stderr]    Compiling sha2 v0.9.8
[INFO] [stderr]    Compiling rand_chacha v0.2.2
[INFO] [stderr]    Compiling http-body v0.4.2
[INFO] [stderr]    Compiling hmac v0.11.0
[INFO] [stderr]    Compiling md-5 v0.9.1
[INFO] [stderr]    Compiling input_buffer v0.4.0
[INFO] [stderr]    Compiling atty v0.2.14
[INFO] [stderr]    Compiling nom v5.1.2
[INFO] [stderr]    Compiling raw-cpuid v9.1.1
[INFO] [stderr]    Compiling nibble_vec v0.1.0
[INFO] [stderr]    Compiling arrayvec v0.5.2
[INFO] [stderr]    Compiling remove_dir_all v0.5.3
[INFO] [stderr]    Compiling idna v0.2.3
[INFO] [stderr]    Compiling atomic-shim v0.1.0
[INFO] [stderr]    Compiling safemem v0.3.3
[INFO] [stderr]    Compiling encoding_rs v0.8.28
[INFO] [stderr]    Compiling utf-8 v0.7.6
[INFO] [stderr]    Compiling radix_trie v0.2.1
[INFO] [stderr]    Compiling buf_redux v0.8.4
[INFO] [stderr]    Compiling tempfile v3.2.0
[INFO] [stderr]    Compiling rand v0.7.3
[INFO] [stderr]    Compiling headers-core v0.2.0
[INFO] [stderr]    Compiling humantime v1.3.0
[INFO] [stderr]    Compiling ordered-float v2.7.0
[INFO] [stderr]    Compiling url v2.2.2
[INFO] [stderr]    Compiling regex v1.5.4
[INFO] [stderr]    Compiling quanta v0.7.2
[INFO] [stderr]    Compiling num-traits v0.1.43
[INFO] [stderr]    Compiling tungstenite v0.12.0
[INFO] [stderr]    Compiling twoway v0.1.8
[INFO] [stderr]    Compiling dashmap v4.0.2
[INFO] [stderr]    Compiling inotify-sys v0.1.5
[INFO] [stderr]    Compiling sketches-ddsketch v0.1.2
[INFO] [stderr]    Compiling xml-rs v0.8.4
[INFO] [stderr]    Compiling unicode-width v0.1.8
[INFO] [stderr]    Compiling linked-hash-map v0.5.4
[INFO] [stderr]    Compiling serde v0.8.23
[INFO] [stderr]    Compiling ipnet v2.3.1
[INFO] [stderr]    Compiling termcolor v1.1.2
[INFO] [stderr]    Compiling textwrap v0.11.0
[INFO] [stderr]    Compiling yaml-rust v0.4.5
[INFO] [stderr]    Compiling env_logger v0.7.1
[INFO] [stderr]    Compiling tokio-macros v1.3.0
[INFO] [stderr]    Compiling pin-project-internal v1.0.8
[INFO] [stderr]    Compiling metrics-macros v0.4.0
[INFO] [stderr]    Compiling thiserror-impl v1.0.26
[INFO] [stderr]    Compiling serde-hjson v0.9.1
[INFO] [stderr]    Compiling walkdir v2.3.2
[INFO] [stderr]    Compiling metrics-util v0.10.0
[INFO] [stderr]    Compiling inotify v0.9.3
[INFO] [stderr]    Compiling multipart v0.17.1
[INFO] [stderr]    Compiling pin-project v1.0.8
[INFO] [stderr]    Compiling headers v0.3.4
[INFO] [stderr]    Compiling fxhash v0.2.1
[INFO] [stderr]    Compiling crossbeam-channel v0.5.1
[INFO] [stderr]    Compiling fs2 v0.4.3
[INFO] [stderr]    Compiling filetime v0.2.15
[INFO] [stderr]    Compiling rust-ini v0.13.0
[INFO] [stderr]    Compiling thiserror v1.0.26
[INFO] [stderr]    Compiling vec_map v0.8.2
[INFO] [stderr]    Compiling dtoa v0.4.8
[INFO] [stderr]    Compiling strsim v0.8.0
[INFO] [stderr]    Compiling scoped-tls v1.0.0
[INFO] [stderr]    Compiling sha1 v0.6.0
[INFO] [stderr]    Compiling notify v5.0.0-pre.12
[INFO] [stderr]    Compiling clap v2.33.3
[INFO] [stderr]    Compiling sled v0.34.6
[INFO] [stderr]    Compiling pretty_env_logger v0.4.0
[INFO] [stderr]    Compiling bytefmt v0.1.7
[INFO] [stderr]    Compiling futures-executor v0.3.16
[INFO] [stderr]    Compiling futures v0.3.16
[INFO] [stderr]    Compiling tokio-util v0.6.7
[INFO] [stderr]    Compiling tokio-native-tls v0.3.0
[INFO] [stderr]    Compiling combine v4.6.0
[INFO] [stderr]    Compiling tokio-stream v0.1.7
[INFO] [stderr]    Compiling tokio-tungstenite v0.13.0
[INFO] [stderr]    Compiling h2 v0.3.3
[INFO] [stderr]    Compiling chrono v0.4.19
[INFO] [stderr]    Compiling serde_urlencoded v0.7.0
[INFO] [stderr]    Compiling toml v0.5.8
[INFO] [stderr]    Compiling config v0.11.0
[INFO] [stderr]    Compiling hyper v0.14.11
[INFO] [stderr]    Compiling redis v0.21.0
[INFO] [stderr]    Compiling hyper-tls v0.5.0
[INFO] [stderr]    Compiling rusoto_credential v0.47.0
[INFO] [stderr]    Compiling warp v0.3.1
[INFO] [stderr]    Compiling metrics-exporter-prometheus v0.6.0
[INFO] [stderr]    Compiling reqwest v0.11.4
[INFO] [stderr]    Compiling rusoto_signature v0.47.0
[INFO] [stderr]    Compiling rusoto_s3 v0.47.0
[INFO] [stderr]    Compiling mirror-cache v0.1.0 (/opt/rustwide/workdir)
[INFO] [stdout] warning: this function depends on never type fallback being `()`
[INFO] [stdout]   --> src/models.rs:49:1
[INFO] [stdout]    |
[INFO] [stdout] 49 | / pub fn set_lru_cache_entry(
[INFO] [stdout] 50 | |     con: &mut SyncConnection,
[INFO] [stdout] 51 | |     key: &str,
[INFO] [stdout] 52 | |     entry: &CacheEntry<LruCacheMetadata, String, ()>,
[INFO] [stdout] 53 | |     total_size_key: &str,
[INFO] [stdout] 54 | |     zlist_key: &str,
[INFO] [stdout] 55 | | ) -> Result<()> {
[INFO] [stdout]    | |_______________^
[INFO] [stdout]    |
[INFO] [stdout]    = help: specify the types explicitly
[INFO] [stdout] note: in edition 2024, the requirement `!: FromRedisValue` will fail
[INFO] [stdout]   --> src/models.rs:71:10
[INFO] [stdout]    |
[INFO] [stdout] 71 |         .query(con)?;
[INFO] [stdout]    |          ^^^^^
[INFO] [stdout]    = warning: this was previously accepted by the compiler but is being phased out; it will become a hard error in Rust 2024 and in a future release in all editions!
[INFO] [stdout]    = note: for more information, see <https://doc.rust-lang.org/edition-guide/rust-2024/never-type-fallback.html>
[INFO] [stdout]    = note: `#[warn(dependency_on_unit_never_type_fallback)]` (part of `#[warn(rust_2024_compatibility)]`) on by default
[INFO] [stdout] help: use `()` annotations to avoid fallback changes
[INFO] [stdout]    |
[INFO] [stdout] 71 |         .query::<()>(con)?;
[INFO] [stdout]    |               ++++++
[INFO] [stdout] 
[INFO] [stdout] 
[INFO] [stdout] warning: variable does not need to be mutable
[INFO] [stdout]    --> src/task.rs:181:13
[INFO] [stdout]     |
[INFO] [stdout] 181 |         let mut tm = self;
[INFO] [stdout]     |             ----^^
[INFO] [stdout]     |             |
[INFO] [stdout]     |             help: remove this `mut`
[INFO] [stdout]     |
[INFO] [stdout]     = note: `#[warn(unused_mut)]` (part of `#[warn(unused)]`) on by default
[INFO] [stdout] 
[INFO] [stdout] 
[INFO] [stdout] warning: struct `NoCache` is never constructed
[INFO] [stdout]    --> src/cache.rs:922:12
[INFO] [stdout]     |
[INFO] [stdout] 922 | pub struct NoCache {}
[INFO] [stdout]     |            ^^^^^^^
[INFO] [stdout]     |
[INFO] [stdout]     = note: `#[warn(dead_code)]` (part of `#[warn(unused)]`) on by default
[INFO] [stdout] 
[INFO] [stdout] 
[INFO] [stderr]     Finished `release` profile [optimized] target(s) in 2m 38s
[INFO] [stderr] warning: the following packages contain code that will be rejected by a future version of Rust: buf_redux v0.8.4, mirror-cache v0.1.0 (/opt/rustwide/workdir), multipart v0.17.1, nom v5.1.2, redis v0.21.0
[INFO] [stderr] note: to see what the problems were, use the option `--future-incompat-report`, or run `cargo report future-incompatibilities --id 2`
[INFO] running `Command { std: "docker" "inspect" "2d983aa47e54f2adacdb06bab829300fed8e6721fd9e401c2154f93402e394c7", kill_on_drop: false }`
[INFO] running `Command { std: "docker" "exec" "-e" "SOURCE_DIR=/opt/rustwide/workdir" "-e" "CARGO_HOME=/opt/rustwide/cargo-home" "-e" "RUSTUP_HOME=/opt/rustwide/rustup-home" "-e" "CARGO_TARGET_DIR=/opt/rustwide/target" "-e" "CARGO_INCREMENTAL=0" "-e" "RUST_BACKTRACE=full" "-e" "RUSTFLAGS=--cap-lints=warn" "-e" "RUSTDOCFLAGS=--cap-lints=warn" "-w" "/opt/rustwide/workdir" "--user" "0:0" "2d983aa47e54f2adacdb06bab829300fed8e6721fd9e401c2154f93402e394c7" "/opt/rustwide/cargo-home/bin/cargo" "+1.99.0-beta.8" "test" "--frozen" "--no-run" "--message-format=json" "--release", kill_on_drop: false }`
[INFO] [stderr]    Compiling mirror-cache v0.1.0 (/opt/rustwide/workdir)
[INFO] [stdout] warning: this function depends on never type fallback being `()`
[INFO] [stdout]   --> src/models.rs:49:1
[INFO] [stdout]    |
[INFO] [stdout] 49 | / pub fn set_lru_cache_entry(
[INFO] [stdout] 50 | |     con: &mut SyncConnection,
[INFO] [stdout] 51 | |     key: &str,
[INFO] [stdout] 52 | |     entry: &CacheEntry<LruCacheMetadata, String, ()>,
[INFO] [stdout] 53 | |     total_size_key: &str,
[INFO] [stdout] 54 | |     zlist_key: &str,
[INFO] [stdout] 55 | | ) -> Result<()> {
[INFO] [stdout]    | |_______________^
[INFO] [stdout]    |
[INFO] [stdout]    = help: specify the types explicitly
[INFO] [stdout] note: in edition 2024, the requirement `!: FromRedisValue` will fail
[INFO] [stdout]   --> src/models.rs:71:10
[INFO] [stdout]    |
[INFO] [stdout] 71 |         .query(con)?;
[INFO] [stdout]    |          ^^^^^
[INFO] [stdout]    = warning: this was previously accepted by the compiler but is being phased out; it will become a hard error in Rust 2024 and in a future release in all editions!
[INFO] [stdout]    = note: for more information, see <https://doc.rust-lang.org/edition-guide/rust-2024/never-type-fallback.html>
[INFO] [stdout]    = note: `#[warn(dependency_on_unit_never_type_fallback)]` (part of `#[warn(rust_2024_compatibility)]`) on by default
[INFO] [stdout] help: use `()` annotations to avoid fallback changes
[INFO] [stdout]    |
[INFO] [stdout] 71 |         .query::<()>(con)?;
[INFO] [stdout]    |               ++++++
[INFO] [stdout] 
[INFO] [stdout] 
[INFO] [stdout] warning: variable does not need to be mutable
[INFO] [stdout]    --> src/task.rs:181:13
[INFO] [stdout]     |
[INFO] [stdout] 181 |         let mut tm = self;
[INFO] [stdout]     |             ----^^
[INFO] [stdout]     |             |
[INFO] [stdout]     |             help: remove this `mut`
[INFO] [stdout]     |
[INFO] [stdout]     = note: `#[warn(unused_mut)]` (part of `#[warn(unused)]`) on by default
[INFO] [stdout] 
[INFO] [stdout] 
[INFO] [stdout] warning: struct `NoCache` is never constructed
[INFO] [stdout]    --> src/cache.rs:922:12
[INFO] [stdout]     |
[INFO] [stdout] 922 | pub struct NoCache {}
[INFO] [stdout]     |            ^^^^^^^
[INFO] [stdout]     |
[INFO] [stdout]     = note: `#[warn(dead_code)]` (part of `#[warn(unused)]`) on by default
[INFO] [stdout] 
[INFO] [stdout] 
[INFO] [stderr]     Finished `release` profile [optimized] target(s) in 15.41s
[INFO] [stderr] warning: the following packages contain code that will be rejected by a future version of Rust: buf_redux v0.8.4, mirror-cache v0.1.0 (/opt/rustwide/workdir), multipart v0.17.1, nom v5.1.2, redis v0.21.0
[INFO] [stderr] note: to see what the problems were, use the option `--future-incompat-report`, or run `cargo report future-incompatibilities --id 2`
[INFO] running `Command { std: "docker" "inspect" "2d983aa47e54f2adacdb06bab829300fed8e6721fd9e401c2154f93402e394c7", kill_on_drop: false }`
[INFO] running `Command { std: "docker" "exec" "-e" "SOURCE_DIR=/opt/rustwide/workdir" "-e" "CARGO_HOME=/opt/rustwide/cargo-home" "-e" "RUSTUP_HOME=/opt/rustwide/rustup-home" "-e" "CARGO_TARGET_DIR=/opt/rustwide/target" "-e" "CARGO_INCREMENTAL=0" "-e" "RUST_BACKTRACE=full" "-e" "RUSTFLAGS=--cap-lints=warn" "-e" "RUSTDOCFLAGS=--cap-lints=warn" "-w" "/opt/rustwide/workdir" "--user" "0:0" "2d983aa47e54f2adacdb06bab829300fed8e6721fd9e401c2154f93402e394c7" "/opt/rustwide/cargo-home/bin/cargo" "+1.99.0-beta.8" "test" "--frozen" "--release", kill_on_drop: false }`
[INFO] [stderr] warning: this function depends on never type fallback being `()`
[INFO] [stderr]   --> src/models.rs:49:1
[INFO] [stderr]    |
[INFO] [stderr] 49 | / pub fn set_lru_cache_entry(
[INFO] [stderr] 50 | |     con: &mut SyncConnection,
[INFO] [stderr] 51 | |     key: &str,
[INFO] [stderr] 52 | |     entry: &CacheEntry<LruCacheMetadata, String, ()>,
[INFO] [stderr] 53 | |     total_size_key: &str,
[INFO] [stderr] 54 | |     zlist_key: &str,
[INFO] [stderr] 55 | | ) -> Result<()> {
[INFO] [stderr]    | |_______________^
[INFO] [stderr]    |
[INFO] [stderr]    = help: specify the types explicitly
[INFO] [stderr] note: in edition 2024, the requirement `!: FromRedisValue` will fail
[INFO] [stderr]   --> src/models.rs:71:10
[INFO] [stderr]    |
[INFO] [stderr] 71 |         .query(con)?;
[INFO] [stderr]    |          ^^^^^
[INFO] [stderr]    = warning: this was previously accepted by the compiler but is being phased out; it will become a hard error in Rust 2024 and in a future release in all editions!
[INFO] [stderr]    = note: for more information, see <https://doc.rust-lang.org/edition-guide/rust-2024/never-type-fallback.html>
[INFO] [stderr]    = note: `#[warn(dependency_on_unit_never_type_fallback)]` (part of `#[warn(rust_2024_compatibility)]`) on by default
[INFO] [stderr] help: use `()` annotations to avoid fallback changes
[INFO] [stderr]    |
[INFO] [stderr] 71 |         .query::<()>(con)?;
[INFO] [stderr]    |               ++++++
[INFO] [stderr] 
[INFO] [stderr] warning: variable does not need to be mutable
[INFO] [stderr]    --> src/task.rs:181:13
[INFO] [stderr]     |
[INFO] [stderr] 181 |         let mut tm = self;
[INFO] [stderr]     |             ----^^
[INFO] [stderr]     |             |
[INFO] [stderr]     |             help: remove this `mut`
[INFO] [stderr]     |
[INFO] [stderr]     = note: `#[warn(unused_mut)]` (part of `#[warn(unused)]`) on by default
[INFO] [stderr] 
[INFO] [stderr] warning: struct `NoCache` is never constructed
[INFO] [stderr]    --> src/cache.rs:922:12
[INFO] [stderr]     |
[INFO] [stderr] 922 | pub struct NoCache {}
[INFO] [stderr]     |            ^^^^^^^
[INFO] [stderr]     |
[INFO] [stderr]     = note: `#[warn(dead_code)]` (part of `#[warn(unused)]`) on by default
[INFO] [stderr] 
[INFO] [stderr] warning: `mirror-cache` (bin "mirror-cache" test) generated 3 warnings (run `cargo fix --bin "mirror-cache" -p mirror-cache --tests` to apply 2 suggestions)
[INFO] [stderr]     Finished `release` profile [optimized] target(s) in 0.27s
[INFO] [stderr] warning: the following packages contain code that will be rejected by a future version of Rust: buf_redux v0.8.4, mirror-cache v0.1.0 (/opt/rustwide/workdir), multipart v0.17.1, nom v5.1.2, redis v0.21.0
[INFO] [stderr] note: to see what the problems were, use the option `--future-incompat-report`, or run `cargo report future-incompatibilities --id 2`
[INFO] [stderr]      Running unittests src/main.rs (/opt/rustwide/target/release/deps/mirror_cache-d64304cf0e416181)
[INFO] [stdout] 
[INFO] [stdout] running 26 tests
[INFO] [stdout] test cache::tests::cache_stream_size_valid ... FAILED
[INFO] [stdout] test cache::tests::lru_redis_cache_isolation ... FAILED
[INFO] [stdout] test cache::tests::key_update_total_size ... FAILED
[INFO] [stdout] test cache::tests::lru_redis_cache_size_constraint ... FAILED
[INFO] [stdout] test cache::tests::lru_redis_cache_entry_set_success ... FAILED
[INFO] [stdout] test models::tests::test_key_expired_in_ttl ... FAILED
[INFO] [stdout] test settings::test::get_rule_label_test ... ok
[INFO] [stdout] test models::tests::sled_ivec_to_metadata ... ok
[INFO] [stdout] test models::tests::sled_metadata_to_ivec ... ok
[INFO] [stdout] test models::tests::test_key_value_set_success ... FAILED
[INFO] [stdout] test storage::test::test_fs_remove ... FAILED
[INFO] [stdout] test storage::test::test_fs_write_read ... FAILED
[INFO] [stdout] test storage::test::test_mem_write_read ... ok
[INFO] [stdout] test models::tests::test_get_nonexist_key ... FAILED
[INFO] [stdout] test task::test::rewrite_upstream ... ok
[INFO] [stdout] test util::tests::enough_precision_for_key_usage ... ok
[INFO] [stdout] test util::tests::ivec_u64_conversion ... ok
[INFO] [stdout] test storage::test::test_mem_remove ... ok
[INFO] [stdout] test cache::tests::test_ttl_redis_cache_expire_key ... FAILED
[INFO] [stdout] test cache::tests::lru_sled_cache_entry_set_success ... FAILED
[INFO] [stdout] test cache::tests::lru_sled_cache_size_constraint ... FAILED
[INFO] [stdout] test cache::tests::test_lru_cache_no_evict_recent ... FAILED
[INFO] [stdout] test cache::tests::lru_sled_cache_isolation ... FAILED
[INFO] [stdout] test cache::tests::lru_sled_cache_concurrency ... FAILED
[INFO] [stdout] test cache::tests::ttl_sled_cache_expire_key ... FAILED
[INFO] [stdout] test test::get_pypi_index ... FAILED
[INFO] [stdout] 
[INFO] [stdout] failures:
[INFO] [stdout] 
[INFO] [stdout] ---- cache::tests::cache_stream_size_valid stdout ----
[INFO] [stdout] 
[INFO] [stdout] thread 'cache::tests::cache_stream_size_valid' (4261) panicked at src/cache.rs:390:69:
[INFO] [stdout] called `Result::unwrap()` on an `Err` value: RedisClientError(Connection refused (os error 111))
[INFO] [stdout] stack backtrace:
[INFO] [stdout]    0:     0x599b9b55b981 - <<std[70759c8f55707aa4]::sys::backtrace::BacktraceLock>::print::DisplayBacktrace as core[df12db4294e9bfd3]::fmt::Display>::fmt
[INFO] [stdout]    1:     0x599b9b574d9a - core[df12db4294e9bfd3]::fmt::write
[INFO] [stdout]    2:     0x599b9b560d7c - <alloc[2182bb758b4b3781]::vec::Vec<u8> as core[df12db4294e9bfd3]::io::write::Write>::write_fmt
[INFO] [stdout]    3:     0x599b9b5337c6 - std[70759c8f55707aa4]::panicking::default_hook::{closure#0}
[INFO] [stdout]    4:     0x599b9b552239 - std[70759c8f55707aa4]::panicking::default_hook
[INFO] [stdout]    5:     0x599b9b096640 - test[9d35eded1c95d3be]::test_main_inner::<test[9d35eded1c95d3be]::test_main_static::{closure#0}>::{closure#0}
[INFO] [stdout]    6:     0x599b9b552562 - std[70759c8f55707aa4]::panicking::panic_with_hook
[INFO] [stdout]    7:     0x599b9b533872 - std[70759c8f55707aa4]::panicking::panic_handler::{closure#0}
[INFO] [stdout]    8:     0x599b9b52c169 - std[70759c8f55707aa4]::sys::backtrace::__rust_end_short_backtrace::<std[70759c8f55707aa4]::panicking::panic_handler::{closure#0}, !>
[INFO] [stdout]    9:     0x599b9b5347ed - __rustc[8fa7c3cbc660c2b3]::rust_begin_unwind
[INFO] [stdout]   10:     0x599b9b5754fc - core[df12db4294e9bfd3]::panicking::panic_fmt
[INFO] [stdout]   11:     0x599b9b5752d2 - core[df12db4294e9bfd3]::result::unwrap_failed
[INFO] [stdout]   12:     0x599b9b0132fc - <mirror_cache[61d4b6df68b60d80]::cache::RedisMetadataDb as mirror_cache[61d4b6df68b60d80]::cache::LruMetadataStore>::evict
[INFO] [stdout]   13:     0x599b9b00e448 - <mirror_cache[61d4b6df68b60d80]::cache::LruCache as mirror_cache[61d4b6df68b60d80]::cache::Cache>::put::{closure#0}
[INFO] [stdout]   14:     0x599b9afdf6f9 - <core[df12db4294e9bfd3]::pin::Pin<&mut mirror_cache[61d4b6df68b60d80]::cache::tests::cache_stream_size_valid::{closure#0}> as core[df12db4294e9bfd3]::future::future::Future>::poll
[INFO] [stdout]   15:     0x599b9b070941 - <tokio[52cf267c0ae24cc]::macros::scoped_tls::ScopedKey<tokio[52cf267c0ae24cc]::runtime::basic_scheduler::Context>>::set::<tokio[52cf267c0ae24cc]::runtime::basic_scheduler::enter<<tokio[52cf267c0ae24cc]::runtime::basic_scheduler::Inner<tokio[52cf267c0ae24cc]::runtime::driver::Driver>>::block_on<core[df12db4294e9bfd3]::pin::Pin<&mut mirror_cache[61d4b6df68b60d80]::cache::tests::cache_stream_size_valid::{closure#0}>>::{closure#0}, (), tokio[52cf267c0ae24cc]::runtime::driver::Driver>::{closure#0}, ()>
[INFO] [stdout]   16:     0x599b9b0603f5 - <tokio[52cf267c0ae24cc]::runtime::basic_scheduler::BasicScheduler<tokio[52cf267c0ae24cc]::runtime::driver::Driver>>::block_on::<mirror_cache[61d4b6df68b60d80]::cache::tests::cache_stream_size_valid::{closure#0}>
[INFO] [stdout]   17:     0x599b9b03f7ce - mirror_cache[61d4b6df68b60d80]::cache::tests::cache_stream_size_valid
[INFO] [stdout]   18:     0x599b9b01e439 - <mirror_cache[61d4b6df68b60d80]::cache::tests::cache_stream_size_valid::{closure#0} as core[df12db4294e9bfd3]::ops::function::FnOnce<()>>::call_once
[INFO] [stdout]   19:     0x599b9b08992b - test[9d35eded1c95d3be]::__rust_begin_short_backtrace::<core[df12db4294e9bfd3]::result::Result<(), alloc[2182bb758b4b3781]::string::String>, fn() -> core[df12db4294e9bfd3]::result::Result<(), alloc[2182bb758b4b3781]::string::String>>
[INFO] [stdout]   20:     0x599b9b096f95 - test[9d35eded1c95d3be]::run_test::{closure#0}
[INFO] [stdout]   21:     0x599b9b090854 - std[70759c8f55707aa4]::sys::backtrace::__rust_begin_short_backtrace::<test[9d35eded1c95d3be]::run_test::{closure#1}, ()>
[INFO] [stdout]   22:     0x599b9b09a0f2 - <std[70759c8f55707aa4]::thread::lifecycle::spawn_unchecked<test[9d35eded1c95d3be]::run_test::{closure#1}, ()>::{closure#1} as core[df12db4294e9bfd3]::ops::function::FnOnce<()>>::call_once::{shim:vtable#0}
[INFO] [stdout]   23:     0x599b9b55ac19 - <std[70759c8f55707aa4]::sys::thread::unix::Thread>::new::thread_start
[INFO] [stdout]   24:     0x71c1919c8dfa - <unknown>
[INFO] [stdout]   25:     0x71c191a5c3d4 - clone
[INFO] [stdout]   26:                0x0 - <unknown>
[INFO] [stdout] 
[INFO] [stdout] ---- cache::tests::lru_redis_cache_isolation stdout ----
[INFO] [stdout] 
[INFO] [stdout] thread 'cache::tests::lru_redis_cache_isolation' (4264) panicked at src/cache.rs:390:69:
[INFO] [stdout] called `Result::unwrap()` on an `Err` value: RedisClientError(Connection refused (os error 111))
[INFO] [stdout] stack backtrace:
[INFO] [stdout]    0:     0x599b9b55b981 - <<std[70759c8f55707aa4]::sys::backtrace::BacktraceLock>::print::DisplayBacktrace as core[df12db4294e9bfd3]::fmt::Display>::fmt
[INFO] [stdout]    1:     0x599b9b574d9a - core[df12db4294e9bfd3]::fmt::write
[INFO] [stdout]    2:     0x599b9b560d7c - <alloc[2182bb758b4b3781]::vec::Vec<u8> as core[df12db4294e9bfd3]::io::write::Write>::write_fmt
[INFO] [stdout]    3:     0x599b9b5337c6 - std[70759c8f55707aa4]::panicking::default_hook::{closure#0}
[INFO] [stdout]    4:     0x599b9b552239 - std[70759c8f55707aa4]::panicking::default_hook
[INFO] [stdout]    5:     0x599b9b096640 - test[9d35eded1c95d3be]::test_main_inner::<test[9d35eded1c95d3be]::test_main_static::{closure#0}>::{closure#0}
[INFO] [stdout]    6:     0x599b9b552562 - std[70759c8f55707aa4]::panicking::panic_with_hook
[INFO] [stdout]    7:     0x599b9b533872 - std[70759c8f55707aa4]::panicking::panic_handler::{closure#0}
[INFO] [stdout]    8:     0x599b9b52c169 - std[70759c8f55707aa4]::sys::backtrace::__rust_end_short_backtrace::<std[70759c8f55707aa4]::panicking::panic_handler::{closure#0}, !>
[INFO] [stdout]    9:     0x599b9b5347ed - __rustc[8fa7c3cbc660c2b3]::rust_begin_unwind
[INFO] [stdout]   10:     0x599b9b5754fc - core[df12db4294e9bfd3]::panicking::panic_fmt
[INFO] [stdout]   11:     0x599b9b5752d2 - core[df12db4294e9bfd3]::result::unwrap_failed
[INFO] [stdout]   12:     0x599b9b0132fc - <mirror_cache[61d4b6df68b60d80]::cache::RedisMetadataDb as mirror_cache[61d4b6df68b60d80]::cache::LruMetadataStore>::evict
[INFO] [stdout]   13:     0x599b9b00e448 - <mirror_cache[61d4b6df68b60d80]::cache::LruCache as mirror_cache[61d4b6df68b60d80]::cache::Cache>::put::{closure#0}
[INFO] [stdout]   14:     0x599b9afd89e6 - mirror_cache[61d4b6df68b60d80]::cache::tests::lru_cache_isolation_tester::{closure#0}
[INFO] [stdout]   15:     0x599b9afe0bd4 - <core[df12db4294e9bfd3]::pin::Pin<&mut mirror_cache[61d4b6df68b60d80]::cache::tests::lru_redis_cache_isolation::{closure#0}> as core[df12db4294e9bfd3]::future::future::Future>::poll
[INFO] [stdout]   16:     0x599b9b071141 - <tokio[52cf267c0ae24cc]::macros::scoped_tls::ScopedKey<tokio[52cf267c0ae24cc]::runtime::basic_scheduler::Context>>::set::<tokio[52cf267c0ae24cc]::runtime::basic_scheduler::enter<<tokio[52cf267c0ae24cc]::runtime::basic_scheduler::Inner<tokio[52cf267c0ae24cc]::runtime::driver::Driver>>::block_on<core[df12db4294e9bfd3]::pin::Pin<&mut mirror_cache[61d4b6df68b60d80]::cache::tests::lru_redis_cache_isolation::{closure#0}>>::{closure#0}, (), tokio[52cf267c0ae24cc]::runtime::driver::Driver>::{closure#0}, ()>
[INFO] [stdout]   17:     0x599b9b060c14 - <tokio[52cf267c0ae24cc]::runtime::basic_scheduler::BasicScheduler<tokio[52cf267c0ae24cc]::runtime::driver::Driver>>::block_on::<mirror_cache[61d4b6df68b60d80]::cache::tests::lru_redis_cache_isolation::{closure#0}>
[INFO] [stdout]   18:     0x599b9b03fb93 - mirror_cache[61d4b6df68b60d80]::cache::tests::lru_redis_cache_isolation
[INFO] [stdout]   19:     0x599b9b01e479 - <mirror_cache[61d4b6df68b60d80]::cache::tests::lru_redis_cache_isolation::{closure#0} as core[df12db4294e9bfd3]::ops::function::FnOnce<()>>::call_once
[INFO] [stdout]   20:     0x599b9b08992b - test[9d35eded1c95d3be]::__rust_begin_short_backtrace::<core[df12db4294e9bfd3]::result::Result<(), alloc[2182bb758b4b3781]::string::String>, fn() -> core[df12db4294e9bfd3]::result::Result<(), alloc[2182bb758b4b3781]::string::String>>
[INFO] [stdout]   21:     0x599b9b096f95 - test[9d35eded1c95d3be]::run_test::{closure#0}
[INFO] [stdout]   22:     0x599b9b090854 - std[70759c8f55707aa4]::sys::backtrace::__rust_begin_short_backtrace::<test[9d35eded1c95d3be]::run_test::{closure#1}, ()>
[INFO] [stdout]   23:     0x599b9b09a0f2 - <std[70759c8f55707aa4]::thread::lifecycle::spawn_unchecked<test[9d35eded1c95d3be]::run_test::{closure#1}, ()>::{closure#1} as core[df12db4294e9bfd3]::ops::function::FnOnce<()>>::call_once::{shim:vtable#0}
[INFO] [stdout]   24:     0x599b9b55ac19 - <std[70759c8f55707aa4]::sys::thread::unix::Thread>::new::thread_start
[INFO] [stdout]   25:     0x71c1919c8dfa - <unknown>
[INFO] [stdout]   26:     0x71c191a5c3d4 - clone
[INFO] [stdout]   27:                0x0 - <unknown>
[INFO] [stdout] 
[INFO] [stdout] ---- cache::tests::key_update_total_size stdout ----
[INFO] [stdout] 
[INFO] [stdout] thread 'cache::tests::key_update_total_size' (4262) panicked at src/cache.rs:390:69:
[INFO] [stdout] called `Result::unwrap()` on an `Err` value: RedisClientError(Connection refused (os error 111))
[INFO] [stdout] stack backtrace:
[INFO] [stdout]    0:     0x599b9b55b981 - <<std[70759c8f55707aa4]::sys::backtrace::BacktraceLock>::print::DisplayBacktrace as core[df12db4294e9bfd3]::fmt::Display>::fmt
[INFO] [stdout]    1:     0x599b9b574d9a - core[df12db4294e9bfd3]::fmt::write
[INFO] [stdout]    2:     0x599b9b560d7c - <alloc[2182bb758b4b3781]::vec::Vec<u8> as core[df12db4294e9bfd3]::io::write::Write>::write_fmt
[INFO] [stdout]    3:     0x599b9b5337c6 - std[70759c8f55707aa4]::panicking::default_hook::{closure#0}
[INFO] [stdout]    4:     0x599b9b552239 - std[70759c8f55707aa4]::panicking::default_hook
[INFO] [stdout]    5:     0x599b9b096640 - test[9d35eded1c95d3be]::test_main_inner::<test[9d35eded1c95d3be]::test_main_static::{closure#0}>::{closure#0}
[INFO] [stdout]    6:     0x599b9b552562 - std[70759c8f55707aa4]::panicking::panic_with_hook
[INFO] [stdout]    7:     0x599b9b533872 - std[70759c8f55707aa4]::panicking::panic_handler::{closure#0}
[INFO] [stdout]    8:     0x599b9b52c169 - std[70759c8f55707aa4]::sys::backtrace::__rust_end_short_backtrace::<std[70759c8f55707aa4]::panicking::panic_handler::{closure#0}, !>
[INFO] [stdout]    9:     0x599b9b5347ed - __rustc[8fa7c3cbc660c2b3]::rust_begin_unwind
[INFO] [stdout]   10:     0x599b9b5754fc - core[df12db4294e9bfd3]::panicking::panic_fmt
[INFO] [stdout]   11:     0x599b9b5752d2 - core[df12db4294e9bfd3]::result::unwrap_failed
[INFO] [stdout]   12:     0x599b9b0132fc - <mirror_cache[61d4b6df68b60d80]::cache::RedisMetadataDb as mirror_cache[61d4b6df68b60d80]::cache::LruMetadataStore>::evict
[INFO] [stdout]   13:     0x599b9b00e448 - <mirror_cache[61d4b6df68b60d80]::cache::LruCache as mirror_cache[61d4b6df68b60d80]::cache::Cache>::put::{closure#0}
[INFO] [stdout]   14:     0x599b9afde350 - <core[df12db4294e9bfd3]::pin::Pin<&mut mirror_cache[61d4b6df68b60d80]::cache::tests::key_update_total_size::{closure#0}> as core[df12db4294e9bfd3]::future::future::Future>::poll
[INFO] [stdout]   15:     0x599b9b070541 - <tokio[52cf267c0ae24cc]::macros::scoped_tls::ScopedKey<tokio[52cf267c0ae24cc]::runtime::basic_scheduler::Context>>::set::<tokio[52cf267c0ae24cc]::runtime::basic_scheduler::enter<<tokio[52cf267c0ae24cc]::runtime::basic_scheduler::Inner<tokio[52cf267c0ae24cc]::runtime::driver::Driver>>::block_on<core[df12db4294e9bfd3]::pin::Pin<&mut mirror_cache[61d4b6df68b60d80]::cache::tests::key_update_total_size::{closure#0}>>::{closure#0}, (), tokio[52cf267c0ae24cc]::runtime::driver::Driver>::{closure#0}, ()>
[INFO] [stdout]   16:     0x599b9b05ffa5 - <tokio[52cf267c0ae24cc]::runtime::basic_scheduler::BasicScheduler<tokio[52cf267c0ae24cc]::runtime::driver::Driver>>::block_on::<mirror_cache[61d4b6df68b60d80]::cache::tests::key_update_total_size::{closure#0}>
[INFO] [stdout]   17:     0x599b9b03f5b1 - mirror_cache[61d4b6df68b60d80]::cache::tests::key_update_total_size
[INFO] [stdout]   18:     0x599b9b01e419 - <mirror_cache[61d4b6df68b60d80]::cache::tests::key_update_total_size::{closure#0} as core[df12db4294e9bfd3]::ops::function::FnOnce<()>>::call_once
[INFO] [stdout]   19:     0x599b9b08992b - test[9d35eded1c95d3be]::__rust_begin_short_backtrace::<core[df12db4294e9bfd3]::result::Result<(), alloc[2182bb758b4b3781]::string::String>, fn() -> core[df12db4294e9bfd3]::result::Result<(), alloc[2182bb758b4b3781]::string::String>>
[INFO] [stdout]   20:     0x599b9b096f95 - test[9d35eded1c95d3be]::run_test::{closure#0}
[INFO] [stdout]   21:     0x599b9b090854 - std[70759c8f55707aa4]::sys::backtrace::__rust_begin_short_backtrace::<test[9d35eded1c95d3be]::run_test::{closure#1}, ()>
[INFO] [stdout]   22:     0x599b9b09a0f2 - <std[70759c8f55707aa4]::thread::lifecycle::spawn_unchecked<test[9d35eded1c95d3be]::run_test::{closure#1}, ()>::{closure#1} as core[df12db4294e9bfd3]::ops::function::FnOnce<()>>::call_once::{shim:vtable#0}
[INFO] [stdout]   23:     0x599b9b55ac19 - <std[70759c8f55707aa4]::sys::thread::unix::Thread>::new::thread_start
[INFO] [stdout]   24:     0x71c1919c8dfa - <unknown>
[INFO] [stdout]   25:     0x71c191a5c3d4 - clone
[INFO] [stdout]   26:                0x0 - <unknown>
[INFO] [stdout] 
[INFO] [stdout] ---- cache::tests::lru_redis_cache_size_constraint stdout ----
[INFO] [stdout] 
[INFO] [stdout] thread 'cache::tests::lru_redis_cache_size_constraint' (4265) panicked at src/cache.rs:390:69:
[INFO] [stdout] called `Result::unwrap()` on an `Err` value: RedisClientError(Connection refused (os error 111))
[INFO] [stdout] stack backtrace:
[INFO] [stdout]    0:     0x599b9b55b981 - <<std[70759c8f55707aa4]::sys::backtrace::BacktraceLock>::print::DisplayBacktrace as core[df12db4294e9bfd3]::fmt::Display>::fmt
[INFO] [stdout]    1:     0x599b9b574d9a - core[df12db4294e9bfd3]::fmt::write
[INFO] [stdout]    2:     0x599b9b560d7c - <alloc[2182bb758b4b3781]::vec::Vec<u8> as core[df12db4294e9bfd3]::io::write::Write>::write_fmt
[INFO] [stdout]    3:     0x599b9b5337c6 - std[70759c8f55707aa4]::panicking::default_hook::{closure#0}
[INFO] [stdout]    4:     0x599b9b552239 - std[70759c8f55707aa4]::panicking::default_hook
[INFO] [stdout]    5:     0x599b9b096640 - test[9d35eded1c95d3be]::test_main_inner::<test[9d35eded1c95d3be]::test_main_static::{closure#0}>::{closure#0}
[INFO] [stdout]    6:     0x599b9b552562 - std[70759c8f55707aa4]::panicking::panic_with_hook
[INFO] [stdout]    7:     0x599b9b533872 - std[70759c8f55707aa4]::panicking::panic_handler::{closure#0}
[INFO] [stdout]    8:     0x599b9b52c169 - std[70759c8f55707aa4]::sys::backtrace::__rust_end_short_backtrace::<std[70759c8f55707aa4]::panicking::panic_handler::{closure#0}, !>
[INFO] [stdout]    9:     0x599b9b5347ed - __rustc[8fa7c3cbc660c2b3]::rust_begin_unwind
[INFO] [stdout]   10:     0x599b9b5754fc - core[df12db4294e9bfd3]::panicking::panic_fmt
[INFO] [stdout]   11:     0x599b9b5752d2 - core[df12db4294e9bfd3]::result::unwrap_failed
[INFO] [stdout]   12:     0x599b9b0132fc - <mirror_cache[61d4b6df68b60d80]::cache::RedisMetadataDb as mirror_cache[61d4b6df68b60d80]::cache::LruMetadataStore>::evict
[INFO] [stdout]   13:     0x599b9b00e448 - <mirror_cache[61d4b6df68b60d80]::cache::LruCache as mirror_cache[61d4b6df68b60d80]::cache::Cache>::put::{closure#0}
[INFO] [stdout]   14:     0x599b9afd9732 - mirror_cache[61d4b6df68b60d80]::cache::tests::lru_cache_size_constaint_tester::{closure#0}
[INFO] [stdout]   15:     0x599b9afe36bf - <core[df12db4294e9bfd3]::pin::Pin<&mut mirror_cache[61d4b6df68b60d80]::cache::tests::lru_redis_cache_size_constraint::{closure#0}> as core[df12db4294e9bfd3]::future::future::Future>::poll
[INFO] [stdout]   16:     0x599b9b072541 - <tokio[52cf267c0ae24cc]::macros::scoped_tls::ScopedKey<tokio[52cf267c0ae24cc]::runtime::basic_scheduler::Context>>::set::<tokio[52cf267c0ae24cc]::runtime::basic_scheduler::enter<<tokio[52cf267c0ae24cc]::runtime::basic_scheduler::Inner<tokio[52cf267c0ae24cc]::runtime::driver::Driver>>::block_on<core[df12db4294e9bfd3]::pin::Pin<&mut mirror_cache[61d4b6df68b60d80]::cache::tests::lru_redis_cache_size_constraint::{closure#0}>>::{closure#0}, (), tokio[52cf267c0ae24cc]::runtime::driver::Driver>::{closure#0}, ()>
[INFO] [stdout]   17:     0x599b9b062114 - <tokio[52cf267c0ae24cc]::runtime::basic_scheduler::BasicScheduler<tokio[52cf267c0ae24cc]::runtime::driver::Driver>>::block_on::<mirror_cache[61d4b6df68b60d80]::cache::tests::lru_redis_cache_size_constraint::{closure#0}>
[INFO] [stdout]   18:     0x599b9b0404c3 - mirror_cache[61d4b6df68b60d80]::cache::tests::lru_redis_cache_size_constraint
[INFO] [stdout]   19:     0x599b9b01e519 - <mirror_cache[61d4b6df68b60d80]::cache::tests::lru_redis_cache_size_constraint::{closure#0} as core[df12db4294e9bfd3]::ops::function::FnOnce<()>>::call_once
[INFO] [stdout]   20:     0x599b9b08992b - test[9d35eded1c95d3be]::__rust_begin_short_backtrace::<core[df12db4294e9bfd3]::result::Result<(), alloc[2182bb758b4b3781]::string::String>, fn() -> core[df12db4294e9bfd3]::result::Result<(), alloc[2182bb758b4b3781]::string::String>>
[INFO] [stdout]   21:     0x599b9b096f95 - test[9d35eded1c95d3be]::run_test::{closure#0}
[INFO] [stdout]   22:     0x599b9b090854 - std[70759c8f55707aa4]::sys::backtrace::__rust_begin_short_backtrace::<test[9d35eded1c95d3be]::run_test::{closure#1}, ()>
[INFO] [stdout]   23:     0x599b9b09a0f2 - <std[70759c8f55707aa4]::thread::lifecycle::spawn_unchecked<test[9d35eded1c95d3be]::run_test::{closure#1}, ()>::{closure#1} as core[df12db4294e9bfd3]::ops::function::FnOnce<()>>::call_once::{shim:vtable#0}
[INFO] [stdout]   24:     0x599b9b55ac19 - <std[70759c8f55707aa4]::sys::thread::unix::Thread>::new::thread_start
[INFO] [stdout]   25:     0x71c1919c8dfa - <unknown>
[INFO] [stdout]   26:     0x71c191a5c3d4 - clone
[INFO] [stdout]   27:                0x0 - <unknown>
[INFO] [stdout] 
[INFO] [stdout] ---- cache::tests::lru_redis_cache_entry_set_success stdout ----
[INFO] [stdout] 
[INFO] [stdout] thread 'cache::tests::lru_redis_cache_entry_set_success' (4263) panicked at src/cache.rs:390:69:
[INFO] [stdout] called `Result::unwrap()` on an `Err` value: RedisClientError(Connection refused (os error 111))
[INFO] [stdout] stack backtrace:
[INFO] [stdout]    0:     0x599b9b55b981 - <<std[70759c8f55707aa4]::sys::backtrace::BacktraceLock>::print::DisplayBacktrace as core[df12db4294e9bfd3]::fmt::Display>::fmt
[INFO] [stdout]    1:     0x599b9b574d9a - core[df12db4294e9bfd3]::fmt::write
[INFO] [stdout]    2:     0x599b9b560d7c - <alloc[2182bb758b4b3781]::vec::Vec<u8> as core[df12db4294e9bfd3]::io::write::Write>::write_fmt
[INFO] [stdout]    3:     0x599b9b5337c6 - std[70759c8f55707aa4]::panicking::default_hook::{closure#0}
[INFO] [stdout]    4:     0x599b9b552239 - std[70759c8f55707aa4]::panicking::default_hook
[INFO] [stdout]    5:     0x599b9b096640 - test[9d35eded1c95d3be]::test_main_inner::<test[9d35eded1c95d3be]::test_main_static::{closure#0}>::{closure#0}
[INFO] [stdout]    6:     0x599b9b552562 - std[70759c8f55707aa4]::panicking::panic_with_hook
[INFO] [stdout]    7:     0x599b9b533872 - std[70759c8f55707aa4]::panicking::panic_handler::{closure#0}
[INFO] [stdout]    8:     0x599b9b52c169 - std[70759c8f55707aa4]::sys::backtrace::__rust_end_short_backtrace::<std[70759c8f55707aa4]::panicking::panic_handler::{closure#0}, !>
[INFO] [stdout]    9:     0x599b9b5347ed - __rustc[8fa7c3cbc660c2b3]::rust_begin_unwind
[INFO] [stdout]   10:     0x599b9b5754fc - core[df12db4294e9bfd3]::panicking::panic_fmt
[INFO] [stdout]   11:     0x599b9b5752d2 - core[df12db4294e9bfd3]::result::unwrap_failed
[INFO] [stdout]   12:     0x599b9b0132fc - <mirror_cache[61d4b6df68b60d80]::cache::RedisMetadataDb as mirror_cache[61d4b6df68b60d80]::cache::LruMetadataStore>::evict
[INFO] [stdout]   13:     0x599b9b00e448 - <mirror_cache[61d4b6df68b60d80]::cache::LruCache as mirror_cache[61d4b6df68b60d80]::cache::Cache>::put::{closure#0}
[INFO] [stdout]   14:     0x599b9afe5054 - <core[df12db4294e9bfd3]::pin::Pin<&mut mirror_cache[61d4b6df68b60d80]::cache::tests::lru_redis_cache_entry_set_success::{closure#0}> as core[df12db4294e9bfd3]::future::future::Future>::poll
[INFO] [stdout]   15:     0x599b9b073141 - <tokio[52cf267c0ae24cc]::macros::scoped_tls::ScopedKey<tokio[52cf267c0ae24cc]::runtime::basic_scheduler::Context>>::set::<tokio[52cf267c0ae24cc]::runtime::basic_scheduler::enter<<tokio[52cf267c0ae24cc]::runtime::basic_scheduler::Inner<tokio[52cf267c0ae24cc]::runtime::driver::Driver>>::block_on<core[df12db4294e9bfd3]::pin::Pin<&mut mirror_cache[61d4b6df68b60d80]::cache::tests::lru_redis_cache_entry_set_success::{closure#0}>>::{closure#0}, (), tokio[52cf267c0ae24cc]::runtime::driver::Driver>::{closure#0}, ()>
[INFO] [stdout]   16:     0x599b9b062dd5 - <tokio[52cf267c0ae24cc]::runtime::basic_scheduler::BasicScheduler<tokio[52cf267c0ae24cc]::runtime::driver::Driver>>::block_on::<mirror_cache[61d4b6df68b60d80]::cache::tests::lru_redis_cache_entry_set_success::{closure#0}>
[INFO] [stdout]   17:     0x599b9b040a51 - mirror_cache[61d4b6df68b60d80]::cache::tests::lru_redis_cache_entry_set_success
[INFO] [stdout]   18:     0x599b9b01e579 - <mirror_cache[61d4b6df68b60d80]::cache::tests::lru_redis_cache_entry_set_success::{closure#0} as core[df12db4294e9bfd3]::ops::function::FnOnce<()>>::call_once
[INFO] [stdout]   19:     0x599b9b08992b - test[9d35eded1c95d3be]::__rust_begin_short_backtrace::<core[df12db4294e9bfd3]::result::Result<(), alloc[2182bb758b4b3781]::string::String>, fn() -> core[df12db4294e9bfd3]::result::Result<(), alloc[2182bb758b4b3781]::string::String>>
[INFO] [stdout]   20:     0x599b9b096f95 - test[9d35eded1c95d3be]::run_test::{closure#0}
[INFO] [stdout]   21:     0x599b9b090854 - std[70759c8f55707aa4]::sys::backtrace::__rust_begin_short_backtrace::<test[9d35eded1c95d3be]::run_test::{closure#1}, ()>
[INFO] [stdout]   22:     0x599b9b09a0f2 - <std[70759c8f55707aa4]::thread::lifecycle::spawn_unchecked<test[9d35eded1c95d3be]::run_test::{closure#1}, ()>::{closure#1} as core[df12db4294e9bfd3]::ops::function::FnOnce<()>>::call_once::{shim:vtable#0}
[INFO] [stdout]   23:     0x599b9b55ac19 - <std[70759c8f55707aa4]::sys::thread::unix::Thread>::new::thread_start
[INFO] [stdout]   24:     0x71c1919c8dfa - <unknown>
[INFO] [stdout]   25:     0x71c191a5c3d4 - clone
[INFO] [stdout]   26:                0x0 - <unknown>
[INFO] [stdout] 
[INFO] [stdout] ---- models::tests::test_key_expired_in_ttl stdout ----
[INFO] [stdout] 
[INFO] [stdout] thread 'models::tests::test_key_expired_in_ttl' (4276) panicked at src/models.rs:275:47:
[INFO] [stdout] called `Result::unwrap()` on an `Err` value: Connection refused (os error 111)
[INFO] [stdout] stack backtrace:
[INFO] [stdout]    0:     0x599b9b55b981 - <<std[70759c8f55707aa4]::sys::backtrace::BacktraceLock>::print::DisplayBacktrace as core[df12db4294e9bfd3]::fmt::Display>::fmt
[INFO] [stdout]    1:     0x599b9b574d9a - core[df12db4294e9bfd3]::fmt::write
[INFO] [stdout]    2:     0x599b9b560d7c - <alloc[2182bb758b4b3781]::vec::Vec<u8> as core[df12db4294e9bfd3]::io::write::Write>::write_fmt
[INFO] [stdout]    3:     0x599b9b5337c6 - std[70759c8f55707aa4]::panicking::default_hook::{closure#0}
[INFO] [stdout]    4:     0x599b9b552239 - std[70759c8f55707aa4]::panicking::default_hook
[INFO] [stdout]    5:     0x599b9b096640 - test[9d35eded1c95d3be]::test_main_inner::<test[9d35eded1c95d3be]::test_main_static::{closure#0}>::{closure#0}
[INFO] [stdout]    6:     0x599b9b552562 - std[70759c8f55707aa4]::panicking::panic_with_hook
[INFO] [stdout]    7:     0x599b9b533872 - std[70759c8f55707aa4]::panicking::panic_handler::{closure#0}
[INFO] [stdout]    8:     0x599b9b52c169 - std[70759c8f55707aa4]::sys::backtrace::__rust_end_short_backtrace::<std[70759c8f55707aa4]::panicking::panic_handler::{closure#0}, !>
[INFO] [stdout]    9:     0x599b9b5347ed - __rustc[8fa7c3cbc660c2b3]::rust_begin_unwind
[INFO] [stdout]   10:     0x599b9b5754fc - core[df12db4294e9bfd3]::panicking::panic_fmt
[INFO] [stdout]   11:     0x599b9b5752d2 - core[df12db4294e9bfd3]::result::unwrap_failed
[INFO] [stdout]   12:     0x599b9b0888aa - mirror_cache[61d4b6df68b60d80]::models::tests::test_key_expired_in_ttl
[INFO] [stdout]   13:     0x599b9b01e5f9 - <mirror_cache[61d4b6df68b60d80]::models::tests::test_key_expired_in_ttl::{closure#0} as core[df12db4294e9bfd3]::ops::function::FnOnce<()>>::call_once
[INFO] [stdout]   14:     0x599b9b08992b - test[9d35eded1c95d3be]::__rust_begin_short_backtrace::<core[df12db4294e9bfd3]::result::Result<(), alloc[2182bb758b4b3781]::string::String>, fn() -> core[df12db4294e9bfd3]::result::Result<(), alloc[2182bb758b4b3781]::string::String>>
[INFO] [stdout]   15:     0x599b9b096f95 - test[9d35eded1c95d3be]::run_test::{closure#0}
[INFO] [stdout]   16:     0x599b9b090854 - std[70759c8f55707aa4]::sys::backtrace::__rust_begin_short_backtrace::<test[9d35eded1c95d3be]::run_test::{closure#1}, ()>
[INFO] [stdout]   17:     0x599b9b09a0f2 - <std[70759c8f55707aa4]::thread::lifecycle::spawn_unchecked<test[9d35eded1c95d3be]::run_test::{closure#1}, ()>::{closure#1} as core[df12db4294e9bfd3]::ops::function::FnOnce<()>>::call_once::{shim:vtable#0}
[INFO] [stdout]   18:     0x599b9b55ac19 - <std[70759c8f55707aa4]::sys::thread::unix::Thread>::new::thread_start
[INFO] [stdout]   19:     0x71c1919c8dfa - <unknown>
[INFO] [stdout]   20:     0x71c191a5c3d4 - clone
[INFO] [stdout]   21:                0x0 - <unknown>
[INFO] [stdout] 
[INFO] [stdout] ---- models::tests::test_key_value_set_success stdout ----
[INFO] [stdout] 
[INFO] [stdout] thread 'models::tests::test_key_value_set_success' (4277) panicked at src/models.rs:255:47:
[INFO] [stdout] called `Result::unwrap()` on an `Err` value: Connection refused (os error 111)
[INFO] [stdout] stack backtrace:
[INFO] [stdout]    0:     0x599b9b55b981 - <<std[70759c8f55707aa4]::sys::backtrace::BacktraceLock>::print::DisplayBacktrace as core[df12db4294e9bfd3]::fmt::Display>::fmt
[INFO] [stdout]    1:     0x599b9b574d9a - core[df12db4294e9bfd3]::fmt::write
[INFO] [stdout]    2:     0x599b9b560d7c - <alloc[2182bb758b4b3781]::vec::Vec<u8> as core[df12db4294e9bfd3]::io::write::Write>::write_fmt
[INFO] [stdout]    3:     0x599b9b5337c6 - std[70759c8f55707aa4]::panicking::default_hook::{closure#0}
[INFO] [stdout]    4:     0x599b9b552239 - std[70759c8f55707aa4]::panicking::default_hook
[INFO] [stdout]    5:     0x599b9b096640 - test[9d35eded1c95d3be]::test_main_inner::<test[9d35eded1c95d3be]::test_main_static::{closure#0}>::{closure#0}
[INFO] [stdout]    6:     0x599b9b552562 - std[70759c8f55707aa4]::panicking::panic_with_hook
[INFO] [stdout]    7:     0x599b9b533872 - std[70759c8f55707aa4]::panicking::panic_handler::{closure#0}
[INFO] [stdout]    8:     0x599b9b52c169 - std[70759c8f55707aa4]::sys::backtrace::__rust_end_short_backtrace::<std[70759c8f55707aa4]::panicking::panic_handler::{closure#0}, !>
[INFO] [stdout]    9:     0x599b9b5347ed - __rustc[8fa7c3cbc660c2b3]::rust_begin_unwind
[INFO] [stdout]   10:     0x599b9b5754fc - core[df12db4294e9bfd3]::panicking::panic_fmt
[INFO] [stdout]   11:     0x599b9b5752d2 - core[df12db4294e9bfd3]::result::unwrap_failed
[INFO] [stdout]   12:     0x599b9b088e3f - mirror_cache[61d4b6df68b60d80]::models::tests::test_key_value_set_success
[INFO] [stdout]   13:     0x599b9b01e619 - <mirror_cache[61d4b6df68b60d80]::models::tests::test_key_value_set_success::{closure#0} as core[df12db4294e9bfd3]::ops::function::FnOnce<()>>::call_once
[INFO] [stdout]   14:     0x599b9b08992b - test[9d35eded1c95d3be]::__rust_begin_short_backtrace::<core[df12db4294e9bfd3]::result::Result<(), alloc[2182bb758b4b3781]::string::String>, fn() -> core[df12db4294e9bfd3]::result::Result<(), alloc[2182bb758b4b3781]::string::String>>
[INFO] [stdout]   15:     0x599b9b096f95 - test[9d35eded1c95d3be]::run_test::{closure#0}
[INFO] [stdout]   16:     0x599b9b090854 - std[70759c8f55707aa4]::sys::backtrace::__rust_begin_short_backtrace::<test[9d35eded1c95d3be]::run_test::{closure#1}, ()>
[INFO] [stdout]   17:     0x599b9b09a0f2 - <std[70759c8f55707aa4]::thread::lifecycle::spawn_unchecked<test[9d35eded1c95d3be]::run_test::{closure#1}, ()>::{closure#1} as core[df12db4294e9bfd3]::ops::function::FnOnce<()>>::call_once::{shim:vtable#0}
[INFO] [stdout]   18:     0x599b9b55ac19 - <std[70759c8f55707aa4]::sys::thread::unix::Thread>::new::thread_start
[INFO] [stdout]   19:     0x71c1919c8dfa - <unknown>
[INFO] [stdout]   20:     0x71c191a5c3d4 - clone
[INFO] [stdout]   21:                0x0 - <unknown>
[INFO] [stdout] 
[INFO] [stdout] ---- storage::test::test_fs_remove stdout ----
[INFO] [stdout] 
[INFO] [stdout] thread 'storage::test::test_fs_remove' (4279) panicked at src/storage.rs:181:37:
[INFO] [stdout] called `Result::unwrap()` on an `Err` value: Os { code: 30, kind: ReadOnlyFilesystem, message: "Read-only file system" }
[INFO] [stdout] stack backtrace:
[INFO] [stdout]    0:     0x599b9b55b981 - <<std[70759c8f55707aa4]::sys::backtrace::BacktraceLock>::print::DisplayBacktrace as core[df12db4294e9bfd3]::fmt::Display>::fmt
[INFO] [stdout]    1:     0x599b9b574d9a - core[df12db4294e9bfd3]::fmt::write
[INFO] [stdout]    2:     0x599b9b560d7c - <alloc[2182bb758b4b3781]::vec::Vec<u8> as core[df12db4294e9bfd3]::io::write::Write>::write_fmt
[INFO] [stdout]    3:     0x599b9b5337c6 - std[70759c8f55707aa4]::panicking::default_hook::{closure#0}
[INFO] [stdout]    4:     0x599b9b552239 - std[70759c8f55707aa4]::panicking::default_hook
[INFO] [stdout]    5:     0x599b9b096640 - test[9d35eded1c95d3be]::test_main_inner::<test[9d35eded1c95d3be]::test_main_static::{closure#0}>::{closure#0}
[INFO] [stdout]    6:     0x599b9b552562 - std[70759c8f55707aa4]::panicking::panic_with_hook
[INFO] [stdout]    7:     0x599b9b533872 - std[70759c8f55707aa4]::panicking::panic_handler::{closure#0}
[INFO] [stdout]    8:     0x599b9b52c169 - std[70759c8f55707aa4]::sys::backtrace::__rust_end_short_backtrace::<std[70759c8f55707aa4]::panicking::panic_handler::{closure#0}, !>
[INFO] [stdout]    9:     0x599b9b5347ed - __rustc[8fa7c3cbc660c2b3]::rust_begin_unwind
[INFO] [stdout]   10:     0x599b9b5754fc - core[df12db4294e9bfd3]::panicking::panic_fmt
[INFO] [stdout]   11:     0x599b9b5752d2 - core[df12db4294e9bfd3]::result::unwrap_failed
[INFO] [stdout]   12:     0x599b9afd7cbc - <mirror_cache[61d4b6df68b60d80]::storage::Storage>::persist::{closure#0}
[INFO] [stdout]   13:     0x599b9afdbb2f - mirror_cache[61d4b6df68b60d80]::storage::test::remove::{closure#0}
[INFO] [stdout]   14:     0x599b9afe55dc - <core[df12db4294e9bfd3]::pin::Pin<&mut mirror_cache[61d4b6df68b60d80]::storage::test::test_fs_remove::{closure#0}> as core[df12db4294e9bfd3]::future::future::Future>::poll
[INFO] [stdout]   15:     0x599b9b073541 - <tokio[52cf267c0ae24cc]::macros::scoped_tls::ScopedKey<tokio[52cf267c0ae24cc]::runtime::basic_scheduler::Context>>::set::<tokio[52cf267c0ae24cc]::runtime::basic_scheduler::enter<<tokio[52cf267c0ae24cc]::runtime::basic_scheduler::Inner<tokio[52cf267c0ae24cc]::runtime::driver::Driver>>::block_on<core[df12db4294e9bfd3]::pin::Pin<&mut mirror_cache[61d4b6df68b60d80]::storage::test::test_fs_remove::{closure#0}>>::{closure#0}, (), tokio[52cf267c0ae24cc]::runtime::driver::Driver>::{closure#0}, ()>
[INFO] [stdout]   16:     0x599b9b0631f1 - <tokio[52cf267c0ae24cc]::runtime::basic_scheduler::BasicScheduler<tokio[52cf267c0ae24cc]::runtime::driver::Driver>>::block_on::<mirror_cache[61d4b6df68b60d80]::storage::test::test_fs_remove::{closure#0}>
[INFO] [stdout]   17:     0x599b9b040c63 - mirror_cache[61d4b6df68b60d80]::storage::test::test_fs_remove
[INFO] [stdout]   18:     0x599b9b01e639 - <mirror_cache[61d4b6df68b60d80]::storage::test::test_fs_remove::{closure#0} as core[df12db4294e9bfd3]::ops::function::FnOnce<()>>::call_once
[INFO] [stdout]   19:     0x599b9b08992b - test[9d35eded1c95d3be]::__rust_begin_short_backtrace::<core[df12db4294e9bfd3]::result::Result<(), alloc[2182bb758b4b3781]::string::String>, fn() -> core[df12db4294e9bfd3]::result::Result<(), alloc[2182bb758b4b3781]::string::String>>
[INFO] [stdout]   20:     0x599b9b096f95 - test[9d35eded1c95d3be]::run_test::{closure#0}
[INFO] [stdout]   21:     0x599b9b090854 - std[70759c8f55707aa4]::sys::backtrace::__rust_begin_short_backtrace::<test[9d35eded1c95d3be]::run_test::{closure#1}, ()>
[INFO] [stdout]   22:     0x599b9b09a0f2 - <std[70759c8f55707aa4]::thread::lifecycle::spawn_unchecked<test[9d35eded1c95d3be]::run_test::{closure#1}, ()>::{closure#1} as core[df12db4294e9bfd3]::ops::function::FnOnce<()>>::call_once::{shim:vtable#0}
[INFO] [stdout]   23:     0x599b9b55ac19 - <std[70759c8f55707aa4]::sys::thread::unix::Thread>::new::thread_start
[INFO] [stdout]   24:     0x71c1919c8dfa - <unknown>
[INFO] [stdout]   25:     0x71c191a5c3d4 - clone
[INFO] [stdout]   26:                0x0 - <unknown>
[INFO] [stdout] 
[INFO] [stdout] ---- storage::test::test_fs_write_read stdout ----
[INFO] [stdout] 
[INFO] [stdout] thread 'storage::test::test_fs_write_read' (4280) panicked at src/storage.rs:181:37:
[INFO] [stdout] called `Result::unwrap()` on an `Err` value: Os { code: 30, kind: ReadOnlyFilesystem, message: "Read-only file system" }
[INFO] [stdout] stack backtrace:
[INFO] [stdout]    0:     0x599b9b55b981 - <<std[70759c8f55707aa4]::sys::backtrace::BacktraceLock>::print::DisplayBacktrace as core[df12db4294e9bfd3]::fmt::Display>::fmt
[INFO] [stdout]    1:     0x599b9b574d9a - core[df12db4294e9bfd3]::fmt::write
[INFO] [stdout]    2:     0x599b9b560d7c - <alloc[2182bb758b4b3781]::vec::Vec<u8> as core[df12db4294e9bfd3]::io::write::Write>::write_fmt
[INFO] [stdout]    3:     0x599b9b5337c6 - std[70759c8f55707aa4]::panicking::default_hook::{closure#0}
[INFO] [stdout]    4:     0x599b9b552239 - std[70759c8f55707aa4]::panicking::default_hook
[INFO] [stdout]    5:     0x599b9b096640 - test[9d35eded1c95d3be]::test_main_inner::<test[9d35eded1c95d3be]::test_main_static::{closure#0}>::{closure#0}
[INFO] [stdout]    6:     0x599b9b552562 - std[70759c8f55707aa4]::panicking::panic_with_hook
[INFO] [stdout]    7:     0x599b9b533872 - std[70759c8f55707aa4]::panicking::panic_handler::{closure#0}
[INFO] [stdout]    8:     0x599b9b52c169 - std[70759c8f55707aa4]::sys::backtrace::__rust_end_short_backtrace::<std[70759c8f55707aa4]::panicking::panic_handler::{closure#0}, !>
[INFO] [stdout]    9:     0x599b9b5347ed - __rustc[8fa7c3cbc660c2b3]::rust_begin_unwind
[INFO] [stdout]   10:     0x599b9b5754fc - core[df12db4294e9bfd3]::panicking::panic_fmt
[INFO] [stdout]   11:     0x599b9b5752d2 - core[df12db4294e9bfd3]::result::unwrap_failed
[INFO] [stdout]   12:     0x599b9afd7cbc - <mirror_cache[61d4b6df68b60d80]::storage::Storage>::persist::{closure#0}
[INFO] [stdout]   13:     0x599b9afdb638 - mirror_cache[61d4b6df68b60d80]::storage::test::write_read::{closure#0}
[INFO] [stdout]   14:     0x599b9afe584b - <core[df12db4294e9bfd3]::pin::Pin<&mut mirror_cache[61d4b6df68b60d80]::storage::test::test_fs_write_read::{closure#0}> as core[df12db4294e9bfd3]::future::future::Future>::poll
[INFO] [stdout]   15:     0x599b9b073d41 - <tokio[52cf267c0ae24cc]::macros::scoped_tls::ScopedKey<tokio[52cf267c0ae24cc]::runtime::basic_scheduler::Context>>::set::<tokio[52cf267c0ae24cc]::runtime::basic_scheduler::enter<<tokio[52cf267c0ae24cc]::runtime::basic_scheduler::Inner<tokio[52cf267c0ae24cc]::runtime::driver::Driver>>::block_on<core[df12db4294e9bfd3]::pin::Pin<&mut mirror_cache[61d4b6df68b60d80]::storage::test::test_fs_write_read::{closure#0}>>::{closure#0}, (), tokio[52cf267c0ae24cc]::runtime::driver::Driver>::{closure#0}, ()>
[INFO] [stdout]   16:     0x599b9b063a86 - <tokio[52cf267c0ae24cc]::runtime::basic_scheduler::BasicScheduler<tokio[52cf267c0ae24cc]::runtime::driver::Driver>>::block_on::<mirror_cache[61d4b6df68b60d80]::storage::test::test_fs_write_read::{closure#0}>
[INFO] [stdout]   17:     0x599b9b040fe3 - mirror_cache[61d4b6df68b60d80]::storage::test::test_fs_write_read
[INFO] [stdout]   18:     0x599b9b01e679 - <mirror_cache[61d4b6df68b60d80]::storage::test::test_fs_write_read::{closure#0} as core[df12db4294e9bfd3]::ops::function::FnOnce<()>>::call_once
[INFO] [stdout]   19:     0x599b9b08992b - test[9d35eded1c95d3be]::__rust_begin_short_backtrace::<core[df12db4294e9bfd3]::result::Result<(), alloc[2182bb758b4b3781]::string::String>, fn() -> core[df12db4294e9bfd3]::result::Result<(), alloc[2182bb758b4b3781]::string::String>>
[INFO] [stdout]   20:     0x599b9b096f95 - test[9d35eded1c95d3be]::run_test::{closure#0}
[INFO] [stdout]   21:     0x599b9b090854 - std[70759c8f55707aa4]::sys::backtrace::__rust_begin_short_backtrace::<test[9d35eded1c95d3be]::run_test::{closure#1}, ()>
[INFO] [stdout]   22:     0x599b9b09a0f2 - <std[70759c8f55707aa4]::thread::lifecycle::spawn_unchecked<test[9d35eded1c95d3be]::run_test::{closure#1}, ()>::{closure#1} as core[df12db4294e9bfd3]::ops::function::FnOnce<()>>::call_once::{shim:vtable#0}
[INFO] [stdout]   23:     0x599b9b55ac19 - <std[70759c8f55707aa4]::sys::thread::unix::Thread>::new::thread_start
[INFO] [stdout]   24:     0x71c1919c8dfa - <unknown>
[INFO] [stdout]   25:     0x71c191a5c3d4 - clone
[INFO] [stdout]   26:                0x0 - <unknown>
[INFO] [stdout] 
[INFO] [stdout] ---- models::tests::test_get_nonexist_key stdout ----
[INFO] [stdout] 
[INFO] [stderr] error: test failed, to rerun pass `--bin mirror-cache`
[INFO] [stdout] thread 'models::tests::test_get_nonexist_key' (4275) panicked at src/models.rs:267:47:
[INFO] [stdout] called `Result::unwrap()` on an `Err` value: Connection refused (os error 111)
[INFO] [stdout] stack backtrace:
[INFO] [stdout]    0:     0x599b9b55b981 - <<std[70759c8f55707aa4]::sys::backtrace::BacktraceLock>::print::DisplayBacktrace as core[df12db4294e9bfd3]::fmt::Display>::fmt
[INFO] [stdout]    1:     0x599b9b574d9a - core[df12db4294e9bfd3]::fmt::write
[INFO] [stdout]    2:     0x599b9b560d7c - <alloc[2182bb758b4b3781]::vec::Vec<u8> as core[df12db4294e9bfd3]::io::write::Write>::write_fmt
[INFO] [stdout]    3:     0x599b9b5337c6 - std[70759c8f55707aa4]::panicking::default_hook::{closure#0}
[INFO] [stdout]    4:     0x599b9b552239 - std[70759c8f55707aa4]::panicking::default_hook
[INFO] [stdout]    5:     0x599b9b096640 - test[9d35eded1c95d3be]::test_main_inner::<test[9d35eded1c95d3be]::test_main_static::{closure#0}>::{closure#0}
[INFO] [stdout]    6:     0x599b9b552562 - std[70759c8f55707aa4]::panicking::panic_with_hook
[INFO] [stdout]    7:     0x599b9b533872 - std[70759c8f55707aa4]::panicking::panic_handler::{closure#0}
[INFO] [stdout]    8:     0x599b9b52c169 - std[70759c8f55707aa4]::sys::backtrace::__rust_end_short_backtrace::<std[70759c8f55707aa4]::panicking::panic_handler::{closure#0}, !>
[INFO] [stdout]    9:     0x599b9b5347ed - __rustc[8fa7c3cbc660c2b3]::rust_begin_unwind
[INFO] [stdout]   10:     0x599b9b5754fc - core[df12db4294e9bfd3]::panicking::panic_fmt
[INFO] [stdout]   11:     0x599b9b5752d2 - core[df12db4294e9bfd3]::result::unwrap_failed
[INFO] [stdout]   12:     0x599b9b08842e - mirror_cache[61d4b6df68b60d80]::models::tests::test_get_nonexist_key
[INFO] [stdout]   13:     0x599b9b01e5d9 - <mirror_cache[61d4b6df68b60d80]::models::tests::test_get_nonexist_key::{closure#0} as core[df12db4294e9bfd3]::ops::function::FnOnce<()>>::call_once
[INFO] [stdout]   14:     0x599b9b08992b - test[9d35eded1c95d3be]::__rust_begin_short_backtrace::<core[df12db4294e9bfd3]::result::Result<(), alloc[2182bb758b4b3781]::string::String>, fn() -> core[df12db4294e9bfd3]::result::Result<(), alloc[2182bb758b4b3781]::string::String>>
[INFO] [stdout]   15:     0x599b9b096f95 - test[9d35eded1c95d3be]::run_test::{closure#0}
[INFO] [stdout]   16:     0x599b9b090854 - std[70759c8f55707aa4]::sys::backtrace::__rust_begin_short_backtrace::<test[9d35eded1c95d3be]::run_test::{closure#1}, ()>
[INFO] [stdout]   17:     0x599b9b09a0f2 - <std[70759c8f55707aa4]::thread::lifecycle::spawn_unchecked<test[9d35eded1c95d3be]::run_test::{closure#1}, ()>::{closure#1} as core[df12db4294e9bfd3]::ops::function::FnOnce<()>>::call_once::{shim:vtable#0}
[INFO] [stdout]   18:     0x599b9b55ac19 - <std[70759c8f55707aa4]::sys::thread::unix::Thread>::new::thread_start
[INFO] [stdout]   19:     0x71c1919c8dfa - <unknown>
[INFO] [stdout]   20:     0x71c191a5c3d4 - clone
[INFO] [stdout]   21:                0x0 - <unknown>
[INFO] [stdout] 
[INFO] [stdout] ---- cache::tests::test_ttl_redis_cache_expire_key stdout ----
[INFO] [stdout] 
[INFO] [stdout] thread 'cache::tests::test_ttl_redis_cache_expire_key' (4271) panicked at src/cache.rs:471:69:
[INFO] [stdout] called `Result::unwrap()` on an `Err` value: RedisClientError(Connection refused (os error 111))
[INFO] [stdout] stack backtrace:
[INFO] [stdout]    0:     0x599b9b55b981 - <<std[70759c8f55707aa4]::sys::backtrace::BacktraceLock>::print::DisplayBacktrace as core[df12db4294e9bfd3]::fmt::Display>::fmt
[INFO] [stdout]    1:     0x599b9b574d9a - core[df12db4294e9bfd3]::fmt::write
[INFO] [stdout]    2:     0x599b9b560d7c - <alloc[2182bb758b4b3781]::vec::Vec<u8> as core[df12db4294e9bfd3]::io::write::Write>::write_fmt
[INFO] [stdout]    3:     0x599b9b5337c6 - std[70759c8f55707aa4]::panicking::default_hook::{closure#0}
[INFO] [stdout]    4:     0x599b9b552239 - std[70759c8f55707aa4]::panicking::default_hook
[INFO] [stdout]    5:     0x599b9b096640 - test[9d35eded1c95d3be]::test_main_inner::<test[9d35eded1c95d3be]::test_main_static::{closure#0}>::{closure#0}
[INFO] [stdout]    6:     0x599b9b552562 - std[70759c8f55707aa4]::panicking::panic_with_hook
[INFO] [stdout]    7:     0x599b9b533872 - std[70759c8f55707aa4]::panicking::panic_handler::{closure#0}
[INFO] [stdout]    8:     0x599b9b52c169 - std[70759c8f55707aa4]::sys::backtrace::__rust_end_short_backtrace::<std[70759c8f55707aa4]::panicking::panic_handler::{closure#0}, !>
[INFO] [stdout]    9:     0x599b9b5347ed - __rustc[8fa7c3cbc660c2b3]::rust_begin_unwind
[INFO] [stdout]   10:     0x599b9b5754fc - core[df12db4294e9bfd3]::panicking::panic_fmt
[INFO] [stdout]   11:     0x599b9b5752d2 - core[df12db4294e9bfd3]::result::unwrap_failed
[INFO] [stdout]   12:     0x599b9b013b27 - <mirror_cache[61d4b6df68b60d80]::cache::RedisMetadataDb as mirror_cache[61d4b6df68b60d80]::cache::TtlMetadataStore>::set_ttl_entry
[INFO] [stdout]   13:     0x599b9b00f702 - <mirror_cache[61d4b6df68b60d80]::cache::TtlCache as mirror_cache[61d4b6df68b60d80]::cache::Cache>::put::{closure#0}
[INFO] [stdout]   14:     0x599b9afe3d58 - <core[df12db4294e9bfd3]::pin::Pin<&mut mirror_cache[61d4b6df68b60d80]::cache::tests::test_ttl_redis_cache_expire_key::{closure#0}> as core[df12db4294e9bfd3]::future::future::Future>::poll
[INFO] [stdout]   15:     0x599b9b072941 - <tokio[52cf267c0ae24cc]::macros::scoped_tls::ScopedKey<tokio[52cf267c0ae24cc]::runtime::basic_scheduler::Context>>::set::<tokio[52cf267c0ae24cc]::runtime::basic_scheduler::enter<<tokio[52cf267c0ae24cc]::runtime::basic_scheduler::Inner<tokio[52cf267c0ae24cc]::runtime::driver::Driver>>::block_on<core[df12db4294e9bfd3]::pin::Pin<&mut mirror_cache[61d4b6df68b60d80]::cache::tests::test_ttl_redis_cache_expire_key::{closure#0}>>::{closure#0}, (), tokio[52cf267c0ae24cc]::runtime::driver::Driver>::{closure#0}, ()>
[INFO] [stdout]   16:     0x599b9b06251a - <tokio[52cf267c0ae24cc]::runtime::basic_scheduler::BasicScheduler<tokio[52cf267c0ae24cc]::runtime::driver::Driver>>::block_on::<mirror_cache[61d4b6df68b60d80]::cache::tests::test_ttl_redis_cache_expire_key::{closure#0}>
[INFO] [stdout]   17:     0x599b9b040675 - mirror_cache[61d4b6df68b60d80]::cache::tests::test_ttl_redis_cache_expire_key
[INFO] [stdout]   18:     0x599b9b01e539 - <mirror_cache[61d4b6df68b60d80]::cache::tests::test_ttl_redis_cache_expire_key::{closure#0} as core[df12db4294e9bfd3]::ops::function::FnOnce<()>>::call_once
[INFO] [stdout]   19:     0x599b9b08992b - test[9d35eded1c95d3be]::__rust_begin_short_backtrace::<core[df12db4294e9bfd3]::result::Result<(), alloc[2182bb758b4b3781]::string::String>, fn() -> core[df12db4294e9bfd3]::result::Result<(), alloc[2182bb758b4b3781]::string::String>>
[INFO] [stdout]   20:     0x599b9b096f95 - test[9d35eded1c95d3be]::run_test::{closure#0}
[INFO] [stdout]   21:     0x599b9b090854 - std[70759c8f55707aa4]::sys::backtrace::__rust_begin_short_backtrace::<test[9d35eded1c95d3be]::run_test::{closure#1}, ()>
[INFO] [stdout]   22:     0x599b9b09a0f2 - <std[70759c8f55707aa4]::thread::lifecycle::spawn_unchecked<test[9d35eded1c95d3be]::run_test::{closure#1}, ()>::{closure#1} as core[df12db4294e9bfd3]::ops::function::FnOnce<()>>::call_once::{shim:vtable#0}
[INFO] [stdout]   23:     0x599b9b55ac19 - <std[70759c8f55707aa4]::sys::thread::unix::Thread>::new::thread_start
[INFO] [stdout]   24:     0x71c1919c8dfa - <unknown>
[INFO] [stdout]   25:     0x71c191a5c3d4 - clone
[INFO] [stdout]   26:                0x0 - <unknown>
[INFO] [stdout] 
[INFO] [stdout] ---- cache::tests::lru_sled_cache_entry_set_success stdout ----
[INFO] [stdout] 
[INFO] [stdout] thread 'cache::tests::lru_sled_cache_entry_set_success' (4267) panicked at src/cache.rs:605:38:
[INFO] [stdout] called `Result::unwrap()` on an `Err` value: SledError(Io(Os { code: 30, kind: ReadOnlyFilesystem, message: "Read-only file system" }))
[INFO] [stdout] stack backtrace:
[INFO] [stdout]    0:     0x599b9b55b981 - <<std[70759c8f55707aa4]::sys::backtrace::BacktraceLock>::print::DisplayBacktrace as core[df12db4294e9bfd3]::fmt::Display>::fmt
[INFO] [stdout]    1:     0x599b9b574d9a - core[df12db4294e9bfd3]::fmt::write
[INFO] [stdout]    2:     0x599b9b560d7c - <alloc[2182bb758b4b3781]::vec::Vec<u8> as core[df12db4294e9bfd3]::io::write::Write>::write_fmt
[INFO] [stdout]    3:     0x599b9b5337c6 - std[70759c8f55707aa4]::panicking::default_hook::{closure#0}
[INFO] [stdout]    4:     0x599b9b552239 - std[70759c8f55707aa4]::panicking::default_hook
[INFO] [stdout]    5:     0x599b9b096640 - test[9d35eded1c95d3be]::test_main_inner::<test[9d35eded1c95d3be]::test_main_static::{closure#0}>::{closure#0}
[INFO] [stdout]    6:     0x599b9b552562 - std[70759c8f55707aa4]::panicking::panic_with_hook
[INFO] [stdout]    7:     0x599b9b533872 - std[70759c8f55707aa4]::panicking::panic_handler::{closure#0}
[INFO] [stdout]    8:     0x599b9b52c169 - std[70759c8f55707aa4]::sys::backtrace::__rust_end_short_backtrace::<std[70759c8f55707aa4]::panicking::panic_handler::{closure#0}, !>
[INFO] [stdout]    9:     0x599b9b5347ed - __rustc[8fa7c3cbc660c2b3]::rust_begin_unwind
[INFO] [stdout]   10:     0x599b9b5754fc - core[df12db4294e9bfd3]::panicking::panic_fmt
[INFO] [stdout]   11:     0x599b9b5752d2 - core[df12db4294e9bfd3]::result::unwrap_failed
[INFO] [stdout]   12:     0x599b9b0105c9 - <mirror_cache[61d4b6df68b60d80]::cache::SledMetadataDb>::new_lru
[INFO] [stdout]   13:     0x599b9afe447f - <core[df12db4294e9bfd3]::pin::Pin<&mut mirror_cache[61d4b6df68b60d80]::cache::tests::lru_sled_cache_entry_set_success::{closure#0}> as core[df12db4294e9bfd3]::future::future::Future>::poll
[INFO] [stdout]   14:     0x599b9b072d41 - <tokio[52cf267c0ae24cc]::macros::scoped_tls::ScopedKey<tokio[52cf267c0ae24cc]::runtime::basic_scheduler::Context>>::set::<tokio[52cf267c0ae24cc]::runtime::basic_scheduler::enter<<tokio[52cf267c0ae24cc]::runtime::basic_scheduler::Inner<tokio[52cf267c0ae24cc]::runtime::driver::Driver>>::block_on<core[df12db4294e9bfd3]::pin::Pin<&mut mirror_cache[61d4b6df68b60d80]::cache::tests::lru_sled_cache_entry_set_success::{closure#0}>>::{closure#0}, (), tokio[52cf267c0ae24cc]::runtime::driver::Driver>::{closure#0}, ()>
[INFO] [stdout]   15:     0x599b9b062975 - <tokio[52cf267c0ae24cc]::runtime::basic_scheduler::BasicScheduler<tokio[52cf267c0ae24cc]::runtime::driver::Driver>>::block_on::<mirror_cache[61d4b6df68b60d80]::cache::tests::lru_sled_cache_entry_set_success::{closure#0}>
[INFO] [stdout]   16:     0x599b9b040841 - mirror_cache[61d4b6df68b60d80]::cache::tests::lru_sled_cache_entry_set_success
[INFO] [stdout]   17:     0x599b9b01e559 - <mirror_cache[61d4b6df68b60d80]::cache::tests::lru_sled_cache_entry_set_success::{closure#0} as core[df12db4294e9bfd3]::ops::function::FnOnce<()>>::call_once
[INFO] [stdout]   18:     0x599b9b08992b - test[9d35eded1c95d3be]::__rust_begin_short_backtrace::<core[df12db4294e9bfd3]::result::Result<(), alloc[2182bb758b4b3781]::string::String>, fn() -> core[df12db4294e9bfd3]::result::Result<(), alloc[2182bb758b4b3781]::string::String>>
[INFO] [stdout]   19:     0x599b9b096f95 - test[9d35eded1c95d3be]::run_test::{closure#0}
[INFO] [stdout]   20:     0x599b9b090854 - std[70759c8f55707aa4]::sys::backtrace::__rust_begin_short_backtrace::<test[9d35eded1c95d3be]::run_test::{closure#1}, ()>
[INFO] [stdout]   21:     0x599b9b09a0f2 - <std[70759c8f55707aa4]::thread::lifecycle::spawn_unchecked<test[9d35eded1c95d3be]::run_test::{closure#1}, ()>::{closure#1} as core[df12db4294e9bfd3]::ops::function::FnOnce<()>>::call_once::{shim:vtable#0}
[INFO] [stdout]   22:     0x599b9b55ac19 - <std[70759c8f55707aa4]::sys::thread::unix::Thread>::new::thread_start
[INFO] [stdout]   23:     0x71c1919c8dfa - <unknown>
[INFO] [stdout]   24:     0x71c191a5c3d4 - clone
[INFO] [stdout]   25:                0x0 - <unknown>
[INFO] [stdout] 
[INFO] [stdout] ---- cache::tests::lru_sled_cache_size_constraint stdout ----
[INFO] [stdout] 
[INFO] [stdout] thread 'cache::tests::lru_sled_cache_size_constraint' (4269) panicked at src/cache.rs:605:38:
[INFO] [stdout] called `Result::unwrap()` on an `Err` value: SledError(Io(Os { code: 30, kind: ReadOnlyFilesystem, message: "Read-only file system" }))
[INFO] [stdout] stack backtrace:
[INFO] [stdout]    0:     0x599b9b55b981 - <<std[70759c8f55707aa4]::sys::backtrace::BacktraceLock>::print::DisplayBacktrace as core[df12db4294e9bfd3]::fmt::Display>::fmt
[INFO] [stdout]    1:     0x599b9b574d9a - core[df12db4294e9bfd3]::fmt::write
[INFO] [stdout]    2:     0x599b9b560d7c - <alloc[2182bb758b4b3781]::vec::Vec<u8> as core[df12db4294e9bfd3]::io::write::Write>::write_fmt
[INFO] [stdout]    3:     0x599b9b5337c6 - std[70759c8f55707aa4]::panicking::default_hook::{closure#0}
[INFO] [stdout]    4:     0x599b9b552239 - std[70759c8f55707aa4]::panicking::default_hook
[INFO] [stdout]    5:     0x599b9b096640 - test[9d35eded1c95d3be]::test_main_inner::<test[9d35eded1c95d3be]::test_main_static::{closure#0}>::{closure#0}
[INFO] [stdout]    6:     0x599b9b552562 - std[70759c8f55707aa4]::panicking::panic_with_hook
[INFO] [stdout]    7:     0x599b9b533872 - std[70759c8f55707aa4]::panicking::panic_handler::{closure#0}
[INFO] [stdout]    8:     0x599b9b52c169 - std[70759c8f55707aa4]::sys::backtrace::__rust_end_short_backtrace::<std[70759c8f55707aa4]::panicking::panic_handler::{closure#0}, !>
[INFO] [stdout]    9:     0x599b9b5347ed - __rustc[8fa7c3cbc660c2b3]::rust_begin_unwind
[INFO] [stdout]   10:     0x599b9b5754fc - core[df12db4294e9bfd3]::panicking::panic_fmt
[INFO] [stdout]   11:     0x599b9b5752d2 - core[df12db4294e9bfd3]::result::unwrap_failed
[INFO] [stdout]   12:     0x599b9b0105c9 - <mirror_cache[61d4b6df68b60d80]::cache::SledMetadataDb>::new_lru
[INFO] [stdout]   13:     0x599b9afe25db - <core[df12db4294e9bfd3]::pin::Pin<&mut mirror_cache[61d4b6df68b60d80]::cache::tests::lru_sled_cache_size_constraint::{closure#0}> as core[df12db4294e9bfd3]::future::future::Future>::poll
[INFO] [stdout]   14:     0x599b9b071d41 - <tokio[52cf267c0ae24cc]::macros::scoped_tls::ScopedKey<tokio[52cf267c0ae24cc]::runtime::basic_scheduler::Context>>::set::<tokio[52cf267c0ae24cc]::runtime::basic_scheduler::enter<<tokio[52cf267c0ae24cc]::runtime::basic_scheduler::Inner<tokio[52cf267c0ae24cc]::runtime::driver::Driver>>::block_on<core[df12db4294e9bfd3]::pin::Pin<&mut mirror_cache[61d4b6df68b60d80]::cache::tests::lru_sled_cache_size_constraint::{closure#0}>>::{closure#0}, (), tokio[52cf267c0ae24cc]::runtime::driver::Driver>::{closure#0}, ()>
[INFO] [stdout]   15:     0x599b9b0618d4 - <tokio[52cf267c0ae24cc]::runtime::basic_scheduler::BasicScheduler<tokio[52cf267c0ae24cc]::runtime::driver::Driver>>::block_on::<mirror_cache[61d4b6df68b60d80]::cache::tests::lru_sled_cache_size_constraint::{closure#0}>
[INFO] [stdout]   16:     0x599b9b040143 - mirror_cache[61d4b6df68b60d80]::cache::tests::lru_sled_cache_size_constraint
[INFO] [stdout]   17:     0x599b9b01e4d9 - <mirror_cache[61d4b6df68b60d80]::cache::tests::lru_sled_cache_size_constraint::{closure#0} as core[df12db4294e9bfd3]::ops::function::FnOnce<()>>::call_once
[INFO] [stdout]   18:     0x599b9b08992b - test[9d35eded1c95d3be]::__rust_begin_short_backtrace::<core[df12db4294e9bfd3]::result::Result<(), alloc[2182bb758b4b3781]::string::String>, fn() -> core[df12db4294e9bfd3]::result::Result<(), alloc[2182bb758b4b3781]::string::String>>
[INFO] [stdout]   19:     0x599b9b096f95 - test[9d35eded1c95d3be]::run_test::{closure#0}
[INFO] [stdout]   20:     0x599b9b090854 - std[70759c8f55707aa4]::sys::backtrace::__rust_begin_short_backtrace::<test[9d35eded1c95d3be]::run_test::{closure#1}, ()>
[INFO] [stdout]   21:     0x599b9b09a0f2 - <std[70759c8f55707aa4]::thread::lifecycle::spawn_unchecked<test[9d35eded1c95d3be]::run_test::{closure#1}, ()>::{closure#1} as core[df12db4294e9bfd3]::ops::function::FnOnce<()>>::call_once::{shim:vtable#0}
[INFO] [stdout]   22:     0x599b9b55ac19 - <std[70759c8f55707aa4]::sys::thread::unix::Thread>::new::thread_start
[INFO] [stdout]   23:     0x71c1919c8dfa - <unknown>
[INFO] [stdout]   24:     0x71c191a5c3d4 - clone
[INFO] [stdout]   25:                0x0 - <unknown>
[INFO] [stdout] 
[INFO] [stdout] ---- cache::tests::test_lru_cache_no_evict_recent stdout ----
[INFO] [stdout] 
[INFO] [stdout] thread 'cache::tests::test_lru_cache_no_evict_recent' (4270) panicked at src/cache.rs:605:38:
[INFO] [stdout] called `Result::unwrap()` on an `Err` value: SledError(Io(Os { code: 30, kind: ReadOnlyFilesystem, message: "Read-only file system" }))
[INFO] [stdout] stack backtrace:
[INFO] [stdout]    0:     0x599b9b55b981 - <<std[70759c8f55707aa4]::sys::backtrace::BacktraceLock>::print::DisplayBacktrace as core[df12db4294e9bfd3]::fmt::Display>::fmt
[INFO] [stdout]    1:     0x599b9b574d9a - core[df12db4294e9bfd3]::fmt::write
[INFO] [stdout]    2:     0x599b9b560d7c - <alloc[2182bb758b4b3781]::vec::Vec<u8> as core[df12db4294e9bfd3]::io::write::Write>::write_fmt
[INFO] [stdout]    3:     0x599b9b5337c6 - std[70759c8f55707aa4]::panicking::default_hook::{closure#0}
[INFO] [stdout]    4:     0x599b9b552239 - std[70759c8f55707aa4]::panicking::default_hook
[INFO] [stdout]    5:     0x599b9b096640 - test[9d35eded1c95d3be]::test_main_inner::<test[9d35eded1c95d3be]::test_main_static::{closure#0}>::{closure#0}
[INFO] [stdout]    6:     0x599b9b552562 - std[70759c8f55707aa4]::panicking::panic_with_hook
[INFO] [stdout]    7:     0x599b9b533872 - std[70759c8f55707aa4]::panicking::panic_handler::{closure#0}
[INFO] [stdout]    8:     0x599b9b52c169 - std[70759c8f55707aa4]::sys::backtrace::__rust_end_short_backtrace::<std[70759c8f55707aa4]::panicking::panic_handler::{closure#0}, !>
[INFO] [stdout]    9:     0x599b9b5347ed - __rustc[8fa7c3cbc660c2b3]::rust_begin_unwind
[INFO] [stdout]   10:     0x599b9b5754fc - core[df12db4294e9bfd3]::panicking::panic_fmt
[INFO] [stdout]   11:     0x599b9b5752d2 - core[df12db4294e9bfd3]::result::unwrap_failed
[INFO] [stdout]   12:     0x599b9b0105c9 - <mirror_cache[61d4b6df68b60d80]::cache::SledMetadataDb>::new_lru
[INFO] [stdout]   13:     0x599b9afe2d40 - <core[df12db4294e9bfd3]::pin::Pin<&mut mirror_cache[61d4b6df68b60d80]::cache::tests::test_lru_cache_no_evict_recent::{closure#0}> as core[df12db4294e9bfd3]::future::future::Future>::poll
[INFO] [stdout]   14:     0x599b9b072141 - <tokio[52cf267c0ae24cc]::macros::scoped_tls::ScopedKey<tokio[52cf267c0ae24cc]::runtime::basic_scheduler::Context>>::set::<tokio[52cf267c0ae24cc]::runtime::basic_scheduler::enter<<tokio[52cf267c0ae24cc]::runtime::basic_scheduler::Inner<tokio[52cf267c0ae24cc]::runtime::driver::Driver>>::block_on<core[df12db4294e9bfd3]::pin::Pin<&mut mirror_cache[61d4b6df68b60d80]::cache::tests::test_lru_cache_no_evict_recent::{closure#0}>>::{closure#0}, (), tokio[52cf267c0ae24cc]::runtime::driver::Driver>::{closure#0}, ()>
[INFO] [stdout]   15:     0x599b9b061d0a - <tokio[52cf267c0ae24cc]::runtime::basic_scheduler::BasicScheduler<tokio[52cf267c0ae24cc]::runtime::driver::Driver>>::block_on::<mirror_cache[61d4b6df68b60d80]::cache::tests::test_lru_cache_no_evict_recent::{closure#0}>
[INFO] [stdout]   16:     0x599b9b040303 - mirror_cache[61d4b6df68b60d80]::cache::tests::test_lru_cache_no_evict_recent
[INFO] [stdout]   17:     0x599b9b01e4f9 - <mirror_cache[61d4b6df68b60d80]::cache::tests::test_lru_cache_no_evict_recent::{closure#0} as core[df12db4294e9bfd3]::ops::function::FnOnce<()>>::call_once
[INFO] [stdout]   18:     0x599b9b08992b - test[9d35eded1c95d3be]::__rust_begin_short_backtrace::<core[df12db4294e9bfd3]::result::Result<(), alloc[2182bb758b4b3781]::string::String>, fn() -> core[df12db4294e9bfd3]::result::Result<(), alloc[2182bb758b4b3781]::string::String>>
[INFO] [stdout]   19:     0x599b9b096f95 - test[9d35eded1c95d3be]::run_test::{closure#0}
[INFO] [stdout]   20:     0x599b9b090854 - std[70759c8f55707aa4]::sys::backtrace::__rust_begin_short_backtrace::<test[9d35eded1c95d3be]::run_test::{closure#1}, ()>
[INFO] [stdout]   21:     0x599b9b09a0f2 - <std[70759c8f55707aa4]::thread::lifecycle::spawn_unchecked<test[9d35eded1c95d3be]::run_test::{closure#1}, ()>::{closure#1} as core[df12db4294e9bfd3]::ops::function::FnOnce<()>>::call_once::{shim:vtable#0}
[INFO] [stdout]   22:     0x599b9b55ac19 - <std[70759c8f55707aa4]::sys::thread::unix::Thread>::new::thread_start
[INFO] [stdout]   23:     0x71c1919c8dfa - <unknown>
[INFO] [stdout]   24:     0x71c191a5c3d4 - clone
[INFO] [stdout]   25:                0x0 - <unknown>
[INFO] [stdout] 
[INFO] [stdout] ---- cache::tests::lru_sled_cache_isolation stdout ----
[INFO] [stdout] 
[INFO] [stdout] thread 'cache::tests::lru_sled_cache_isolation' (4268) panicked at src/cache.rs:605:38:
[INFO] [stdout] called `Result::unwrap()` on an `Err` value: SledError(Io(Os { code: 30, kind: ReadOnlyFilesystem, message: "Read-only file system" }))
[INFO] [stdout] stack backtrace:
[INFO] [stdout]    0:     0x599b9b55b981 - <<std[70759c8f55707aa4]::sys::backtrace::BacktraceLock>::print::DisplayBacktrace as core[df12db4294e9bfd3]::fmt::Display>::fmt
[INFO] [stdout]    1:     0x599b9b574d9a - core[df12db4294e9bfd3]::fmt::write
[INFO] [stdout]    2:     0x599b9b560d7c - <alloc[2182bb758b4b3781]::vec::Vec<u8> as core[df12db4294e9bfd3]::io::write::Write>::write_fmt
[INFO] [stdout]    3:     0x599b9b5337c6 - std[70759c8f55707aa4]::panicking::default_hook::{closure#0}
[INFO] [stdout]    4:     0x599b9b552239 - std[70759c8f55707aa4]::panicking::default_hook
[INFO] [stdout]    5:     0x599b9b096640 - test[9d35eded1c95d3be]::test_main_inner::<test[9d35eded1c95d3be]::test_main_static::{closure#0}>::{closure#0}
[INFO] [stdout]    6:     0x599b9b552562 - std[70759c8f55707aa4]::panicking::panic_with_hook
[INFO] [stdout]    7:     0x599b9b533872 - std[70759c8f55707aa4]::panicking::panic_handler::{closure#0}
[INFO] [stdout]    8:     0x599b9b52c169 - std[70759c8f55707aa4]::sys::backtrace::__rust_end_short_backtrace::<std[70759c8f55707aa4]::panicking::panic_handler::{closure#0}, !>
[INFO] [stdout]    9:     0x599b9b5347ed - __rustc[8fa7c3cbc660c2b3]::rust_begin_unwind
[INFO] [stdout]   10:     0x599b9b5754fc - core[df12db4294e9bfd3]::panicking::panic_fmt
[INFO] [stdout]   11:     0x599b9b5752d2 - core[df12db4294e9bfd3]::result::unwrap_failed
[INFO] [stdout]   12:     0x599b9b0105c9 - <mirror_cache[61d4b6df68b60d80]::cache::SledMetadataDb>::new_lru
[INFO] [stdout]   13:     0x599b9afdfc08 - <core[df12db4294e9bfd3]::pin::Pin<&mut mirror_cache[61d4b6df68b60d80]::cache::tests::lru_sled_cache_isolation::{closure#0}> as core[df12db4294e9bfd3]::future::future::Future>::poll
[INFO] [stdout]   14:     0x599b9b070d41 - <tokio[52cf267c0ae24cc]::macros::scoped_tls::ScopedKey<tokio[52cf267c0ae24cc]::runtime::basic_scheduler::Context>>::set::<tokio[52cf267c0ae24cc]::runtime::basic_scheduler::enter<<tokio[52cf267c0ae24cc]::runtime::basic_scheduler::Inner<tokio[52cf267c0ae24cc]::runtime::driver::Driver>>::block_on<core[df12db4294e9bfd3]::pin::Pin<&mut mirror_cache[61d4b6df68b60d80]::cache::tests::lru_sled_cache_isolation::{closure#0}>>::{closure#0}, (), tokio[52cf267c0ae24cc]::runtime::driver::Driver>::{closure#0}, ()>
[INFO] [stdout]   15:     0x599b9b060804 - <tokio[52cf267c0ae24cc]::runtime::basic_scheduler::BasicScheduler<tokio[52cf267c0ae24cc]::runtime::driver::Driver>>::block_on::<mirror_cache[61d4b6df68b60d80]::cache::tests::lru_sled_cache_isolation::{closure#0}>
[INFO] [stdout]   16:     0x599b9b03f9d3 - mirror_cache[61d4b6df68b60d80]::cache::tests::lru_sled_cache_isolation
[INFO] [stdout]   17:     0x599b9b01e459 - <mirror_cache[61d4b6df68b60d80]::cache::tests::lru_sled_cache_isolation::{closure#0} as core[df12db4294e9bfd3]::ops::function::FnOnce<()>>::call_once
[INFO] [stdout]   18:     0x599b9b08992b - test[9d35eded1c95d3be]::__rust_begin_short_backtrace::<core[df12db4294e9bfd3]::result::Result<(), alloc[2182bb758b4b3781]::string::String>, fn() -> core[df12db4294e9bfd3]::result::Result<(), alloc[2182bb758b4b3781]::string::String>>
[INFO] [stdout]   19:     0x599b9b096f95 - test[9d35eded1c95d3be]::run_test::{closure#0}
[INFO] [stdout]   20:     0x599b9b090854 - std[70759c8f55707aa4]::sys::backtrace::__rust_begin_short_backtrace::<test[9d35eded1c95d3be]::run_test::{closure#1}, ()>
[INFO] [stdout]   21:     0x599b9b09a0f2 - <std[70759c8f55707aa4]::thread::lifecycle::spawn_unchecked<test[9d35eded1c95d3be]::run_test::{closure#1}, ()>::{closure#1} as core[df12db4294e9bfd3]::ops::function::FnOnce<()>>::call_once::{shim:vtable#0}
[INFO] [stdout]   22:     0x599b9b55ac19 - <std[70759c8f55707aa4]::sys::thread::unix::Thread>::new::thread_start
[INFO] [stdout]   23:     0x71c1919c8dfa - <unknown>
[INFO] [stdout]   24:     0x71c191a5c3d4 - clone
[INFO] [stdout]   25:                0x0 - <unknown>
[INFO] [stdout] 
[INFO] [stdout] ---- cache::tests::lru_sled_cache_concurrency stdout ----
[INFO] [stdout] 
[INFO] [stdout] thread 'cache::tests::lru_sled_cache_concurrency' (4266) panicked at src/cache.rs:605:38:
[INFO] [stdout] called `Result::unwrap()` on an `Err` value: SledError(Io(Os { code: 30, kind: ReadOnlyFilesystem, message: "Read-only file system" }))
[INFO] [stdout] stack backtrace:
[INFO] [stdout]    0:     0x599b9b55b981 - <<std[70759c8f55707aa4]::sys::backtrace::BacktraceLock>::print::DisplayBacktrace as core[df12db4294e9bfd3]::fmt::Display>::fmt
[INFO] [stdout]    1:     0x599b9b574d9a - core[df12db4294e9bfd3]::fmt::write
[INFO] [stdout]    2:     0x599b9b560d7c - <alloc[2182bb758b4b3781]::vec::Vec<u8> as core[df12db4294e9bfd3]::io::write::Write>::write_fmt
[INFO] [stdout]    3:     0x599b9b5337c6 - std[70759c8f55707aa4]::panicking::default_hook::{closure#0}
[INFO] [stdout]    4:     0x599b9b552239 - std[70759c8f55707aa4]::panicking::default_hook
[INFO] [stdout]    5:     0x599b9b096640 - test[9d35eded1c95d3be]::test_main_inner::<test[9d35eded1c95d3be]::test_main_static::{closure#0}>::{closure#0}
[INFO] [stdout]    6:     0x599b9b552562 - std[70759c8f55707aa4]::panicking::panic_with_hook
[INFO] [stdout]    7:     0x599b9b533872 - std[70759c8f55707aa4]::panicking::panic_handler::{closure#0}
[INFO] [stdout]    8:     0x599b9b52c169 - std[70759c8f55707aa4]::sys::backtrace::__rust_end_short_backtrace::<std[70759c8f55707aa4]::panicking::panic_handler::{closure#0}, !>
[INFO] [stdout]    9:     0x599b9b5347ed - __rustc[8fa7c3cbc660c2b3]::rust_begin_unwind
[INFO] [stdout]   10:     0x599b9b5754fc - core[df12db4294e9bfd3]::panicking::panic_fmt
[INFO] [stdout]   11:     0x599b9b5752d2 - core[df12db4294e9bfd3]::result::unwrap_failed
[INFO] [stdout]   12:     0x599b9b0105c9 - <mirror_cache[61d4b6df68b60d80]::cache::SledMetadataDb>::new_lru
[INFO] [stdout]   13:     0x599b9afe1bf2 - <core[df12db4294e9bfd3]::pin::Pin<&mut mirror_cache[61d4b6df68b60d80]::cache::tests::lru_sled_cache_concurrency::{closure#0}> as core[df12db4294e9bfd3]::future::future::Future>::poll
[INFO] [stdout]   14:     0x599b9b071941 - <tokio[52cf267c0ae24cc]::macros::scoped_tls::ScopedKey<tokio[52cf267c0ae24cc]::runtime::basic_scheduler::Context>>::set::<tokio[52cf267c0ae24cc]::runtime::basic_scheduler::enter<<tokio[52cf267c0ae24cc]::runtime::basic_scheduler::Inner<tokio[52cf267c0ae24cc]::runtime::driver::Driver>>::block_on<core[df12db4294e9bfd3]::pin::Pin<&mut mirror_cache[61d4b6df68b60d80]::cache::tests::lru_sled_cache_concurrency::{closure#0}>>::{closure#0}, (), tokio[52cf267c0ae24cc]::runtime::driver::Driver>::{closure#0}, ()>
[INFO] [stdout]   15:     0x599b9b061485 - <tokio[52cf267c0ae24cc]::runtime::basic_scheduler::BasicScheduler<tokio[52cf267c0ae24cc]::runtime::driver::Driver>>::block_on::<mirror_cache[61d4b6df68b60d80]::cache::tests::lru_sled_cache_concurrency::{closure#0}>
[INFO] [stdout]   16:     0x599b9b03ff1e - mirror_cache[61d4b6df68b60d80]::cache::tests::lru_sled_cache_concurrency
[INFO] [stdout]   17:     0x599b9b01e4b9 - <mirror_cache[61d4b6df68b60d80]::cache::tests::lru_sled_cache_concurrency::{closure#0} as core[df12db4294e9bfd3]::ops::function::FnOnce<()>>::call_once
[INFO] [stdout]   18:     0x599b9b08992b - test[9d35eded1c95d3be]::__rust_begin_short_backtrace::<core[df12db4294e9bfd3]::result::Result<(), alloc[2182bb758b4b3781]::string::String>, fn() -> core[df12db4294e9bfd3]::result::Result<(), alloc[2182bb758b4b3781]::string::String>>
[INFO] [stdout]   19:     0x599b9b096f95 - test[9d35eded1c95d3be]::run_test::{closure#0}
[INFO] [stdout]   20:     0x599b9b090854 - std[70759c8f55707aa4]::sys::backtrace::__rust_begin_short_backtrace::<test[9d35eded1c95d3be]::run_test::{closure#1}, ()>
[INFO] [stdout]   21:     0x599b9b09a0f2 - <std[70759c8f55707aa4]::thread::lifecycle::spawn_unchecked<test[9d35eded1c95d3be]::run_test::{closure#1}, ()>::{closure#1} as core[df12db4294e9bfd3]::ops::function::FnOnce<()>>::call_once::{shim:vtable#0}
[INFO] [stdout]   22:     0x599b9b55ac19 - <std[70759c8f55707aa4]::sys::thread::unix::Thread>::new::thread_start
[INFO] [stdout]   23:     0x71c1919c8dfa - <unknown>
[INFO] [stdout]   24:     0x71c191a5c3d4 - clone
[INFO] [stdout]   25:                0x0 - <unknown>
[INFO] [stdout] 
[INFO] [stdout] ---- cache::tests::ttl_sled_cache_expire_key stdout ----
[INFO] [stdout] 
[INFO] [stdout] thread 'cache::tests::ttl_sled_cache_expire_key' (4272) panicked at src/cache.rs:623:38:
[INFO] [stdout] called `Result::unwrap()` on an `Err` value: SledError(Io(Os { code: 30, kind: ReadOnlyFilesystem, message: "Read-only file system" }))
[INFO] [stdout] stack backtrace:
[INFO] [stdout]    0:     0x599b9b55b981 - <<std[70759c8f55707aa4]::sys::backtrace::BacktraceLock>::print::DisplayBacktrace as core[df12db4294e9bfd3]::fmt::Display>::fmt
[INFO] [stdout]    1:     0x599b9b574d9a - core[df12db4294e9bfd3]::fmt::write
[INFO] [stdout]    2:     0x599b9b560d7c - <alloc[2182bb758b4b3781]::vec::Vec<u8> as core[df12db4294e9bfd3]::io::write::Write>::write_fmt
[INFO] [stdout]    3:     0x599b9b5337c6 - std[70759c8f55707aa4]::panicking::default_hook::{closure#0}
[INFO] [stdout]    4:     0x599b9b552239 - std[70759c8f55707aa4]::panicking::default_hook
[INFO] [stdout]    5:     0x599b9b096640 - test[9d35eded1c95d3be]::test_main_inner::<test[9d35eded1c95d3be]::test_main_static::{closure#0}>::{closure#0}
[INFO] [stdout]    6:     0x599b9b552562 - std[70759c8f55707aa4]::panicking::panic_with_hook
[INFO] [stdout]    7:     0x599b9b533872 - std[70759c8f55707aa4]::panicking::panic_handler::{closure#0}
[INFO] [stdout]    8:     0x599b9b52c169 - std[70759c8f55707aa4]::sys::backtrace::__rust_end_short_backtrace::<std[70759c8f55707aa4]::panicking::panic_handler::{closure#0}, !>
[INFO] [stdout]    9:     0x599b9b5347ed - __rustc[8fa7c3cbc660c2b3]::rust_begin_unwind
[INFO] [stdout]   10:     0x599b9b5754fc - core[df12db4294e9bfd3]::panicking::panic_fmt
[INFO] [stdout]   11:     0x599b9b5752d2 - core[df12db4294e9bfd3]::result::unwrap_failed
[INFO] [stdout]   12:     0x599b9b010996 - <mirror_cache[61d4b6df68b60d80]::cache::SledMetadataDb>::new_ttl
[INFO] [stdout]   13:     0x599b9afe1162 - <core[df12db4294e9bfd3]::pin::Pin<&mut mirror_cache[61d4b6df68b60d80]::cache::tests::ttl_sled_cache_expire_key::{closure#0}> as core[df12db4294e9bfd3]::future::future::Future>::poll
[INFO] [stdout]   14:     0x599b9b071541 - <tokio[52cf267c0ae24cc]::macros::scoped_tls::ScopedKey<tokio[52cf267c0ae24cc]::runtime::basic_scheduler::Context>>::set::<tokio[52cf267c0ae24cc]::runtime::basic_scheduler::enter<<tokio[52cf267c0ae24cc]::runtime::basic_scheduler::Inner<tokio[52cf267c0ae24cc]::runtime::driver::Driver>>::block_on<core[df12db4294e9bfd3]::pin::Pin<&mut mirror_cache[61d4b6df68b60d80]::cache::tests::ttl_sled_cache_expire_key::{closure#0}>>::{closure#0}, (), tokio[52cf267c0ae24cc]::runtime::driver::Driver>::{closure#0}, ()>
[INFO] [stdout]   15:     0x599b9b06101a - <tokio[52cf267c0ae24cc]::runtime::basic_scheduler::BasicScheduler<tokio[52cf267c0ae24cc]::runtime::driver::Driver>>::block_on::<mirror_cache[61d4b6df68b60d80]::cache::tests::ttl_sled_cache_expire_key::{closure#0}>
[INFO] [stdout]   16:     0x599b9b03fd55 - mirror_cache[61d4b6df68b60d80]::cache::tests::ttl_sled_cache_expire_key
[INFO] [stdout]   17:     0x599b9b01e499 - <mirror_cache[61d4b6df68b60d80]::cache::tests::ttl_sled_cache_expire_key::{closure#0} as core[df12db4294e9bfd3]::ops::function::FnOnce<()>>::call_once
[INFO] [stdout]   18:     0x599b9b08992b - test[9d35eded1c95d3be]::__rust_begin_short_backtrace::<core[df12db4294e9bfd3]::result::Result<(), alloc[2182bb758b4b3781]::string::String>, fn() -> core[df12db4294e9bfd3]::result::Result<(), alloc[2182bb758b4b3781]::string::String>>
[INFO] [stdout]   19:     0x599b9b096f95 - test[9d35eded1c95d3be]::run_test::{closure#0}
[INFO] [stdout]   20:     0x599b9b090854 - std[70759c8f55707aa4]::sys::backtrace::__rust_begin_short_backtrace::<test[9d35eded1c95d3be]::run_test::{closure#1}, ()>
[INFO] [stdout]   21:     0x599b9b09a0f2 - <std[70759c8f55707aa4]::thread::lifecycle::spawn_unchecked<test[9d35eded1c95d3be]::run_test::{closure#1}, ()>::{closure#1} as core[df12db4294e9bfd3]::ops::function::FnOnce<()>>::call_once::{shim:vtable#0}
[INFO] [stdout]   22:     0x599b9b55ac19 - <std[70759c8f55707aa4]::sys::thread::unix::Thread>::new::thread_start
[INFO] [stdout]   23:     0x71c1919c8dfa - <unknown>
[INFO] [stdout]   24:     0x71c191a5c3d4 - clone
[INFO] [stdout]   25:                0x0 - <unknown>
[INFO] [stdout] 
[INFO] [stdout] ---- test::get_pypi_index stdout ----
[INFO] [stdout] 
[INFO] [stdout] thread 'test::get_pypi_index' (4285) panicked at src/cache.rs:605:38:
[INFO] [stdout] called `Result::unwrap()` on an `Err` value: SledError(Io(Os { code: 30, kind: ReadOnlyFilesystem, message: "Read-only file system" }))
[INFO] [stdout] stack backtrace:
[INFO] [stdout]    0:     0x599b9b55b981 - <<std[70759c8f55707aa4]::sys::backtrace::BacktraceLock>::print::DisplayBacktrace as core[df12db4294e9bfd3]::fmt::Display>::fmt
[INFO] [stdout]    1:     0x599b9b574d9a - core[df12db4294e9bfd3]::fmt::write
[INFO] [stdout]    2:     0x599b9b560d7c - <alloc[2182bb758b4b3781]::vec::Vec<u8> as core[df12db4294e9bfd3]::io::write::Write>::write_fmt
[INFO] [stdout]    3:     0x599b9b5337c6 - std[70759c8f55707aa4]::panicking::default_hook::{closure#0}
[INFO] [stdout]    4:     0x599b9b552239 - std[70759c8f55707aa4]::panicking::default_hook
[INFO] [stdout]    5:     0x599b9b096640 - test[9d35eded1c95d3be]::test_main_inner::<test[9d35eded1c95d3be]::test_main_static::{closure#0}>::{closure#0}
[INFO] [stdout]    6:     0x599b9b552562 - std[70759c8f55707aa4]::panicking::panic_with_hook
[INFO] [stdout]    7:     0x599b9b533872 - std[70759c8f55707aa4]::panicking::panic_handler::{closure#0}
[INFO] [stdout]    8:     0x599b9b52c169 - std[70759c8f55707aa4]::sys::backtrace::__rust_end_short_backtrace::<std[70759c8f55707aa4]::panicking::panic_handler::{closure#0}, !>
[INFO] [stdout]    9:     0x599b9b5347ed - __rustc[8fa7c3cbc660c2b3]::rust_begin_unwind
[INFO] [stdout]   10:     0x599b9b5754fc - core[df12db4294e9bfd3]::panicking::panic_fmt
[INFO] [stdout]   11:     0x599b9b5752d2 - core[df12db4294e9bfd3]::result::unwrap_failed
[INFO] [stdout]   12:     0x599b9b0105c9 - <mirror_cache[61d4b6df68b60d80]::cache::SledMetadataDb>::new_lru
[INFO] [stdout]   13:     0x599b9b03266c - <mirror_cache[61d4b6df68b60d80]::task::TaskManager>::refresh_config
[INFO] [stdout]   14:     0x599b9afdcf39 - <core[df12db4294e9bfd3]::pin::Pin<&mut mirror_cache[61d4b6df68b60d80]::test::get_pypi_index::{closure#0}> as core[df12db4294e9bfd3]::future::future::Future>::poll
[INFO] [stdout]   15:     0x599b9b070141 - <tokio[52cf267c0ae24cc]::macros::scoped_tls::ScopedKey<tokio[52cf267c0ae24cc]::runtime::basic_scheduler::Context>>::set::<tokio[52cf267c0ae24cc]::runtime::basic_scheduler::enter<<tokio[52cf267c0ae24cc]::runtime::basic_scheduler::Inner<tokio[52cf267c0ae24cc]::runtime::driver::Driver>>::block_on<core[df12db4294e9bfd3]::pin::Pin<&mut mirror_cache[61d4b6df68b60d80]::test::get_pypi_index::{closure#0}>>::{closure#0}, (), tokio[52cf267c0ae24cc]::runtime::driver::Driver>::{closure#0}, ()>
[INFO] [stdout]   16:     0x599b9b05fb3a - <tokio[52cf267c0ae24cc]::runtime::basic_scheduler::BasicScheduler<tokio[52cf267c0ae24cc]::runtime::driver::Driver>>::block_on::<mirror_cache[61d4b6df68b60d80]::test::get_pypi_index::{closure#0}>
[INFO] [stdout]   17:     0x599b9b03f063 - mirror_cache[61d4b6df68b60d80]::test::get_pypi_index
[INFO] [stdout]   18:     0x599b9b01e399 - <mirror_cache[61d4b6df68b60d80]::test::get_pypi_index::{closure#0} as core[df12db4294e9bfd3]::ops::function::FnOnce<()>>::call_once
[INFO] [stdout]   19:     0x599b9b08992b - test[9d35eded1c95d3be]::__rust_begin_short_backtrace::<core[df12db4294e9bfd3]::result::Result<(), alloc[2182bb758b4b3781]::string::String>, fn() -> core[df12db4294e9bfd3]::result::Result<(), alloc[2182bb758b4b3781]::string::String>>
[INFO] [stdout]   20:     0x599b9b096f95 - test[9d35eded1c95d3be]::run_test::{closure#0}
[INFO] [stdout]   21:     0x599b9b090854 - std[70759c8f55707aa4]::sys::backtrace::__rust_begin_short_backtrace::<test[9d35eded1c95d3be]::run_test::{closure#1}, ()>
[INFO] [stdout]   22:     0x599b9b09a0f2 - <std[70759c8f55707aa4]::thread::lifecycle::spawn_unchecked<test[9d35eded1c95d3be]::run_test::{closure#1}, ()>::{closure#1} as core[df12db4294e9bfd3]::ops::function::FnOnce<()>>::call_once::{shim:vtable#0}
[INFO] [stdout]   23:     0x599b9b55ac19 - <std[70759c8f55707aa4]::sys::thread::unix::Thread>::new::thread_start
[INFO] [stdout]   24:     0x71c1919c8dfa - <unknown>
[INFO] [stdout]   25:     0x71c191a5c3d4 - clone
[INFO] [stdout]   26:                0x0 - <unknown>
[INFO] [stdout] 
[INFO] [stdout] 
[INFO] [stdout] failures:
[INFO] [stdout]     cache::tests::cache_stream_size_valid
[INFO] [stdout]     cache::tests::key_update_total_size
[INFO] [stdout]     cache::tests::lru_redis_cache_entry_set_success
[INFO] [stdout]     cache::tests::lru_redis_cache_isolation
[INFO] [stdout]     cache::tests::lru_redis_cache_size_constraint
[INFO] [stdout]     cache::tests::lru_sled_cache_concurrency
[INFO] [stdout]     cache::tests::lru_sled_cache_entry_set_success
[INFO] [stdout]     cache::tests::lru_sled_cache_isolation
[INFO] [stdout]     cache::tests::lru_sled_cache_size_constraint
[INFO] [stdout]     cache::tests::test_lru_cache_no_evict_recent
[INFO] [stdout]     cache::tests::test_ttl_redis_cache_expire_key
[INFO] [stdout]     cache::tests::ttl_sled_cache_expire_key
[INFO] [stdout]     models::tests::test_get_nonexist_key
[INFO] [stdout]     models::tests::test_key_expired_in_ttl
[INFO] [stdout]     models::tests::test_key_value_set_success
[INFO] [stdout]     storage::test::test_fs_remove
[INFO] [stdout]     storage::test::test_fs_write_read
[INFO] [stdout]     test::get_pypi_index
[INFO] [stdout] 
[INFO] [stdout] test result: FAILED. 8 passed; 18 failed; 0 ignored; 0 measured; 0 filtered out; finished in 12.02s
[INFO] [stdout] 
[INFO] running `Command { std: "docker" "inspect" "2d983aa47e54f2adacdb06bab829300fed8e6721fd9e401c2154f93402e394c7", kill_on_drop: false }`
[INFO] running `Command { std: "docker" "rm" "-f" "2d983aa47e54f2adacdb06bab829300fed8e6721fd9e401c2154f93402e394c7", kill_on_drop: false }`
[INFO] [stdout] 2d983aa47e54f2adacdb06bab829300fed8e6721fd9e401c2154f93402e394c7
