[INFO] fetching crate mirascript-vm 0.1.100...
[INFO] testing mirascript-vm-0.1.100 against 1.100.0-beta.1+cargoflags=--release for beta-release-1.100-2
[INFO] extracting crate mirascript-vm 0.1.100 into /workspace/builds/worker-0-tc2/source
[INFO] started tweaking crates.io crate mirascript-vm 0.1.100
[INFO] removed 0 missing examples
[INFO] removed 0 missing tests
[INFO] finished tweaking crates.io crate mirascript-vm 0.1.100
[INFO] tweaked toml for crates.io crate mirascript-vm 0.1.100 written to /workspace/builds/worker-0-tc2/source/Cargo.toml
[INFO] validating manifest of crates.io crate mirascript-vm 0.1.100 on toolchain 1.100.0-beta.1
[INFO] running `Command { std: CARGO_HOME="/workspace/cargo-home" RUSTUP_HOME="/workspace/rustup-home" "/workspace/cargo-home/bin/cargo" "+1.100.0-beta.1" "metadata" "--manifest-path" "Cargo.toml" "--no-deps", kill_on_drop: false }`
[INFO] crate crates.io crate mirascript-vm 0.1.100 already has a lockfile, it will not be regenerated
[INFO] running `Command { std: CARGO_HOME="/workspace/cargo-home" RUSTUP_HOME="/workspace/rustup-home" "/workspace/cargo-home/bin/cargo" "+1.100.0-beta.1" "fetch" "--manifest-path" "Cargo.toml", kill_on_drop: false }`
[INFO] running `Command { std: "docker" "create" "-v" "/var/lib/crater-agent-workspace/builds/worker-0-tc2/source:/opt/rustwide/workdir:ro,Z" "-v" "/var/lib/crater-agent-workspace/builds/worker-0-tc2/target:/opt/rustwide/target:rw,Z" "-v" "/var/lib/crater-agent-workspace/cargo-home:/opt/rustwide/cargo-home:ro,Z" "-v" "/var/lib/crater-agent-workspace/rustup-home:/opt/rustwide/rustup-home:ro,Z" "-m" "1610612736" "--network" "none" "ghcr.io/rust-lang/crates-build-env/linux@sha256:77db811e55d90add9212f6832c23229e3de5f1c1f9905e8cb07319ea15df73ac" "sleep" "infinity", kill_on_drop: false }`
[INFO] [stdout] c58073a3b48f9685b341bffdf58a69093ea0fa7e0211f926e0766b12ff953ff4
[INFO] running `Command { std: "docker" "start" "c58073a3b48f9685b341bffdf58a69093ea0fa7e0211f926e0766b12ff953ff4", kill_on_drop: false }`
[INFO] running `Command { std: "docker" "inspect" "c58073a3b48f9685b341bffdf58a69093ea0fa7e0211f926e0766b12ff953ff4", kill_on_drop: false }`
[INFO] running `Command { std: "docker" "exec" "-e" "SOURCE_DIR=/opt/rustwide/workdir" "-e" "CARGO_HOME=/opt/rustwide/cargo-home" "-e" "RUSTUP_HOME=/opt/rustwide/rustup-home" "-e" "CARGO_TARGET_DIR=/opt/rustwide/target" "-w" "/opt/rustwide/workdir" "--user" "0:0" "c58073a3b48f9685b341bffdf58a69093ea0fa7e0211f926e0766b12ff953ff4" "/opt/rustwide/cargo-home/bin/cargo" "+1.100.0-beta.1" "metadata" "--no-deps" "--format-version=1", kill_on_drop: false }`
[INFO] running `Command { std: "docker" "inspect" "c58073a3b48f9685b341bffdf58a69093ea0fa7e0211f926e0766b12ff953ff4", kill_on_drop: false }`
[INFO] running `Command { std: "docker" "exec" "-e" "SOURCE_DIR=/opt/rustwide/workdir" "-e" "CARGO_HOME=/opt/rustwide/cargo-home" "-e" "RUSTUP_HOME=/opt/rustwide/rustup-home" "-e" "CARGO_TARGET_DIR=/opt/rustwide/target" "-e" "CARGO_INCREMENTAL=0" "-e" "RUST_BACKTRACE=full" "-e" "RUSTFLAGS=--cap-lints=warn" "-e" "RUSTDOCFLAGS=--cap-lints=warn" "-w" "/opt/rustwide/workdir" "--user" "0:0" "c58073a3b48f9685b341bffdf58a69093ea0fa7e0211f926e0766b12ff953ff4" "/opt/rustwide/cargo-home/bin/cargo" "+1.100.0-beta.1" "build" "--frozen" "--message-format=json" "--release", kill_on_drop: false }`
[INFO] [stderr]    Compiling libc v0.2.189
[INFO] [stderr]    Compiling syn v2.0.119
[INFO] [stderr]    Compiling syn v3.0.5
[INFO] [stderr]    Compiling indexmap v2.14.2
[INFO] [stderr]    Compiling serde_json v1.0.151
[INFO] [stderr]    Compiling chacha20 v0.10.2
[INFO] [stderr]    Compiling deranged v0.5.8
[INFO] [stderr]    Compiling winnow v1.0.4
[INFO] [stderr]    Compiling time-core v0.1.9
[INFO] [stderr]    Compiling num-conv v0.2.2
[INFO] [stderr]    Compiling unicode-normalization v0.1.25
[INFO] [stderr]    Compiling serde v1.0.229
[INFO] [stderr]    Compiling toml_edit v0.25.15+spec-1.1.0
[INFO] [stderr]    Compiling proc-macro-crate v3.5.0
[INFO] [stderr]    Compiling getrandom v0.4.3
[INFO] [stderr]    Compiling rand v0.10.2
[INFO] [stderr]    Compiling time v0.3.55
[INFO] [stderr]    Compiling strum_macros v0.28.0
[INFO] [stderr]    Compiling thiserror-impl v2.0.20
[INFO] [stderr]    Compiling mirascript-vm-derive v0.1.100
[INFO] [stderr]    Compiling strum v0.28.0
[INFO] [stderr]    Compiling mirascript-core v0.1.100
[INFO] [stderr]    Compiling thiserror v2.0.20
[INFO] [stderr]    Compiling mirascript-vm v0.1.100 (/opt/rustwide/workdir)
[INFO] [stderr]     Finished `release` profile [optimized] target(s) in 36.22s
[INFO] running `Command { std: "docker" "inspect" "c58073a3b48f9685b341bffdf58a69093ea0fa7e0211f926e0766b12ff953ff4", kill_on_drop: false }`
[INFO] running `Command { std: "docker" "exec" "-e" "SOURCE_DIR=/opt/rustwide/workdir" "-e" "CARGO_HOME=/opt/rustwide/cargo-home" "-e" "RUSTUP_HOME=/opt/rustwide/rustup-home" "-e" "CARGO_TARGET_DIR=/opt/rustwide/target" "-e" "CARGO_INCREMENTAL=0" "-e" "RUST_BACKTRACE=full" "-e" "RUSTFLAGS=--cap-lints=warn" "-e" "RUSTDOCFLAGS=--cap-lints=warn" "-w" "/opt/rustwide/workdir" "--user" "0:0" "c58073a3b48f9685b341bffdf58a69093ea0fa7e0211f926e0766b12ff953ff4" "/opt/rustwide/cargo-home/bin/cargo" "+1.100.0-beta.1" "test" "--frozen" "--no-run" "--message-format=json" "--release", kill_on_drop: false }`
[INFO] [stderr]    Compiling syn v2.0.119
[INFO] [stderr]    Compiling rustix v1.1.4
[INFO] [stderr]    Compiling toml_parser v1.1.3+spec-1.1.0
[INFO] [stderr]    Compiling serde_json v1.0.151
[INFO] [stderr]    Compiling serde_spanned v1.1.1
[INFO] [stderr]    Compiling toml_datetime v1.1.1+spec-1.1.0
[INFO] [stderr]    Compiling rand v0.10.2
[INFO] [stderr]    Compiling serde_derive v1.0.229
[INFO] [stderr]    Compiling regex-lite v0.1.9
[INFO] [stderr]    Compiling condtype v1.3.0
[INFO] [stderr]    Compiling toml v1.1.6+spec-1.1.0
[INFO] [stderr]    Compiling terminal_size v0.4.4
[INFO] [stderr]    Compiling clap_builder v4.6.7
[INFO] [stderr]    Compiling trybuild v1.0.121
[INFO] [stderr]    Compiling strum_macros v0.28.0
[INFO] [stderr]    Compiling divan-macros v0.1.21
[INFO] [stderr]    Compiling test_each_file v0.3.7
[INFO] [stderr]    Compiling clap v4.6.7
[INFO] [stderr]    Compiling divan v0.1.21
[INFO] [stderr]    Compiling strum v0.28.0
[INFO] [stderr]    Compiling mirascript-core v0.1.100
[INFO] [stderr]    Compiling mirascript-vm v0.1.100 (/opt/rustwide/workdir)
[INFO] [stdout] warning: function `runtime` is never used
[INFO] [stdout]   --> tests/black_box/main.rs:10:4
[INFO] [stdout]    |
[INFO] [stdout] 10 | fn runtime(options: RunOptions) -> Runtime {
[INFO] [stdout]    |    ^^^^^^^
[INFO] [stdout]    |
[INFO] [stdout]    = note: `#[warn(dead_code)]` (part of `#[warn(unused)]`) on by default
[INFO] [stdout] 
[INFO] [stdout] 
[INFO] [stdout] warning: function `black_box` is never used
[INFO] [stdout]   --> tests/black_box/main.rs:65:4
[INFO] [stdout]    |
[INFO] [stdout] 65 | fn black_box([path]: [&Path; 1]) {
[INFO] [stdout]    |    ^^^^^^^^^
[INFO] [stdout] 
[INFO] [stdout] 
[INFO] [stderr]     Finished `release` profile [optimized] target(s) in 1m 10s
[INFO] running `Command { std: "docker" "inspect" "c58073a3b48f9685b341bffdf58a69093ea0fa7e0211f926e0766b12ff953ff4", kill_on_drop: false }`
[INFO] running `Command { std: "docker" "exec" "-e" "SOURCE_DIR=/opt/rustwide/workdir" "-e" "CARGO_HOME=/opt/rustwide/cargo-home" "-e" "RUSTUP_HOME=/opt/rustwide/rustup-home" "-e" "CARGO_TARGET_DIR=/opt/rustwide/target" "-e" "CARGO_INCREMENTAL=0" "-e" "RUST_BACKTRACE=full" "-e" "RUSTFLAGS=--cap-lints=warn" "-e" "RUSTDOCFLAGS=--cap-lints=warn" "-w" "/opt/rustwide/workdir" "--user" "0:0" "c58073a3b48f9685b341bffdf58a69093ea0fa7e0211f926e0766b12ff953ff4" "/opt/rustwide/cargo-home/bin/cargo" "+1.100.0-beta.1" "test" "--frozen" "--release", kill_on_drop: false }`
[INFO] [stderr] warning: function `runtime` is never used
[INFO] [stderr]   --> tests/black_box/main.rs:10:4
[INFO] [stderr]    |
[INFO] [stderr] 10 | fn runtime(options: RunOptions) -> Runtime {
[INFO] [stderr]    |    ^^^^^^^
[INFO] [stderr]    |
[INFO] [stderr]    = note: `#[warn(dead_code)]` (part of `#[warn(unused)]`) on by default
[INFO] [stderr] 
[INFO] [stderr] warning: function `black_box` is never used
[INFO] [stderr]   --> tests/black_box/main.rs:65:4
[INFO] [stderr]    |
[INFO] [stderr] 65 | fn black_box([path]: [&Path; 1]) {
[INFO] [stderr]    |    ^^^^^^^^^
[INFO] [stderr] 
[INFO] [stderr] warning: `mirascript-vm` (test "black_box") generated 2 warnings
[INFO] [stderr]     Finished `release` profile [optimized] target(s) in 0.14s
[INFO] [stderr]      Running unittests src/lib.rs (/opt/rustwide/target/release/build/mirascript-vm/16de7917d06746e7/out/mirascript_vm-16de7917d06746e7)
[INFO] [stdout] 
[INFO] [stdout] running 89 tests
[INFO] [stdout] test bytecode::tests::decodes_compiler_output ... ok
[INFO] [stdout] test bytecode::tests::decodes_every_constant_encoding ... ok
[INFO] [stdout] test bytecode::tests::integer_literal_array_ranges_use_constant_endpoints ... ok
[INFO] [stdout] test bytecode::tests::decodes_wide_registers_and_constants ... ok
[INFO] [stdout] test bytecode::tests::non_integer_literal_array_ranges_keep_dynamic_endpoints ... ok
[INFO] [stdout] test bytecode::tests::arithmetic_uses_specialized_numeric_operations ... ok
[INFO] [stdout] test bytecode::tests::loop_frame_reuse_excludes_captured_environments ... ok
[INFO] [stdout] test bytecode::constants::tests::to_source_string ... ok
[INFO] [stdout] test interpreter::globals::tests::remove_nonexistent ... ok
[INFO] [stdout] test interpreter::globals::tests::remove_std ... ok
[INFO] [stdout] test bytecode::tests::static_calls_with_small_fixed_arity_are_quickened ... ok
[INFO] [stdout] test bytecode::tests::rejects_truncated_header ... ok
[INFO] [stdout] test bytecode::tests::static_calls_borrow_adjacent_global_arguments ... ok
[INFO] [stdout] test interpreter::frame::tests::reuses_frames_without_leaking_register_values_between_runs ... ok
[INFO] [stdout] test interpreter::globals::tests::add_global ... ok
[INFO] [stdout] test interpreter::tests::test_runtime ... ok
[INFO] [stdout] test interpreter::globals::tests::add_std_global ... ok
[INFO] [stdout] test interpreter::globals::tests::std_slot_returns_none_for_nonexistent_name ... ok
[INFO] [stdout] test interpreter::globals::tests::iter_global_names ... ok
[INFO] [stdout] test interpreter::register::tests::mira_any_is_copy_and_eight_bytes ... ok
[INFO] [stdout] test bytecode::tests::rejects_illegal_nesting_and_wide_terminators ... ok
[INFO] [stdout] test bytecode::tests::rejects_unknown_truncated_and_out_of_range_instructions ... ok
[INFO] [stdout] test value::arena::handle::tests::test_fmt ... ok
[INFO] [stdout] test value::arena::key::tests::arena_key_rejects_a_slot_outside_the_32_bit_component ... ok
[INFO] [stdout] test value::arena::key::tests::arena_key_roundtrips_through_six_byte_payload ... ok
[INFO] [stdout] test value::arena::manageable::tests::test_function ... ok
[INFO] [stdout] test operations::iterable::array::tests::iterator_does_not_borrow_runtime_and_only_resolves_visited_entries ... ok
[INFO] [stdout] test value::arena::manageable::tests::test_array ... ok
[INFO] [stdout] test operations::iterable::module::tests::iterator_does_not_borrow_runtime_and_only_resolves_visited_entries ... ok
[INFO] [stdout] test operations::iterable::record::tests::iterate_record_uses_the_trait_iterator_when_available ... ok
[INFO] [stdout] test operations::iterable::record::tests::iterator_does_not_borrow_runtime_and_only_resolves_visited_entries ... ok
[INFO] [stdout] test operations::record::tests::constant_record_indexes_use_integer_lookup ... ok
[INFO] [stdout] test standard_library::module::tests::generated_matrix_names_are_distinct_from_export_keys ... ok
[INFO] [stdout] test value::arena::id::tests::arena_id_wraps_without_producing_zero ... ok
[INFO] [stdout] test value::arena::manageable::tests::test_module ... ok
[INFO] [stdout] test value::arena::manageable::tests::test_record ... ok
[INFO] [stdout] test interpreter::register::tests::uninitialized_is_distinct_from_nil ... ok
[INFO] [stdout] test value::arena::manageable::tests::test_string ... ok
[INFO] [stdout] test interpreter::runtime::tests::string_constants_are_materialized_lazily_and_cached_per_script ... ok
[INFO] [stdout] test value::arena::manageable::tests::test_value ... ok
[INFO] [stdout] test value::type_enum::tests::type_display ... ok
[INFO] [stdout] test value::types::array::arr::tests::str_array ... ok
[INFO] [stdout] test operations::iterable::array::tests::iterate_array_uses_the_trait_iterator_when_available ... ok
[INFO] [stdout] test value::types::array::slice::vec::tests::int_array ... ok
[INFO] [stdout] test value::types::boolean::tests::test_boolean ... ok
[INFO] [stdout] test value::types::function::native::tests::test_err_fn ... ok
[INFO] [stdout] test value::types::module::map::tests::map_modules_expose_metadata_values_and_bounds ... ok
[INFO] [stdout] test value::types::nil::tests::test_option_into_value ... ok
[INFO] [stdout] test value::types::number::tests::test_number ... ok
[INFO] [stdout] test value::types::number::tests::test_number_as_number ... ok
[INFO] [stdout] test value::types::number::tests::test_number_from_mira ... ok
[INFO] [stdout] test value::types::number::tests::test_number_into ... ok
[INFO] [stdout] test value::types::number::tests::test_number_is_number ... ok
[INFO] [stdout] test value::types::number::tests::test_number_try_from ... ok
[INFO] [stdout] test value::types::nil::tests::test_nil ... ok
[INFO] [stdout] test value::types::number::tests::test_number_try_from_non_finite ... ok
[INFO] [stdout] test value::types::number::tests::test_number_try_from_non_integer ... ok
[INFO] [stdout] test value::types::number::tests::test_number_try_from_non_number ... ok
[INFO] [stdout] test value::types::number::tests::test_number_try_from_underflow ... ok
[INFO] [stdout] test value::types::r#extern::tests::check_extern ... ok
[INFO] [stdout] test value::types::number::tests::test_number_try_from_overflow ... ok
[INFO] [stdout] test value::types::record::index_map::tests::one_element_index_map_record ... ok
[INFO] [stdout] test value::types::array::arr::tests::int_array ... ok
[INFO] [stdout] test value::types::array::slice::boxed_slice::tests::str_array ... ok
[INFO] [stdout] test value::types::record::index_map::tests::two_element_index_map_record ... ok
[INFO] [stdout] test value::types::record::index_map::tests::three_element_index_map_record ... ok
[INFO] [stdout] test value::types::number::tests::test_number_try_from_negative_zero ... ok
[INFO] [stdout] test value::types::record::map::b_tree_map::tests::empty_record ... ok
[INFO] [stdout] test value::types::record::map::b_tree_map::tests::one_element_record ... ok
[INFO] [stdout] test value::types::array::slice::vec::tests::str_array ... ok
[INFO] [stdout] test value::types::array::slice::boxed_slice::tests::int_array ... ok
[INFO] [stdout] test value::types::record::map::hash_map::tests::two_element_record ... ok
[INFO] [stdout] test value::types::record::index_map::tests::empty_index_map_record ... ok
[INFO] [stdout] test value::types::r#extern::tests::create_extern - should panic ... ok
[INFO] [stdout] test value::types::boolean::tests::test_try_from ... ok
[INFO] [stdout] test value::types::function::native::tests::test_ok_fn ... ok
[INFO] [stdout] test value::types::record::map::b_tree_map::tests::two_element_record ... ok
[INFO] [stdout] test value::types::record::map::hash_map::tests::empty_record ... ok
[INFO] [stdout] test value::types::record::tuple::tests::two_element_tuple_record ... ok
[INFO] [stdout] test value::types::value::raw::tests::raw_value_layout_roundtrips ... ok
[INFO] [stdout] test value::types::record::map::hash_map::tests::one_element_record ... ok
[INFO] [stdout] test value::types::record::tuple::tests::empty_tuple_record ... ok
[INFO] [stdout] test value::types::record::tuple::tests::three_element_tuple_record ... ok
[INFO] [stdout] test value::types::value::tests::dbg_fmt ... ok
[INFO] [stdout] test value::types::value::tests::scalar_nan_box_roundtrips ... ok
[INFO] [stdout] test value::types::value::tests::static_string_pointer_roundtrips ... ok
[INFO] [stdout] test value::types::record::tuple::tests::four_element_tuple_record ... ok
[INFO] [stdout] test value::types::record::tuple::tests::one_element_tuple_record ... ok
[INFO] [stdout] test bytecode::tests::rejects_malformed_constants ... ok
[INFO] [stderr]      Running tests/black_box/main.rs (/opt/rustwide/target/release/build/mirascript-vm/906913d73e9069ac/out/black_box-906913d73e9069ac)
[INFO] [stdout] 
[INFO] [stderr]      Running tests/core.rs (/opt/rustwide/target/release/build/mirascript-vm/1620a881c79c3490/out/core-1620a881c79c3490)
[INFO] [stdout] test result: ok. 89 passed; 0 failed; 0 ignored; 0 measured; 0 filtered out; finished in 0.02s
[INFO] [stdout] 
[INFO] [stdout] 
[INFO] [stdout] running 0 tests
[INFO] [stdout] 
[INFO] [stdout] test result: ok. 0 passed; 0 failed; 0 ignored; 0 measured; 0 filtered out; finished in 0.00s
[INFO] [stdout] 
[INFO] [stdout] 
[INFO] [stdout] running 9 tests
[INFO] [stdout] test executes_core_language_features ... ok
[INFO] [stdout] test nested_derived_shapes_remain_live_for_record_and_array_parents ... ok
[INFO] [stdout] test closures_capture_each_loop_iteration_but_cannot_escape ... ok
[INFO] [stdout] test foreign_handles_are_rejected ... ok
[INFO] [stdout] test errors_preserve_diagnostics_and_runtime_context ... ok
[INFO] [stdout] test numeric_operations_preserve_number_conversion ... ok
[INFO] [stdout] test derived_values_are_live_runtime_views ... ok
[INFO] [stdout] test script_and_runtime_are_independently_reusable ... ok
[INFO] [stdout] test values_are_copy_and_eight_bytes ... ok
[INFO] [stdout] 
[INFO] [stdout] test result: ok. 9 passed; 0 failed; 0 ignored; 0 measured; 0 filtered out; finished in 0.01s
[INFO] [stdout] 
[INFO] [stderr]      Running tests/derive/main.rs (/opt/rustwide/target/release/build/mirascript-vm/50d968fac1ccaf3f/out/derive-50d968fac1ccaf3f)
[INFO] [stdout] 
[INFO] [stdout] running 16 tests
[INFO] [stdout] test mira_fn::functions_keep_rust_behavior_and_generate_insertable_constants ... ok
[INFO] [stdout] test complex::main ... ok
[INFO] [stdout] test mira_module::explicit_module_names_prefix_children_without_changing_export_keys ... ok
[INFO] [stdout] test array_tuple::main ... ok
[INFO] [stdout] test mira_fn::function_accept_rest ... ok
[INFO] [stdout] test array_unit::main ... ok
[INFO] [stdout] test record_named::main ... ok
[INFO] [stdout] test generics::main ... ok
[INFO] [stdout] test mira_fn::function_returns_result ... ok
[INFO] [stdout] test mira_fn::function_accept_optional ... ok
[INFO] [stdout] test mira_module::modules_derive_names_exports_and_nested_context ... ok
[INFO] [stdout] test record_tuple::main ... ok
[INFO] [stdout] test record_unit::main ... ok
[INFO] [stdout] test mira_fn::function_accept_bool ... ok
[INFO] [stdout] test mira_fn::function_accept_str ... ok
[INFO] [stderr]    Compiling rustix v1.1.4
[INFO] [stderr]    Compiling serde_core v1.0.229
[INFO] [stderr]     Checking bitflags v2.13.2
[INFO] [stderr]    Compiling getrandom v0.4.3
[INFO] [stderr]     Checking rand_core v0.10.1
[INFO] [stderr]    Compiling indexmap v2.14.2
[INFO] [stderr]    Compiling anyhow v1.0.104
[INFO] [stderr]     Checking clap_lex v1.1.1
[INFO] [stderr]     Checking cpufeatures v0.3.1
[INFO] [stderr]    Compiling serde_json v1.0.151
[INFO] [stderr]    Compiling paste v1.0.15
[INFO] [stderr]    Compiling syn v2.0.119
[INFO] [stderr]    Compiling syn v3.0.5
[INFO] [stderr]    Compiling serde v1.0.229
[INFO] [stderr]     Checking anstyle v1.0.14
[INFO] [stderr]    Compiling thiserror v2.0.20
[INFO] [stderr]    Compiling libm v0.2.16
[INFO] [stderr]     Checking chacha20 v0.10.2
[INFO] [stderr]     Checking memchr v2.8.3
[INFO] [stderr]     Checking winnow v1.0.4
[INFO] [stderr]     Checking time-core v0.1.9
[INFO] [stderr]     Checking tinyvec v1.13.3
[INFO] [stderr]     Checking num-conv v0.2.2
[INFO] [stderr]     Checking unicode-ident v1.0.24
[INFO] [stderr]     Checking powerfmt v0.2.0
[INFO] [stderr]     Checking deranged v0.5.8
[INFO] [stderr]     Checking rand v0.10.2
[INFO] [stderr]     Checking regex-lite v0.1.9
[INFO] [stderr]     Checking condtype v1.3.0
[INFO] [stderr]     Checking terminal_size v0.4.4
[INFO] [stderr]     Checking unicode-normalization v0.1.25
[INFO] [stderr]     Checking clap_builder v4.6.7
[INFO] [stderr]    Compiling toml_edit v0.25.15+spec-1.1.0
[INFO] [stderr]     Checking time v0.3.55
[INFO] [stderr]    Compiling proc-macro-crate v3.5.0
[INFO] [stderr]     Checking clap v4.6.7
[INFO] [stderr]    Compiling strum_macros v0.28.0
[INFO] [stderr]    Compiling divan-macros v0.1.21
[INFO] [stderr]    Compiling test_each_file v0.3.7
[INFO] [stderr]    Compiling thiserror-impl v2.0.20
[INFO] [stderr]    Compiling mirascript-vm-derive v0.1.100
[INFO] [stderr]     Checking divan v0.1.21
[INFO] [stderr]     Checking strum v0.28.0
[INFO] [stderr]     Checking mirascript-core v0.1.100
[INFO] [stderr]     Checking mirascript-vm v0.1.100 (/opt/rustwide/workdir)
[INFO] [stderr]     Checking mirascript-vm-tests v0.0.0 (/opt/rustwide/target/tests/trybuild/mirascript-vm)
[INFO] [stderr]     Finished `dev` profile [unoptimized + debuginfo] target(s) in 23.77s
[INFO] [stderr] 
[INFO] [stderr] 
[INFO] [stderr] test tests/derive/fail/array_named.rs ... ok
[INFO] [stderr] test tests/derive/fail/dupilcate_crate.rs ... ok
[INFO] [stderr] test tests/derive/fail/duplicate_record_name.rs ... ok
[INFO] [stderr] test tests/derive/fail/duplicate_rename.rs ... ok
[INFO] [stderr] test tests/derive/fail/duplicate_skip.rs ... ok
[INFO] [stderr] test tests/derive/fail/extern_impl.rs ... ok
[INFO] [stderr] test tests/derive/fail/mira_duplicate_export.rs ... ok
[INFO] [stderr] test tests/derive/fail/mira_duplicate_mira.rs ... mismatch
[INFO] [stderr] 
[INFO] [stderr] EXPECTED:
[INFO] [stderr] ┈┈┈┈┈┈┈┈┈┈┈┈┈┈┈┈┈┈┈┈┈┈┈┈┈┈┈┈┈┈┈┈┈┈┈┈┈┈┈┈┈┈┈┈┈┈┈┈┈┈┈┈┈┈┈┈┈┈┈┈
[INFO] [stderr] error[E0428]: the name `__MiraModule_duplicate` is defined multiple times
[INFO] [stderr]  --> tests/derive/fail/mira_duplicate_mira.rs:4:1
[INFO] [stderr]   |
[INFO] [stderr] 3 | #[mira]
[INFO] [stderr]   | ------- previous definition of the type `__MiraModule_duplicate` here
[INFO] [stderr] 4 | #[mira]
[INFO] [stderr]   | ^^^^^^^ `__MiraModule_duplicate` redefined here
[INFO] [stderr]   |
[INFO] [stderr]   = note: `__MiraModule_duplicate` must be defined only once in the type namespace of this module
[INFO] [stderr]   = note: this error originates in the attribute macro `mira` (in Nightly builds, run with -Z macro-backtrace for more info)
[INFO] [stderr] 
[INFO] [stderr] error[E0428]: the name `DUPLICATE` is defined multiple times
[INFO] [stderr]  --> tests/derive/fail/mira_duplicate_mira.rs:4:1
[INFO] [stderr]   |
[INFO] [stderr] 3 | #[mira]
[INFO] [stderr]   | ------- previous definition of the value `DUPLICATE` here
[INFO] [stderr] 4 | #[mira]
[INFO] [stderr]   | ^^^^^^^ `DUPLICATE` redefined here
[INFO] [stderr]   |
[INFO] [stderr]   = note: `DUPLICATE` must be defined only once in the value namespace of this module
[INFO] [stderr]   = note: this error originates in the attribute macro `mira` (in Nightly builds, run with -Z macro-backtrace for more info)
[INFO] [stderr] 
[INFO] [stderr] error: duplicate `mira` attribute
[INFO] [stderr]   --> tests/derive/fail/mira_duplicate_mira.rs:13:5
[INFO] [stderr]    |
[INFO] [stderr] 13 |     #[mira]
[INFO] [stderr]    |     ^^^^^^^
[INFO] [stderr] 
[INFO] [stderr] error[E0119]: conflicting implementations of trait `MiraModule` for type `duplicate::__MiraModule_duplicate`
[INFO] [stderr]  --> tests/derive/fail/mira_duplicate_mira.rs:4:1
[INFO] [stderr]   |
[INFO] [stderr] 3 | #[mira]
[INFO] [stderr]   | ------- first implementation here
[INFO] [stderr] 4 | #[mira]
[INFO] [stderr]   | ^^^^^^^ conflicting implementation for `duplicate::__MiraModule_duplicate`
[INFO] [stderr]   |
[INFO] [stderr]   = note: this error originates in the attribute macro `mira` (in Nightly builds, run with -Z macro-backtrace for more info)
[INFO] [stderr] 
[INFO] [stderr] error[E0119]: conflicting implementations of trait `From<duplicate::__MiraModule_duplicate>` for type `MiraManageable`
[INFO] [stderr]  --> tests/derive/fail/mira_duplicate_mira.rs:4:1
[INFO] [stderr]   |
[INFO] [stderr] 3 | #[mira]
[INFO] [stderr]   | ------- first implementation here
[INFO] [stderr] 4 | #[mira]
[INFO] [stderr]   | ^^^^^^^ conflicting implementation for `MiraManageable`
[INFO] [stderr]   |
[INFO] [stderr]   = note: this error originates in the attribute macro `mira` (in Nightly builds, run with -Z macro-backtrace for more info)
[INFO] [stderr] ┈┈┈┈┈┈┈┈┈┈┈┈┈┈┈┈┈┈┈┈┈┈┈┈┈┈┈┈┈┈┈┈┈┈┈┈┈┈┈┈┈┈┈┈┈┈┈┈┈┈┈┈┈┈┈┈┈┈┈┈
[INFO] [stderr] 
[INFO] [stderr] ACTUAL OUTPUT:
[INFO] [stderr] ┈┈┈┈┈┈┈┈┈┈┈┈┈┈┈┈┈┈┈┈┈┈┈┈┈┈┈┈┈┈┈┈┈┈┈┈┈┈┈┈┈┈┈┈┈┈┈┈┈┈┈┈┈┈┈┈┈┈┈┈
[INFO] [stderr] error[E0428]: the name `__MiraModule_duplicate` is defined multiple times
[INFO] [stderr]  --> tests/derive/fail/mira_duplicate_mira.rs:4:1
[INFO] [stderr]   |
[INFO] [stderr] 3 | #[mira]
[INFO] [stderr]   | ------- previous definition of the type `__MiraModule_duplicate` here
[INFO] [stderr] 4 | #[mira]
[INFO] [stderr]   | ^^^^^^^ `__MiraModule_duplicate` redefined here
[INFO] [stderr]   |
[INFO] [stderr]   = note: `__MiraModule_duplicate` must be defined only once in the type namespace of this module
[INFO] [stderr]   = note: this error originates in the attribute macro `mira` (in Nightly builds, run with -Z macro-backtrace for more info)
[INFO] [stderr] 
[INFO] [stderr] error[E0428]: the name `DUPLICATE` is defined multiple times
[INFO] [stderr]  --> tests/derive/fail/mira_duplicate_mira.rs:4:1
[INFO] [stderr]   |
[INFO] [stderr] 3 | #[mira]
[INFO] [stderr]   | ------- previous definition of the value `DUPLICATE` here
[INFO] [stderr] 4 | #[mira]
[INFO] [stderr]   | ^^^^^^^ `DUPLICATE` redefined here
[INFO] [stderr]   |
[INFO] [stderr]   = note: `DUPLICATE` must be defined only once in the value namespace of this module
[INFO] [stderr]   = note: this error originates in the attribute macro `mira` (in Nightly builds, run with -Z macro-backtrace for more info)
[INFO] [stderr] 
[INFO] [stderr] error: duplicate `mira` attribute
[INFO] [stderr]   --> tests/derive/fail/mira_duplicate_mira.rs:13:5
[INFO] [stderr]    |
[INFO] [stderr] 13 |     #[mira]
[INFO] [stderr]    |     ^^^^^^^
[INFO] [stderr] ┈┈┈┈┈┈┈┈┈┈┈┈┈┈┈┈┈┈┈┈┈┈┈┈┈┈┈┈┈┈┈┈┈┈┈┈┈┈┈┈┈┈┈┈┈┈┈┈┈┈┈┈┈┈┈┈┈┈┈┈
[INFO] [stderr] note: If the actual output is the correct output you can bless it by rerunning
[INFO] [stderr]       your test with the environment variable TRYBUILD=overwrite
[INFO] [stderr] 
[INFO] [stderr] test tests/derive/fail/mira_generic_function.rs ... ok
[INFO] [stderr] test tests/derive/fail/mira_invalid_constant_option_const.rs ... ok
[INFO] [stderr] test tests/derive/fail/mira_invalid_constant_option_crate.rs ... ok
[INFO] [stderr] test tests/derive/fail/mira_invalid_constant_option_rename.rs ... ok
[INFO] [stderr] test tests/derive/fail/mira_invalid_format.rs ... ok
[INFO] [stderr] test tests/derive/fail/mira_mod_invalid_export.rs ... ok
[INFO] [stderr] test tests/derive/fail/mira_unsupported_item.rs ... ok
[INFO] [stderr] test tests/derive/fail/mira_use_without_module.rs ... ok
[INFO] [stderr] test tests/derive/fail/record_enum.rs ... ok
[INFO] [stderr] test tests/derive/fail/record_union.rs ... ok
[INFO] [stderr] test tests/derive/fail/unsupported_option.rs ... ok
[INFO] [stderr] 
[INFO] [stderr] 
[INFO] [stdout] test derive_macros_reject_shapes ... FAILED
[INFO] [stdout] 
[INFO] [stdout] failures:
[INFO] [stdout] 
[INFO] [stdout] ---- derive_macros_reject_shapes stdout ----
[INFO] [stdout] 
[INFO] [stdout] thread 'derive_macros_reject_shapes' (1596) panicked at /opt/rustwide/cargo-home/registry/src/index.crates.io-1949cf8c6b5b557f/trybuild-1.0.121/src/run.rs:103:13:
[INFO] [stdout] 1 of 19 tests failed
[INFO] [stdout] stack backtrace:
[INFO] [stdout]    0:     0x5e790dfa23d1 - <<std[617be2ca0a6fd877]::sys::backtrace::BacktraceLock>::print::DisplayBacktrace as core[a373ad73a504971]::fmt::Display>::fmt
[INFO] [stdout]    1:     0x5e790dfba5ca - core[a373ad73a504971]::fmt::write
[INFO] [stdout]    2:     0x5e790dfa711c - <alloc[2e1b2a31b91974c5]::vec::Vec<u8> as core[a373ad73a504971]::io::write::Write>::write_fmt
[INFO] [stdout]    3:     0x5e790df7b2b6 - std[617be2ca0a6fd877]::panicking::default_hook::{closure#0}
[INFO] [stdout]    4:     0x5e790df99959 - std[617be2ca0a6fd877]::panicking::default_hook
[INFO] [stdout]    5:     0x5e790de2cdb0 - test[aada8e7e76ba119b]::test_main_inner::{closure#0}
[INFO] [stdout]    6:     0x5e790df99b12 - std[617be2ca0a6fd877]::panicking::panic_with_hook
[INFO] [stdout]    7:     0x5e790df7b362 - std[617be2ca0a6fd877]::panicking::panic_handler::{closure#0}
[INFO] [stdout]    8:     0x5e790df73629 - std[617be2ca0a6fd877]::sys::backtrace::__rust_end_short_backtrace::<std[617be2ca0a6fd877]::panicking::panic_handler::{closure#0}, !>
[INFO] [stdout]    9:     0x5e790df7c07d - __rustc[ea4f61d10b84890b]::rust_begin_unwind
[INFO] [stdout]   10:     0x5e790dfbad6c - core[a373ad73a504971]::panicking::panic_fmt
[INFO] [stdout]   11:     0x5e790dd82937 - <trybuild[93add1fff6da9a3c]::Runner>::run
[INFO] [stdout]   12:     0x5e790dd85c00 - <trybuild[93add1fff6da9a3c]::TestCases as core[a373ad73a504971]::ops::drop::Drop>::drop
[INFO] [stdout]   13:     0x5e790dd7967b - <derive[91e85293d3c69e79]::derive_macros_reject_shapes::{closure#0} as core[a373ad73a504971]::ops::function::FnOnce<()>>::call_once
[INFO] [stdout]   14:     0x5e790de201fb - test[aada8e7e76ba119b]::__rust_begin_short_backtrace::<core[a373ad73a504971]::result::Result<(), alloc[2e1b2a31b91974c5]::string::String>, fn() -> core[a373ad73a504971]::result::Result<(), alloc[2e1b2a31b91974c5]::string::String>>
[INFO] [stdout]   15:     0x5e790de2d3d5 - test[aada8e7e76ba119b]::run_test::{closure#0}
[INFO] [stdout]   16:     0x5e790de26cc4 - std[617be2ca0a6fd877]::sys::backtrace::__rust_begin_short_backtrace::<test[aada8e7e76ba119b]::run_test::{closure#1}, ()>
[INFO] [stdout]   17:     0x5e790de30462 - <std[617be2ca0a6fd877]::thread::lifecycle::spawn_unchecked<test[aada8e7e76ba119b]::run_test::{closure#1}, ()>::{closure#1} as core[a373ad73a504971]::ops::function::FnOnce<()>>::call_once::{shim:vtable#0}
[INFO] [stdout]   18:     0x5e790dfa162f - <std[617be2ca0a6fd877]::sys::thread::unix::Thread>::new::thread_start
[INFO] [stdout]   19:     0x7a06aa442dfa - <unknown>
[INFO] [stdout]   20:     0x7a06aa4d63d4 - clone
[INFO] [stdout]   21:                0x0 - <unknown>
[INFO] [stdout] 
[INFO] [stdout] 
[INFO] [stdout] failures:
[INFO] [stdout]     derive_macros_reject_shapes
[INFO] [stdout] 
[INFO] [stdout] test result: FAILED. 15 passed; 1 failed; 0 ignored; 0 measured; 0 filtered out; finished in 36.15s
[INFO] [stdout] 
[INFO] [stderr] error: test failed, to rerun pass `--test derive`
[INFO] running `Command { std: "docker" "inspect" "c58073a3b48f9685b341bffdf58a69093ea0fa7e0211f926e0766b12ff953ff4", kill_on_drop: false }`
[INFO] running `Command { std: "docker" "rm" "-f" "c58073a3b48f9685b341bffdf58a69093ea0fa7e0211f926e0766b12ff953ff4", kill_on_drop: false }`
[INFO] [stdout] c58073a3b48f9685b341bffdf58a69093ea0fa7e0211f926e0766b12ff953ff4
