[INFO] fetching crate libxisf 0.5.1...
[INFO] testing libxisf-0.5.1 against 1.100.0-beta.1+cargoflags=--release for beta-release-1.100-2
[INFO] extracting crate libxisf 0.5.1 into /workspace/builds/worker-7-tc2/source
[INFO] started tweaking crates.io crate libxisf 0.5.1
[INFO] removed 0 missing tests
[INFO] finished tweaking crates.io crate libxisf 0.5.1
[INFO] tweaked toml for crates.io crate libxisf 0.5.1 written to /workspace/builds/worker-7-tc2/source/Cargo.toml
[INFO] validating manifest of crates.io crate libxisf 0.5.1 on toolchain 1.100.0-beta.1
[INFO] running `Command { std: CARGO_HOME="/workspace/cargo-home" RUSTUP_HOME="/workspace/rustup-home" "/workspace/cargo-home/bin/cargo" "+1.100.0-beta.1" "metadata" "--manifest-path" "Cargo.toml" "--no-deps", kill_on_drop: false }`
[INFO] crate crates.io crate libxisf 0.5.1 already has a lockfile, it will not be regenerated
[INFO] running `Command { std: CARGO_HOME="/workspace/cargo-home" RUSTUP_HOME="/workspace/rustup-home" "/workspace/cargo-home/bin/cargo" "+1.100.0-beta.1" "fetch" "--manifest-path" "Cargo.toml", kill_on_drop: false }`
[INFO] running `Command { std: "docker" "create" "-v" "/var/lib/crater-agent-workspace/builds/worker-7-tc2/source:/opt/rustwide/workdir:ro,Z" "-v" "/var/lib/crater-agent-workspace/builds/worker-7-tc2/target:/opt/rustwide/target:rw,Z" "-v" "/var/lib/crater-agent-workspace/cargo-home:/opt/rustwide/cargo-home:ro,Z" "-v" "/var/lib/crater-agent-workspace/rustup-home:/opt/rustwide/rustup-home:ro,Z" "-m" "1610612736" "--network" "none" "ghcr.io/rust-lang/crates-build-env/linux@sha256:77db811e55d90add9212f6832c23229e3de5f1c1f9905e8cb07319ea15df73ac" "sleep" "infinity", kill_on_drop: false }`
[INFO] [stdout] b9b845c8a425b28355ec0b9974752ccee441413f19ee4ceb2b031e5f6227c7c3
[INFO] running `Command { std: "docker" "start" "b9b845c8a425b28355ec0b9974752ccee441413f19ee4ceb2b031e5f6227c7c3", kill_on_drop: false }`
[INFO] running `Command { std: "docker" "inspect" "b9b845c8a425b28355ec0b9974752ccee441413f19ee4ceb2b031e5f6227c7c3", kill_on_drop: false }`
[INFO] running `Command { std: "docker" "exec" "-e" "SOURCE_DIR=/opt/rustwide/workdir" "-e" "CARGO_HOME=/opt/rustwide/cargo-home" "-e" "RUSTUP_HOME=/opt/rustwide/rustup-home" "-e" "CARGO_TARGET_DIR=/opt/rustwide/target" "-w" "/opt/rustwide/workdir" "--user" "0:0" "b9b845c8a425b28355ec0b9974752ccee441413f19ee4ceb2b031e5f6227c7c3" "/opt/rustwide/cargo-home/bin/cargo" "+1.100.0-beta.1" "metadata" "--no-deps" "--format-version=1", kill_on_drop: false }`
[INFO] running `Command { std: "docker" "inspect" "b9b845c8a425b28355ec0b9974752ccee441413f19ee4ceb2b031e5f6227c7c3", kill_on_drop: false }`
[INFO] running `Command { std: "docker" "exec" "-e" "SOURCE_DIR=/opt/rustwide/workdir" "-e" "CARGO_HOME=/opt/rustwide/cargo-home" "-e" "RUSTUP_HOME=/opt/rustwide/rustup-home" "-e" "CARGO_TARGET_DIR=/opt/rustwide/target" "-e" "CARGO_INCREMENTAL=0" "-e" "RUST_BACKTRACE=full" "-e" "RUSTFLAGS=--cap-lints=warn" "-e" "RUSTDOCFLAGS=--cap-lints=warn" "-w" "/opt/rustwide/workdir" "--user" "0:0" "b9b845c8a425b28355ec0b9974752ccee441413f19ee4ceb2b031e5f6227c7c3" "/opt/rustwide/cargo-home/bin/cargo" "+1.100.0-beta.1" "build" "--frozen" "--message-format=json" "--release", kill_on_drop: false }`
[INFO] [stderr]    Compiling typenum v1.20.1
[INFO] [stderr]    Compiling const-oid v0.10.2
[INFO] [stderr]    Compiling zrip-core v0.10.1
[INFO] [stderr]    Compiling crc32fast v1.5.1
[INFO] [stderr]    Compiling cpufeatures v0.3.1
[INFO] [stderr]    Compiling keccak v0.2.2
[INFO] [stderr]    Compiling memchr v2.8.3
[INFO] [stderr]    Compiling twox-hash v2.1.4
[INFO] [stderr]    Compiling sponge-cursor v0.1.0
[INFO] [stderr]    Compiling memmap2 v0.9.11
[INFO] [stderr]    Compiling lz4_flex v0.14.0
[INFO] [stderr]    Compiling base64 v0.23.1
[INFO] [stderr]    Compiling flate2 v1.1.10
[INFO] [stderr]    Compiling zrip-decode v0.8.7
[INFO] [stderr]    Compiling zrip-encode v0.8.7
[INFO] [stderr]    Compiling quick-xml v0.42.0
[INFO] [stderr]    Compiling hybrid-array v0.4.14
[INFO] [stderr]    Compiling zrip v0.8.8
[INFO] [stderr]    Compiling block-buffer v0.12.1
[INFO] [stderr]    Compiling crypto-common v0.2.2
[INFO] [stderr]    Compiling digest v0.11.3
[INFO] [stderr]    Compiling sha2 v0.11.0
[INFO] [stderr]    Compiling sha1 v0.11.0
[INFO] [stderr]    Compiling sha3 v0.12.0
[INFO] [stderr]    Compiling xisf-core v0.5.1
[INFO] [stderr]    Compiling libxisf v0.5.1 (/opt/rustwide/workdir)
[INFO] [stderr]     Finished `release` profile [optimized] target(s) in 34.26s
[INFO] running `Command { std: "docker" "inspect" "b9b845c8a425b28355ec0b9974752ccee441413f19ee4ceb2b031e5f6227c7c3", kill_on_drop: false }`
[INFO] running `Command { std: "docker" "exec" "-e" "SOURCE_DIR=/opt/rustwide/workdir" "-e" "CARGO_HOME=/opt/rustwide/cargo-home" "-e" "RUSTUP_HOME=/opt/rustwide/rustup-home" "-e" "CARGO_TARGET_DIR=/opt/rustwide/target" "-e" "CARGO_INCREMENTAL=0" "-e" "RUST_BACKTRACE=full" "-e" "RUSTFLAGS=--cap-lints=warn" "-e" "RUSTDOCFLAGS=--cap-lints=warn" "-w" "/opt/rustwide/workdir" "--user" "0:0" "b9b845c8a425b28355ec0b9974752ccee441413f19ee4ceb2b031e5f6227c7c3" "/opt/rustwide/cargo-home/bin/cargo" "+1.100.0-beta.1" "test" "--frozen" "--no-run" "--message-format=json" "--release", kill_on_drop: false }`
[INFO] [stderr]    Compiling libxisf v0.5.1 (/opt/rustwide/workdir)
[INFO] [stderr]     Finished `release` profile [optimized] target(s) in 2.90s
[INFO] running `Command { std: "docker" "inspect" "b9b845c8a425b28355ec0b9974752ccee441413f19ee4ceb2b031e5f6227c7c3", kill_on_drop: false }`
[INFO] running `Command { std: "docker" "exec" "-e" "SOURCE_DIR=/opt/rustwide/workdir" "-e" "CARGO_HOME=/opt/rustwide/cargo-home" "-e" "RUSTUP_HOME=/opt/rustwide/rustup-home" "-e" "CARGO_TARGET_DIR=/opt/rustwide/target" "-e" "CARGO_INCREMENTAL=0" "-e" "RUST_BACKTRACE=full" "-e" "RUSTFLAGS=--cap-lints=warn" "-e" "RUSTDOCFLAGS=--cap-lints=warn" "-w" "/opt/rustwide/workdir" "--user" "0:0" "b9b845c8a425b28355ec0b9974752ccee441413f19ee4ceb2b031e5f6227c7c3" "/opt/rustwide/cargo-home/bin/cargo" "+1.100.0-beta.1" "test" "--frozen" "--release", kill_on_drop: false }`
[INFO] [stderr]     Finished `release` profile [optimized] target(s) in 0.07s
[INFO] [stderr]      Running unittests src/lib.rs (/opt/rustwide/target/release/build/libxisf/75d4b45d065c9cf7/out/xisf-75d4b45d065c9cf7)
[INFO] [stdout] 
[INFO] [stdout] running 20 tests
[INFO] [stdout] test ffi::tests::buffers_round_trip_and_keep_their_contents ... ok
[INFO] [stdout] test ffi::tests::buffers_are_aligned_for_any_sample_type ... ok
[INFO] [stdout] test ffi::tests::c_str_rejects_null ... ok
[INFO] [stdout] test ffi::tests::releasing_null_is_a_no_op ... ok
[INFO] [stdout] test tests::a_block_shorter_than_the_geometry_is_refused_and_leaves_the_buffer_untouched ... ok
[INFO] [stdout] test ffi::tests::write_out_ignores_a_null_destination ... ok
[INFO] [stdout] test ffi::tests::write_out_does_not_read_the_previous_contents ... ok
[INFO] [stdout] test tests::null_out_parameters_are_accepted ... ok
[INFO] [stdout] test tests::null_handles_are_refused_rather_than_dereferenced ... ok
[INFO] [stdout] test tests::image_handles_are_borrowed_not_allocated ... ok
[INFO] [stdout] test tests::error_messages_and_names_are_always_printable ... ok
[INFO] [stdout] test tests::out_of_range_indices_return_null_or_zero ... ok
[INFO] [stdout] test tests::the_allocating_read_round_trips_through_xisf_free ... ok
[INFO] [stdout] test tests::opening_rubbish_reports_why_rather_than_crashing ... ok
[INFO] [stdout] test tests::opens_reads_and_closes ... ok
[INFO] [stdout] test tests::reading_into_a_caller_buffer_matches_the_data ... ok
[INFO] [stdout] test tests::error_codes_match_the_header ... ok
[INFO] [stdout] test tests::an_absent_checksum_is_not_a_failure ... ok
[INFO] [stdout] test tests::a_short_buffer_is_refused_and_left_untouched ... ok
[INFO] [stdout] test tests::checksums_verify_through_the_c_api ... ok
[INFO] [stdout] 
[INFO] [stdout] test result: ok. 20 passed; 0 failed; 0 ignored; 0 measured; 0 filtered out; finished in 0.03s
[INFO] [stdout] 
[INFO] [stderr]      Running tests/abi.rs (/opt/rustwide/target/release/build/libxisf/9a33d517d0a926ab/out/abi-9a33d517d0a926ab)
[INFO] [stdout] 
[INFO] [stdout] running 3 tests
[INFO] [stdout] test the_header_compiles_as_cplusplus ... ok
[INFO] [stderr]    Compiling typenum v1.20.1
[INFO] [stderr]    Compiling cfg-if v1.0.4
[INFO] [stderr]    Compiling const-oid v0.10.2
[INFO] [stderr]    Compiling libc v0.2.189
[INFO] [stderr]    Compiling crc32fast v1.5.1
[INFO] [stderr]    Compiling zrip-core v0.10.1
[INFO] [stderr]    Compiling adler2 v2.0.1
[INFO] [stderr]    Compiling simd-adler32 v0.3.10
[INFO] [stderr]     Blocking waiting for file lock on build directory
[INFO] [stderr]    Compiling cpufeatures v0.3.1
[INFO] [stderr]    Compiling keccak v0.2.2
[INFO] [stderr]    Compiling memchr v2.8.3
[INFO] [stderr]    Compiling miniz_oxide v0.9.1
[INFO] [stderr]    Compiling sponge-cursor v0.1.0
[INFO] [stderr]    Compiling twox-hash v2.1.4
[INFO] [stderr]    Compiling base64 v0.23.1
[INFO] [stderr]    Compiling lz4_flex v0.14.0
[INFO] [stderr]    Compiling zrip-decode v0.8.7
[INFO] [stderr]    Compiling zrip-encode v0.8.7
[INFO] [stderr]    Compiling quick-xml v0.42.0
[INFO] [stderr]    Compiling flate2 v1.1.10
[INFO] [stderr]    Compiling zrip v0.8.8
[INFO] [stderr]    Compiling hybrid-array v0.4.14
[INFO] [stderr]    Compiling memmap2 v0.9.11
[INFO] [stderr]    Compiling crypto-common v0.2.2
[INFO] [stderr]    Compiling block-buffer v0.12.1
[INFO] [stderr]    Compiling digest v0.11.3
[INFO] [stderr]    Compiling sha2 v0.11.0
[INFO] [stderr]    Compiling sha1 v0.11.0
[INFO] [stderr]    Compiling sha3 v0.12.0
[INFO] [stderr]    Compiling xisf-core v0.5.1
[INFO] [stderr]    Compiling libxisf v0.5.1 (/opt/rustwide/workdir)
[INFO] [stderr]     Finished `dev` profile [unoptimized + debuginfo] target(s) in 18.87s
[INFO] [stderr]     Finished `dev` profile [unoptimized + debuginfo] target(s) in 18.89s
[INFO] [stdout] test every_declared_function_is_defined ... ok
[INFO] [stdout] test a_c_program_can_read_a_file ... FAILED
[INFO] [stdout] 
[INFO] [stdout] failures:
[INFO] [stdout] 
[INFO] [stdout] ---- a_c_program_can_read_a_file stdout ----
[INFO] [stdout] 
[INFO] [stdout] thread 'a_c_program_can_read_a_file' (522) panicked at tests/abi.rs:290:19:
[INFO] [stdout] compiling reader failed:
[INFO] [stdout] /usr/bin/x86_64-linux-gnu-ld.bfd: cannot find -lxisf: No such file or directory
[INFO] [stdout] collect2: error: ld returned 1 exit status
[INFO] [stdout] 
[INFO] [stdout] stack backtrace:
[INFO] [stdout]    0:     0x581f191637c1 - <<std[617be2ca0a6fd877]::sys::backtrace::BacktraceLock>::print::DisplayBacktrace as core[a373ad73a504971]::fmt::Display>::fmt
[INFO] [stdout]    1:     0x581f1917801a - core[a373ad73a504971]::fmt::write
[INFO] [stdout]    2:     0x581f19167c5c - <alloc[2e1b2a31b91974c5]::vec::Vec<u8> as core[a373ad73a504971]::io::write::Write>::write_fmt
[INFO] [stdout]    3:     0x581f1913d516 - std[617be2ca0a6fd877]::panicking::default_hook::{closure#0}
[INFO] [stdout]    4:     0x581f1915af09 - std[617be2ca0a6fd877]::panicking::default_hook
[INFO] [stdout]    5:     0x581f190b18a0 - test[aada8e7e76ba119b]::test_main_inner::{closure#0}
[INFO] [stdout]    6:     0x581f1915b0c2 - std[617be2ca0a6fd877]::panicking::panic_with_hook
[INFO] [stdout]    7:     0x581f1913d5c2 - std[617be2ca0a6fd877]::panicking::panic_handler::{closure#0}
[INFO] [stdout]    8:     0x581f19136029 - std[617be2ca0a6fd877]::sys::backtrace::__rust_end_short_backtrace::<std[617be2ca0a6fd877]::panicking::panic_handler::{closure#0}, !>
[INFO] [stdout]    9:     0x581f1913e1cd - __rustc[ea4f61d10b84890b]::rust_begin_unwind
[INFO] [stdout]   10:     0x581f1917874c - core[a373ad73a504971]::panicking::panic_fmt
[INFO] [stdout]   11:     0x581f190a1c2f - <abi[4867941bfe632e55]::a_c_program_can_read_a_file::{closure#0} as core[a373ad73a504971]::ops::function::FnOnce<()>>::call_once
[INFO] [stdout]   12:     0x581f190a4ceb - test[aada8e7e76ba119b]::__rust_begin_short_backtrace::<core[a373ad73a504971]::result::Result<(), alloc[2e1b2a31b91974c5]::string::String>, fn() -> core[a373ad73a504971]::result::Result<(), alloc[2e1b2a31b91974c5]::string::String>>
[INFO] [stdout]   13:     0x581f190b1ec5 - test[aada8e7e76ba119b]::run_test::{closure#0}
[INFO] [stdout]   14:     0x581f190ab7b4 - std[617be2ca0a6fd877]::sys::backtrace::__rust_begin_short_backtrace::<test[aada8e7e76ba119b]::run_test::{closure#1}, ()>
[INFO] [stdout]   15:     0x581f190b4f52 - <std[617be2ca0a6fd877]::thread::lifecycle::spawn_unchecked<test[aada8e7e76ba119b]::run_test::{closure#1}, ()>::{closure#1} as core[a373ad73a504971]::ops::function::FnOnce<()>>::call_once::{shim:vtable#0}
[INFO] [stdout]   16:     0x581f191627cf - <std[617be2ca0a6fd877]::sys::thread::unix::Thread>::new::thread_start
[INFO] [stdout]   17:     0x7f27e593adfa - <unknown>
[INFO] [stdout]   18:     0x7f27e59ce3d4 - clone
[INFO] [stdout]   19:                0x0 - <unknown>
[INFO] [stdout] 
[INFO] [stdout] 
[INFO] [stdout] failures:
[INFO] [stdout]     a_c_program_can_read_a_file
[INFO] [stdout] 
[INFO] [stdout] test result: FAILED. 2 passed; 1 failed; 0 ignored; 0 measured; 0 filtered out; finished in 18.97s
[INFO] [stdout] 
[INFO] [stderr] error: test failed, to rerun pass `--test abi`
[INFO] running `Command { std: "docker" "inspect" "b9b845c8a425b28355ec0b9974752ccee441413f19ee4ceb2b031e5f6227c7c3", kill_on_drop: false }`
[INFO] running `Command { std: "docker" "rm" "-f" "b9b845c8a425b28355ec0b9974752ccee441413f19ee4ceb2b031e5f6227c7c3", kill_on_drop: false }`
[INFO] [stdout] b9b845c8a425b28355ec0b9974752ccee441413f19ee4ceb2b031e5f6227c7c3
