[INFO] fetching crate libarcsec 0.7.0...
[INFO] testing libarcsec-0.7.0 against 1.100.0-beta.1+cargoflags=--release for beta-release-1.100-2
[INFO] extracting crate libarcsec 0.7.0 into /workspace/builds/worker-2-tc2/source
[INFO] started tweaking crates.io crate libarcsec 0.7.0
[INFO] removed 0 missing tests
[INFO] finished tweaking crates.io crate libarcsec 0.7.0
[INFO] tweaked toml for crates.io crate libarcsec 0.7.0 written to /workspace/builds/worker-2-tc2/source/Cargo.toml
[INFO] validating manifest of crates.io crate libarcsec 0.7.0 on toolchain 1.100.0-beta.1
[INFO] running `Command { std: CARGO_HOME="/workspace/cargo-home" RUSTUP_HOME="/workspace/rustup-home" "/workspace/cargo-home/bin/cargo" "+1.100.0-beta.1" "metadata" "--manifest-path" "Cargo.toml" "--no-deps", kill_on_drop: false }`
[INFO] crate crates.io crate libarcsec 0.7.0 already has a lockfile, it will not be regenerated
[INFO] running `Command { std: CARGO_HOME="/workspace/cargo-home" RUSTUP_HOME="/workspace/rustup-home" "/workspace/cargo-home/bin/cargo" "+1.100.0-beta.1" "fetch" "--manifest-path" "Cargo.toml", kill_on_drop: false }`
[INFO] running `Command { std: "docker" "create" "-v" "/var/lib/crater-agent-workspace/builds/worker-2-tc2/source:/opt/rustwide/workdir:ro,Z" "-v" "/var/lib/crater-agent-workspace/builds/worker-2-tc2/target:/opt/rustwide/target:rw,Z" "-v" "/var/lib/crater-agent-workspace/cargo-home:/opt/rustwide/cargo-home:ro,Z" "-v" "/var/lib/crater-agent-workspace/rustup-home:/opt/rustwide/rustup-home:ro,Z" "-m" "1610612736" "--network" "none" "ghcr.io/rust-lang/crates-build-env/linux@sha256:77db811e55d90add9212f6832c23229e3de5f1c1f9905e8cb07319ea15df73ac" "sleep" "infinity", kill_on_drop: false }`
[INFO] [stdout] 55732117bf4cf3303b8b8cce708acb65b9bb19e54ba9a5e627d9a06414ddfa82
[INFO] running `Command { std: "docker" "start" "55732117bf4cf3303b8b8cce708acb65b9bb19e54ba9a5e627d9a06414ddfa82", kill_on_drop: false }`
[INFO] running `Command { std: "docker" "inspect" "55732117bf4cf3303b8b8cce708acb65b9bb19e54ba9a5e627d9a06414ddfa82", kill_on_drop: false }`
[INFO] running `Command { std: "docker" "exec" "-e" "SOURCE_DIR=/opt/rustwide/workdir" "-e" "CARGO_HOME=/opt/rustwide/cargo-home" "-e" "RUSTUP_HOME=/opt/rustwide/rustup-home" "-e" "CARGO_TARGET_DIR=/opt/rustwide/target" "-w" "/opt/rustwide/workdir" "--user" "0:0" "55732117bf4cf3303b8b8cce708acb65b9bb19e54ba9a5e627d9a06414ddfa82" "/opt/rustwide/cargo-home/bin/cargo" "+1.100.0-beta.1" "metadata" "--no-deps" "--format-version=1", kill_on_drop: false }`
[INFO] running `Command { std: "docker" "inspect" "55732117bf4cf3303b8b8cce708acb65b9bb19e54ba9a5e627d9a06414ddfa82", kill_on_drop: false }`
[INFO] running `Command { std: "docker" "exec" "-e" "SOURCE_DIR=/opt/rustwide/workdir" "-e" "CARGO_HOME=/opt/rustwide/cargo-home" "-e" "RUSTUP_HOME=/opt/rustwide/rustup-home" "-e" "CARGO_TARGET_DIR=/opt/rustwide/target" "-e" "CARGO_INCREMENTAL=0" "-e" "RUST_BACKTRACE=full" "-e" "RUSTFLAGS=--cap-lints=warn" "-e" "RUSTDOCFLAGS=--cap-lints=warn" "-w" "/opt/rustwide/workdir" "--user" "0:0" "55732117bf4cf3303b8b8cce708acb65b9bb19e54ba9a5e627d9a06414ddfa82" "/opt/rustwide/cargo-home/bin/cargo" "+1.100.0-beta.1" "build" "--frozen" "--message-format=json" "--release", kill_on_drop: false }`
[INFO] [stderr]    Compiling libc v0.2.190
[INFO] [stderr]    Compiling simd-adler32 v0.3.10
[INFO] [stderr]    Compiling syn v2.0.119
[INFO] [stderr]    Compiling hybrid-array v0.4.15
[INFO] [stderr]    Compiling crc32fast v1.5.2
[INFO] [stderr]    Compiling zerocopy v0.8.58
[INFO] [stderr]    Compiling twox-hash v2.1.4
[INFO] [stderr]    Compiling thiserror-impl v2.0.21
[INFO] [stderr]    Compiling zrip-core v0.11.0
[INFO] [stderr]    Compiling arraydeque v0.5.1
[INFO] [stderr]    Compiling keccak v0.2.2
[INFO] [stderr]    Compiling sponge-cursor v0.1.0
[INFO] [stderr]    Compiling zlib-rs v0.6.8
[INFO] [stderr]    Compiling chrono v0.4.45
[INFO] [stderr]    Compiling hcompress v0.4.1
[INFO] [stderr]    Compiling quick-xml v0.42.0
[INFO] [stderr]    Compiling lz4_flex v0.14.0
[INFO] [stderr]    Compiling pliocomp v0.7.0
[INFO] [stderr]    Compiling miniz_oxide v0.9.1
[INFO] [stderr]    Compiling zune-core v0.5.3
[INFO] [stderr]    Compiling ricecomp v0.5.0
[INFO] [stderr]    Compiling fdeflate v0.3.7
[INFO] [stderr]    Compiling miniz_oxide v0.8.9
[INFO] [stderr]    Compiling libarcsec v0.7.0 (/opt/rustwide/workdir)
[INFO] [stderr]    Compiling zune-jpeg v0.5.15
[INFO] [stderr]    Compiling flate2 v1.1.10
[INFO] [stderr]    Compiling crypto-common v0.2.2
[INFO] [stderr]    Compiling block-buffer v0.12.1
[INFO] [stderr]    Compiling zrip-encode v0.9.0
[INFO] [stderr]    Compiling zrip-decode v0.8.8
[INFO] [stderr]    Compiling png v0.18.1
[INFO] [stderr]    Compiling thiserror v2.0.21
[INFO] [stderr]    Compiling saphyr-parser v0.0.12
[INFO] [stderr]    Compiling digest v0.11.3
[INFO] [stderr]    Compiling memmap2 v0.9.11
[INFO] [stderr]    Compiling libbz2-rs-sys v0.2.5
[INFO] [stderr]    Compiling getrandom v0.4.3
[INFO] [stderr]    Compiling asdf-yaml v0.2.1
[INFO] [stderr]    Compiling tempfile v3.27.0
[INFO] [stderr]    Compiling md-5 v0.11.0
[INFO] [stderr]    Compiling sha1 v0.11.0
[INFO] [stderr]    Compiling sha2 v0.11.0
[INFO] [stderr]    Compiling sha3 v0.12.0
[INFO] [stderr]    Compiling zrip v0.8.9
[INFO] [stderr]    Compiling errno v0.3.14
[INFO] [stderr]    Compiling libz-rs-sys v0.6.8
[INFO] [stderr]    Compiling bzip2 v0.6.1
[INFO] [stderr]    Compiling xisf-core v0.5.1
[INFO] [stderr]    Compiling zerocopy-derive v0.8.58
[INFO] [stderr]    Compiling thiserror-impl v1.0.69
[INFO] [stderr]    Compiling thiserror v1.0.69
[INFO] [stderr]    Compiling pwd v1.4.0
[INFO] [stderr]    Compiling rsfitsio v0.470.5
[INFO] [stderr]    Compiling xisf v0.5.1
[INFO] [stderr]    Compiling half v2.7.1
[INFO] [stderr]    Compiling asdf-core v0.2.4
[INFO] [stderr]    Compiling tiff v0.11.3
[INFO] [stderr]    Compiling asdf-rs v0.2.1
[INFO] [stderr]    Compiling arcsec-core v0.7.0
[INFO] [stderr]    Compiling arcsec-io v0.7.0
[INFO] [stderr]     Finished `release` profile [optimized] target(s) in 1m 31s
[INFO] running `Command { std: "docker" "inspect" "55732117bf4cf3303b8b8cce708acb65b9bb19e54ba9a5e627d9a06414ddfa82", kill_on_drop: false }`
[INFO] running `Command { std: "docker" "exec" "-e" "SOURCE_DIR=/opt/rustwide/workdir" "-e" "CARGO_HOME=/opt/rustwide/cargo-home" "-e" "RUSTUP_HOME=/opt/rustwide/rustup-home" "-e" "CARGO_TARGET_DIR=/opt/rustwide/target" "-e" "CARGO_INCREMENTAL=0" "-e" "RUST_BACKTRACE=full" "-e" "RUSTFLAGS=--cap-lints=warn" "-e" "RUSTDOCFLAGS=--cap-lints=warn" "-w" "/opt/rustwide/workdir" "--user" "0:0" "55732117bf4cf3303b8b8cce708acb65b9bb19e54ba9a5e627d9a06414ddfa82" "/opt/rustwide/cargo-home/bin/cargo" "+1.100.0-beta.1" "test" "--frozen" "--no-run" "--message-format=json" "--release", kill_on_drop: false }`
[INFO] [stderr]    Compiling proc-macro2 v1.0.107
[INFO] [stderr]    Compiling unicode-ident v1.0.26
[INFO] [stderr]    Compiling quote v1.0.47
[INFO] [stderr]    Compiling winnow v1.0.4
[INFO] [stderr]    Compiling serde v1.0.229
[INFO] [stderr]    Compiling serde_spanned v1.1.1
[INFO] [stderr]    Compiling toml_datetime v0.7.5+spec-1.1.0
[INFO] [stderr]    Compiling serde_derive v1.0.229
[INFO] [stderr]    Compiling arcsec-core v0.7.0
[INFO] [stderr]    Compiling winnow v0.7.15
[INFO] [stderr]    Compiling cbindgen v0.29.4
[INFO] [stderr]    Compiling serde_json v1.0.151
[INFO] [stderr]    Compiling heck v0.5.0
[INFO] [stderr]    Compiling find-msvc-tools v0.1.14
[INFO] [stderr]    Compiling cc v1.6.0
[INFO] [stderr]    Compiling toml_parser v1.1.3+spec-1.1.0
[INFO] [stderr]    Compiling syn v2.0.119
[INFO] [stderr]    Compiling toml v0.9.12+spec-1.1.0
[INFO] [stderr]    Compiling arcsec-io v0.7.0
[INFO] [stderr]    Compiling libarcsec v0.7.0 (/opt/rustwide/workdir)
[INFO] [stderr]     Finished `release` profile [optimized] target(s) in 1m 20s
[INFO] running `Command { std: "docker" "inspect" "55732117bf4cf3303b8b8cce708acb65b9bb19e54ba9a5e627d9a06414ddfa82", kill_on_drop: false }`
[INFO] running `Command { std: "docker" "exec" "-e" "SOURCE_DIR=/opt/rustwide/workdir" "-e" "CARGO_HOME=/opt/rustwide/cargo-home" "-e" "RUSTUP_HOME=/opt/rustwide/rustup-home" "-e" "CARGO_TARGET_DIR=/opt/rustwide/target" "-e" "CARGO_INCREMENTAL=0" "-e" "RUST_BACKTRACE=full" "-e" "RUSTFLAGS=--cap-lints=warn" "-e" "RUSTDOCFLAGS=--cap-lints=warn" "-w" "/opt/rustwide/workdir" "--user" "0:0" "55732117bf4cf3303b8b8cce708acb65b9bb19e54ba9a5e627d9a06414ddfa82" "/opt/rustwide/cargo-home/bin/cargo" "+1.100.0-beta.1" "test" "--frozen" "--release", kill_on_drop: false }`
[INFO] [stderr]     Finished `release` profile [optimized] target(s) in 0.14s
[INFO] [stderr]      Running unittests src/lib.rs (/opt/rustwide/target/release/build/libarcsec/26ddcdb8a034b17d/out/arcsec-26ddcdb8a034b17d)
[INFO] [stdout] 
[INFO] [stdout] running 22 tests
[INFO] [stdout] test image::tests::strides_planes_flips_and_averaging ... ok
[INFO] [stdout] test options::tests::explicit_values_beat_the_header ... ok
[INFO] [stdout] test options::tests::a_first_abi_caller_has_no_fov_search_and_gets_the_default ... ok
[INFO] [stdout] test options::tests::an_older_smaller_struct_gets_defaults_for_the_rest ... ok
[INFO] [stdout] test image::tests::bad_layouts_are_refused ... ok
[INFO] [stdout] test options::tests::nonsense_is_refused ... ok
[INFO] [stdout] test options::tests::the_cancel_callback_and_flag_both_stop ... ok
[INFO] [stdout] test tests::bad_arguments_are_errors_not_crashes ... ok
[INFO] [stdout] test image::tests::every_sample_type_reads ... ok
[INFO] [stdout] test tests::version_and_status_strings ... ok
[INFO] [stdout] test options::tests::defaults_are_the_cli_defaults ... ok
[INFO] [stdout] test tests::the_log_callback_hears_progress_and_panics_become_errors ... ok
[INFO] [stdout] test tests::the_soname_follows_the_abi_version ... ok
[INFO] [stdout] test tests::another_thread_can_cancel_and_a_busy_solver_says_so ... ok
[INFO] [stdout] test tests::catalogue_queries ... ok
[INFO] [stdout] test tests::analysis_counts_and_measures_stars ... ok
[INFO] [stdout] test tests::the_cancel_callback_stops_a_solve ... ok
[INFO] [stdout] test tests::too_few_stars_and_no_solution_have_their_codes ... ok
[INFO] [stdout] test tests::a_synthetic_field_solves_through_the_c_api ... ok
[INFO] [stdout] test tests::a_fits_file_solves_with_its_own_header ... ok
[INFO] [stdout] test tests::progress_is_reported_by_stage ... ok
[INFO] [stdout] test tests::header_is_current ... ok
[INFO] [stdout] 
[INFO] [stdout] test result: ok. 22 passed; 0 failed; 0 ignored; 0 measured; 0 filtered out; finished in 0.31s
[INFO] [stdout] 
[INFO] [stderr]      Running tests/c_api.rs (/opt/rustwide/target/release/build/libarcsec/cbc20ce775d8da29/out/c_api-cbc20ce775d8da29)
[INFO] [stdout] 
[INFO] [stdout] running 2 tests
[INFO] [stdout] test only_the_api_is_exported ... FAILED
[INFO] [stdout] test the_c_program_passes ... FAILED
[INFO] [stdout] 
[INFO] [stdout] failures:
[INFO] [stdout] 
[INFO] [stdout] ---- only_the_api_is_exported stdout ----
[INFO] [stdout] 
[INFO] [stdout] thread 'only_the_api_is_exported' (1871) panicked at tests/c_api.rs:48:39:
[INFO] [stdout] the library was not built
[INFO] [stdout] stack backtrace:
[INFO] [stdout]    0:     0x5a0a26ca1ac1 - <<std[617be2ca0a6fd877]::sys::backtrace::BacktraceLock>::print::DisplayBacktrace as core[a373ad73a504971]::fmt::Display>::fmt
[INFO] [stdout]    1:     0x5a0a26cb77aa - core[a373ad73a504971]::fmt::write
[INFO] [stdout]    2:     0x5a0a26ca75ac - <alloc[2e1b2a31b91974c5]::vec::Vec<u8> as core[a373ad73a504971]::io::write::Write>::write_fmt
[INFO] [stdout]    3:     0x5a0a26c7a6c6 - std[617be2ca0a6fd877]::panicking::default_hook::{closure#0}
[INFO] [stdout]    4:     0x5a0a26c98a69 - std[617be2ca0a6fd877]::panicking::default_hook
[INFO] [stdout]    5:     0x5a0a26c2a540 - test[aada8e7e76ba119b]::test_main_inner::{closure#0}
[INFO] [stdout]    6:     0x5a0a26c98c22 - std[617be2ca0a6fd877]::panicking::panic_with_hook
[INFO] [stdout]    7:     0x5a0a26c7a772 - std[617be2ca0a6fd877]::panicking::panic_handler::{closure#0}
[INFO] [stdout]    8:     0x5a0a26c73369 - std[617be2ca0a6fd877]::sys::backtrace::__rust_end_short_backtrace::<std[617be2ca0a6fd877]::panicking::panic_handler::{closure#0}, !>
[INFO] [stdout]    9:     0x5a0a26c7b37d - __rustc[ea4f61d10b84890b]::rust_begin_unwind
[INFO] [stdout]   10:     0x5a0a26cb7edc - core[a373ad73a504971]::panicking::panic_fmt
[INFO] [stdout]   11:     0x5a0a26cb7c34 - core[a373ad73a504971]::option::expect_failed
[INFO] [stdout]   12:     0x5a0a26be9356 - <c_api[a7c83fb4b33164f0]::only_the_api_is_exported::{closure#0} as core[a373ad73a504971]::ops::function::FnOnce<()>>::call_once
[INFO] [stdout]   13:     0x5a0a26c1d98b - test[aada8e7e76ba119b]::__rust_begin_short_backtrace::<core[a373ad73a504971]::result::Result<(), alloc[2e1b2a31b91974c5]::string::String>, fn() -> core[a373ad73a504971]::result::Result<(), alloc[2e1b2a31b91974c5]::string::String>>
[INFO] [stdout]   14:     0x5a0a26c2ab65 - test[aada8e7e76ba119b]::run_test::{closure#0}
[INFO] [stdout]   15:     0x5a0a26c24454 - std[617be2ca0a6fd877]::sys::backtrace::__rust_begin_short_backtrace::<test[aada8e7e76ba119b]::run_test::{closure#1}, ()>
[INFO] [stdout]   16:     0x5a0a26c2dbf2 - <std[617be2ca0a6fd877]::thread::lifecycle::spawn_unchecked<test[aada8e7e76ba119b]::run_test::{closure#1}, ()>::{closure#1} as core[a373ad73a504971]::ops::function::FnOnce<()>>::call_once::{shim:vtable#0}
[INFO] [stdout]   17:     0x5a0a26ca0fff - <std[617be2ca0a6fd877]::sys::thread::unix::Thread>::new::thread_start
[INFO] [stdout]   18:     0x7641234dbdfa - <unknown>
[INFO] [stdout]   19:     0x76412356f3d4 - clone
[INFO] [stdout]   20:                0x0 - <unknown>
[INFO] [stdout] 
[INFO] [stdout] ---- the_c_program_passes stdout ----
[INFO] [stdout] 
[INFO] [stdout] thread 'the_c_program_passes' (1872) panicked at tests/c_api.rs:157:10:
[INFO] [stdout] the library was not built
[INFO] [stdout] stack backtrace:
[INFO] [stdout]    0:     0x5a0a26ca1ac1 - <<std[617be2ca0a6fd877]::sys::backtrace::BacktraceLock>::print::DisplayBacktrace as core[a373ad73a504971]::fmt::Display>::fmt
[INFO] [stdout]    1:     0x5a0a26cb77aa - core[a373ad73a504971]::fmt::write
[INFO] [stdout]    2:     0x5a0a26ca75ac - <alloc[2e1b2a31b91974c5]::vec::Vec<u8> as core[a373ad73a504971]::io::write::Write>::write_fmt
[INFO] [stdout]    3:     0x5a0a26c7a6c6 - std[617be2ca0a6fd877]::panicking::default_hook::{closure#0}
[INFO] [stdout]    4:     0x5a0a26c98a69 - std[617be2ca0a6fd877]::panicking::default_hook
[INFO] [stdout]    5:     0x5a0a26c2a540 - test[aada8e7e76ba119b]::test_main_inner::{closure#0}
[INFO] [stdout]    6:     0x5a0a26c98c22 - std[617be2ca0a6fd877]::panicking::panic_with_hook
[INFO] [stdout]    7:     0x5a0a26c7a772 - std[617be2ca0a6fd877]::panicking::panic_handler::{closure#0}
[INFO] [stdout]    8:     0x5a0a26c73369 - std[617be2ca0a6fd877]::sys::backtrace::__rust_end_short_backtrace::<std[617be2ca0a6fd877]::panicking::panic_handler::{closure#0}, !>
[INFO] [stdout]    9:     0x5a0a26c7b37d - __rustc[ea4f61d10b84890b]::rust_begin_unwind
[INFO] [stdout]   10:     0x5a0a26cb7edc - core[a373ad73a504971]::panicking::panic_fmt
[INFO] [stdout]   11:     0x5a0a26cb7c34 - core[a373ad73a504971]::option::expect_failed
[INFO] [stdout]   12:     0x5a0a26be8789 - <c_api[a7c83fb4b33164f0]::the_c_program_passes::{closure#0} as core[a373ad73a504971]::ops::function::FnOnce<()>>::call_once
[INFO] [stdout]   13:     0x5a0a26c1d98b - test[aada8e7e76ba119b]::__rust_begin_short_backtrace::<core[a373ad73a504971]::result::Result<(), alloc[2e1b2a31b91974c5]::string::String>, fn() -> core[a373ad73a504971]::result::Result<(), alloc[2e1b2a31b91974c5]::string::String>>
[INFO] [stdout]   14:     0x5a0a26c2ab65 - test[aada8e7e76ba119b]::run_test::{closure#0}
[INFO] [stdout]   15:     0x5a0a26c24454 - std[617be2ca0a6fd877]::sys::backtrace::__rust_begin_short_backtrace::<test[aada8e7e76ba119b]::run_test::{closure#1}, ()>
[INFO] [stdout]   16:     0x5a0a26c2dbf2 - <std[617be2ca0a6fd877]::thread::lifecycle::spawn_unchecked<test[aada8e7e76ba119b]::run_test::{closure#1}, ()>::{closure#1} as core[a373ad73a504971]::ops::function::FnOnce<()>>::call_once::{shim:vtable#0}
[INFO] [stdout]   17:     0x5a0a26ca0fff - <std[617be2ca0a6fd877]::sys::thread::unix::Thread>::new::thread_start
[INFO] [stdout]   18:     0x7641234dbdfa - <unknown>
[INFO] [stdout]   19:     0x76412356f3d4 - clone
[INFO] [stdout]   20:                0x0 - <unknown>
[INFO] [stdout] 
[INFO] [stdout] 
[INFO] [stdout] failures:
[INFO] [stdout]     only_the_api_is_exported
[INFO] [stdout]     the_c_program_passes
[INFO] [stdout] 
[INFO] [stdout] test result: FAILED. 0 passed; 2 failed; 0 ignored; 0 measured; 0 filtered out; finished in 0.16s
[INFO] [stdout] 
[INFO] [stderr] error: test failed, to rerun pass `--test c_api`
[INFO] running `Command { std: "docker" "inspect" "55732117bf4cf3303b8b8cce708acb65b9bb19e54ba9a5e627d9a06414ddfa82", kill_on_drop: false }`
[INFO] running `Command { std: "docker" "rm" "-f" "55732117bf4cf3303b8b8cce708acb65b9bb19e54ba9a5e627d9a06414ddfa82", kill_on_drop: false }`
[INFO] [stdout] 55732117bf4cf3303b8b8cce708acb65b9bb19e54ba9a5e627d9a06414ddfa82
