[INFO] fetching crate leetfy 0.2.3...
[INFO] testing leetfy-0.2.3 against 1.100.0-beta.1+cargoflags=--release for beta-release-1.100-2
[INFO] extracting crate leetfy 0.2.3 into /workspace/builds/worker-5-tc2/source
[INFO] started tweaking crates.io crate leetfy 0.2.3
[INFO] finished tweaking crates.io crate leetfy 0.2.3
[INFO] tweaked toml for crates.io crate leetfy 0.2.3 written to /workspace/builds/worker-5-tc2/source/Cargo.toml
[INFO] validating manifest of crates.io crate leetfy 0.2.3 on toolchain 1.100.0-beta.1
[INFO] running `Command { std: CARGO_HOME="/workspace/cargo-home" RUSTUP_HOME="/workspace/rustup-home" "/workspace/cargo-home/bin/cargo" "+1.100.0-beta.1" "metadata" "--manifest-path" "Cargo.toml" "--no-deps", kill_on_drop: false }`
[INFO] crate crates.io crate leetfy 0.2.3 already has a lockfile, it will not be regenerated
[INFO] running `Command { std: CARGO_HOME="/workspace/cargo-home" RUSTUP_HOME="/workspace/rustup-home" "/workspace/cargo-home/bin/cargo" "+1.100.0-beta.1" "fetch" "--manifest-path" "Cargo.toml", kill_on_drop: false }`
[INFO] running `Command { std: "docker" "create" "-v" "/var/lib/crater-agent-workspace/builds/worker-5-tc2/source:/opt/rustwide/workdir:ro,Z" "-v" "/var/lib/crater-agent-workspace/builds/worker-5-tc2/target:/opt/rustwide/target:rw,Z" "-v" "/var/lib/crater-agent-workspace/cargo-home:/opt/rustwide/cargo-home:ro,Z" "-v" "/var/lib/crater-agent-workspace/rustup-home:/opt/rustwide/rustup-home:ro,Z" "-m" "1610612736" "--network" "none" "ghcr.io/rust-lang/crates-build-env/linux@sha256:77db811e55d90add9212f6832c23229e3de5f1c1f9905e8cb07319ea15df73ac" "sleep" "infinity", kill_on_drop: false }`
[INFO] [stdout] 40743add23cb4e5484fdcc53cb212506e739b0977424ca0c306bfe32b927cbe7
[INFO] running `Command { std: "docker" "start" "40743add23cb4e5484fdcc53cb212506e739b0977424ca0c306bfe32b927cbe7", kill_on_drop: false }`
[INFO] running `Command { std: "docker" "inspect" "40743add23cb4e5484fdcc53cb212506e739b0977424ca0c306bfe32b927cbe7", kill_on_drop: false }`
[INFO] running `Command { std: "docker" "exec" "-e" "SOURCE_DIR=/opt/rustwide/workdir" "-e" "CARGO_HOME=/opt/rustwide/cargo-home" "-e" "RUSTUP_HOME=/opt/rustwide/rustup-home" "-e" "CARGO_TARGET_DIR=/opt/rustwide/target" "-w" "/opt/rustwide/workdir" "--user" "0:0" "40743add23cb4e5484fdcc53cb212506e739b0977424ca0c306bfe32b927cbe7" "/opt/rustwide/cargo-home/bin/cargo" "+1.100.0-beta.1" "metadata" "--no-deps" "--format-version=1", kill_on_drop: false }`
[INFO] running `Command { std: "docker" "inspect" "40743add23cb4e5484fdcc53cb212506e739b0977424ca0c306bfe32b927cbe7", kill_on_drop: false }`
[INFO] running `Command { std: "docker" "exec" "-e" "SOURCE_DIR=/opt/rustwide/workdir" "-e" "CARGO_HOME=/opt/rustwide/cargo-home" "-e" "RUSTUP_HOME=/opt/rustwide/rustup-home" "-e" "CARGO_TARGET_DIR=/opt/rustwide/target" "-e" "CARGO_INCREMENTAL=0" "-e" "RUST_BACKTRACE=full" "-e" "RUSTFLAGS=--cap-lints=warn" "-e" "RUSTDOCFLAGS=--cap-lints=warn" "-w" "/opt/rustwide/workdir" "--user" "0:0" "40743add23cb4e5484fdcc53cb212506e739b0977424ca0c306bfe32b927cbe7" "/opt/rustwide/cargo-home/bin/cargo" "+1.100.0-beta.1" "build" "--frozen" "--message-format=json" "--release", kill_on_drop: false }`
[INFO] [stderr]    Compiling proc-macro2 v1.0.69
[INFO] [stderr]    Compiling unicode-ident v1.0.12
[INFO] [stderr]    Compiling utf8parse v0.2.1
[INFO] [stderr]    Compiling anstyle v1.0.4
[INFO] [stderr]    Compiling anstyle-query v1.0.0
[INFO] [stderr]    Compiling colorchoice v1.0.0
[INFO] [stderr]    Compiling heck v0.4.1
[INFO] [stderr]    Compiling anyhow v1.0.75
[INFO] [stderr]    Compiling strsim v0.10.0
[INFO] [stderr]    Compiling clap_lex v0.5.1
[INFO] [stderr]    Compiling anstyle-parse v0.2.2
[INFO] [stderr]    Compiling anstream v0.6.4
[INFO] [stderr]    Compiling clap_builder v4.4.6
[INFO] [stderr]    Compiling quote v1.0.33
[INFO] [stderr]    Compiling syn v2.0.38
[INFO] [stderr]    Compiling clap_derive v4.4.2
[INFO] [stderr]    Compiling clap v4.4.6
[INFO] [stderr]    Compiling leetfy v0.2.3 (/opt/rustwide/workdir)
[INFO] [stderr]     Finished `release` profile [optimized] target(s) in 18.46s
[INFO] running `Command { std: "docker" "inspect" "40743add23cb4e5484fdcc53cb212506e739b0977424ca0c306bfe32b927cbe7", kill_on_drop: false }`
[INFO] running `Command { std: "docker" "exec" "-e" "SOURCE_DIR=/opt/rustwide/workdir" "-e" "CARGO_HOME=/opt/rustwide/cargo-home" "-e" "RUSTUP_HOME=/opt/rustwide/rustup-home" "-e" "CARGO_TARGET_DIR=/opt/rustwide/target" "-e" "CARGO_INCREMENTAL=0" "-e" "RUST_BACKTRACE=full" "-e" "RUSTFLAGS=--cap-lints=warn" "-e" "RUSTDOCFLAGS=--cap-lints=warn" "-w" "/opt/rustwide/workdir" "--user" "0:0" "40743add23cb4e5484fdcc53cb212506e739b0977424ca0c306bfe32b927cbe7" "/opt/rustwide/cargo-home/bin/cargo" "+1.100.0-beta.1" "test" "--frozen" "--no-run" "--message-format=json" "--release", kill_on_drop: false }`
[INFO] [stderr]    Compiling memchr v2.6.4
[INFO] [stderr]    Compiling autocfg v1.1.0
[INFO] [stderr]    Compiling regex-syntax v0.8.2
[INFO] [stderr]    Compiling anstyle v1.0.4
[INFO] [stderr]    Compiling libc v0.2.149
[INFO] [stderr]    Compiling utf8parse v0.2.1
[INFO] [stderr]    Compiling predicates-core v1.0.6
[INFO] [stderr]    Compiling colorchoice v1.0.0
[INFO] [stderr]    Compiling either v1.9.0
[INFO] [stderr]    Compiling anstyle-query v1.0.0
[INFO] [stderr]    Compiling doc-comment v0.3.3
[INFO] [stderr]    Compiling normalize-line-endings v0.3.0
[INFO] [stderr]    Compiling strsim v0.10.0
[INFO] [stderr]    Compiling difflib v0.4.0
[INFO] [stderr]    Compiling clap_lex v0.5.1
[INFO] [stderr]    Compiling termtree v0.4.1
[INFO] [stderr]    Compiling anyhow v1.0.75
[INFO] [stderr]    Compiling anstyle-parse v0.2.2
[INFO] [stderr]    Compiling predicates-tree v1.0.9
[INFO] [stderr]    Compiling num-traits v0.2.17
[INFO] [stderr]    Compiling itertools v0.11.0
[INFO] [stderr]    Compiling anstream v0.6.4
[INFO] [stderr]    Compiling clap_builder v4.4.6
[INFO] [stderr]    Compiling wait-timeout v0.2.0
[INFO] [stderr]    Compiling aho-corasick v1.1.2
[INFO] [stderr]    Compiling float-cmp v0.9.0
[INFO] [stderr]    Compiling regex-automata v0.4.3
[INFO] [stderr]    Compiling clap v4.4.6
[INFO] [stderr]    Compiling regex v1.10.2
[INFO] [stderr]    Compiling bstr v1.7.0
[INFO] [stderr]    Compiling predicates v3.0.4
[INFO] [stderr]    Compiling assert_cmd v2.0.12
[INFO] [stderr]    Compiling leetfy v0.2.3 (/opt/rustwide/workdir)
[INFO] [stderr]     Finished `release` profile [optimized] target(s) in 31.42s
[INFO] running `Command { std: "docker" "inspect" "40743add23cb4e5484fdcc53cb212506e739b0977424ca0c306bfe32b927cbe7", kill_on_drop: false }`
[INFO] running `Command { std: "docker" "exec" "-e" "SOURCE_DIR=/opt/rustwide/workdir" "-e" "CARGO_HOME=/opt/rustwide/cargo-home" "-e" "RUSTUP_HOME=/opt/rustwide/rustup-home" "-e" "CARGO_TARGET_DIR=/opt/rustwide/target" "-e" "CARGO_INCREMENTAL=0" "-e" "RUST_BACKTRACE=full" "-e" "RUSTFLAGS=--cap-lints=warn" "-e" "RUSTDOCFLAGS=--cap-lints=warn" "-w" "/opt/rustwide/workdir" "--user" "0:0" "40743add23cb4e5484fdcc53cb212506e739b0977424ca0c306bfe32b927cbe7" "/opt/rustwide/cargo-home/bin/cargo" "+1.100.0-beta.1" "test" "--frozen" "--release", kill_on_drop: false }`
[INFO] [stderr]     Finished `release` profile [optimized] target(s) in 0.06s
[INFO] [stderr]      Running unittests src/main.rs (/opt/rustwide/target/release/build/leetfy/ea79c5e44551d740/out/leetfy-ea79c5e44551d740)
[INFO] [stdout] 
[INFO] [stdout] running 5 tests
[INFO] [stdout] test cli::tests::test_cmd_leetfy_low_frequency ... FAILED
[INFO] [stdout] test cli::tests::test_read_from_stdin ... ok
[INFO] [stdout] test alphabet::tests::test_encode_str_data ... ok
[INFO] [stderr] error: test failed, to rerun pass `--bin leetfy`
[INFO] [stdout] test cli::tests::it_works ... ok
[INFO] [stdout] test cli::tests::test_cmd_leetfy_high_frequency ... FAILED
[INFO] [stdout] 
[INFO] [stdout] failures:
[INFO] [stdout] 
[INFO] [stdout] ---- cli::tests::test_cmd_leetfy_low_frequency stdout ----
[INFO] [stdout] 
[INFO] [stdout] thread 'cli::tests::test_cmd_leetfy_low_frequency' (871) panicked at src/cli.rs:70:14:
[INFO] [stdout] called `Result::unwrap()` on an `Err` value: we need assert that the binary leetfy is available
[INFO] [stdout] 
[INFO] [stdout] Caused by:
[INFO] [stdout]     Cause: Cargo command not found: /opt/rustwide/target/release/build/leetfy/ea79c5e44551d740/out/leetfy
[INFO] [stdout]     
[INFO] [stdout]     
[INFO] [stdout] stack backtrace:
[INFO] [stdout]    0:     0x5e612a8e2397 - <unknown>
[INFO] [stdout]    1:     0x5e612a8c8174 - <unknown>
[INFO] [stdout]    2:     0x5e612a8e195b - <unknown>
[INFO] [stdout]    3:     0x5e612a8e1559 - <unknown>
[INFO] [stdout]    4:     0x5e612a8e11da - <unknown>
[INFO] [stdout]    5:     0x5e612a8e0d0b - <unknown>
[INFO] [stdout]    6:     0x5e612a906ad1 - <unknown>
[INFO] [stdout]    7:     0x5e612a906a89 - <unknown>
[INFO] [stdout]    8:     0x5e612a906f7c - <unknown>
[INFO] [stdout]    9:     0x5e612a8c800b - <unknown>
[INFO] [stdout]   10:     0x5e612a8cadc1 - <unknown>
[INFO] [stdout]   11:     0x5e612a8d56c1 - <unknown>
[INFO] [stdout]   12:     0x5e612a9200ab - <unknown>
[INFO] [stdout]   13:     0x5e612a91be06 - <unknown>
[INFO] [stdout]   14:     0x5e612a91b56c - <unknown>
[INFO] [stdout]   15:     0x5e612a93994c - <unknown>
[INFO] [stdout]   16:     0x5e612a908af8 - <unknown>
[INFO] [stdout]   17:     0x7b0b1b249dfa - <unknown>
[INFO] [stdout]   18:     0x7b0b1b2dd3d4 - clone
[INFO] [stdout]   19:                0x0 - <unknown>
[INFO] [stdout] 
[INFO] [stdout] ---- cli::tests::test_cmd_leetfy_high_frequency stdout ----
[INFO] [stdout] 
[INFO] [stdout] thread 'cli::tests::test_cmd_leetfy_high_frequency' (870) panicked at src/cli.rs:85:14:
[INFO] [stdout] called `Result::unwrap()` on an `Err` value: we need assert that the binary leetfy is available
[INFO] [stdout] 
[INFO] [stdout] Caused by:
[INFO] [stdout]     Cause: Cargo command not found: /opt/rustwide/target/release/build/leetfy/ea79c5e44551d740/out/leetfy
[INFO] [stdout]     
[INFO] [stdout]     
[INFO] [stdout] stack backtrace:
[INFO] [stdout]    0:     0x5e612a8e2397 - <unknown>
[INFO] [stdout]    1:     0x5e612a8c8174 - <unknown>
[INFO] [stdout]    2:     0x5e612a8e195b - <unknown>
[INFO] [stdout]    3:     0x5e612a8e1559 - <unknown>
[INFO] [stdout]    4:     0x5e612a8e11da - <unknown>
[INFO] [stdout]    5:     0x5e612a8e0d0b - <unknown>
[INFO] [stdout]    6:     0x5e612a906ad1 - <unknown>
[INFO] [stdout]    7:     0x5e612a906a89 - <unknown>
[INFO] [stdout]    8:     0x5e612a906f7c - <unknown>
[INFO] [stdout]    9:     0x5e612a8c800b - <unknown>
[INFO] [stdout]   10:     0x5e612a8cadc1 - <unknown>
[INFO] [stdout]   11:     0x5e612a8d5af4 - <unknown>
[INFO] [stdout]   12:     0x5e612a9200ab - <unknown>
[INFO] [stdout]   13:     0x5e612a91be06 - <unknown>
[INFO] [stdout]   14:     0x5e612a91b56c - <unknown>
[INFO] [stdout]   15:     0x5e612a93994c - <unknown>
[INFO] [stdout]   16:     0x5e612a908af8 - <unknown>
[INFO] [stdout]   17:     0x7b0b1b249dfa - <unknown>
[INFO] [stdout]   18:     0x7b0b1b2dd3d4 - clone
[INFO] [stdout]   19:                0x0 - <unknown>
[INFO] [stdout] 
[INFO] [stdout] 
[INFO] [stdout] failures:
[INFO] [stdout]     cli::tests::test_cmd_leetfy_high_frequency
[INFO] [stdout]     cli::tests::test_cmd_leetfy_low_frequency
[INFO] [stdout] 
[INFO] [stdout] test result: FAILED. 3 passed; 2 failed; 0 ignored; 0 measured; 0 filtered out; finished in 0.01s
[INFO] [stdout] 
[INFO] running `Command { std: "docker" "inspect" "40743add23cb4e5484fdcc53cb212506e739b0977424ca0c306bfe32b927cbe7", kill_on_drop: false }`
[INFO] running `Command { std: "docker" "rm" "-f" "40743add23cb4e5484fdcc53cb212506e739b0977424ca0c306bfe32b927cbe7", kill_on_drop: false }`
[INFO] [stdout] 40743add23cb4e5484fdcc53cb212506e739b0977424ca0c306bfe32b927cbe7
