[INFO] fetching crate kurobako_problems 0.1.14...
[INFO] testing kurobako_problems-0.1.14 against 1.99.0-beta.8+cargoflags=--release for beta-release-1.100-2
[INFO] extracting crate kurobako_problems 0.1.14 into /workspace/builds/worker-7-tc1/source
[INFO] started tweaking crates.io crate kurobako_problems 0.1.14
[INFO] finished tweaking crates.io crate kurobako_problems 0.1.14
[INFO] tweaked toml for crates.io crate kurobako_problems 0.1.14 written to /workspace/builds/worker-7-tc1/source/Cargo.toml
[INFO] validating manifest of crates.io crate kurobako_problems 0.1.14 on toolchain 1.99.0-beta.8
[INFO] running `Command { std: CARGO_HOME="/workspace/cargo-home" RUSTUP_HOME="/workspace/rustup-home" "/workspace/cargo-home/bin/cargo" "+1.99.0-beta.8" "metadata" "--manifest-path" "Cargo.toml" "--no-deps", kill_on_drop: false }`
[INFO] running `Command { std: CARGO_HOME="/workspace/cargo-home" RUSTUP_HOME="/workspace/rustup-home" "/workspace/cargo-home/bin/cargo" "+1.99.0-beta.8" "generate-lockfile" "--manifest-path" "Cargo.toml", kill_on_drop: false }`
[INFO] [stderr]     Updating crates.io index
[INFO] [stderr]      Locking 104 packages to highest compatible versions
[INFO] [stderr]       Adding randomforest v0.1.6 (available: v0.2.0)
[INFO] [stderr]       Adding trackable v0.2.24 (available: v1.3.0)
[INFO] running `Command { std: CARGO_HOME="/workspace/cargo-home" RUSTUP_HOME="/workspace/rustup-home" "/workspace/cargo-home/bin/cargo" "+1.99.0-beta.8" "fetch" "--manifest-path" "Cargo.toml", kill_on_drop: false }`
[INFO] [stderr]     Blocking waiting for file lock on package cache
[INFO] [stderr]  Downloading crates ...
[INFO] [stderr]   Downloaded structopt-derive v0.4.18
[INFO] [stderr]   Downloaded structopt v0.3.26
[INFO] [stderr]   Downloaded trackable v1.3.0
[INFO] [stderr]   Downloaded randomforest v0.1.6
[INFO] [stderr]   Downloaded nasbench v0.1.2
[INFO] [stderr]   Downloaded rawpointer v0.1.0
[INFO] [stderr]   Downloaded hdf5file v0.1.1
[INFO] [stderr]   Downloaded matrixmultiply v0.1.15
[INFO] [stderr]   Downloaded itertools v0.7.11
[INFO] [stderr]   Downloaded protobuf_codec v0.2.8
[INFO] [stderr]   Downloaded kurobako_core v0.1.12
[INFO] [stderr]   Downloaded ndarray v0.12.1
[INFO] [stderr]   Downloaded rlua v0.17.1
[INFO] running `Command { std: "docker" "create" "-v" "/var/lib/crater-agent-workspace/builds/worker-7-tc1/source:/opt/rustwide/workdir:ro,Z" "-v" "/var/lib/crater-agent-workspace/builds/worker-7-tc1/target:/opt/rustwide/target:rw,Z" "-v" "/var/lib/crater-agent-workspace/cargo-home:/opt/rustwide/cargo-home:ro,Z" "-v" "/var/lib/crater-agent-workspace/rustup-home:/opt/rustwide/rustup-home:ro,Z" "-m" "1610612736" "--network" "none" "ghcr.io/rust-lang/crates-build-env/linux@sha256:77db811e55d90add9212f6832c23229e3de5f1c1f9905e8cb07319ea15df73ac" "sleep" "infinity", kill_on_drop: false }`
[INFO] [stdout] 5848374b4c6a79aeb4922b5504c49b4c1e2558b41663112922d7a83dcbea1058
[INFO] running `Command { std: "docker" "start" "5848374b4c6a79aeb4922b5504c49b4c1e2558b41663112922d7a83dcbea1058", kill_on_drop: false }`
[INFO] running `Command { std: "docker" "inspect" "5848374b4c6a79aeb4922b5504c49b4c1e2558b41663112922d7a83dcbea1058", kill_on_drop: false }`
[INFO] running `Command { std: "docker" "exec" "-e" "SOURCE_DIR=/opt/rustwide/workdir" "-e" "CARGO_HOME=/opt/rustwide/cargo-home" "-e" "RUSTUP_HOME=/opt/rustwide/rustup-home" "-e" "CARGO_TARGET_DIR=/opt/rustwide/target" "-w" "/opt/rustwide/workdir" "--user" "0:0" "5848374b4c6a79aeb4922b5504c49b4c1e2558b41663112922d7a83dcbea1058" "/opt/rustwide/cargo-home/bin/cargo" "+1.99.0-beta.8" "metadata" "--no-deps" "--format-version=1", kill_on_drop: false }`
[INFO] running `Command { std: "docker" "inspect" "5848374b4c6a79aeb4922b5504c49b4c1e2558b41663112922d7a83dcbea1058", kill_on_drop: false }`
[INFO] running `Command { std: "docker" "exec" "-e" "SOURCE_DIR=/opt/rustwide/workdir" "-e" "CARGO_HOME=/opt/rustwide/cargo-home" "-e" "RUSTUP_HOME=/opt/rustwide/rustup-home" "-e" "CARGO_TARGET_DIR=/opt/rustwide/target" "-e" "CARGO_INCREMENTAL=0" "-e" "RUST_BACKTRACE=full" "-e" "RUSTFLAGS=--cap-lints=warn" "-e" "RUSTDOCFLAGS=--cap-lints=warn" "-w" "/opt/rustwide/workdir" "--user" "0:0" "5848374b4c6a79aeb4922b5504c49b4c1e2558b41663112922d7a83dcbea1058" "/opt/rustwide/cargo-home/bin/cargo" "+1.99.0-beta.8" "build" "--frozen" "--message-format=json" "--release", kill_on_drop: false }`
[INFO] [stderr]    Compiling syn v1.0.109
[INFO] [stderr]    Compiling either v1.19.0
[INFO] [stderr]    Compiling generic-array v0.14.9
[INFO] [stderr]    Compiling getrandom v0.1.16
[INFO] [stderr]    Compiling proc-macro-error-attr v1.0.4
[INFO] [stderr]    Compiling heck v0.3.3
[INFO] [stderr]    Compiling num-complex v0.2.4
[INFO] [stderr]    Compiling atty v0.2.14
[INFO] [stderr]    Compiling build_const v0.2.2
[INFO] [stderr]    Compiling matrixmultiply v0.1.15
[INFO] [stderr]    Compiling rlua v0.17.1
[INFO] [stderr]    Compiling syn v2.0.119
[INFO] [stderr]    Compiling syn v3.0.9
[INFO] [stderr]    Compiling lazy_static v1.5.1
[INFO] [stderr]    Compiling ndarray v0.12.1
[INFO] [stderr]    Compiling rawpointer v0.1.0
[INFO] [stderr]    Compiling getrandom v0.4.3
[INFO] [stderr]    Compiling ordered-float v2.10.1
[INFO] [stderr]    Compiling bstr v0.2.17
[INFO] [stderr]    Compiling clap v2.34.0
[INFO] [stderr]    Compiling crc v1.8.1
[INFO] [stderr]    Compiling itertools v0.7.11
[INFO] [stderr]    Compiling itertools v0.10.5
[INFO] [stderr]    Compiling itertools v0.8.2
[INFO] [stderr]    Compiling tempfile v3.27.0
[INFO] [stderr]    Compiling rand_core v0.5.1
[INFO] [stderr]    Compiling rayon v1.12.0
[INFO] [stderr]    Compiling rand_chacha v0.2.2
[INFO] [stderr]    Compiling block-buffer v0.9.0
[INFO] [stderr]    Compiling digest v0.9.0
[INFO] [stderr]    Compiling sha2 v0.9.9
[INFO] [stderr]    Compiling rand v0.8.8
[INFO] [stderr]    Compiling md5 v0.7.0
[INFO] [stderr]    Compiling rand v0.7.3
[INFO] [stderr]    Compiling base64 v0.11.0
[INFO] [stderr]    Compiling serde_derive v1.0.229
[INFO] [stderr]    Compiling proc-macro-error v1.0.4
[INFO] [stderr]    Compiling thiserror-impl v1.0.69
[INFO] [stderr]    Compiling trackable_derive v1.0.0
[INFO] [stderr]    Compiling structopt-derive v0.4.18
[INFO] [stderr]    Compiling thiserror v1.0.69
[INFO] [stderr]    Compiling randomforest v0.1.6
[INFO] [stderr]    Compiling trackable v1.3.0
[INFO] [stderr]    Compiling trackable v0.2.24
[INFO] [stderr]    Compiling serde v1.0.229
[INFO] [stderr]    Compiling bytecodec v0.4.15
[INFO] [stderr]    Compiling hdf5file v0.1.1
[INFO] [stderr]    Compiling structopt v0.3.26
[INFO] [stderr]    Compiling protobuf_codec v0.2.8
[INFO] [stderr]    Compiling nasbench v0.1.2
[INFO] [stderr]    Compiling kurobako_core v0.1.12
[INFO] [stderr]    Compiling kurobako_problems v0.1.14 (/opt/rustwide/workdir)
[INFO] [stdout] warning: use of deprecated constant `std::f64::INFINITY`: replaced by the `INFINITY` associated constant on `f64`
[INFO] [stdout]   --> src/hpobench.rs:82:71
[INFO] [stdout]    |
[INFO] [stdout] 82 |             .value(domain::var("Validation MSE").continuous(0.0, f64::INFINITY))
[INFO] [stdout]    |                                                                       ^^^^^^^^
[INFO] [stdout]    |
[INFO] [stdout]    = note: `#[warn(deprecated)]` on by default
[INFO] [stdout] 
[INFO] [stdout] 
[INFO] [stdout] warning: use of deprecated constant `std::f64::EPSILON`: replaced by the `EPSILON` associated constant on `f64`
[INFO] [stdout]    --> src/nasbench.rs:300:45
[INFO] [stdout]     |
[INFO] [stdout] 300 |             if (*p - 1.0).abs() < std::f64::EPSILON {
[INFO] [stdout]     |                                             ^^^^^^^
[INFO] [stdout] 
[INFO] [stdout] 
[INFO] [stdout] warning: use of deprecated constant `std::f64::EPSILON`: replaced by the `EPSILON` associated constant on `f64`
[INFO] [stdout]  --> src/sigopt/functions.rs:7:15
[INFO] [stdout]   |
[INFO] [stdout] 7 | use std::f64::EPSILON;
[INFO] [stdout]   |               ^^^^^^^
[INFO] [stdout] 
[INFO] [stdout] 
[INFO] [stdout] warning: use of deprecated constant `std::f64::EPSILON`: replaced by the `EPSILON` associated constant on `f64`
[INFO] [stdout]    --> src/sigopt/functions.rs:125:54
[INFO] [stdout]     |
[INFO] [stdout] 125 |             .map(|&x| x.powi(6) * (2.0 + (1.0 / (x + EPSILON)).sin()))
[INFO] [stdout]     |                                                      ^^^^^^^
[INFO] [stdout] 
[INFO] [stdout] 
[INFO] [stdout] warning: use of deprecated constant `std::f64::NEG_INFINITY`: replaced by the `NEG_INFINITY` associated constant on `f64`
[INFO] [stdout]    --> src/sigopt/functions.rs:397:37
[INFO] [stdout]     |
[INFO] [stdout] 397 |             let mut max = std::f64::NEG_INFINITY;
[INFO] [stdout]     |                                     ^^^^^^^^^^^^
[INFO] [stdout] 
[INFO] [stdout] 
[INFO] [stderr]     Finished `release` profile [optimized] target(s) in 48.09s
[INFO] [stderr] warning: the following packages contain code that will be rejected by a future version of Rust: rlua v0.17.1
[INFO] [stderr] note: to see what the problems were, use the option `--future-incompat-report`, or run `cargo report future-incompatibilities --id 3`
[INFO] running `Command { std: "docker" "inspect" "5848374b4c6a79aeb4922b5504c49b4c1e2558b41663112922d7a83dcbea1058", kill_on_drop: false }`
[INFO] running `Command { std: "docker" "exec" "-e" "SOURCE_DIR=/opt/rustwide/workdir" "-e" "CARGO_HOME=/opt/rustwide/cargo-home" "-e" "RUSTUP_HOME=/opt/rustwide/rustup-home" "-e" "CARGO_TARGET_DIR=/opt/rustwide/target" "-e" "CARGO_INCREMENTAL=0" "-e" "RUST_BACKTRACE=full" "-e" "RUSTFLAGS=--cap-lints=warn" "-e" "RUSTDOCFLAGS=--cap-lints=warn" "-w" "/opt/rustwide/workdir" "--user" "0:0" "5848374b4c6a79aeb4922b5504c49b4c1e2558b41663112922d7a83dcbea1058" "/opt/rustwide/cargo-home/bin/cargo" "+1.99.0-beta.8" "test" "--frozen" "--no-run" "--message-format=json" "--release", kill_on_drop: false }`
[INFO] [stdout] warning: use of deprecated constant `std::f64::INFINITY`: replaced by the `INFINITY` associated constant on `f64`
[INFO] [stdout]   --> src/hpobench.rs:82:71
[INFO] [stdout]    |
[INFO] [stdout] 82 |             .value(domain::var("Validation MSE").continuous(0.0, f64::INFINITY))
[INFO] [stdout]    |                                                                       ^^^^^^^^
[INFO] [stdout]    |
[INFO] [stdout]    = note: `#[warn(deprecated)]` on by default
[INFO] [stdout] 
[INFO] [stdout] 
[INFO] [stderr]    Compiling kurobako_problems v0.1.14 (/opt/rustwide/workdir)
[INFO] [stdout] warning: use of deprecated constant `std::f64::EPSILON`: replaced by the `EPSILON` associated constant on `f64`
[INFO] [stdout]    --> src/nasbench.rs:300:45
[INFO] [stdout]     |
[INFO] [stdout] 300 |             if (*p - 1.0).abs() < std::f64::EPSILON {
[INFO] [stdout]     |                                             ^^^^^^^
[INFO] [stdout] 
[INFO] [stdout] 
[INFO] [stdout] warning: use of deprecated constant `std::f64::EPSILON`: replaced by the `EPSILON` associated constant on `f64`
[INFO] [stdout]  --> src/sigopt/functions.rs:7:15
[INFO] [stdout]   |
[INFO] [stdout] 7 | use std::f64::EPSILON;
[INFO] [stdout]   |               ^^^^^^^
[INFO] [stdout] 
[INFO] [stdout] 
[INFO] [stdout] warning: use of deprecated constant `std::f64::EPSILON`: replaced by the `EPSILON` associated constant on `f64`
[INFO] [stdout]    --> src/sigopt/functions.rs:125:54
[INFO] [stdout]     |
[INFO] [stdout] 125 |             .map(|&x| x.powi(6) * (2.0 + (1.0 / (x + EPSILON)).sin()))
[INFO] [stdout]     |                                                      ^^^^^^^
[INFO] [stdout] 
[INFO] [stdout] 
[INFO] [stdout] warning: use of deprecated constant `std::f64::NEG_INFINITY`: replaced by the `NEG_INFINITY` associated constant on `f64`
[INFO] [stdout]    --> src/sigopt/functions.rs:397:37
[INFO] [stdout]     |
[INFO] [stdout] 397 |             let mut max = std::f64::NEG_INFINITY;
[INFO] [stdout]     |                                     ^^^^^^^^^^^^
[INFO] [stdout] 
[INFO] [stdout] 
[INFO] [stdout] warning: use of deprecated constant `std::f64::INFINITY`: replaced by the `INFINITY` associated constant on `f64`
[INFO] [stdout]   --> src/hpobench.rs:82:71
[INFO] [stdout]    |
[INFO] [stdout] 82 |             .value(domain::var("Validation MSE").continuous(0.0, f64::INFINITY))
[INFO] [stdout]    |                                                                       ^^^^^^^^
[INFO] [stdout]    |
[INFO] [stdout]    = note: `#[warn(deprecated)]` on by default
[INFO] [stdout] 
[INFO] [stdout] 
[INFO] [stdout] warning: use of deprecated constant `std::f64::EPSILON`: replaced by the `EPSILON` associated constant on `f64`
[INFO] [stdout]    --> src/nasbench.rs:300:45
[INFO] [stdout]     |
[INFO] [stdout] 300 |             if (*p - 1.0).abs() < std::f64::EPSILON {
[INFO] [stdout]     |                                             ^^^^^^^
[INFO] [stdout] 
[INFO] [stdout] 
[INFO] [stdout] warning: use of deprecated constant `std::f64::EPSILON`: replaced by the `EPSILON` associated constant on `f64`
[INFO] [stdout]  --> src/sigopt/functions.rs:7:15
[INFO] [stdout]   |
[INFO] [stdout] 7 | use std::f64::EPSILON;
[INFO] [stdout]   |               ^^^^^^^
[INFO] [stdout] 
[INFO] [stdout] 
[INFO] [stdout] warning: use of deprecated constant `std::f64::EPSILON`: replaced by the `EPSILON` associated constant on `f64`
[INFO] [stdout]    --> src/sigopt/functions.rs:125:54
[INFO] [stdout]     |
[INFO] [stdout] 125 |             .map(|&x| x.powi(6) * (2.0 + (1.0 / (x + EPSILON)).sin()))
[INFO] [stdout]     |                                                      ^^^^^^^
[INFO] [stdout] 
[INFO] [stdout] 
[INFO] [stdout] warning: use of deprecated constant `std::f64::NEG_INFINITY`: replaced by the `NEG_INFINITY` associated constant on `f64`
[INFO] [stdout]    --> src/sigopt/functions.rs:397:37
[INFO] [stdout]     |
[INFO] [stdout] 397 |             let mut max = std::f64::NEG_INFINITY;
[INFO] [stdout]     |                                     ^^^^^^^^^^^^
[INFO] [stdout] 
[INFO] [stdout] 
[INFO] [stderr]     Finished `release` profile [optimized] target(s) in 2.75s
[INFO] [stderr] warning: the following packages contain code that will be rejected by a future version of Rust: rlua v0.17.1
[INFO] [stderr] note: to see what the problems were, use the option `--future-incompat-report`, or run `cargo report future-incompatibilities --id 3`
[INFO] running `Command { std: "docker" "inspect" "5848374b4c6a79aeb4922b5504c49b4c1e2558b41663112922d7a83dcbea1058", kill_on_drop: false }`
[INFO] running `Command { std: "docker" "exec" "-e" "SOURCE_DIR=/opt/rustwide/workdir" "-e" "CARGO_HOME=/opt/rustwide/cargo-home" "-e" "RUSTUP_HOME=/opt/rustwide/rustup-home" "-e" "CARGO_TARGET_DIR=/opt/rustwide/target" "-e" "CARGO_INCREMENTAL=0" "-e" "RUST_BACKTRACE=full" "-e" "RUSTFLAGS=--cap-lints=warn" "-e" "RUSTDOCFLAGS=--cap-lints=warn" "-w" "/opt/rustwide/workdir" "--user" "0:0" "5848374b4c6a79aeb4922b5504c49b4c1e2558b41663112922d7a83dcbea1058" "/opt/rustwide/cargo-home/bin/cargo" "+1.99.0-beta.8" "test" "--frozen" "--release", kill_on_drop: false }`
[INFO] [stderr] warning: use of deprecated constant `std::f64::INFINITY`: replaced by the `INFINITY` associated constant on `f64`
[INFO] [stdout] 
[INFO] [stderr]   --> src/hpobench.rs:82:71
[INFO] [stdout] running 62 tests
[INFO] [stderr]    |
[INFO] [stdout] test sigopt::functions::tests::helicalvalley_works ... ok
[INFO] [stderr] 82 |             .value(domain::var("Validation MSE").continuous(0.0, f64::INFINITY))
[INFO] [stdout] test sigopt::functions::tests::deflectedcorrugatedspring_works ... ok
[INFO] [stderr]    |                                                                       ^^^^^^^^
[INFO] [stdout] test sigopt::functions::tests::lennard_jones6_works ... ok
[INFO] [stderr]    |
[INFO] [stdout] test sigopt::functions::tests::exponential_works ... ok
[INFO] [stderr]    = note: `#[warn(deprecated)]` on by default
[INFO] [stdout] test sigopt::functions::tests::easom_works ... ok
[INFO] [stderr] 
[INFO] [stdout] test sigopt::functions::tests::himmelblau_works ... ok
[INFO] [stderr] warning: use of deprecated constant `std::f64::EPSILON`: replaced by the `EPSILON` associated constant on `f64`
[INFO] [stdout] test sigopt::functions::tests::mccourt01_works ... ok
[INFO] [stderr]    --> src/nasbench.rs:300:45
[INFO] [stdout] test sigopt::functions::tests::mccourt02_works ... ok
[INFO] [stderr]     |
[INFO] [stdout] test sigopt::functions::tests::hartmann3_works ... ok
[INFO] [stderr] 300 |             if (*p - 1.0).abs() < std::f64::EPSILON {
[INFO] [stdout] test sigopt::functions::tests::mccourt07_works ... ok
[INFO] [stderr]     |                                             ^^^^^^^
[INFO] [stdout] test sigopt::functions::tests::mccourt08_works ... ok
[INFO] [stderr] 
[INFO] [stdout] test sigopt::functions::tests::adjiman_works ... ok
[INFO] [stderr] warning: use of deprecated constant `std::f64::EPSILON`: replaced by the `EPSILON` associated constant on `f64`
[INFO] [stdout] test sigopt::functions::tests::mccourt11_works ... ok
[INFO] [stderr]  --> src/sigopt/functions.rs:7:15
[INFO] [stdout] test sigopt::functions::tests::deb02_works ... FAILED
[INFO] [stderr]   |
[INFO] [stdout] test sigopt::functions::tests::mccourt12_works ... ok
[INFO] [stderr] 7 | use std::f64::EPSILON;
[INFO] [stdout] test sigopt::functions::tests::mccourt13_works ... ok
[INFO] [stderr]   |               ^^^^^^^
[INFO] [stdout] test sigopt::functions::tests::hartmann6_works ... ok
[INFO] [stderr] 
[INFO] [stdout] test sigopt::functions::tests::mccourt03_works ... ok
[INFO] [stderr] warning: use of deprecated constant `std::f64::EPSILON`: replaced by the `EPSILON` associated constant on `f64`
[INFO] [stdout] test sigopt::functions::tests::mccourt09_works ... ok
[INFO] [stderr]    --> src/sigopt/functions.rs:125:54
[INFO] [stdout] test sigopt::functions::tests::mccourt16_works ... ok
[INFO] [stderr]     |
[INFO] [stdout] test sigopt::functions::tests::mccourt06_works ... ok
[INFO] [stderr] 125 |             .map(|&x| x.powi(6) * (2.0 + (1.0 / (x + EPSILON)).sin()))
[INFO] [stdout] test sigopt::functions::tests::mccourt10_works ... ok
[INFO] [stderr]     |                                                      ^^^^^^^
[INFO] [stdout] test sigopt::functions::tests::mccourt19_works ... ok
[INFO] [stderr] 
[INFO] [stdout] test sigopt::functions::tests::mccourt28_works ... ok
[INFO] [stderr] warning: use of deprecated constant `std::f64::NEG_INFINITY`: replaced by the `NEG_INFINITY` associated constant on `f64`
[INFO] [stdout] test sigopt::functions::tests::mccourt23_works ... ok
[INFO] [stderr]    --> src/sigopt/functions.rs:397:37
[INFO] [stdout] test sigopt::functions::tests::mccourt20_works ... ok
[INFO] [stderr]     |
[INFO] [stdout] test sigopt::functions::tests::mccourt27_works ... ok
[INFO] [stderr] 397 |             let mut max = std::f64::NEG_INFINITY;
[INFO] [stdout] test sigopt::functions::tests::mccourt22_works ... ok
[INFO] [stderr]     |                                     ^^^^^^^^^^^^
[INFO] [stdout] test sigopt::functions::tests::michalewicz_works ... FAILED
[INFO] [stderr] 
[INFO] [stdout] test sigopt::functions::tests::mccourt26_works ... ok
[INFO] [stderr] warning: `kurobako_problems` (lib) generated 5 warnings
[INFO] [stdout] test sigopt::functions::tests::mishra06_works ... ok
[INFO] [stderr] warning: `kurobako_problems` (lib test) generated 5 warnings (5 duplicates)
[INFO] [stdout] test sigopt::functions::tests::ned01_works ... ok
[INFO] [stderr]     Finished `release` profile [optimized] target(s) in 0.14s
[INFO] [stdout] test sigopt::functions::tests::oddsquare_works ... ok
[INFO] [stderr] warning: the following packages contain code that will be rejected by a future version of Rust: rlua v0.17.1
[INFO] [stdout] test sigopt::functions::tests::parsopoulos_works ... ok
[INFO] [stderr] note: to see what the problems were, use the option `--future-incompat-report`, or run `cargo report future-incompatibilities --id 3`
[INFO] [stdout] test sigopt::functions::tests::pinter_works ... ok
[INFO] [stderr]      Running unittests src/lib.rs (/opt/rustwide/target/release/deps/kurobako_problems-9f8237d1d0bb7f9a)
[INFO] [stdout] test sigopt::functions::tests::plateau_works ... ok
[INFO] [stdout] test sigopt::functions::tests::sargan_works ... ok
[INFO] [stdout] test sigopt::functions::tests::bukin06_works ... ok
[INFO] [stdout] test sigopt::functions::tests::rosenbrocklog_works ... ok
[INFO] [stdout] test sigopt::functions::tests::mccourt14_works ... ok
[INFO] [stdout] test sigopt::functions::tests::sixhumpcamel_works ... ok
[INFO] [stdout] test sigopt::functions::tests::sphere_works ... ok
[INFO] [stdout] test sigopt::functions::tests::carromtable_works ... ok
[INFO] [stdout] test sigopt::functions::tests::mccourt17_works ... ok
[INFO] [stdout] test sigopt::functions::tests::alpine02_works ... ok
[INFO] [stdout] test sigopt::functions::tests::mccourt18_works ... ok
[INFO] [stdout] test sigopt::functions::tests::styblinskitang_works ... ok
[INFO] [stdout] test sigopt::functions::tests::weierstrass_works ... ok
[INFO] [stdout] test sigopt::functions::tests::schwefel20_works ... ok
[INFO] [stdout] test sigopt::functions::tests::shekel05_works ... ok
[INFO] [stdout] test sigopt::functions::tests::schwefel36_works ... ok
[INFO] [stdout] test sigopt::functions::tests::csendes_works ... FAILED
[INFO] [stdout] test sigopt::functions::tests::shekel07_works ... ok
[INFO] [stdout] test sigopt::functions::tests::trid_works ... ok
[INFO] [stdout] test sigopt::functions::tests::xor_works ... FAILED
[INFO] [stdout] test sigopt::functions::tests::tripod_works ... ok
[INFO] [stdout] test sigopt::functions::tests::yaoliu_works ... ok
[INFO] [stdout] test sigopt::functions::tests::powell_works ... ok
[INFO] [stdout] test sigopt::functions::tests::ackley_works ... ok
[INFO] [stdout] test sigopt::functions::tests::branin02_works ... ok
[INFO] [stdout] test sigopt::functions::tests::problem03_works ... ok
[INFO] [stderr] error: test failed, to rerun pass `--lib`
[INFO] [stdout] test sigopt::functions::tests::rastrigin_works ... ok
[INFO] [stdout] 
[INFO] [stdout] failures:
[INFO] [stdout] 
[INFO] [stdout] ---- sigopt::functions::tests::deb02_works stdout ----
[INFO] [stdout] 
[INFO] [stdout] thread 'sigopt::functions::tests::deb02_works' (1257) panicked at src/sigopt/functions.rs:2004:9:
[INFO] [stdout] assertion `left == right` failed
[INFO] [stdout]   left: -0.08467457488005438
[INFO] [stdout]  right: -0.08467457488005439
[INFO] [stdout] stack backtrace:
[INFO] [stdout]    0:     0x5d4b2dfb5ab1 - <<std[70759c8f55707aa4]::sys::backtrace::BacktraceLock>::print::DisplayBacktrace as core[df12db4294e9bfd3]::fmt::Display>::fmt
[INFO] [stdout]    1:     0x5d4b2dfca05a - core[df12db4294e9bfd3]::fmt::write
[INFO] [stdout]    2:     0x5d4b2dfb9f4c - <alloc[2182bb758b4b3781]::vec::Vec<u8> as core[df12db4294e9bfd3]::io::write::Write>::write_fmt
[INFO] [stdout]    3:     0x5d4b2df920a6 - std[70759c8f55707aa4]::panicking::default_hook::{closure#0}
[INFO] [stdout]    4:     0x5d4b2dfae219 - std[70759c8f55707aa4]::panicking::default_hook
[INFO] [stdout]    5:     0x5d4b2df4a6a0 - test[9d35eded1c95d3be]::test_main_inner::<test[9d35eded1c95d3be]::test_main_static::{closure#0}>::{closure#0}
[INFO] [stdout]    6:     0x5d4b2dfae3d2 - std[70759c8f55707aa4]::panicking::panic_with_hook
[INFO] [stdout]    7:     0x5d4b2df92152 - std[70759c8f55707aa4]::panicking::panic_handler::{closure#0}
[INFO] [stdout]    8:     0x5d4b2df8aed9 - std[70759c8f55707aa4]::sys::backtrace::__rust_end_short_backtrace::<std[70759c8f55707aa4]::panicking::panic_handler::{closure#0}, !>
[INFO] [stdout]    9:     0x5d4b2df92d4d - __rustc[8fa7c3cbc660c2b3]::rust_begin_unwind
[INFO] [stdout]   10:     0x5d4b2dfca78c - core[df12db4294e9bfd3]::panicking::panic_fmt
[INFO] [stdout]   11:     0x5d4b2dfca6a3 - core[df12db4294e9bfd3]::panicking::assert_failed_inner
[INFO] [stdout]   12:     0x5d4b2df3c563 - core[df12db4294e9bfd3]::panicking::assert_failed::<f64, f64>
[INFO] [stdout]   13:     0x5d4b2df3cb55 - <kurobako_problems[3937708cdfd29601]::sigopt::functions::tests::deb02_works::{closure#0} as core[df12db4294e9bfd3]::ops::function::FnOnce<()>>::call_once
[INFO] [stdout]   14:     0x5d4b2df3d98b - test[9d35eded1c95d3be]::__rust_begin_short_backtrace::<core[df12db4294e9bfd3]::result::Result<(), alloc[2182bb758b4b3781]::string::String>, fn() -> core[df12db4294e9bfd3]::result::Result<(), alloc[2182bb758b4b3781]::string::String>>
[INFO] [stdout]   15:     0x5d4b2df4aff5 - test[9d35eded1c95d3be]::run_test::{closure#0}
[INFO] [stdout]   16:     0x5d4b2df448b4 - std[70759c8f55707aa4]::sys::backtrace::__rust_begin_short_backtrace::<test[9d35eded1c95d3be]::run_test::{closure#1}, ()>
[INFO] [stdout]   17:     0x5d4b2df4e152 - <std[70759c8f55707aa4]::thread::lifecycle::spawn_unchecked<test[9d35eded1c95d3be]::run_test::{closure#1}, ()>::{closure#1} as core[df12db4294e9bfd3]::ops::function::FnOnce<()>>::call_once::{shim:vtable#0}
[INFO] [stdout]   18:     0x5d4b2dfb5389 - <std[70759c8f55707aa4]::sys::thread::unix::Thread>::new::thread_start
[INFO] [stdout]   19:     0x706641a4adfa - <unknown>
[INFO] [stdout]   20:     0x706641ade3d4 - clone
[INFO] [stdout]   21:                0x0 - <unknown>
[INFO] [stdout] 
[INFO] [stdout] ---- sigopt::functions::tests::michalewicz_works stdout ----
[INFO] [stdout] 
[INFO] [stdout] thread 'sigopt::functions::tests::michalewicz_works' (1288) panicked at src/sigopt/functions.rs:2268:9:
[INFO] [stdout] assertion `left == right` failed
[INFO] [stdout]   left: -0.0008081861489932876
[INFO] [stdout]  right: -0.0008081861489932879
[INFO] [stdout] stack backtrace:
[INFO] [stdout]    0:     0x5d4b2dfb5ab1 - <<std[70759c8f55707aa4]::sys::backtrace::BacktraceLock>::print::DisplayBacktrace as core[df12db4294e9bfd3]::fmt::Display>::fmt
[INFO] [stdout]    1:     0x5d4b2dfca05a - core[df12db4294e9bfd3]::fmt::write
[INFO] [stdout]    2:     0x5d4b2dfb9f4c - <alloc[2182bb758b4b3781]::vec::Vec<u8> as core[df12db4294e9bfd3]::io::write::Write>::write_fmt
[INFO] [stdout]    3:     0x5d4b2df920a6 - std[70759c8f55707aa4]::panicking::default_hook::{closure#0}
[INFO] [stdout]    4:     0x5d4b2dfae219 - std[70759c8f55707aa4]::panicking::default_hook
[INFO] [stdout]    5:     0x5d4b2df4a6a0 - test[9d35eded1c95d3be]::test_main_inner::<test[9d35eded1c95d3be]::test_main_static::{closure#0}>::{closure#0}
[INFO] [stdout]    6:     0x5d4b2dfae3d2 - std[70759c8f55707aa4]::panicking::panic_with_hook
[INFO] [stdout]    7:     0x5d4b2df92152 - std[70759c8f55707aa4]::panicking::panic_handler::{closure#0}
[INFO] [stdout]    8:     0x5d4b2df8aed9 - std[70759c8f55707aa4]::sys::backtrace::__rust_end_short_backtrace::<std[70759c8f55707aa4]::panicking::panic_handler::{closure#0}, !>
[INFO] [stdout]    9:     0x5d4b2df92d4d - __rustc[8fa7c3cbc660c2b3]::rust_begin_unwind
[INFO] [stdout]   10:     0x5d4b2dfca78c - core[df12db4294e9bfd3]::panicking::panic_fmt
[INFO] [stdout]   11:     0x5d4b2dfca6a3 - core[df12db4294e9bfd3]::panicking::assert_failed_inner
[INFO] [stdout]   12:     0x5d4b2df3c563 - core[df12db4294e9bfd3]::panicking::assert_failed::<f64, f64>
[INFO] [stdout]   13:     0x5d4b2df3d895 - <kurobako_problems[3937708cdfd29601]::sigopt::functions::tests::michalewicz_works::{closure#0} as core[df12db4294e9bfd3]::ops::function::FnOnce<()>>::call_once
[INFO] [stdout]   14:     0x5d4b2df3d98b - test[9d35eded1c95d3be]::__rust_begin_short_backtrace::<core[df12db4294e9bfd3]::result::Result<(), alloc[2182bb758b4b3781]::string::String>, fn() -> core[df12db4294e9bfd3]::result::Result<(), alloc[2182bb758b4b3781]::string::String>>
[INFO] [stdout]   15:     0x5d4b2df4aff5 - test[9d35eded1c95d3be]::run_test::{closure#0}
[INFO] [stdout]   16:     0x5d4b2df448b4 - std[70759c8f55707aa4]::sys::backtrace::__rust_begin_short_backtrace::<test[9d35eded1c95d3be]::run_test::{closure#1}, ()>
[INFO] [stdout]   17:     0x5d4b2df4e152 - <std[70759c8f55707aa4]::thread::lifecycle::spawn_unchecked<test[9d35eded1c95d3be]::run_test::{closure#1}, ()>::{closure#1} as core[df12db4294e9bfd3]::ops::function::FnOnce<()>>::call_once::{shim:vtable#0}
[INFO] [stdout]   18:     0x5d4b2dfb5389 - <std[70759c8f55707aa4]::sys::thread::unix::Thread>::new::thread_start
[INFO] [stdout]   19:     0x706641a4adfa - <unknown>
[INFO] [stdout]   20:     0x706641ade3d4 - clone
[INFO] [stdout]   21:                0x0 - <unknown>
[INFO] [stdout] 
[INFO] [stdout] ---- sigopt::functions::tests::csendes_works stdout ----
[INFO] [stdout] 
[INFO] [stdout] thread 'sigopt::functions::tests::csendes_works' (1256) panicked at src/sigopt/functions.rs:1997:9:
[INFO] [stdout] assertion `left == right` failed
[INFO] [stdout]   left: 8.621414010065049e-6
[INFO] [stdout]  right: 8.62141401006505e-6
[INFO] [stdout] stack backtrace:
[INFO] [stdout]    0:     0x5d4b2dfb5ab1 - <<std[70759c8f55707aa4]::sys::backtrace::BacktraceLock>::print::DisplayBacktrace as core[df12db4294e9bfd3]::fmt::Display>::fmt
[INFO] [stdout]    1:     0x5d4b2dfca05a - core[df12db4294e9bfd3]::fmt::write
[INFO] [stdout]    2:     0x5d4b2dfb9f4c - <alloc[2182bb758b4b3781]::vec::Vec<u8> as core[df12db4294e9bfd3]::io::write::Write>::write_fmt
[INFO] [stdout]    3:     0x5d4b2df920a6 - std[70759c8f55707aa4]::panicking::default_hook::{closure#0}
[INFO] [stdout]    4:     0x5d4b2dfae219 - std[70759c8f55707aa4]::panicking::default_hook
[INFO] [stdout]    5:     0x5d4b2df4a6a0 - test[9d35eded1c95d3be]::test_main_inner::<test[9d35eded1c95d3be]::test_main_static::{closure#0}>::{closure#0}
[INFO] [stdout]    6:     0x5d4b2dfae3d2 - std[70759c8f55707aa4]::panicking::panic_with_hook
[INFO] [stdout]    7:     0x5d4b2df92152 - std[70759c8f55707aa4]::panicking::panic_handler::{closure#0}
[INFO] [stdout]    8:     0x5d4b2df8aed9 - std[70759c8f55707aa4]::sys::backtrace::__rust_end_short_backtrace::<std[70759c8f55707aa4]::panicking::panic_handler::{closure#0}, !>
[INFO] [stdout]    9:     0x5d4b2df92d4d - __rustc[8fa7c3cbc660c2b3]::rust_begin_unwind
[INFO] [stdout]   10:     0x5d4b2dfca78c - core[df12db4294e9bfd3]::panicking::panic_fmt
[INFO] [stdout]   11:     0x5d4b2dfca6a3 - core[df12db4294e9bfd3]::panicking::assert_failed_inner
[INFO] [stdout]   12:     0x5d4b2df3c563 - core[df12db4294e9bfd3]::panicking::assert_failed::<f64, f64>
[INFO] [stdout]   13:     0x5d4b2df3cba5 - <kurobako_problems[3937708cdfd29601]::sigopt::functions::tests::csendes_works::{closure#0} as core[df12db4294e9bfd3]::ops::function::FnOnce<()>>::call_once
[INFO] [stdout]   14:     0x5d4b2df3d98b - test[9d35eded1c95d3be]::__rust_begin_short_backtrace::<core[df12db4294e9bfd3]::result::Result<(), alloc[2182bb758b4b3781]::string::String>, fn() -> core[df12db4294e9bfd3]::result::Result<(), alloc[2182bb758b4b3781]::string::String>>
[INFO] [stdout]   15:     0x5d4b2df4aff5 - test[9d35eded1c95d3be]::run_test::{closure#0}
[INFO] [stdout]   16:     0x5d4b2df448b4 - std[70759c8f55707aa4]::sys::backtrace::__rust_begin_short_backtrace::<test[9d35eded1c95d3be]::run_test::{closure#1}, ()>
[INFO] [stdout]   17:     0x5d4b2df4e152 - <std[70759c8f55707aa4]::thread::lifecycle::spawn_unchecked<test[9d35eded1c95d3be]::run_test::{closure#1}, ()>::{closure#1} as core[df12db4294e9bfd3]::ops::function::FnOnce<()>>::call_once::{shim:vtable#0}
[INFO] [stdout]   18:     0x5d4b2dfb5389 - <std[70759c8f55707aa4]::sys::thread::unix::Thread>::new::thread_start
[INFO] [stdout]   19:     0x706641a4adfa - <unknown>
[INFO] [stdout]   20:     0x706641ade3d4 - clone
[INFO] [stdout]   21:                0x0 - <unknown>
[INFO] [stdout] 
[INFO] [stdout] ---- sigopt::functions::tests::xor_works stdout ----
[INFO] [stdout] 
[INFO] [stdout] thread 'sigopt::functions::tests::xor_works' (1310) panicked at src/sigopt/functions.rs:2427:9:
[INFO] [stdout] assertion `left == right` failed
[INFO] [stdout]   left: 0.9597587570119618
[INFO] [stdout]  right: 0.9597587570119619
[INFO] [stdout] stack backtrace:
[INFO] [stdout]    0:     0x5d4b2dfb5ab1 - <<std[70759c8f55707aa4]::sys::backtrace::BacktraceLock>::print::DisplayBacktrace as core[df12db4294e9bfd3]::fmt::Display>::fmt
[INFO] [stdout]    1:     0x5d4b2dfca05a - core[df12db4294e9bfd3]::fmt::write
[INFO] [stdout]    2:     0x5d4b2dfb9f4c - <alloc[2182bb758b4b3781]::vec::Vec<u8> as core[df12db4294e9bfd3]::io::write::Write>::write_fmt
[INFO] [stdout]    3:     0x5d4b2df920a6 - std[70759c8f55707aa4]::panicking::default_hook::{closure#0}
[INFO] [stdout]    4:     0x5d4b2dfae219 - std[70759c8f55707aa4]::panicking::default_hook
[INFO] [stdout]    5:     0x5d4b2df4a6a0 - test[9d35eded1c95d3be]::test_main_inner::<test[9d35eded1c95d3be]::test_main_static::{closure#0}>::{closure#0}
[INFO] [stdout]    6:     0x5d4b2dfae3d2 - std[70759c8f55707aa4]::panicking::panic_with_hook
[INFO] [stdout]    7:     0x5d4b2df92152 - std[70759c8f55707aa4]::panicking::panic_handler::{closure#0}
[INFO] [stdout]    8:     0x5d4b2df8aed9 - std[70759c8f55707aa4]::sys::backtrace::__rust_end_short_backtrace::<std[70759c8f55707aa4]::panicking::panic_handler::{closure#0}, !>
[INFO] [stdout]    9:     0x5d4b2df92d4d - __rustc[8fa7c3cbc660c2b3]::rust_begin_unwind
[INFO] [stdout]   10:     0x5d4b2dfca78c - core[df12db4294e9bfd3]::panicking::panic_fmt
[INFO] [stdout]   11:     0x5d4b2dfca6a3 - core[df12db4294e9bfd3]::panicking::assert_failed_inner
[INFO] [stdout]   12:     0x5d4b2df3c563 - core[df12db4294e9bfd3]::panicking::assert_failed::<f64, f64>
[INFO] [stdout]   13:     0x5d4b2df3d925 - <kurobako_problems[3937708cdfd29601]::sigopt::functions::tests::xor_works::{closure#0} as core[df12db4294e9bfd3]::ops::function::FnOnce<()>>::call_once
[INFO] [stdout]   14:     0x5d4b2df3d98b - test[9d35eded1c95d3be]::__rust_begin_short_backtrace::<core[df12db4294e9bfd3]::result::Result<(), alloc[2182bb758b4b3781]::string::String>, fn() -> core[df12db4294e9bfd3]::result::Result<(), alloc[2182bb758b4b3781]::string::String>>
[INFO] [stdout]   15:     0x5d4b2df4aff5 - test[9d35eded1c95d3be]::run_test::{closure#0}
[INFO] [stdout]   16:     0x5d4b2df448b4 - std[70759c8f55707aa4]::sys::backtrace::__rust_begin_short_backtrace::<test[9d35eded1c95d3be]::run_test::{closure#1}, ()>
[INFO] [stdout]   17:     0x5d4b2df4e152 - <std[70759c8f55707aa4]::thread::lifecycle::spawn_unchecked<test[9d35eded1c95d3be]::run_test::{closure#1}, ()>::{closure#1} as core[df12db4294e9bfd3]::ops::function::FnOnce<()>>::call_once::{shim:vtable#0}
[INFO] [stdout]   18:     0x5d4b2dfb5389 - <std[70759c8f55707aa4]::sys::thread::unix::Thread>::new::thread_start
[INFO] [stdout]   19:     0x706641a4adfa - <unknown>
[INFO] [stdout]   20:     0x706641ade3d4 - clone
[INFO] [stdout]   21:                0x0 - <unknown>
[INFO] [stdout] 
[INFO] [stdout] 
[INFO] [stdout] failures:
[INFO] [stdout]     sigopt::functions::tests::csendes_works
[INFO] [stdout]     sigopt::functions::tests::deb02_works
[INFO] [stdout]     sigopt::functions::tests::michalewicz_works
[INFO] [stdout]     sigopt::functions::tests::xor_works
[INFO] [stdout] 
[INFO] [stdout] test result: FAILED. 58 passed; 4 failed; 0 ignored; 0 measured; 0 filtered out; finished in 0.01s
[INFO] [stdout] 
[INFO] running `Command { std: "docker" "inspect" "5848374b4c6a79aeb4922b5504c49b4c1e2558b41663112922d7a83dcbea1058", kill_on_drop: false }`
[INFO] running `Command { std: "docker" "rm" "-f" "5848374b4c6a79aeb4922b5504c49b4c1e2558b41663112922d7a83dcbea1058", kill_on_drop: false }`
[INFO] [stdout] 5848374b4c6a79aeb4922b5504c49b4c1e2558b41663112922d7a83dcbea1058
