[INFO] fetching crate jlif 1.1.1...
[INFO] testing jlif-1.1.1 against 1.100.0-beta.1+cargoflags=--release for beta-release-1.100-2
[INFO] extracting crate jlif 1.1.1 into /workspace/builds/worker-2-tc2/source
[INFO] started tweaking crates.io crate jlif 1.1.1
[INFO] finished tweaking crates.io crate jlif 1.1.1
[INFO] tweaked toml for crates.io crate jlif 1.1.1 written to /workspace/builds/worker-2-tc2/source/Cargo.toml
[INFO] validating manifest of crates.io crate jlif 1.1.1 on toolchain 1.100.0-beta.1
[INFO] running `Command { std: CARGO_HOME="/workspace/cargo-home" RUSTUP_HOME="/workspace/rustup-home" "/workspace/cargo-home/bin/cargo" "+1.100.0-beta.1" "metadata" "--manifest-path" "Cargo.toml" "--no-deps", kill_on_drop: false }`
[INFO] crate crates.io crate jlif 1.1.1 already has a lockfile, it will not be regenerated
[INFO] running `Command { std: CARGO_HOME="/workspace/cargo-home" RUSTUP_HOME="/workspace/rustup-home" "/workspace/cargo-home/bin/cargo" "+1.100.0-beta.1" "fetch" "--manifest-path" "Cargo.toml", kill_on_drop: false }`
[INFO] running `Command { std: "docker" "create" "-v" "/var/lib/crater-agent-workspace/builds/worker-2-tc2/source:/opt/rustwide/workdir:ro,Z" "-v" "/var/lib/crater-agent-workspace/builds/worker-2-tc2/target:/opt/rustwide/target:rw,Z" "-v" "/var/lib/crater-agent-workspace/cargo-home:/opt/rustwide/cargo-home:ro,Z" "-v" "/var/lib/crater-agent-workspace/rustup-home:/opt/rustwide/rustup-home:ro,Z" "-m" "1610612736" "--network" "none" "ghcr.io/rust-lang/crates-build-env/linux@sha256:77db811e55d90add9212f6832c23229e3de5f1c1f9905e8cb07319ea15df73ac" "sleep" "infinity", kill_on_drop: false }`
[INFO] [stdout] e13633111cdd950a9dd26ea4cadf74dd6a741c13740d4047cf1b90de9f404f7d
[INFO] running `Command { std: "docker" "start" "e13633111cdd950a9dd26ea4cadf74dd6a741c13740d4047cf1b90de9f404f7d", kill_on_drop: false }`
[INFO] running `Command { std: "docker" "inspect" "e13633111cdd950a9dd26ea4cadf74dd6a741c13740d4047cf1b90de9f404f7d", kill_on_drop: false }`
[INFO] running `Command { std: "docker" "exec" "-e" "SOURCE_DIR=/opt/rustwide/workdir" "-e" "CARGO_HOME=/opt/rustwide/cargo-home" "-e" "RUSTUP_HOME=/opt/rustwide/rustup-home" "-e" "CARGO_TARGET_DIR=/opt/rustwide/target" "-w" "/opt/rustwide/workdir" "--user" "0:0" "e13633111cdd950a9dd26ea4cadf74dd6a741c13740d4047cf1b90de9f404f7d" "/opt/rustwide/cargo-home/bin/cargo" "+1.100.0-beta.1" "metadata" "--no-deps" "--format-version=1", kill_on_drop: false }`
[INFO] running `Command { std: "docker" "inspect" "e13633111cdd950a9dd26ea4cadf74dd6a741c13740d4047cf1b90de9f404f7d", kill_on_drop: false }`
[INFO] running `Command { std: "docker" "exec" "-e" "SOURCE_DIR=/opt/rustwide/workdir" "-e" "CARGO_HOME=/opt/rustwide/cargo-home" "-e" "RUSTUP_HOME=/opt/rustwide/rustup-home" "-e" "CARGO_TARGET_DIR=/opt/rustwide/target" "-e" "CARGO_INCREMENTAL=0" "-e" "RUST_BACKTRACE=full" "-e" "RUSTFLAGS=--cap-lints=warn" "-e" "RUSTDOCFLAGS=--cap-lints=warn" "-w" "/opt/rustwide/workdir" "--user" "0:0" "e13633111cdd950a9dd26ea4cadf74dd6a741c13740d4047cf1b90de9f404f7d" "/opt/rustwide/cargo-home/bin/cargo" "+1.100.0-beta.1" "build" "--frozen" "--message-format=json" "--release", kill_on_drop: false }`
[INFO] [stderr]    Compiling proc-macro2 v1.0.95
[INFO] [stderr]    Compiling unicode-ident v1.0.18
[INFO] [stderr]    Compiling memchr v2.7.5
[INFO] [stderr]    Compiling shlex v1.3.0
[INFO] [stderr]    Compiling utf8parse v0.2.2
[INFO] [stderr]    Compiling serde v1.0.219
[INFO] [stderr]    Compiling libc v0.2.174
[INFO] [stderr]    Compiling is_terminal_polyfill v1.70.1
[INFO] [stderr]    Compiling anstyle v1.0.11
[INFO] [stderr]    Compiling anstyle-query v1.1.3
[INFO] [stderr]    Compiling serde_json v1.0.141
[INFO] [stderr]    Compiling colorchoice v1.0.4
[INFO] [stderr]    Compiling hashbrown v0.15.4
[INFO] [stderr]    Compiling equivalent v1.0.2
[INFO] [stderr]    Compiling regex-syntax v0.8.5
[INFO] [stderr]    Compiling anyhow v1.0.98
[INFO] [stderr]    Compiling anstyle-parse v0.2.7
[INFO] [stderr]    Compiling itoa v1.0.15
[INFO] [stderr]    Compiling thiserror v2.0.12
[INFO] [stderr]    Compiling heck v0.5.0
[INFO] [stderr]    Compiling ryu v1.0.20
[INFO] [stderr]    Compiling strsim v0.11.1
[INFO] [stderr]    Compiling cc v1.2.30
[INFO] [stderr]    Compiling clap_lex v0.7.5
[INFO] [stderr]    Compiling yansi v1.0.1
[INFO] [stderr]    Compiling once_cell v1.21.3
[INFO] [stderr]    Compiling anstream v0.6.19
[INFO] [stderr]    Compiling clap_builder v4.5.41
[INFO] [stderr]    Compiling aho-corasick v1.1.3
[INFO] [stderr]    Compiling quote v1.0.40
[INFO] [stderr]    Compiling indexmap v2.10.0
[INFO] [stderr]    Compiling syn v2.0.104
[INFO] [stderr]    Compiling libmimalloc-sys v0.1.43
[INFO] [stderr]    Compiling regex-automata v0.4.9
[INFO] [stderr]    Compiling colored_json v5.0.0
[INFO] [stderr]    Compiling thiserror-impl v2.0.12
[INFO] [stderr]    Compiling clap_derive v4.5.41
[INFO] [stderr]    Compiling enum_dispatch v0.3.13
[INFO] [stderr]    Compiling clap v4.5.41
[INFO] [stderr]    Compiling mimalloc v0.1.47
[INFO] [stderr]    Compiling regex v1.11.1
[INFO] [stderr]    Compiling jlif v1.1.1 (/opt/rustwide/workdir)
[INFO] [stderr]     Finished `release` profile [optimized] target(s) in 38.92s
[INFO] running `Command { std: "docker" "inspect" "e13633111cdd950a9dd26ea4cadf74dd6a741c13740d4047cf1b90de9f404f7d", kill_on_drop: false }`
[INFO] running `Command { std: "docker" "exec" "-e" "SOURCE_DIR=/opt/rustwide/workdir" "-e" "CARGO_HOME=/opt/rustwide/cargo-home" "-e" "RUSTUP_HOME=/opt/rustwide/rustup-home" "-e" "CARGO_TARGET_DIR=/opt/rustwide/target" "-e" "CARGO_INCREMENTAL=0" "-e" "RUST_BACKTRACE=full" "-e" "RUSTFLAGS=--cap-lints=warn" "-e" "RUSTDOCFLAGS=--cap-lints=warn" "-w" "/opt/rustwide/workdir" "--user" "0:0" "e13633111cdd950a9dd26ea4cadf74dd6a741c13740d4047cf1b90de9f404f7d" "/opt/rustwide/cargo-home/bin/cargo" "+1.100.0-beta.1" "test" "--frozen" "--no-run" "--message-format=json" "--release", kill_on_drop: false }`
[INFO] [stderr]    Compiling syn v2.0.104
[INFO] [stderr]    Compiling memchr v2.7.5
[INFO] [stderr]    Compiling semver v1.0.26
[INFO] [stderr]    Compiling autocfg v1.5.0
[INFO] [stderr]    Compiling hashbrown v0.15.4
[INFO] [stderr]    Compiling equivalent v1.0.2
[INFO] [stderr]    Compiling regex-syntax v0.8.5
[INFO] [stderr]    Compiling anstyle v1.0.11
[INFO] [stderr]    Compiling utf8parse v0.2.2
[INFO] [stderr]    Compiling winnow v0.7.12
[INFO] [stderr]    Compiling toml_datetime v0.6.11
[INFO] [stderr]    Compiling libc v0.2.174
[INFO] [stderr]    Compiling is_terminal_polyfill v1.70.1
[INFO] [stderr]    Compiling anstyle-parse v0.2.7
[INFO] [stderr]    Compiling predicates-core v1.0.9
[INFO] [stderr]    Compiling anstyle-query v1.1.3
[INFO] [stderr]    Compiling doc-comment v0.3.3
[INFO] [stderr]    Compiling colorchoice v1.0.4
[INFO] [stderr]    Compiling serde v1.0.219
[INFO] [stderr]    Compiling ryu v1.0.20
[INFO] [stderr]    Compiling pin-utils v0.1.0
[INFO] [stderr]    Compiling relative-path v1.9.3
[INFO] [stderr]    Compiling termtree v0.5.1
[INFO] [stderr]    Compiling strsim v0.11.1
[INFO] [stderr]    Compiling anstream v0.6.19
[INFO] [stderr]    Compiling futures-task v0.3.31
[INFO] [stderr]    Compiling assert_cmd v2.0.17
[INFO] [stderr]    Compiling glob v0.3.2
[INFO] [stderr]    Compiling num-traits v0.2.19
[INFO] [stderr]    Compiling rustc_version v0.4.1
[INFO] [stderr]    Compiling cfg-if v1.0.1
[INFO] [stderr]    Compiling futures-core v0.3.31
[INFO] [stderr]    Compiling pin-project-lite v0.2.16
[INFO] [stderr]    Compiling difflib v0.4.0
[INFO] [stderr]    Compiling normalize-line-endings v0.3.0
[INFO] [stderr]    Compiling itoa v1.0.15
[INFO] [stderr]    Compiling aho-corasick v1.1.3
[INFO] [stderr]    Compiling clap_lex v0.7.5
[INFO] [stderr]    Compiling rstest_macros v0.26.1
[INFO] [stderr]    Compiling indexmap v2.10.0
[INFO] [stderr]    Compiling slab v0.4.10
[INFO] [stderr]    Compiling clap_builder v4.5.41
[INFO] [stderr]    Compiling predicates-tree v1.0.12
[INFO] [stderr]    Compiling libmimalloc-sys v0.1.43
[INFO] [stderr]    Compiling wait-timeout v0.2.1
[INFO] [stderr]    Compiling yansi v1.0.1
[INFO] [stderr]    Compiling futures-timer v3.0.3
[INFO] [stderr]    Compiling mimalloc v0.1.47
[INFO] [stderr]    Compiling anyhow v1.0.98
[INFO] [stderr]    Compiling float-cmp v0.10.0
[INFO] [stderr]    Compiling toml_edit v0.22.27
[INFO] [stderr]    Compiling regex-automata v0.4.9
[INFO] [stderr]    Compiling serde_json v1.0.141
[INFO] [stderr]    Compiling proc-macro-crate v3.3.0
[INFO] [stderr]    Compiling colored_json v5.0.0
[INFO] [stderr]    Compiling futures-macro v0.3.31
[INFO] [stderr]    Compiling thiserror-impl v2.0.12
[INFO] [stderr]    Compiling clap_derive v4.5.41
[INFO] [stderr]    Compiling enum_dispatch v0.3.13
[INFO] [stderr]    Compiling regex v1.11.1
[INFO] [stderr]    Compiling futures-util v0.3.31
[INFO] [stderr]    Compiling bstr v1.12.0
[INFO] [stderr]    Compiling thiserror v2.0.12
[INFO] [stderr]    Compiling predicates v3.1.3
[INFO] [stderr]    Compiling clap v4.5.41
[INFO] [stderr]    Compiling rstest v0.26.1
[INFO] [stderr]    Compiling jlif v1.1.1 (/opt/rustwide/workdir)
[INFO] [stderr]     Finished `release` profile [optimized] target(s) in 1m 02s
[INFO] running `Command { std: "docker" "inspect" "e13633111cdd950a9dd26ea4cadf74dd6a741c13740d4047cf1b90de9f404f7d", kill_on_drop: false }`
[INFO] running `Command { std: "docker" "exec" "-e" "SOURCE_DIR=/opt/rustwide/workdir" "-e" "CARGO_HOME=/opt/rustwide/cargo-home" "-e" "RUSTUP_HOME=/opt/rustwide/rustup-home" "-e" "CARGO_TARGET_DIR=/opt/rustwide/target" "-e" "CARGO_INCREMENTAL=0" "-e" "RUST_BACKTRACE=full" "-e" "RUSTFLAGS=--cap-lints=warn" "-e" "RUSTDOCFLAGS=--cap-lints=warn" "-w" "/opt/rustwide/workdir" "--user" "0:0" "e13633111cdd950a9dd26ea4cadf74dd6a741c13740d4047cf1b90de9f404f7d" "/opt/rustwide/cargo-home/bin/cargo" "+1.100.0-beta.1" "test" "--frozen" "--release", kill_on_drop: false }`
[INFO] [stderr]     Finished `release` profile [optimized] target(s) in 0.13s
[INFO] [stderr]      Running unittests src/main.rs (/opt/rustwide/target/release/build/jlif/1026864ae51834a6/out/jlif-1026864ae51834a6)
[INFO] [stdout] 
[INFO] [stdout] running 70 tests
[INFO] [stdout] test buffer::tests::test_multi_line_complete_json_structures::case_1 ... ok
[INFO] [stdout] test buffer::tests::test_drain_empty_buffer ... ok
[INFO] [stdout] test buffer::tests::test_multi_line_with_valid_json_inside::case_1 ... ok
[INFO] [stdout] test buffer::tests::test_drain_only_invalid_content ... ok
[INFO] [stdout] test buffer::tests::test_multi_line_with_valid_json_inside::case_3 ... ok
[INFO] [stdout] test buffer::tests::test_json_start_detection ... ok
[INFO] [stdout] test buffer::tests::test_buffer_overflow ... ok
[INFO] [stdout] test buffer::tests::test_multiple_consecutive_overflows_mixed_json_types ... ok
[INFO] [stdout] test buffer::tests::test_overflow_with_json_like_starts::case_1 ... ok
[INFO] [stdout] test buffer::tests::test_drain_mixed_content_with_valid_json ... ok
[INFO] [stdout] test buffer::tests::test_drain_merges_line_break_inside_string ... ok
[INFO] [stdout] test buffer::tests::test_multi_line_with_complex_valid_json_inside::case_1 ... ok
[INFO] [stdout] test buffer::tests::test_overflow_with_json_like_starts::case_2 ... ok
[INFO] [stdout] test buffer::tests::test_overflow_with_json_like_starts::case_3 ... ok
[INFO] [stdout] test buffer::tests::test_overflow_with_json_like_starts::case_5 ... ok
[INFO] [stdout] test buffer::tests::test_quick_shortcut_non_json ... ok
[INFO] [stdout] test buffer::tests::test_real_text_before_json ... ok
[INFO] [stdout] test buffer::tests::test_single_line_json ... ok
[INFO] [stdout] test buffer::tests::test_single_line_json_types::case_1 ... ok
[INFO] [stdout] test buffer::tests::test_overflow_with_json_like_starts::case_4 ... ok
[INFO] [stdout] test buffer::tests::test_single_line_json_types::case_2 ... ok
[INFO] [stdout] test buffer::tests::test_single_line_json_types::case_5 ... ok
[INFO] [stdout] test buffer::tests::test_single_line_json_types::case_7 ... ok
[INFO] [stdout] test buffer::tests::test_single_line_json_types::case_8 ... ok
[INFO] [stdout] test buffer::tests::test_single_line_json_types::case_3 ... ok
[INFO] [stdout] test buffer::tests::test_single_line_json_types::case_4 ... ok
[INFO] [stdout] test buffer::tests::test_single_line_json_types::case_6 ... ok
[INFO] [stdout] test buffer::tests::test_multi_line_json ... ok
[INFO] [stdout] test buffer::tests::test_multi_line_complete_json_structures::case_2 ... ok
[INFO] [stdout] test buffer::tests::test_string_split_across_three_lines_merges ... ok
[INFO] [stdout] test buffer::tests::test_multi_line_with_valid_json_inside::case_4 ... ok
[INFO] [stdout] test buffer::tests::test_line_break_inside_string_merges::case_1 ... ok
[INFO] [stdout] test buffer::tests::test_drain_valid_multiline_json ... ok
[INFO] [stdout] test buffer::tests::test_line_break_inside_string_merges::case_3 ... ok
[INFO] [stdout] test filter::tests::test_filter_input_conversion_text ... ok
[INFO] [stdout] test buffer::tests::test_multi_line_with_complex_valid_json_inside::case_2 ... ok
[INFO] [stdout] test buffer::tests::test_empty_buffer_during_draining_state ... ok
[INFO] [stdout] test buffer::tests::test_json_like_text_before_json_non_greedy ... ok
[INFO] [stdout] test buffer::tests::test_multi_line_with_valid_json_inside::case_2 ... ok
[INFO] [stdout] test filter::tests::test_from_args_creates_correct_filter ... ok
[INFO] [stdout] test filter::tests::test_from_args_combinations ... ok
[INFO] [stdout] test filter::tests::test_filter_input_conversion_json ... ok
[INFO] [stdout] test filter::tests::test_no_filter_passes_all ... ok
[INFO] [stdout] test filter::tests::test_filter_input_conversion_incomplete_fails ... ok
[INFO] [stdout] test filter::tests::test_invert_filter_with_no_pattern ... ok
[INFO] [stdout] test filter::tests::test_invert_filter_with_json_only ... ok
[INFO] [stdout] test filter::tests::test_from_args_invalid_regex ... ok
[INFO] [stdout] test filter::tests::test_invert_filter_combinations ... ok
[INFO] [stdout] test filter::tests::test_json_only_filter_with_regex ... ok
[INFO] [stdout] test filter::tests::test_invert_filter_case_sensitivity ... ok
[INFO] [stdout] test filter::tests::test_invert_filter_basic ... ok
[INFO] [stdout] test processor::tests::test_process_filter_json_structure ... ok
[INFO] [stdout] test processor::tests::test_process_incomplete_json_at_eof ... ok
[INFO] [stdout] test processor::tests::test_process_mixed_content ... ok
[INFO] [stdout] test processor::tests::test_process_string_wrapped_across_lines ... ok
[INFO] [stdout] test processor::tests::test_process_only_json ... ok
[INFO] [stdout] test processor::tests::test_process_pretty_printed_output ... ok
[INFO] [stdout] test processor::tests::test_process_with_overflow ... ok
[INFO] [stdout] test filter::tests::test_regex_filter_json_case_sensitive ... ok
[INFO] [stdout] test filter::tests::test_regex_filter_json_content_matching ... ok
[INFO] [stdout] test processor::tests::test_process_with_case_sensitive_filter ... ok
[INFO] [stdout] test processor::tests::test_process_with_regex_filter ... ok
[INFO] [stdout] test filter::tests::test_regex_filter_text_case_insensitive ... ok
[INFO] [stdout] test processor::tests::test_process_empty_input ... ok
[INFO] [stdout] test filter::tests::test_json_only_filter_standalone ... ok
[INFO] [stdout] test cli::tests::test_help_output ... FAILED
[INFO] [stdout] test buffer::tests::test_line_break_inside_string_merges::case_2 ... ok
[INFO] [stdout] test filter::tests::test_regex_filter_complex_patterns ... ok
[INFO] [stdout] test cli::tests::test_invalid_argument_fails ... FAILED
[INFO] [stdout] test cli::tests::test_version_output ... FAILED
[INFO] [stdout] 
[INFO] [stdout] failures:
[INFO] [stdout] 
[INFO] [stdout] ---- cli::tests::test_help_output stdout ----
[INFO] [stdout] 
[INFO] [stdout] thread 'cli::tests::test_help_output' (1741) panicked at src/cli.rs:47:50:
[INFO] [stdout] called `Result::unwrap()` on an `Err` value: CargoError { cause: Some(NotFoundError { path: "/opt/rustwide/target/release/build/jlif/1026864ae51834a6/out/jlif" }) }
[INFO] [stdout] stack backtrace:
[INFO] [stdout]    0:     0x5d929843b055 - <unknown>
[INFO] [stdout]    1:     0x5d92983909fa - <unknown>
[INFO] [stdout]    2:     0x5d929843a79b - <unknown>
[INFO] [stdout]    3:     0x5d929843a27f - <unknown>
[INFO] [stdout]    4:     0x5d9298439eaa - <unknown>
[INFO] [stdout]    5:     0x5d92984399e5 - <unknown>
[INFO] [stdout]    6:     0x5d9298460831 - <unknown>
[INFO] [stdout]    7:     0x5d92984607e9 - <unknown>
[INFO] [stdout]    8:     0x5d9298460cfc - <unknown>
[INFO] [stdout]    9:     0x5d929839088b - <unknown>
[INFO] [stdout]   10:     0x5d9298394891 - <unknown>
[INFO] [stdout]   11:     0x5d929834818a - <unknown>
[INFO] [stdout]   12:     0x5d929847cd0b - <unknown>
[INFO] [stdout]   13:     0x5d9298478795 - <unknown>
[INFO] [stdout]   14:     0x5d9298477ebc - <unknown>
[INFO] [stdout]   15:     0x5d9298497dbc - <unknown>
[INFO] [stdout]   16:     0x5d9298462764 - <unknown>
[INFO] [stdout]   17:     0x782ac82c9dfa - <unknown>
[INFO] [stdout]   18:     0x782ac835d3d4 - clone
[INFO] [stdout]   19:                0x0 - <unknown>
[INFO] [stdout] 
[INFO] [stdout] ---- cli::tests::test_invalid_argument_fails stdout ----
[INFO] [stdout] 
[INFO] [stdout] thread 'cli::tests::test_invalid_argument_fails' (1742) panicked at src/cli.rs:67:50:
[INFO] [stdout] called `Result::unwrap()` on an `Err` value: CargoError { cause: Some(NotFoundError { path: "/opt/rustwide/target/release/build/jlif/1026864ae51834a6/out/jlif" }) }
[INFO] [stdout] stack backtrace:
[INFO] [stdout]    0:     0x5d929843b055 - <unknown>
[INFO] [stdout]    1:     0x5d92983909fa - <unknown>
[INFO] [stdout]    2:     0x5d929843a79b - <unknown>
[INFO] [stdout]    3:     0x5d929843a27f - <unknown>
[INFO] [stdout]    4:     0x5d9298439eaa - <unknown>
[INFO] [stdout]    5:     0x5d92984399e5 - <unknown>
[INFO] [stdout]    6:     0x5d9298460831 - <unknown>
[INFO] [stdout]    7:     0x5d92984607e9 - <unknown>
[INFO] [stdout]    8:     0x5d9298460cfc - <unknown>
[INFO] [stdout]    9:     0x5d929839088b - <unknown>
[INFO] [stdout]   10:     0x5d9298394891 - <unknown>
[INFO] [stdout]   11:     0x5d9298348bb8 - <unknown>
[INFO] [stdout]   12:     0x5d929847cd0b - <unknown>
[INFO] [stdout]   13:     0x5d9298478795 - <unknown>
[INFO] [stdout]   14:     0x5d9298477ebc - <unknown>
[INFO] [stdout]   15:     0x5d9298497dbc - <unknown>
[INFO] [stdout]   16:     0x5d9298462764 - <unknown>
[INFO] [stdout]   17:     0x782ac82c9dfa - <unknown>
[INFO] [stdout]   18:     0x782ac835d3d4 - clone
[INFO] [stdout]   19:                0x0 - <unknown>
[INFO] [stdout] 
[INFO] [stdout] ---- cli::tests::test_version_output stdout ----
[INFO] [stdout] 
[INFO] [stdout] thread 'cli::tests::test_version_output' (1743) panicked at src/cli.rs:57:50:
[INFO] [stdout] called `Result::unwrap()` on an `Err` value: CargoError { cause: Some(NotFoundError { path: "/opt/rustwide/target/release/build/jlif/1026864ae51834a6/out/jlif" }) }
[INFO] [stdout] stack backtrace:
[INFO] [stdout]    0:     0x5d929843b055 - <unknown>
[INFO] [stdout]    1:     0x5d92983909fa - <unknown>
[INFO] [stdout]    2:     0x5d929843a79b - <unknown>
[INFO] [stdout]    3:     0x5d929843a27f - <unknown>
[INFO] [stdout]    4:     0x5d9298439eaa - <unknown>
[INFO] [stdout]    5:     0x5d92984399e5 - <unknown>
[INFO] [stdout]    6:     0x5d9298460831 - <unknown>
[INFO] [stdout]    7:     0x5d92984607e9 - <unknown>
[INFO] [stdout]    8:     0x5d9298460cfc - <unknown>
[INFO] [stdout]    9:     0x5d929839088b - <unknown>
[INFO] [stdout]   10:     0x5d9298394891 - <unknown>
[INFO] [stdout]   11:     0x5d9298348607 - <unknown>
[INFO] [stdout]   12:     0x5d929847cd0b - <unknown>
[INFO] [stdout]   13:     0x5d9298478795 - <unknown>
[INFO] [stdout]   14:     0x5d9298477ebc - <unknown>
[INFO] [stdout]   15:     0x5d9298497dbc - <unknown>
[INFO] [stdout]   16:     0x5d9298462764 - <unknown>
[INFO] [stdout]   17:     0x782ac82c9dfa - <unknown>
[INFO] [stdout]   18:     0x782ac835d3d4 - clone
[INFO] [stdout]   19:                0x0 - <unknown>
[INFO] [stdout] 
[INFO] [stdout] 
[INFO] [stdout] failures:
[INFO] [stdout]     cli::tests::test_help_output
[INFO] [stdout]     cli::tests::test_invalid_argument_fails
[INFO] [stdout]     cli::tests::test_version_output
[INFO] [stdout] 
[INFO] [stdout] test result: FAILED. 67 passed; 3 failed; 0 ignored; 0 measured; 0 filtered out; finished in 0.03s
[INFO] [stdout] 
[INFO] [stderr] error: test failed, to rerun pass `--bin jlif`
[INFO] running `Command { std: "docker" "inspect" "e13633111cdd950a9dd26ea4cadf74dd6a741c13740d4047cf1b90de9f404f7d", kill_on_drop: false }`
[INFO] running `Command { std: "docker" "rm" "-f" "e13633111cdd950a9dd26ea4cadf74dd6a741c13740d4047cf1b90de9f404f7d", kill_on_drop: false }`
[INFO] [stdout] e13633111cdd950a9dd26ea4cadf74dd6a741c13740d4047cf1b90de9f404f7d
