[INFO] fetching crate iota_stronghold 2.1.0...
[INFO] testing iota_stronghold-2.1.0 against 1.100.0-beta.1+cargoflags=--release for beta-release-1.100-2
[INFO] extracting crate iota_stronghold 2.1.0 into /workspace/builds/worker-0-tc2/source
[INFO] started tweaking crates.io crate iota_stronghold 2.1.0
[INFO] removed 2 missing examples
[INFO] finished tweaking crates.io crate iota_stronghold 2.1.0
[INFO] tweaked toml for crates.io crate iota_stronghold 2.1.0 written to /workspace/builds/worker-0-tc2/source/Cargo.toml
[INFO] validating manifest of crates.io crate iota_stronghold 2.1.0 on toolchain 1.100.0-beta.1
[INFO] running `Command { std: CARGO_HOME="/workspace/cargo-home" RUSTUP_HOME="/workspace/rustup-home" "/workspace/cargo-home/bin/cargo" "+1.100.0-beta.1" "metadata" "--manifest-path" "Cargo.toml" "--no-deps", kill_on_drop: false }`
[INFO] crate crates.io crate iota_stronghold 2.1.0 already has a lockfile, it will not be regenerated
[INFO] running `Command { std: CARGO_HOME="/workspace/cargo-home" RUSTUP_HOME="/workspace/rustup-home" "/workspace/cargo-home/bin/cargo" "+1.100.0-beta.1" "fetch" "--manifest-path" "Cargo.toml", kill_on_drop: false }`
[INFO] running `Command { std: "docker" "create" "-v" "/var/lib/crater-agent-workspace/builds/worker-0-tc2/source:/opt/rustwide/workdir:ro,Z" "-v" "/var/lib/crater-agent-workspace/builds/worker-0-tc2/target:/opt/rustwide/target:rw,Z" "-v" "/var/lib/crater-agent-workspace/cargo-home:/opt/rustwide/cargo-home:ro,Z" "-v" "/var/lib/crater-agent-workspace/rustup-home:/opt/rustwide/rustup-home:ro,Z" "-m" "1610612736" "--network" "none" "ghcr.io/rust-lang/crates-build-env/linux@sha256:77db811e55d90add9212f6832c23229e3de5f1c1f9905e8cb07319ea15df73ac" "sleep" "infinity", kill_on_drop: false }`
[INFO] [stdout] 36048e3718c6fed7cee93caeaebb44f427ed6d6b75f4aebca73d36738f723910
[INFO] running `Command { std: "docker" "start" "36048e3718c6fed7cee93caeaebb44f427ed6d6b75f4aebca73d36738f723910", kill_on_drop: false }`
[INFO] running `Command { std: "docker" "inspect" "36048e3718c6fed7cee93caeaebb44f427ed6d6b75f4aebca73d36738f723910", kill_on_drop: false }`
[INFO] running `Command { std: "docker" "exec" "-e" "SOURCE_DIR=/opt/rustwide/workdir" "-e" "CARGO_HOME=/opt/rustwide/cargo-home" "-e" "RUSTUP_HOME=/opt/rustwide/rustup-home" "-e" "CARGO_TARGET_DIR=/opt/rustwide/target" "-w" "/opt/rustwide/workdir" "--user" "0:0" "36048e3718c6fed7cee93caeaebb44f427ed6d6b75f4aebca73d36738f723910" "/opt/rustwide/cargo-home/bin/cargo" "+1.100.0-beta.1" "metadata" "--no-deps" "--format-version=1", kill_on_drop: false }`
[INFO] running `Command { std: "docker" "inspect" "36048e3718c6fed7cee93caeaebb44f427ed6d6b75f4aebca73d36738f723910", kill_on_drop: false }`
[INFO] running `Command { std: "docker" "exec" "-e" "SOURCE_DIR=/opt/rustwide/workdir" "-e" "CARGO_HOME=/opt/rustwide/cargo-home" "-e" "RUSTUP_HOME=/opt/rustwide/rustup-home" "-e" "CARGO_TARGET_DIR=/opt/rustwide/target" "-e" "CARGO_INCREMENTAL=0" "-e" "RUST_BACKTRACE=full" "-e" "RUSTFLAGS=--cap-lints=warn" "-e" "RUSTDOCFLAGS=--cap-lints=warn" "-w" "/opt/rustwide/workdir" "--user" "0:0" "36048e3718c6fed7cee93caeaebb44f427ed6d6b75f4aebca73d36738f723910" "/opt/rustwide/cargo-home/bin/cargo" "+1.100.0-beta.1" "build" "--frozen" "--message-format=json" "--release", kill_on_drop: false }`
[INFO] [stderr]    Compiling proc-macro2 v1.0.82
[INFO] [stderr]    Compiling serde v1.0.201
[INFO] [stderr]    Compiling libc v0.2.154
[INFO] [stderr]    Compiling subtle v2.5.0
[INFO] [stderr]    Compiling cpufeatures v0.2.12
[INFO] [stderr]    Compiling tinyvec_macros v0.1.1
[INFO] [stderr]    Compiling zerocopy v0.7.34
[INFO] [stderr]    Compiling rustix v0.38.34
[INFO] [stderr]    Compiling ahash v0.8.11
[INFO] [stderr]    Compiling unicode-bidi v0.3.15
[INFO] [stderr]    Compiling bitflags v2.5.0
[INFO] [stderr]    Compiling allocator-api2 v0.2.18
[INFO] [stderr]    Compiling linux-raw-sys v0.4.13
[INFO] [stderr]    Compiling percent-encoding v2.3.1
[INFO] [stderr]    Compiling crc32fast v1.4.0
[INFO] [stderr]    Compiling memchr v2.7.2
[INFO] [stderr]    Compiling tinyvec v1.6.0
[INFO] [stderr]    Compiling rustc_version v0.4.0
[INFO] [stderr]    Compiling form_urlencoded v1.2.1
[INFO] [stderr]    Compiling rle-decode-fast v1.0.3
[INFO] [stderr]    Compiling platforms v3.4.0
[INFO] [stderr]    Compiling log v0.4.21
[INFO] [stderr]    Compiling adler32 v1.2.0
[INFO] [stderr]    Compiling dary_heap v0.3.6
[INFO] [stderr]    Compiling crunchy v0.2.2
[INFO] [stderr]    Compiling memoffset v0.6.5
[INFO] [stderr]    Compiling tiny-keccak v2.0.2
[INFO] [stderr]    Compiling cc v1.0.97
[INFO] [stderr]    Compiling byteorder v1.5.0
[INFO] [stderr]    Compiling pkg-config v0.3.30
[INFO] [stderr]    Compiling minisign-verify v0.2.1
[INFO] [stderr]    Compiling rand_core v0.5.1
[INFO] [stderr]    Compiling curve25519-dalek v4.1.2
[INFO] [stderr]    Compiling iota-crypto v0.23.1
[INFO] [stderr]    Compiling thiserror v1.0.60
[INFO] [stderr]    Compiling core2 v0.4.0
[INFO] [stderr]    Compiling hashbrown v0.14.5
[INFO] [stderr]    Compiling unicode-normalization v0.1.23
[INFO] [stderr]    Compiling base64 v0.21.7
[INFO] [stderr]    Compiling anyhow v1.0.83
[INFO] [stderr]    Compiling iterator-sorted v0.1.0
[INFO] [stderr]    Compiling arrayvec v0.7.4
[INFO] [stderr]    Compiling quote v1.0.36
[INFO] [stderr]    Compiling blake2b_simd v1.0.2
[INFO] [stderr]    Compiling syn v2.0.63
[INFO] [stderr]    Compiling syn v1.0.109
[INFO] [stderr]    Compiling idna v0.5.0
[INFO] [stderr]    Compiling libflate_lz77 v2.1.0
[INFO] [stderr]    Compiling libflate v2.1.0
[INFO] [stderr]    Compiling url v2.5.0
[INFO] [stderr]    Compiling rust-argon2 v1.0.0
[INFO] [stderr]    Compiling ureq v2.9.7
[INFO] [stderr]    Compiling filetime v0.2.23
[INFO] [stderr]    Compiling getrandom v0.2.15
[INFO] [stderr]    Compiling dirs-sys v0.3.7
[INFO] [stderr]    Compiling dirs-sys-next v0.1.2
[INFO] [stderr]    Compiling nix v0.24.3
[INFO] [stderr]    Compiling rand_core v0.6.4
[INFO] [stderr]    Compiling dirs-next v2.0.0
[INFO] [stderr]    Compiling dirs v4.0.0
[INFO] [stderr]    Compiling ff v0.13.0
[INFO] [stderr]    Compiling rand_chacha v0.3.1
[INFO] [stderr]    Compiling group v0.13.0
[INFO] [stderr]    Compiling xattr v1.3.1
[INFO] [stderr]    Compiling tar v0.4.40
[INFO] [stderr]    Compiling rand v0.8.5
[INFO] [stderr]    Compiling libsodium-sys-stable v1.20.7
[INFO] [stderr]    Compiling stronghold-derive v1.0.0
[INFO] [stderr]    Compiling stronghold-utils v1.0.0
[INFO] [stderr]    Compiling serde_derive v1.0.201
[INFO] [stderr]    Compiling zeroize_derive v1.4.2
[INFO] [stderr]    Compiling curve25519-dalek-derive v0.1.1
[INFO] [stderr]    Compiling thiserror-impl v1.0.60
[INFO] [stderr]    Compiling zeroize v1.7.0
[INFO] [stderr]    Compiling bincode v1.3.3
[INFO] [stderr]    Compiling generic-array v0.14.7
[INFO] [stderr]    Compiling der v0.7.9
[INFO] [stderr]    Compiling crypto-common v0.1.6
[INFO] [stderr]    Compiling block-buffer v0.10.4
[INFO] [stderr]    Compiling block-padding v0.3.3
[INFO] [stderr]    Compiling crypto-bigint v0.5.5
[INFO] [stderr]    Compiling digest v0.9.0
[INFO] [stderr]    Compiling inout v0.1.3
[INFO] [stderr]    Compiling curve25519-dalek v3.2.0
[INFO] [stderr]    Compiling digest v0.10.7
[INFO] [stderr]    Compiling cipher v0.4.4
[INFO] [stderr]    Compiling universal-hash v0.5.1
[INFO] [stderr]    Compiling aead v0.5.2
[INFO] [stderr]    Compiling polyval v0.6.2
[INFO] [stderr]    Compiling poly1305 v0.8.0
[INFO] [stderr]    Compiling hmac v0.12.1
[INFO] [stderr]    Compiling signature v2.2.0
[INFO] [stderr]    Compiling sha2 v0.10.8
[INFO] [stderr]    Compiling blake2 v0.10.6
[INFO] [stderr]    Compiling ed25519 v2.2.3
[INFO] [stderr]    Compiling ctr v0.9.2
[INFO] [stderr]    Compiling aes v0.8.4
[INFO] [stderr]    Compiling chacha20 v0.9.1
[INFO] [stderr]    Compiling rfc6979 v0.4.0
[INFO] [stderr]    Compiling pbkdf2 v0.12.2
[INFO] [stderr]    Compiling ghash v0.5.1
[INFO] [stderr]    Compiling salsa20 v0.10.2
[INFO] [stderr]    Compiling hkdf v0.12.4
[INFO] [stderr]    Compiling sec1 v0.7.3
[INFO] [stderr]    Compiling spki v0.7.3
[INFO] [stderr]    Compiling chacha20poly1305 v0.10.1
[INFO] [stderr]    Compiling x25519-dalek v1.1.1
[INFO] [stderr]    Compiling scrypt v0.11.0
[INFO] [stderr]    Compiling aes-gcm v0.10.3
[INFO] [stderr]    Compiling ed25519-zebra v4.0.3
[INFO] [stderr]    Compiling elliptic-curve v0.13.8
[INFO] [stderr]    Compiling ecdsa v0.16.9
[INFO] [stderr]    Compiling k256 v0.13.3
[INFO] [stderr]    Compiling stronghold-runtime v2.0.1
[INFO] [stderr]    Compiling stronghold_engine v2.0.1
[INFO] [stderr]    Compiling iota_stronghold v2.1.0 (/opt/rustwide/workdir)
[INFO] [stderr] warning: unused dependency `rust-argon2`
[INFO] [stderr]   --> Cargo.toml:30:15
[INFO] [stderr]    |
[INFO] [stderr] 30 | [dependencies.rust-argon2]
[INFO] [stderr]    |               ^^^^^^^^^^^^
[INFO] [stderr]    |
[INFO] [stderr]    = note: `cargo::unused_dependencies` is set to `warn` by default
[INFO] [stderr] help: consider removing the dependency on `rust-argon2`
[INFO] [stderr] warning: `iota_stronghold` (manifest) generated 1 warning
[INFO] [stderr]     Finished `release` profile [optimized] target(s) in 1m 41s
[INFO] running `Command { std: "docker" "inspect" "36048e3718c6fed7cee93caeaebb44f427ed6d6b75f4aebca73d36738f723910", kill_on_drop: false }`
[INFO] running `Command { std: "docker" "exec" "-e" "SOURCE_DIR=/opt/rustwide/workdir" "-e" "CARGO_HOME=/opt/rustwide/cargo-home" "-e" "RUSTUP_HOME=/opt/rustwide/rustup-home" "-e" "CARGO_TARGET_DIR=/opt/rustwide/target" "-e" "CARGO_INCREMENTAL=0" "-e" "RUST_BACKTRACE=full" "-e" "RUSTFLAGS=--cap-lints=warn" "-e" "RUSTDOCFLAGS=--cap-lints=warn" "-w" "/opt/rustwide/workdir" "--user" "0:0" "36048e3718c6fed7cee93caeaebb44f427ed6d6b75f4aebca73d36738f723910" "/opt/rustwide/cargo-home/bin/cargo" "+1.100.0-beta.1" "test" "--frozen" "--no-run" "--message-format=json" "--release", kill_on_drop: false }`
[INFO] [stderr]    Compiling memchr v2.7.2
[INFO] [stderr]    Compiling proc-macro-error-attr v1.0.4
[INFO] [stderr]    Compiling indexmap v1.9.3
[INFO] [stderr]    Compiling futures-core v0.3.30
[INFO] [stderr]    Compiling regex-syntax v0.8.3
[INFO] [stderr]    Compiling futures-sink v0.3.30
[INFO] [stderr]    Compiling parking_lot_core v0.9.10
[INFO] [stderr]    Compiling atty v0.2.14
[INFO] [stderr]    Compiling num_cpus v1.16.0
[INFO] [stderr]    Compiling half v2.4.1
[INFO] [stderr]    Compiling futures-task v0.3.30
[INFO] [stderr]    Compiling os_str_bytes v6.6.1
[INFO] [stderr]    Compiling serde_json v1.0.117
[INFO] [stderr]    Compiling socket2 v0.5.7
[INFO] [stderr]    Compiling signal-hook-registry v1.4.2
[INFO] [stderr]    Compiling mio v0.8.11
[INFO] [stderr]    Compiling tokio-macros v2.2.0
[INFO] [stderr]    Compiling futures-channel v0.3.30
[INFO] [stderr]    Compiling futures-util v0.3.30
[INFO] [stderr]    Compiling textwrap v0.16.1
[INFO] [stderr]    Compiling bytes v1.6.0
[INFO] [stderr]    Compiling proc-macro-error v1.0.4
[INFO] [stderr]    Compiling parking_lot v0.12.2
[INFO] [stderr]    Compiling clap_lex v0.2.4
[INFO] [stderr]    Compiling ciborium-ll v0.2.2
[INFO] [stderr]    Compiling clap_derive v3.2.25
[INFO] [stderr]    Compiling futures-io v0.3.30
[INFO] [stderr]    Compiling criterion-plot v0.5.0
[INFO] [stderr]    Compiling humantime v2.1.0
[INFO] [stderr]    Compiling ciborium v0.2.2
[INFO] [stderr]    Compiling aho-corasick v1.1.3
[INFO] [stderr]    Compiling tokio v1.37.0
[INFO] [stderr]    Compiling threadpool v1.8.1
[INFO] [stderr]    Compiling ctor v0.1.26
[INFO] [stderr]    Compiling tinytemplate v1.2.1
[INFO] [stderr]    Compiling clap v3.2.25
[INFO] [stderr]    Compiling futures v0.3.30
[INFO] [stderr]    Compiling regex-automata v0.4.6
[INFO] [stderr]    Compiling regex v1.10.4
[INFO] [stderr]    Compiling env_logger v0.9.3
[INFO] [stderr]    Compiling criterion v0.4.0
[INFO] [stderr]    Compiling iota_stronghold v2.1.0 (/opt/rustwide/workdir)
[INFO] [stderr] warning: unused dependency `rust-argon2`
[INFO] [stderr]   --> Cargo.toml:30:15
[INFO] [stderr]    |
[INFO] [stderr] 30 | [dependencies.rust-argon2]
[INFO] [stderr]    |               ^^^^^^^^^^^^
[INFO] [stderr]    |
[INFO] [stderr]    = note: `cargo::unused_dependencies` is set to `warn` by default
[INFO] [stderr] help: consider removing the dependency on `rust-argon2`
[INFO] [stderr] warning: `iota_stronghold` (manifest) generated 1 warning
[INFO] [stderr]     Finished `release` profile [optimized] target(s) in 1m 09s
[INFO] running `Command { std: "docker" "inspect" "36048e3718c6fed7cee93caeaebb44f427ed6d6b75f4aebca73d36738f723910", kill_on_drop: false }`
[INFO] running `Command { std: "docker" "exec" "-e" "SOURCE_DIR=/opt/rustwide/workdir" "-e" "CARGO_HOME=/opt/rustwide/cargo-home" "-e" "RUSTUP_HOME=/opt/rustwide/rustup-home" "-e" "CARGO_TARGET_DIR=/opt/rustwide/target" "-e" "CARGO_INCREMENTAL=0" "-e" "RUST_BACKTRACE=full" "-e" "RUSTFLAGS=--cap-lints=warn" "-e" "RUSTDOCFLAGS=--cap-lints=warn" "-w" "/opt/rustwide/workdir" "--user" "0:0" "36048e3718c6fed7cee93caeaebb44f427ed6d6b75f4aebca73d36738f723910" "/opt/rustwide/cargo-home/bin/cargo" "+1.100.0-beta.1" "test" "--frozen" "--release", kill_on_drop: false }`
[INFO] [stderr] warning: unused dependency `rust-argon2`
[INFO] [stderr]   --> Cargo.toml:30:15
[INFO] [stderr]    |
[INFO] [stderr] 30 | [dependencies.rust-argon2]
[INFO] [stderr]    |               ^^^^^^^^^^^^
[INFO] [stderr]    |
[INFO] [stderr]    = note: `cargo::unused_dependencies` is set to `warn` by default
[INFO] [stderr] help: consider removing the dependency on `rust-argon2`
[INFO] [stderr] warning: `iota_stronghold` (manifest) generated 1 warning
[INFO] [stderr]     Finished `release` profile [optimized] target(s) in 0.34s
[INFO] [stderr]      Running unittests src/lib.rs (/opt/rustwide/target/release/build/iota_stronghold/f03c103aea6e70ec/out/iota_stronghold-f03c103aea6e70ec)
[INFO] [stdout] 
[INFO] [stdout] running 40 tests
[INFO] [stdout] test procedures::types::test::proc_io_string ... ok
[INFO] [stdout] test procedures::types::test::proc_io_vec ... ok
[INFO] [stdout] test security::keyprovider::tests::test_keyprovider_create ... ok
[INFO] [stdout] test procedures::types::test::proc_io_array ... ok
[INFO] [stdout] test security::keyprovider::tests::test_keyprovider_get ... ok
[INFO] [stdout] test tests::interface_tests::test_load_client_from_non_existing_snapshot ... ok
[INFO] [stdout] test tests::interface_tests::test_keyprovider_hashed_passphrase_blake2b ... ok
[INFO] [stdout] test tests::interface_tests::test_keyprovider_hashed_passphrase ... ok
[INFO] [stdout] test tests::interface_tests::test_clear_stronghold_state ... ok
[INFO] [stdout] test tests::interface_tests::test_full_stronghold_access ... ok
[INFO] [stdout] test sync::test::test_partial_sync_with_mapping ... ok
[INFO] [stdout] test sync::test::test_get_hierarchy ... ok
[INFO] [stdout] test tests::interface_tests::test_load_client_from_snapshot ... ok
[INFO] [stdout] test tests::procedure_tests::usecase_ed25519 ... ok
[INFO] [stdout] test tests::procedure_tests::usecase_ed25519_as_complex ... ok
[INFO] [stdout] test tests::procedure_tests::usecase_move_record ... ok
[INFO] [stdout] test tests::procedure_tests::usecase_recover_bip39 ... ok
[INFO] [stdout] test tests::procedure_tests::test_bip39_recover_zeroize ... ok
[INFO] [stdout] test tests::procedure_tests::test_concat_kdf_with_jwa ... ok
[INFO] [stdout] test tests::interface_tests::purge_client ... ok
[INFO] [stdout] test tests::store_tests::test_contains_key ... ok
[INFO] [stdout] test tests::store_tests::test_delete_from_store ... ok
[INFO] [stdout] test tests::store_tests::test_get_from_store ... ok
[INFO] [stdout] test tests::procedure_tests::usecase_secp256k1 ... ok
[INFO] [stdout] test tests::store_tests::test_keys ... ok
[INFO] [stdout] test tests::procedure_tests::test_aes_256_keywrap_roundtrip ... ok
[INFO] [stdout] test tests::interface_tests::test_load_unload_client ... ok
[INFO] [stdout] test tests::store_tests::test_insert_into_store ... ok
[INFO] [stdout] test tests::procedure_tests::usecase_collection_of_data ... ok
[INFO] [stdout] test tests::procedure_tests::usecase_aead ... ok
[INFO] [stdout] test tests::interface_tests::write_client_to_snapshot ... ok
[INFO] [stdout] test tests::procedure_tests::usecase_secp256k1_slip10_derive_key ... ok
[INFO] [stdout] test tests::interface_tests::test_create_snapshot_file_in_custom_directory ... ok
[INFO] [stdout] test tests::interface_tests::test_stronghold_purge_client ... ok
[INFO] [stdout] test tests::interface_tests::test_stronghold_with_key_location_for_snapshot ... ok
[INFO] [stdout] test tests::procedure_tests::usecase_diffie_hellman_concat_kdf ... ok
[INFO] [stdout] test tests::procedure_tests::usecase_diffie_hellman ... ok
[INFO] [stdout] test tests::procedure_tests::usecase_slip10derive_intermediate_keys ... ok
[INFO] [stdout] test sync::test::test_merge_policy ... ok
[INFO] [stderr]      Running tests/integration.rs (/opt/rustwide/target/release/build/iota_stronghold/c98533ddeab7e56d/out/integration-c98533ddeab7e56d)
[INFO] [stdout] test tests::interface_tests::test_load_multiple_clients_from_snapshot ... ok
[INFO] [stdout] 
[INFO] [stdout] test result: ok. 40 passed; 0 failed; 0 ignored; 0 measured; 0 filtered out; finished in 0.69s
[INFO] [stdout] 
[INFO] [stdout] 
[INFO] [stdout] running 0 tests
[INFO] [stdout] 
[INFO] [stdout] test result: ok. 0 passed; 0 failed; 0 ignored; 0 measured; 0 filtered out; finished in 0.00s
[INFO] [stdout] 
[INFO] [stderr]      Running tests/test_multithreaded.rs (/opt/rustwide/target/release/build/iota_stronghold/0d0dac135b6ae705/out/test_multithreaded-0d0dac135b6ae705)
[INFO] [stdout] 
[INFO] [stdout] running 2 tests
[INFO] [stdout] 
[INFO] [stderr] 
[INFO] [stdout] thread '<unnamed>' (19111) panicked at /opt/rustwide/cargo-home/registry/src/index.crates.io-1949cf8c6b5b557f/stronghold-runtime-2.0.1/src/boxed.rs:130:9:
[INFO] [stderr] thread '<unnamed>' (19111) panicked at /rustc/e3feeb59cd1bdd011a2bfcc0747b55125d9b8527/library/core/src/panicking.rs:233:5:
[INFO] [stdout] May not call Boxed while locked
[INFO] [stderr] panic in a destructor during cleanup
[INFO] [stdout] stack backtrace:
[INFO] [stderr] thread caused non-unwinding panic. aborting.
[INFO] [stdout]    0:     0x574e62e9c261 - <<std[617be2ca0a6fd877]::sys::backtrace::BacktraceLock>::print::DisplayBacktrace as core[a373ad73a504971]::fmt::Display>::fmt
[INFO] [stdout]    1:     0x574e62eb0d1a - core[a373ad73a504971]::fmt::write
[INFO] [stdout]    2:     0x574e62ea04ec - <alloc[2e1b2a31b91974c5]::vec::Vec<u8> as core[a373ad73a504971]::io::write::Write>::write_fmt
[INFO] [stdout]    3:     0x574e62e77126 - std[617be2ca0a6fd877]::panicking::default_hook::{closure#0}
[INFO] [stdout]    4:     0x574e62e94269 - std[617be2ca0a6fd877]::panicking::default_hook
[INFO] [stdout]    5:     0x574e62d61700 - test[aada8e7e76ba119b]::test_main_inner::{closure#0}
[INFO] [stdout]    6:     0x574e62e94422 - std[617be2ca0a6fd877]::panicking::panic_with_hook
[INFO] [stdout]    7:     0x574e62e77204 - std[617be2ca0a6fd877]::panicking::panic_handler::{closure#0}
[INFO] [stdout]    8:     0x574e62e6fbd9 - std[617be2ca0a6fd877]::sys::backtrace::__rust_end_short_backtrace::<std[617be2ca0a6fd877]::panicking::panic_handler::{closure#0}, !>
[INFO] [stdout]    9:     0x574e62e77f8d - __rustc[ea4f61d10b84890b]::rust_begin_unwind
[INFO] [stdout]   10:     0x574e62eb147c - core[a373ad73a504971]::panicking::panic_fmt
[INFO] [stdout]   11:     0x574e62dede78 - <runtime[a45b4287bf271cd0]::boxed::Boxed<u8> as core[a373ad73a504971]::cmp::PartialEq>::eq
[INFO] [stdout]   12:     0x574e62dce865 - <engine[f9adf5ffad035821]::vault::view::Vault<iota_stronghold[77c8bc0ca4797a0a]::internal::provider::Provider>>::get_guard
[INFO] [stdout]   13:     0x574e62dc8e51 - <engine[f9adf5ffad035821]::vault::view::DbView<iota_stronghold[77c8bc0ca4797a0a]::internal::provider::Provider>>::get_buffers::<iota_stronghold[77c8bc0ca4797a0a]::procedures::types::FatalProcedureError, 1usize>
[INFO] [stdout]   14:     0x574e62dc8a7c - <engine[f9adf5ffad035821]::vault::view::DbView<iota_stronghold[77c8bc0ca4797a0a]::internal::provider::Provider>>::get_guards::<alloc[2e1b2a31b91974c5]::vec::Vec<u8>, iota_stronghold[77c8bc0ca4797a0a]::procedures::types::FatalProcedureError, <iota_stronghold[77c8bc0ca4797a0a]::procedures::primitives::PublicKey as iota_stronghold[77c8bc0ca4797a0a]::procedures::types::UseSecret<1usize>>::exec<iota_stronghold[77c8bc0ca4797a0a]::types::client::Client>::{closure#0}, 1usize>
[INFO] [stdout]   15:     0x574e62dab478 - <iota_stronghold[77c8bc0ca4797a0a]::types::client::Client as iota_stronghold[77c8bc0ca4797a0a]::procedures::types::Runner>::get_guards::<<iota_stronghold[77c8bc0ca4797a0a]::procedures::primitives::PublicKey as iota_stronghold[77c8bc0ca4797a0a]::procedures::types::UseSecret<1usize>>::exec<iota_stronghold[77c8bc0ca4797a0a]::types::client::Client>::{closure#0}, alloc[2e1b2a31b91974c5]::vec::Vec<u8>, 1usize>
[INFO] [stdout]   16:     0x574e62dbc8be - <iota_stronghold[77c8bc0ca4797a0a]::procedures::primitives::StrongholdProcedure as iota_stronghold[77c8bc0ca4797a0a]::procedures::types::Procedure>::execute::<iota_stronghold[77c8bc0ca4797a0a]::types::client::Client>
[INFO] [stdout]   17:     0x574e62db416b - <iota_stronghold[77c8bc0ca4797a0a]::types::client::Client>::execute_procedure_chained
[INFO] [stdout]   18:     0x574e62d42a4e - <iota_stronghold[77c8bc0ca4797a0a]::types::client::Client>::execute_procedure::<iota_stronghold[77c8bc0ca4797a0a]::procedures::primitives::StrongholdProcedure>
[INFO] [stdout]   19:     0x574e62d48191 - <test_multithreaded[f6cb3b862bfc3805]::test_full_stronghold_access_multithreaded::{closure#1} as threadpool[1251da8a3ec22309]::FnBox>::call_box
[INFO] [stdout]   20:     0x574e62d96218 - std[617be2ca0a6fd877]::sys::backtrace::__rust_begin_short_backtrace::<threadpool[1251da8a3ec22309]::spawn_in_pool::{closure#0}, ()>
[INFO] [stdout]   21:     0x574e62d97075 - <std[617be2ca0a6fd877]::thread::lifecycle::spawn_unchecked<threadpool[1251da8a3ec22309]::spawn_in_pool::{closure#0}, ()>::{closure#1} as core[a373ad73a504971]::ops::function::FnOnce<()>>::call_once::{shim:vtable#0}
[INFO] [stdout]   22:     0x574e62e9b7af - <std[617be2ca0a6fd877]::sys::thread::unix::Thread>::new::thread_start
[INFO] [stdout]   23:     0x72054dae5dfa - <unknown>
[INFO] [stdout]   24:     0x72054db793d4 - clone
[INFO] [stdout]   25:                0x0 - <unknown>
[INFO] [stdout] 
[INFO] [stdout] thread '<unnamed>' (19111) panicked at /opt/rustwide/cargo-home/registry/src/index.crates.io-1949cf8c6b5b557f/stronghold-runtime-2.0.1/src/boxed.rs:177:13:
[INFO] [stdout] Cannot unlock mutably while unlocked immutably
[INFO] [stdout] stack backtrace:
[INFO] [stdout]    0:     0x574e62e9c261 - <<std[617be2ca0a6fd877]::sys::backtrace::BacktraceLock>::print::DisplayBacktrace as core[a373ad73a504971]::fmt::Display>::fmt
[INFO] [stdout]    1:     0x574e62eb0d1a - core[a373ad73a504971]::fmt::write
[INFO] [stdout]    2:     0x574e62ea04ec - <alloc[2e1b2a31b91974c5]::vec::Vec<u8> as core[a373ad73a504971]::io::write::Write>::write_fmt
[INFO] [stdout]    3:     0x574e62e77126 - std[617be2ca0a6fd877]::panicking::default_hook::{closure#0}
[INFO] [stdout]    4:     0x574e62e94269 - std[617be2ca0a6fd877]::panicking::default_hook
[INFO] [stdout]    5:     0x574e62d61700 - test[aada8e7e76ba119b]::test_main_inner::{closure#0}
[INFO] [stdout]    6:     0x574e62e94422 - std[617be2ca0a6fd877]::panicking::panic_with_hook
[INFO] [stdout]    7:     0x574e62e77204 - std[617be2ca0a6fd877]::panicking::panic_handler::{closure#0}
[INFO] [stdout]    8:     0x574e62e6fbd9 - std[617be2ca0a6fd877]::sys::backtrace::__rust_end_short_backtrace::<std[617be2ca0a6fd877]::panicking::panic_handler::{closure#0}, !>
[INFO] [stdout]    9:     0x574e62e77f8d - __rustc[ea4f61d10b84890b]::rust_begin_unwind
[INFO] [stdout]   10:     0x574e62eb147c - core[a373ad73a504971]::panicking::panic_fmt
[INFO] [stdout]   11:     0x574e62dec5af - <runtime[a45b4287bf271cd0]::boxed::Boxed<u8>>::retain
[INFO] [stdout]   12:     0x574e62dedc54 - <runtime[a45b4287bf271cd0]::boxed::Boxed<u8> as zeroize[59d38cc1b948d9d8]::Zeroize>::zeroize
[INFO] [stdout]   13:     0x574e62dcc21c - core[a373ad73a504971]::ptr::drop_glue::<engine[f9adf5ffad035821]::vault::crypto_box::Key<iota_stronghold[77c8bc0ca4797a0a]::internal::provider::Provider>>
[INFO] [stdout]   14:     0x574e62dc9376 - <engine[f9adf5ffad035821]::vault::view::DbView<iota_stronghold[77c8bc0ca4797a0a]::internal::provider::Provider>>::get_buffers::<iota_stronghold[77c8bc0ca4797a0a]::procedures::types::FatalProcedureError, 1usize>
[INFO] [stdout]   15:     0x574e62dc8a7c - <engine[f9adf5ffad035821]::vault::view::DbView<iota_stronghold[77c8bc0ca4797a0a]::internal::provider::Provider>>::get_guards::<alloc[2e1b2a31b91974c5]::vec::Vec<u8>, iota_stronghold[77c8bc0ca4797a0a]::procedures::types::FatalProcedureError, <iota_stronghold[77c8bc0ca4797a0a]::procedures::primitives::PublicKey as iota_stronghold[77c8bc0ca4797a0a]::procedures::types::UseSecret<1usize>>::exec<iota_stronghold[77c8bc0ca4797a0a]::types::client::Client>::{closure#0}, 1usize>
[INFO] [stdout]   16:     0x574e62dab478 - <iota_stronghold[77c8bc0ca4797a0a]::types::client::Client as iota_stronghold[77c8bc0ca4797a0a]::procedures::types::Runner>::get_guards::<<iota_stronghold[77c8bc0ca4797a0a]::procedures::primitives::PublicKey as iota_stronghold[77c8bc0ca4797a0a]::procedures::types::UseSecret<1usize>>::exec<iota_stronghold[77c8bc0ca4797a0a]::types::client::Client>::{closure#0}, alloc[2e1b2a31b91974c5]::vec::Vec<u8>, 1usize>
[INFO] [stdout]   17:     0x574e62dbc8be - <iota_stronghold[77c8bc0ca4797a0a]::procedures::primitives::StrongholdProcedure as iota_stronghold[77c8bc0ca4797a0a]::procedures::types::Procedure>::execute::<iota_stronghold[77c8bc0ca4797a0a]::types::client::Client>
[INFO] [stdout]   18:     0x574e62db416b - <iota_stronghold[77c8bc0ca4797a0a]::types::client::Client>::execute_procedure_chained
[INFO] [stdout]   19:     0x574e62d42a4e - <iota_stronghold[77c8bc0ca4797a0a]::types::client::Client>::execute_procedure::<iota_stronghold[77c8bc0ca4797a0a]::procedures::primitives::StrongholdProcedure>
[INFO] [stdout]   20:     0x574e62d48191 - <test_multithreaded[f6cb3b862bfc3805]::test_full_stronghold_access_multithreaded::{closure#1} as threadpool[1251da8a3ec22309]::FnBox>::call_box
[INFO] [stdout]   21:     0x574e62d96218 - std[617be2ca0a6fd877]::sys::backtrace::__rust_begin_short_backtrace::<threadpool[1251da8a3ec22309]::spawn_in_pool::{closure#0}, ()>
[INFO] [stdout]   22:     0x574e62d97075 - <std[617be2ca0a6fd877]::thread::lifecycle::spawn_unchecked<threadpool[1251da8a3ec22309]::spawn_in_pool::{closure#0}, ()>::{closure#1} as core[a373ad73a504971]::ops::function::FnOnce<()>>::call_once::{shim:vtable#0}
[INFO] [stdout]   23:     0x574e62e9b7af - <std[617be2ca0a6fd877]::sys::thread::unix::Thread>::new::thread_start
[INFO] [stdout]   24:     0x72054dae5dfa - <unknown>
[INFO] [stdout]   25:     0x72054db793d4 - clone
[INFO] [stdout]   26:                0x0 - <unknown>
[INFO] [stdout] 
[INFO] [stdout] thread '<unnamed>' (19111) panicked at /opt/rustwide/cargo-home/registry/src/index.crates.io-1949cf8c6b5b557f/stronghold-runtime-2.0.1/src/boxed.rs:177:13:
[INFO] [stdout] Cannot unlock mutably while unlocked immutably
[INFO] [stdout] stack backtrace:
[INFO] [stdout]    0:     0x574e62e9c261 - <<std[617be2ca0a6fd877]::sys::backtrace::BacktraceLock>::print::DisplayBacktrace as core[a373ad73a504971]::fmt::Display>::fmt
[INFO] [stdout]    1:     0x574e62eb0d1a - core[a373ad73a504971]::fmt::write
[INFO] [stdout]    2:     0x574e62ea04ec - <alloc[2e1b2a31b91974c5]::vec::Vec<u8> as core[a373ad73a504971]::io::write::Write>::write_fmt
[INFO] [stdout]    3:     0x574e62e77126 - std[617be2ca0a6fd877]::panicking::default_hook::{closure#0}
[INFO] [stdout]    4:     0x574e62e94269 - std[617be2ca0a6fd877]::panicking::default_hook
[INFO] [stdout]    5:     0x574e62d61700 - test[aada8e7e76ba119b]::test_main_inner::{closure#0}
[INFO] [stdout]    6:     0x574e62e94422 - std[617be2ca0a6fd877]::panicking::panic_with_hook
[INFO] [stdout]    7:     0x574e62e77204 - std[617be2ca0a6fd877]::panicking::panic_handler::{closure#0}
[INFO] [stdout]    8:     0x574e62e6fbd9 - std[617be2ca0a6fd877]::sys::backtrace::__rust_end_short_backtrace::<std[617be2ca0a6fd877]::panicking::panic_handler::{closure#0}, !>
[INFO] [stdout]    9:     0x574e62e77f8d - __rustc[ea4f61d10b84890b]::rust_begin_unwind
[INFO] [stdout]   10:     0x574e62eb147c - core[a373ad73a504971]::panicking::panic_fmt
[INFO] [stdout]   11:     0x574e62dec5af - <runtime[a45b4287bf271cd0]::boxed::Boxed<u8>>::retain
[INFO] [stdout]   12:     0x574e62dedc54 - <runtime[a45b4287bf271cd0]::boxed::Boxed<u8> as zeroize[59d38cc1b948d9d8]::Zeroize>::zeroize
[INFO] [stdout]   13:     0x574e62dcc14c - core[a373ad73a504971]::ptr::drop_glue::<runtime[a45b4287bf271cd0]::memories::buffer::Buffer<u8>>
[INFO] [stdout]   14:     0x574e62dcc2ae - core[a373ad73a504971]::ptr::drop_glue::<engine[f9adf5ffad035821]::vault::crypto_box::Key<iota_stronghold[77c8bc0ca4797a0a]::internal::provider::Provider>>
[INFO] [stdout]   15:     0x574e62dc9376 - <engine[f9adf5ffad035821]::vault::view::DbView<iota_stronghold[77c8bc0ca4797a0a]::internal::provider::Provider>>::get_buffers::<iota_stronghold[77c8bc0ca4797a0a]::procedures::types::FatalProcedureError, 1usize>
[INFO] [stdout]   16:     0x574e62dc8a7c - <engine[f9adf5ffad035821]::vault::view::DbView<iota_stronghold[77c8bc0ca4797a0a]::internal::provider::Provider>>::get_guards::<alloc[2e1b2a31b91974c5]::vec::Vec<u8>, iota_stronghold[77c8bc0ca4797a0a]::procedures::types::FatalProcedureError, <iota_stronghold[77c8bc0ca4797a0a]::procedures::primitives::PublicKey as iota_stronghold[77c8bc0ca4797a0a]::procedures::types::UseSecret<1usize>>::exec<iota_stronghold[77c8bc0ca4797a0a]::types::client::Client>::{closure#0}, 1usize>
[INFO] [stdout]   17:     0x574e62dab478 - <iota_stronghold[77c8bc0ca4797a0a]::types::client::Client as iota_stronghold[77c8bc0ca4797a0a]::procedures::types::Runner>::get_guards::<<iota_stronghold[77c8bc0ca4797a0a]::procedures::primitives::PublicKey as iota_stronghold[77c8bc0ca4797a0a]::procedures::types::UseSecret<1usize>>::exec<iota_stronghold[77c8bc0ca4797a0a]::types::client::Client>::{closure#0}, alloc[2e1b2a31b91974c5]::vec::Vec<u8>, 1usize>
[INFO] [stdout]   18:     0x574e62dbc8be - <iota_stronghold[77c8bc0ca4797a0a]::procedures::primitives::StrongholdProcedure as iota_stronghold[77c8bc0ca4797a0a]::procedures::types::Procedure>::execute::<iota_stronghold[77c8bc0ca4797a0a]::types::client::Client>
[INFO] [stdout]   19:     0x574e62db416b - <iota_stronghold[77c8bc0ca4797a0a]::types::client::Client>::execute_procedure_chained
[INFO] [stdout]   20:     0x574e62d42a4e - <iota_stronghold[77c8bc0ca4797a0a]::types::client::Client>::execute_procedure::<iota_stronghold[77c8bc0ca4797a0a]::procedures::primitives::StrongholdProcedure>
[INFO] [stdout]   21:     0x574e62d48191 - <test_multithreaded[f6cb3b862bfc3805]::test_full_stronghold_access_multithreaded::{closure#1} as threadpool[1251da8a3ec22309]::FnBox>::call_box
[INFO] [stdout]   22:     0x574e62d96218 - std[617be2ca0a6fd877]::sys::backtrace::__rust_begin_short_backtrace::<threadpool[1251da8a3ec22309]::spawn_in_pool::{closure#0}, ()>
[INFO] [stdout]   23:     0x574e62d97075 - <std[617be2ca0a6fd877]::thread::lifecycle::spawn_unchecked<threadpool[1251da8a3ec22309]::spawn_in_pool::{closure#0}, ()>::{closure#1} as core[a373ad73a504971]::ops::function::FnOnce<()>>::call_once::{shim:vtable#0}
[INFO] [stdout]   24:     0x574e62e9b7af - <std[617be2ca0a6fd877]::sys::thread::unix::Thread>::new::thread_start
[INFO] [stdout]   25:     0x72054dae5dfa - <unknown>
[INFO] [stdout]   26:     0x72054db793d4 - clone
[INFO] [stdout]   27:                0x0 - <unknown>
[INFO] [stderr] error: test failed, to rerun pass `--test test_multithreaded`
[INFO] [stderr] 
[INFO] [stderr] Caused by:
[INFO] [stderr]   process didn't exit successfully: `/opt/rustwide/target/release/build/iota_stronghold/0d0dac135b6ae705/out/test_multithreaded-0d0dac135b6ae705` (signal: 6, SIGABRT: process abort signal)
[INFO] running `Command { std: "docker" "inspect" "36048e3718c6fed7cee93caeaebb44f427ed6d6b75f4aebca73d36738f723910", kill_on_drop: false }`
[INFO] running `Command { std: "docker" "rm" "-f" "36048e3718c6fed7cee93caeaebb44f427ed6d6b75f4aebca73d36738f723910", kill_on_drop: false }`
[INFO] [stdout] 36048e3718c6fed7cee93caeaebb44f427ed6d6b75f4aebca73d36738f723910
