[INFO] fetching crate integrustio 0.6.1...
[INFO] testing integrustio-0.6.1 against 1.99.0-beta.8+cargoflags=--release for beta-release-1.100-2
[INFO] extracting crate integrustio 0.6.1 into /workspace/builds/worker-5-tc1/source
[INFO] started tweaking crates.io crate integrustio 0.6.1
[INFO] finished tweaking crates.io crate integrustio 0.6.1
[INFO] tweaked toml for crates.io crate integrustio 0.6.1 written to /workspace/builds/worker-5-tc1/source/Cargo.toml
[INFO] validating manifest of crates.io crate integrustio 0.6.1 on toolchain 1.99.0-beta.8
[INFO] running `Command { std: CARGO_HOME="/workspace/cargo-home" RUSTUP_HOME="/workspace/rustup-home" "/workspace/cargo-home/bin/cargo" "+1.99.0-beta.8" "metadata" "--manifest-path" "Cargo.toml" "--no-deps", kill_on_drop: false }`
[INFO] running `Command { std: CARGO_HOME="/workspace/cargo-home" RUSTUP_HOME="/workspace/rustup-home" "/workspace/cargo-home/bin/cargo" "+1.99.0-beta.8" "generate-lockfile" "--manifest-path" "Cargo.toml", kill_on_drop: false }`
[INFO] [stderr]     Updating crates.io index
[INFO] [stderr]      Locking 164 packages to highest compatible versions
[INFO] [stderr]       Adding criterion v0.3.6 (available: v0.8.2)
[INFO] [stderr]       Adding glm v0.2.3 (available: v0.3.0)
[INFO] [stderr]       Adding itertools v0.10.5 (available: v0.15.0)
[INFO] running `Command { std: CARGO_HOME="/workspace/cargo-home" RUSTUP_HOME="/workspace/rustup-home" "/workspace/cargo-home/bin/cargo" "+1.99.0-beta.8" "fetch" "--manifest-path" "Cargo.toml", kill_on_drop: false }`
[INFO] [stderr]  Downloading crates ...
[INFO] [stderr]   Downloaded num-complex v0.1.44
[INFO] [stderr]   Downloaded cryiorust v0.6.0
[INFO] [stderr]   Downloaded num-rational v0.1.43
[INFO] [stderr]   Downloaded glm v0.2.3
[INFO] [stderr]   Downloaded quickcheck v0.2.27
[INFO] [stderr]   Downloaded hdf5-derive v0.8.1
[INFO] [stderr]   Downloaded cryiorust_derive v0.4.0
[INFO] [stderr]   Downloaded humansize v1.1.1
[INFO] [stderr]   Downloaded askama v0.11.1
[INFO] [stderr]   Downloaded askama_shared v0.12.2
[INFO] [stderr]   Downloaded askama_derive v0.11.2
[INFO] [stderr]   Downloaded reinterpret v0.2.1
[INFO] [stderr]   Downloaded hdf5-types v0.8.1
[INFO] [stderr]   Downloaded hdf5-sys v0.8.1
[INFO] [stderr]   Downloaded hdf5 v0.8.1
[INFO] [stderr]   Downloaded hdf5-bitshuffle v0.8.0
[INFO] [stderr]   Downloaded ndarray v0.15.6
[INFO] [stderr]   Downloaded jpeg-decoder v0.2.6
[INFO] [stderr]   Downloaded tiff v0.7.4
[INFO] [stderr]   Downloaded hdf5-src v0.8.1
[INFO] running `Command { std: "docker" "create" "-v" "/var/lib/crater-agent-workspace/builds/worker-5-tc1/source:/opt/rustwide/workdir:ro,Z" "-v" "/var/lib/crater-agent-workspace/builds/worker-5-tc1/target:/opt/rustwide/target:rw,Z" "-v" "/var/lib/crater-agent-workspace/cargo-home:/opt/rustwide/cargo-home:ro,Z" "-v" "/var/lib/crater-agent-workspace/rustup-home:/opt/rustwide/rustup-home:ro,Z" "-m" "1610612736" "--network" "none" "ghcr.io/rust-lang/crates-build-env/linux@sha256:77db811e55d90add9212f6832c23229e3de5f1c1f9905e8cb07319ea15df73ac" "sleep" "infinity", kill_on_drop: false }`
[INFO] [stdout] d4b7c7d371c7cfcd3ac9ec22b02ad7d3179dcb3059a3bc271644cd13382d65b4
[INFO] running `Command { std: "docker" "start" "d4b7c7d371c7cfcd3ac9ec22b02ad7d3179dcb3059a3bc271644cd13382d65b4", kill_on_drop: false }`
[INFO] running `Command { std: "docker" "inspect" "d4b7c7d371c7cfcd3ac9ec22b02ad7d3179dcb3059a3bc271644cd13382d65b4", kill_on_drop: false }`
[INFO] running `Command { std: "docker" "exec" "-e" "SOURCE_DIR=/opt/rustwide/workdir" "-e" "CARGO_HOME=/opt/rustwide/cargo-home" "-e" "RUSTUP_HOME=/opt/rustwide/rustup-home" "-e" "CARGO_TARGET_DIR=/opt/rustwide/target" "-w" "/opt/rustwide/workdir" "--user" "0:0" "d4b7c7d371c7cfcd3ac9ec22b02ad7d3179dcb3059a3bc271644cd13382d65b4" "/opt/rustwide/cargo-home/bin/cargo" "+1.99.0-beta.8" "metadata" "--no-deps" "--format-version=1", kill_on_drop: false }`
[INFO] running `Command { std: "docker" "inspect" "d4b7c7d371c7cfcd3ac9ec22b02ad7d3179dcb3059a3bc271644cd13382d65b4", kill_on_drop: false }`
[INFO] running `Command { std: "docker" "exec" "-e" "SOURCE_DIR=/opt/rustwide/workdir" "-e" "CARGO_HOME=/opt/rustwide/cargo-home" "-e" "RUSTUP_HOME=/opt/rustwide/rustup-home" "-e" "CARGO_TARGET_DIR=/opt/rustwide/target" "-e" "CARGO_INCREMENTAL=0" "-e" "RUST_BACKTRACE=full" "-e" "RUSTFLAGS=--cap-lints=warn" "-e" "RUSTDOCFLAGS=--cap-lints=warn" "-w" "/opt/rustwide/workdir" "--user" "0:0" "d4b7c7d371c7cfcd3ac9ec22b02ad7d3179dcb3059a3bc271644cd13382d65b4" "/opt/rustwide/cargo-home/bin/cargo" "+1.99.0-beta.8" "build" "--frozen" "--message-format=json" "--release", kill_on_drop: false }`
[INFO] [stderr]    Compiling winapi-build v0.1.1
[INFO] [stderr]    Compiling libloading v0.7.4
[INFO] [stderr]    Compiling winapi v0.2.8
[INFO] [stderr]    Compiling proc-macro2 v1.0.107
[INFO] [stderr]    Compiling serde v1.0.229
[INFO] [stderr]    Compiling rand v0.4.6
[INFO] [stderr]    Compiling mime_guess v2.0.5
[INFO] [stderr]    Compiling memchr v0.1.11
[INFO] [stderr]    Compiling quote v1.0.47
[INFO] [stderr]    Compiling num-bigint v0.1.45
[INFO] [stderr]    Compiling matrixmultiply v0.3.11
[INFO] [stderr]    Compiling cmake v0.1.58
[INFO] [stderr]    Compiling num-integer v0.1.47
[INFO] [stderr]    Compiling syn v1.0.109
[INFO] [stderr]    Compiling parking_lot_core v0.8.6
[INFO] [stderr]    Compiling crc32fast v1.5.2
[INFO] [stderr]    Compiling rustc-serialize v0.3.25
[INFO] [stderr]    Compiling nom v7.1.3
[INFO] [stderr]    Compiling kernel32-sys v0.2.2
[INFO] [stderr]    Compiling aho-corasick v0.5.3
[INFO] [stderr]    Compiling instant v0.1.13
[INFO] [stderr]    Compiling hdf5-sys v0.8.1
[INFO] [stderr]    Compiling num-complex v0.1.44
[INFO] [stderr]    Compiling num-rational v0.1.43
[INFO] [stderr]    Compiling smallvec v1.16.3
[INFO] [stderr]    Compiling thread-id v2.0.0
[INFO] [stderr]    Compiling regex-syntax v0.3.9
[INFO] [stderr]    Compiling simd-adler32 v0.3.10
[INFO] [stderr]    Compiling hdf5-types v0.8.1
[INFO] [stderr]    Compiling thread_local v0.2.7
[INFO] [stderr]    Compiling hdf5-src v0.8.1
[INFO] [stderr]    Compiling utf8-ranges v0.1.3
[INFO] [stderr]    Compiling askama_escape v0.10.3
[INFO] [stderr]    Compiling log v0.4.34
[INFO] [stderr]    Compiling miniz_oxide v0.9.1
[INFO] [stderr]    Compiling toml v0.5.11
[INFO] [stderr]    Compiling log v0.3.9
[INFO] [stderr]    Compiling hdf5-bitshuffle v0.8.0
[INFO] [stderr]    Compiling num-complex v0.4.6
[INFO] [stderr]    Compiling hdf5 v0.8.1
[INFO] [stderr]    Compiling ascii v1.1.0
[INFO] [stderr]    Compiling humansize v1.1.1
[INFO] [stderr]    Compiling flate2 v1.1.10
[INFO] [stderr]    Compiling parking_lot v0.11.2
[INFO] [stderr]    Compiling rand v0.3.23
[INFO] [stderr]    Compiling num-iter v0.1.46
[INFO] [stderr]    Compiling regex v0.1.80
[INFO] [stderr]    Compiling jpeg-decoder v0.2.6
[INFO] [stderr]    Compiling ndarray v0.15.6
[INFO] [stderr]    Compiling weezl v0.1.12
[INFO] [stderr]    Compiling askama_shared v0.12.2
[INFO] [stderr]    Compiling chrono v0.4.45
[INFO] [stderr]    Compiling env_logger v0.3.5
[INFO] [stderr]    Compiling tiff v0.7.4
[INFO] [stderr]    Compiling hdf5-derive v0.8.1
[INFO] [stderr]    Compiling cryiorust_derive v0.4.0
[INFO] [stderr]    Compiling quickcheck v0.2.27
[INFO] [stderr]    Compiling reinterpret v0.2.1
[INFO] [stderr]    Compiling md5 v0.7.0
[INFO] [stderr]    Compiling serde_json v1.0.154
[INFO] [stderr]    Compiling num v0.1.43
[INFO] [stderr]    Compiling glm v0.2.3
[INFO] [stderr]    Compiling askama_derive v0.11.2
[INFO] [stderr]    Compiling askama v0.11.1
[INFO] [stderr]    Compiling cryiorust v0.6.0
[INFO] [stderr]    Compiling integrustio v0.6.1 (/opt/rustwide/workdir)
[INFO] [stdout] warning: hiding a lifetime that's elided elsewhere is confusing
[INFO] [stdout]    --> src/integrator.rs:398:20
[INFO] [stdout]     |
[INFO] [stdout] 398 |     fn new(params: &Params) -> Corners {
[INFO] [stdout]     |                    ^^^^^^^     ^^^^^^^ the same lifetime is hidden here
[INFO] [stdout]     |                    |
[INFO] [stdout]     |                    the lifetime is elided here
[INFO] [stdout]     |
[INFO] [stdout]     = help: the same lifetime is referred to in inconsistent ways, making the signature confusing
[INFO] [stdout]     = note: `#[warn(mismatched_lifetime_syntaxes)]` on by default
[INFO] [stdout] help: use `'_` for type paths
[INFO] [stdout]     |
[INFO] [stdout] 398 |     fn new(params: &Params) -> Corners<'_> {
[INFO] [stdout]     |                                       ++++
[INFO] [stdout] 
[INFO] [stdout] 
[INFO] [stdout] warning: hiding a lifetime that's elided elsewhere is confusing
[INFO] [stdout]    --> src/poni.rs:201:21
[INFO] [stdout]     |
[INFO] [stdout] 201 |     fn to_poni_item(&self) -> PoniItem;
[INFO] [stdout]     |                     ^^^^^     ^^^^^^^^ the same lifetime is hidden here
[INFO] [stdout]     |                     |
[INFO] [stdout]     |                     the lifetime is elided here
[INFO] [stdout]     |
[INFO] [stdout]     = help: the same lifetime is referred to in inconsistent ways, making the signature confusing
[INFO] [stdout] help: use `'_` for type paths
[INFO] [stdout]     |
[INFO] [stdout] 201 |     fn to_poni_item(&self) -> PoniItem<'_>;
[INFO] [stdout]     |                                       ++++
[INFO] [stdout] 
[INFO] [stdout] 
[INFO] [stdout] warning: hiding a lifetime that's elided elsewhere is confusing
[INFO] [stdout]    --> src/poni.rs:205:21
[INFO] [stdout]     |
[INFO] [stdout] 205 |     fn to_poni_item(&self) -> PoniItem {
[INFO] [stdout]     |                     ^^^^^     ^^^^^^^^ the same lifetime is hidden here
[INFO] [stdout]     |                     |
[INFO] [stdout]     |                     the lifetime is elided here
[INFO] [stdout]     |
[INFO] [stdout]     = help: the same lifetime is referred to in inconsistent ways, making the signature confusing
[INFO] [stdout] help: use `'_` for type paths
[INFO] [stdout]     |
[INFO] [stdout] 205 |     fn to_poni_item(&self) -> PoniItem<'_> {
[INFO] [stdout]     |                                       ++++
[INFO] [stdout] 
[INFO] [stdout] 
[INFO] [stderr]     Finished `release` profile [optimized] target(s) in 2m 38s
[INFO] running `Command { std: "docker" "inspect" "d4b7c7d371c7cfcd3ac9ec22b02ad7d3179dcb3059a3bc271644cd13382d65b4", kill_on_drop: false }`
[INFO] running `Command { std: "docker" "exec" "-e" "SOURCE_DIR=/opt/rustwide/workdir" "-e" "CARGO_HOME=/opt/rustwide/cargo-home" "-e" "RUSTUP_HOME=/opt/rustwide/rustup-home" "-e" "CARGO_TARGET_DIR=/opt/rustwide/target" "-e" "CARGO_INCREMENTAL=0" "-e" "RUST_BACKTRACE=full" "-e" "RUSTFLAGS=--cap-lints=warn" "-e" "RUSTDOCFLAGS=--cap-lints=warn" "-w" "/opt/rustwide/workdir" "--user" "0:0" "d4b7c7d371c7cfcd3ac9ec22b02ad7d3179dcb3059a3bc271644cd13382d65b4" "/opt/rustwide/cargo-home/bin/cargo" "+1.99.0-beta.8" "test" "--frozen" "--no-run" "--message-format=json" "--release", kill_on_drop: false }`
[INFO] [stderr]    Compiling serde v1.0.229
[INFO] [stderr]    Compiling serde_json v1.0.154
[INFO] [stderr]    Compiling plotters v0.3.7
[INFO] [stderr]    Compiling atty v0.2.14
[INFO] [stderr]    Compiling csv v1.4.0
[INFO] [stderr]    Compiling toml v0.5.11
[INFO] [stderr]    Compiling serde_cbor v0.11.2
[INFO] [stderr]    Compiling tinytemplate v1.2.1
[INFO] [stderr]    Compiling criterion v0.3.6
[INFO] [stderr]    Compiling askama_shared v0.12.2
[INFO] [stderr]    Compiling askama v0.11.1
[INFO] [stderr]    Compiling cryiorust v0.6.0
[INFO] [stderr]    Compiling integrustio v0.6.1 (/opt/rustwide/workdir)
[INFO] [stdout] warning: hiding a lifetime that's elided elsewhere is confusing
[INFO] [stdout]    --> src/integrator.rs:398:20
[INFO] [stdout]     |
[INFO] [stdout] 398 |     fn new(params: &Params) -> Corners {
[INFO] [stdout]     |                    ^^^^^^^     ^^^^^^^ the same lifetime is hidden here
[INFO] [stdout]     |                    |
[INFO] [stdout]     |                    the lifetime is elided here
[INFO] [stdout]     |
[INFO] [stdout]     = help: the same lifetime is referred to in inconsistent ways, making the signature confusing
[INFO] [stdout]     = note: `#[warn(mismatched_lifetime_syntaxes)]` on by default
[INFO] [stdout] help: use `'_` for type paths
[INFO] [stdout]     |
[INFO] [stdout] 398 |     fn new(params: &Params) -> Corners<'_> {
[INFO] [stdout]     |                                       ++++
[INFO] [stdout] 
[INFO] [stdout] 
[INFO] [stdout] warning: hiding a lifetime that's elided elsewhere is confusing
[INFO] [stdout]    --> src/poni.rs:201:21
[INFO] [stdout]     |
[INFO] [stdout] 201 |     fn to_poni_item(&self) -> PoniItem;
[INFO] [stdout]     |                     ^^^^^     ^^^^^^^^ the same lifetime is hidden here
[INFO] [stdout]     |                     |
[INFO] [stdout]     |                     the lifetime is elided here
[INFO] [stdout]     |
[INFO] [stdout]     = help: the same lifetime is referred to in inconsistent ways, making the signature confusing
[INFO] [stdout] help: use `'_` for type paths
[INFO] [stdout]     |
[INFO] [stdout] 201 |     fn to_poni_item(&self) -> PoniItem<'_>;
[INFO] [stdout]     |                                       ++++
[INFO] [stdout] 
[INFO] [stdout] 
[INFO] [stdout] warning: hiding a lifetime that's elided elsewhere is confusing
[INFO] [stdout]    --> src/poni.rs:205:21
[INFO] [stdout]     |
[INFO] [stdout] 205 |     fn to_poni_item(&self) -> PoniItem {
[INFO] [stdout]     |                     ^^^^^     ^^^^^^^^ the same lifetime is hidden here
[INFO] [stdout]     |                     |
[INFO] [stdout]     |                     the lifetime is elided here
[INFO] [stdout]     |
[INFO] [stdout]     = help: the same lifetime is referred to in inconsistent ways, making the signature confusing
[INFO] [stdout] help: use `'_` for type paths
[INFO] [stdout]     |
[INFO] [stdout] 205 |     fn to_poni_item(&self) -> PoniItem<'_> {
[INFO] [stdout]     |                                       ++++
[INFO] [stdout] 
[INFO] [stdout] 
[INFO] [stdout] warning: hiding a lifetime that's elided elsewhere is confusing
[INFO] [stdout]    --> src/integrator.rs:398:20
[INFO] [stdout]     |
[INFO] [stdout] 398 |     fn new(params: &Params) -> Corners {
[INFO] [stdout]     |                    ^^^^^^^     ^^^^^^^ the same lifetime is hidden here
[INFO] [stdout]     |                    |
[INFO] [stdout]     |                    the lifetime is elided here
[INFO] [stdout]     |
[INFO] [stdout]     = help: the same lifetime is referred to in inconsistent ways, making the signature confusing
[INFO] [stdout]     = note: `#[warn(mismatched_lifetime_syntaxes)]` on by default
[INFO] [stdout] help: use `'_` for type paths
[INFO] [stdout]     |
[INFO] [stdout] 398 |     fn new(params: &Params) -> Corners<'_> {
[INFO] [stdout]     |                                       ++++
[INFO] [stdout] 
[INFO] [stdout] 
[INFO] [stdout] warning: hiding a lifetime that's elided elsewhere is confusing
[INFO] [stdout]    --> src/poni.rs:201:21
[INFO] [stdout]     |
[INFO] [stdout] 201 |     fn to_poni_item(&self) -> PoniItem;
[INFO] [stdout]     |                     ^^^^^     ^^^^^^^^ the same lifetime is hidden here
[INFO] [stdout]     |                     |
[INFO] [stdout]     |                     the lifetime is elided here
[INFO] [stdout]     |
[INFO] [stdout]     = help: the same lifetime is referred to in inconsistent ways, making the signature confusing
[INFO] [stdout] help: use `'_` for type paths
[INFO] [stdout]     |
[INFO] [stdout] 201 |     fn to_poni_item(&self) -> PoniItem<'_>;
[INFO] [stdout]     |                                       ++++
[INFO] [stdout] 
[INFO] [stdout] 
[INFO] [stdout] warning: hiding a lifetime that's elided elsewhere is confusing
[INFO] [stdout]    --> src/poni.rs:205:21
[INFO] [stdout]     |
[INFO] [stdout] 205 |     fn to_poni_item(&self) -> PoniItem {
[INFO] [stdout]     |                     ^^^^^     ^^^^^^^^ the same lifetime is hidden here
[INFO] [stdout]     |                     |
[INFO] [stdout]     |                     the lifetime is elided here
[INFO] [stdout]     |
[INFO] [stdout]     = help: the same lifetime is referred to in inconsistent ways, making the signature confusing
[INFO] [stdout] help: use `'_` for type paths
[INFO] [stdout]     |
[INFO] [stdout] 205 |     fn to_poni_item(&self) -> PoniItem<'_> {
[INFO] [stdout]     |                                       ++++
[INFO] [stdout] 
[INFO] [stdout] 
[INFO] [stderr]     Finished `release` profile [optimized] target(s) in 23.91s
[INFO] running `Command { std: "docker" "inspect" "d4b7c7d371c7cfcd3ac9ec22b02ad7d3179dcb3059a3bc271644cd13382d65b4", kill_on_drop: false }`
[INFO] running `Command { std: "docker" "exec" "-e" "SOURCE_DIR=/opt/rustwide/workdir" "-e" "CARGO_HOME=/opt/rustwide/cargo-home" "-e" "RUSTUP_HOME=/opt/rustwide/rustup-home" "-e" "CARGO_TARGET_DIR=/opt/rustwide/target" "-e" "CARGO_INCREMENTAL=0" "-e" "RUST_BACKTRACE=full" "-e" "RUSTFLAGS=--cap-lints=warn" "-e" "RUSTDOCFLAGS=--cap-lints=warn" "-w" "/opt/rustwide/workdir" "--user" "0:0" "d4b7c7d371c7cfcd3ac9ec22b02ad7d3179dcb3059a3bc271644cd13382d65b4" "/opt/rustwide/cargo-home/bin/cargo" "+1.99.0-beta.8" "test" "--frozen" "--release", kill_on_drop: false }`
[INFO] [stderr] warning: hiding a lifetime that's elided elsewhere is confusing
[INFO] [stderr]    --> src/integrator.rs:398:20
[INFO] [stderr]     |
[INFO] [stderr] 398 |     fn new(params: &Params) -> Corners {
[INFO] [stderr]     |                    ^^^^^^^     ^^^^^^^ the same lifetime is hidden here
[INFO] [stderr]     |                    |
[INFO] [stderr]     |                    the lifetime is elided here
[INFO] [stderr]     |
[INFO] [stderr]     = help: the same lifetime is referred to in inconsistent ways, making the signature confusing
[INFO] [stderr]     = note: `#[warn(mismatched_lifetime_syntaxes)]` on by default
[INFO] [stderr] help: use `'_` for type paths
[INFO] [stderr]     |
[INFO] [stderr] 398 |     fn new(params: &Params) -> Corners<'_> {
[INFO] [stderr]     |                                       ++++
[INFO] [stderr] 
[INFO] [stderr] warning: hiding a lifetime that's elided elsewhere is confusing
[INFO] [stderr]    --> src/poni.rs:201:21
[INFO] [stderr]     |
[INFO] [stderr] 201 |     fn to_poni_item(&self) -> PoniItem;
[INFO] [stderr]     |                     ^^^^^     ^^^^^^^^ the same lifetime is hidden here
[INFO] [stderr]     |                     |
[INFO] [stderr]     |                     the lifetime is elided here
[INFO] [stderr]     |
[INFO] [stderr]     = help: the same lifetime is referred to in inconsistent ways, making the signature confusing
[INFO] [stderr] help: use `'_` for type paths
[INFO] [stderr]     |
[INFO] [stderr] 201 |     fn to_poni_item(&self) -> PoniItem<'_>;
[INFO] [stderr]     |                                       ++++
[INFO] [stderr] 
[INFO] [stderr] warning: hiding a lifetime that's elided elsewhere is confusing
[INFO] [stderr]    --> src/poni.rs:205:21
[INFO] [stderr]     |
[INFO] [stderr] 205 |     fn to_poni_item(&self) -> PoniItem {
[INFO] [stderr]     |                     ^^^^^     ^^^^^^^^ the same lifetime is hidden here
[INFO] [stderr]     |                     |
[INFO] [stderr]     |                     the lifetime is elided here
[INFO] [stderr]     |
[INFO] [stderr]     = help: the same lifetime is referred to in inconsistent ways, making the signature confusing
[INFO] [stderr] help: use `'_` for type paths
[INFO] [stderr]     |
[INFO] [stderr] 205 |     fn to_poni_item(&self) -> PoniItem<'_> {
[INFO] [stderr]     |                                       ++++
[INFO] [stderr] 
[INFO] [stderr] warning: `integrustio` (lib) generated 3 warnings (run `cargo fix --lib -p integrustio` to apply 3 suggestions)
[INFO] [stderr] warning: `integrustio` (lib test) generated 3 warnings (3 duplicates)
[INFO] [stderr]     Finished `release` profile [optimized] target(s) in 0.15s
[INFO] [stderr]      Running unittests src/lib.rs (/opt/rustwide/target/release/deps/integrustio-d6fb3916a0e9928e)
[INFO] [stdout] 
[INFO] [stdout] running 14 tests
[INFO] [stdout] test integrator::tests::test_integrate_azimuthal ... FAILED
[INFO] [stdout] test integrator::tests::test_integrate_cake ... FAILED
[INFO] [stdout] test integrator::tests::test_position_2th ... FAILED
[INFO] [stdout] test poni::tests::read_poni4 ... FAILED
[INFO] [stdout] test spline::tests::test_spline_bispev ... FAILED
[INFO] [stdout] test utils::tests::test_modulo ... ok
[INFO] [stdout] test utils::tests::test_remainder ... ok
[INFO] [stdout] test spline::tests::test_spline_parser ... FAILED
[INFO] [stdout] test integrator::tests::test_integrate_radial ... FAILED
[INFO] [stdout] test poni::tests::read_poni2 ... FAILED
[INFO] [stdout] test poni::tests::read_poni3 ... FAILED
[INFO] [stdout] test integrator::tests::test_position_q ... FAILED
[INFO] [stdout] test poni::tests::read_poni1 ... FAILED
[INFO] [stdout] test distortion::tests::test_distortion_correction ... FAILED
[INFO] [stdout] 
[INFO] [stdout] failures:
[INFO] [stdout] 
[INFO] [stdout] ---- integrator::tests::test_integrate_azimuthal stdout ----
[INFO] [stdout] 
[INFO] [stdout] thread 'integrator::tests::test_integrate_azimuthal' (6142) panicked at src/integrator.rs:994:41:
[INFO] [stdout] called `Result::unwrap()` on an `Err` value: Os { code: 2, kind: NotFound, message: "No such file or directory" }
[INFO] [stdout] stack backtrace:
[INFO] [stdout]    0:     0x618bb94cf6f1 - <<std[70759c8f55707aa4]::sys::backtrace::BacktraceLock>::print::DisplayBacktrace as core[df12db4294e9bfd3]::fmt::Display>::fmt
[INFO] [stdout]    1:     0x618bb94e5a1a - core[df12db4294e9bfd3]::fmt::write
[INFO] [stdout]    2:     0x618bb94d3b8c - <alloc[2182bb758b4b3781]::vec::Vec<u8> as core[df12db4294e9bfd3]::io::write::Write>::write_fmt
[INFO] [stdout]    3:     0x618bb94ab266 - std[70759c8f55707aa4]::panicking::default_hook::{closure#0}
[INFO] [stdout]    4:     0x618bb94c75a9 - std[70759c8f55707aa4]::panicking::default_hook
[INFO] [stdout]    5:     0x618bb9456560 - test[9d35eded1c95d3be]::test_main_inner::<test[9d35eded1c95d3be]::test_main_static::{closure#0}>::{closure#0}
[INFO] [stdout]    6:     0x618bb94c7762 - std[70759c8f55707aa4]::panicking::panic_with_hook
[INFO] [stdout]    7:     0x618bb94ab312 - std[70759c8f55707aa4]::panicking::panic_handler::{closure#0}
[INFO] [stdout]    8:     0x618bb94a3f09 - std[70759c8f55707aa4]::sys::backtrace::__rust_end_short_backtrace::<std[70759c8f55707aa4]::panicking::panic_handler::{closure#0}, !>
[INFO] [stdout]    9:     0x618bb94abf0d - __rustc[8fa7c3cbc660c2b3]::rust_begin_unwind
[INFO] [stdout]   10:     0x618bb94e614c - core[df12db4294e9bfd3]::panicking::panic_fmt
[INFO] [stdout]   11:     0x618bb94e5f22 - core[df12db4294e9bfd3]::result::unwrap_failed
[INFO] [stdout]   12:     0x618bb9434025 - integrustio[e588e01d0dddd83f]::integrator::tests::get_frame_data
[INFO] [stdout]   13:     0x618bb943633d - integrustio[e588e01d0dddd83f]::integrator::tests::test_integrate_azimuthal
[INFO] [stdout]   14:     0x618bb94391c9 - <integrustio[e588e01d0dddd83f]::integrator::tests::test_integrate_azimuthal::{closure#0} as core[df12db4294e9bfd3]::ops::function::FnOnce<()>>::call_once
[INFO] [stdout]   15:     0x618bb944984b - test[9d35eded1c95d3be]::__rust_begin_short_backtrace::<core[df12db4294e9bfd3]::result::Result<(), alloc[2182bb758b4b3781]::string::String>, fn() -> core[df12db4294e9bfd3]::result::Result<(), alloc[2182bb758b4b3781]::string::String>>
[INFO] [stdout]   16:     0x618bb9456eb5 - test[9d35eded1c95d3be]::run_test::{closure#0}
[INFO] [stdout]   17:     0x618bb9450774 - std[70759c8f55707aa4]::sys::backtrace::__rust_begin_short_backtrace::<test[9d35eded1c95d3be]::run_test::{closure#1}, ()>
[INFO] [stdout]   18:     0x618bb945a012 - <std[70759c8f55707aa4]::thread::lifecycle::spawn_unchecked<test[9d35eded1c95d3be]::run_test::{closure#1}, ()>::{closure#1} as core[df12db4294e9bfd3]::ops::function::FnOnce<()>>::call_once::{shim:vtable#0}
[INFO] [stdout]   19:     0x618bb94ce939 - <std[70759c8f55707aa4]::sys::thread::unix::Thread>::new::thread_start
[INFO] [stdout]   20:     0x780fa778cdfa - <unknown>
[INFO] [stdout]   21:     0x780fa78203d4 - clone
[INFO] [stdout]   22:                0x0 - <unknown>
[INFO] [stdout] 
[INFO] [stdout] ---- integrator::tests::test_integrate_cake stdout ----
[INFO] [stdout] 
[INFO] [stdout] thread 'integrator::tests::test_integrate_cake' (6143) panicked at src/integrator.rs:994:41:
[INFO] [stdout] called `Result::unwrap()` on an `Err` value: Os { code: 2, kind: NotFound, message: "No such file or directory" }
[INFO] [stdout] stack backtrace:
[INFO] [stdout]    0:     0x618bb94cf6f1 - <<std[70759c8f55707aa4]::sys::backtrace::BacktraceLock>::print::DisplayBacktrace as core[df12db4294e9bfd3]::fmt::Display>::fmt
[INFO] [stdout]    1:     0x618bb94e5a1a - core[df12db4294e9bfd3]::fmt::write
[INFO] [stdout]    2:     0x618bb94d3b8c - <alloc[2182bb758b4b3781]::vec::Vec<u8> as core[df12db4294e9bfd3]::io::write::Write>::write_fmt
[INFO] [stdout]    3:     0x618bb94ab266 - std[70759c8f55707aa4]::panicking::default_hook::{closure#0}
[INFO] [stdout]    4:     0x618bb94c75a9 - std[70759c8f55707aa4]::panicking::default_hook
[INFO] [stdout]    5:     0x618bb9456560 - test[9d35eded1c95d3be]::test_main_inner::<test[9d35eded1c95d3be]::test_main_static::{closure#0}>::{closure#0}
[INFO] [stdout]    6:     0x618bb94c7762 - std[70759c8f55707aa4]::panicking::panic_with_hook
[INFO] [stdout]    7:     0x618bb94ab312 - std[70759c8f55707aa4]::panicking::panic_handler::{closure#0}
[INFO] [stdout]    8:     0x618bb94a3f09 - std[70759c8f55707aa4]::sys::backtrace::__rust_end_short_backtrace::<std[70759c8f55707aa4]::panicking::panic_handler::{closure#0}, !>
[INFO] [stdout]    9:     0x618bb94abf0d - __rustc[8fa7c3cbc660c2b3]::rust_begin_unwind
[INFO] [stdout]   10:     0x618bb94e614c - core[df12db4294e9bfd3]::panicking::panic_fmt
[INFO] [stdout]   11:     0x618bb94e5f22 - core[df12db4294e9bfd3]::result::unwrap_failed
[INFO] [stdout]   12:     0x618bb9434025 - integrustio[e588e01d0dddd83f]::integrator::tests::get_frame_data
[INFO] [stdout]   13:     0x618bb9435484 - integrustio[e588e01d0dddd83f]::integrator::tests::test_integrate_cake
[INFO] [stdout]   14:     0x618bb9439189 - <integrustio[e588e01d0dddd83f]::integrator::tests::test_integrate_cake::{closure#0} as core[df12db4294e9bfd3]::ops::function::FnOnce<()>>::call_once
[INFO] [stdout]   15:     0x618bb944984b - test[9d35eded1c95d3be]::__rust_begin_short_backtrace::<core[df12db4294e9bfd3]::result::Result<(), alloc[2182bb758b4b3781]::string::String>, fn() -> core[df12db4294e9bfd3]::result::Result<(), alloc[2182bb758b4b3781]::string::String>>
[INFO] [stdout]   16:     0x618bb9456eb5 - test[9d35eded1c95d3be]::run_test::{closure#0}
[INFO] [stdout]   17:     0x618bb9450774 - std[70759c8f55707aa4]::sys::backtrace::__rust_begin_short_backtrace::<test[9d35eded1c95d3be]::run_test::{closure#1}, ()>
[INFO] [stdout]   18:     0x618bb945a012 - <std[70759c8f55707aa4]::thread::lifecycle::spawn_unchecked<test[9d35eded1c95d3be]::run_test::{closure#1}, ()>::{closure#1} as core[df12db4294e9bfd3]::ops::function::FnOnce<()>>::call_once::{shim:vtable#0}
[INFO] [stdout]   19:     0x618bb94ce939 - <std[70759c8f55707aa4]::sys::thread::unix::Thread>::new::thread_start
[INFO] [stdout]   20:     0x780fa778cdfa - <unknown>
[INFO] [stdout]   21:     0x780fa78203d4 - clone
[INFO] [stdout]   22:                0x0 - <unknown>
[INFO] [stdout] 
[INFO] [stdout] ---- integrator::tests::test_position_2th stdout ----
[INFO] [stdout] 
[INFO] [stdout] thread 'integrator::tests::test_position_2th' (6145) panicked at src/integrator.rs:965:23:
[INFO] [stdout] Could not read file testdata/test.poni: No such file or directory (os error 2)
[INFO] [stdout] stack backtrace:
[INFO] [stdout]    0:     0x618bb94cf6f1 - <<std[70759c8f55707aa4]::sys::backtrace::BacktraceLock>::print::DisplayBacktrace as core[df12db4294e9bfd3]::fmt::Display>::fmt
[INFO] [stdout]    1:     0x618bb94e5a1a - core[df12db4294e9bfd3]::fmt::write
[INFO] [stdout]    2:     0x618bb94d3b8c - <alloc[2182bb758b4b3781]::vec::Vec<u8> as core[df12db4294e9bfd3]::io::write::Write>::write_fmt
[INFO] [stdout]    3:     0x618bb94ab266 - std[70759c8f55707aa4]::panicking::default_hook::{closure#0}
[INFO] [stdout]    4:     0x618bb94c75a9 - std[70759c8f55707aa4]::panicking::default_hook
[INFO] [stdout]    5:     0x618bb9456560 - test[9d35eded1c95d3be]::test_main_inner::<test[9d35eded1c95d3be]::test_main_static::{closure#0}>::{closure#0}
[INFO] [stdout]    6:     0x618bb94c7762 - std[70759c8f55707aa4]::panicking::panic_with_hook
[INFO] [stdout]    7:     0x618bb94ab312 - std[70759c8f55707aa4]::panicking::panic_handler::{closure#0}
[INFO] [stdout]    8:     0x618bb94a3f09 - std[70759c8f55707aa4]::sys::backtrace::__rust_end_short_backtrace::<std[70759c8f55707aa4]::panicking::panic_handler::{closure#0}, !>
[INFO] [stdout]    9:     0x618bb94abf0d - __rustc[8fa7c3cbc660c2b3]::rust_begin_unwind
[INFO] [stdout]   10:     0x618bb94e614c - core[df12db4294e9bfd3]::panicking::panic_fmt
[INFO] [stdout]   11:     0x618bb94353a5 - integrustio[e588e01d0dddd83f]::integrator::tests::test_position_2th
[INFO] [stdout]   12:     0x618bb9439169 - <integrustio[e588e01d0dddd83f]::integrator::tests::test_position_2th::{closure#0} as core[df12db4294e9bfd3]::ops::function::FnOnce<()>>::call_once
[INFO] [stdout]   13:     0x618bb944984b - test[9d35eded1c95d3be]::__rust_begin_short_backtrace::<core[df12db4294e9bfd3]::result::Result<(), alloc[2182bb758b4b3781]::string::String>, fn() -> core[df12db4294e9bfd3]::result::Result<(), alloc[2182bb758b4b3781]::string::String>>
[INFO] [stdout]   14:     0x618bb9456eb5 - test[9d35eded1c95d3be]::run_test::{closure#0}
[INFO] [stdout]   15:     0x618bb9450774 - std[70759c8f55707aa4]::sys::backtrace::__rust_begin_short_backtrace::<test[9d35eded1c95d3be]::run_test::{closure#1}, ()>
[INFO] [stdout]   16:     0x618bb945a012 - <std[70759c8f55707aa4]::thread::lifecycle::spawn_unchecked<test[9d35eded1c95d3be]::run_test::{closure#1}, ()>::{closure#1} as core[df12db4294e9bfd3]::ops::function::FnOnce<()>>::call_once::{shim:vtable#0}
[INFO] [stdout]   17:     0x618bb94ce939 - <std[70759c8f55707aa4]::sys::thread::unix::Thread>::new::thread_start
[INFO] [stdout]   18:     0x780fa778cdfa - <unknown>
[INFO] [stdout]   19:     0x780fa78203d4 - clone
[INFO] [stdout]   20:                0x0 - <unknown>
[INFO] [stdout] 
[INFO] [stdout] ---- poni::tests::read_poni4 stdout ----
[INFO] [stdout] 
[INFO] [stdout] thread 'poni::tests::read_poni4' (6150) panicked at src/poni.rs:386:43:
[INFO] [stdout] called `Result::unwrap()` on an `Err` value: Os { code: 2, kind: NotFound, message: "No such file or directory" }
[INFO] [stdout] stack backtrace:
[INFO] [stdout]    0:     0x618bb94cf6f1 - <<std[70759c8f55707aa4]::sys::backtrace::BacktraceLock>::print::DisplayBacktrace as core[df12db4294e9bfd3]::fmt::Display>::fmt
[INFO] [stdout]    1:     0x618bb94e5a1a - core[df12db4294e9bfd3]::fmt::write
[INFO] [stdout]    2:     0x618bb94d3b8c - <alloc[2182bb758b4b3781]::vec::Vec<u8> as core[df12db4294e9bfd3]::io::write::Write>::write_fmt
[INFO] [stdout]    3:     0x618bb94ab266 - std[70759c8f55707aa4]::panicking::default_hook::{closure#0}
[INFO] [stdout]    4:     0x618bb94c75a9 - std[70759c8f55707aa4]::panicking::default_hook
[INFO] [stdout]    5:     0x618bb9456560 - test[9d35eded1c95d3be]::test_main_inner::<test[9d35eded1c95d3be]::test_main_static::{closure#0}>::{closure#0}
[INFO] [stdout]    6:     0x618bb94c7762 - std[70759c8f55707aa4]::panicking::panic_with_hook
[INFO] [stdout]    7:     0x618bb94ab312 - std[70759c8f55707aa4]::panicking::panic_handler::{closure#0}
[INFO] [stdout]    8:     0x618bb94a3f09 - std[70759c8f55707aa4]::sys::backtrace::__rust_end_short_backtrace::<std[70759c8f55707aa4]::panicking::panic_handler::{closure#0}, !>
[INFO] [stdout]    9:     0x618bb94abf0d - __rustc[8fa7c3cbc660c2b3]::rust_begin_unwind
[INFO] [stdout]   10:     0x618bb94e614c - core[df12db4294e9bfd3]::panicking::panic_fmt
[INFO] [stdout]   11:     0x618bb94e5f22 - core[df12db4294e9bfd3]::result::unwrap_failed
[INFO] [stdout]   12:     0x618bb9439892 - <integrustio[e588e01d0dddd83f]::poni::tests::read_poni4::{closure#0} as core[df12db4294e9bfd3]::ops::function::FnOnce<()>>::call_once
[INFO] [stdout]   13:     0x618bb944984b - test[9d35eded1c95d3be]::__rust_begin_short_backtrace::<core[df12db4294e9bfd3]::result::Result<(), alloc[2182bb758b4b3781]::string::String>, fn() -> core[df12db4294e9bfd3]::result::Result<(), alloc[2182bb758b4b3781]::string::String>>
[INFO] [stdout]   14:     0x618bb9456eb5 - test[9d35eded1c95d3be]::run_test::{closure#0}
[INFO] [stdout]   15:     0x618bb9450774 - std[70759c8f55707aa4]::sys::backtrace::__rust_begin_short_backtrace::<test[9d35eded1c95d3be]::run_test::{closure#1}, ()>
[INFO] [stdout]   16:     0x618bb945a012 - <std[70759c8f55707aa4]::thread::lifecycle::spawn_unchecked<test[9d35eded1c95d3be]::run_test::{closure#1}, ()>::{closure#1} as core[df12db4294e9bfd3]::ops::function::FnOnce<()>>::call_once::{shim:vtable#0}
[INFO] [stdout]   17:     0x618bb94ce939 - <std[70759c8f55707aa4]::sys::thread::unix::Thread>::new::thread_start
[INFO] [stdout]   18:     0x780fa778cdfa - <unknown>
[INFO] [stdout]   19:     0x780fa78203d4 - clone
[INFO] [stdout]   20:                0x0 - <unknown>
[INFO] [stdout] 
[INFO] [stdout] ---- spline::tests::test_spline_bispev stdout ----
[INFO] [stdout] 
[INFO] [stdout] thread 'spline::tests::test_spline_bispev' (6151) panicked at src/spline.rs:506:67:
[INFO] [stdout] called `Result::unwrap()` on an `Err` value: Os { code: 2, kind: NotFound, message: "No such file or directory" }
[INFO] [stdout] stack backtrace:
[INFO] [stdout]    0:     0x618bb94cf6f1 - <<std[70759c8f55707aa4]::sys::backtrace::BacktraceLock>::print::DisplayBacktrace as core[df12db4294e9bfd3]::fmt::Display>::fmt
[INFO] [stdout]    1:     0x618bb94e5a1a - core[df12db4294e9bfd3]::fmt::write
[INFO] [stdout]    2:     0x618bb94d3b8c - <alloc[2182bb758b4b3781]::vec::Vec<u8> as core[df12db4294e9bfd3]::io::write::Write>::write_fmt
[INFO] [stdout]    3:     0x618bb94ab266 - std[70759c8f55707aa4]::panicking::default_hook::{closure#0}
[INFO] [stdout]    4:     0x618bb94c75a9 - std[70759c8f55707aa4]::panicking::default_hook
[INFO] [stdout]    5:     0x618bb9456560 - test[9d35eded1c95d3be]::test_main_inner::<test[9d35eded1c95d3be]::test_main_static::{closure#0}>::{closure#0}
[INFO] [stdout]    6:     0x618bb94c7762 - std[70759c8f55707aa4]::panicking::panic_with_hook
[INFO] [stdout]    7:     0x618bb94ab312 - std[70759c8f55707aa4]::panicking::panic_handler::{closure#0}
[INFO] [stdout]    8:     0x618bb94a3f09 - std[70759c8f55707aa4]::sys::backtrace::__rust_end_short_backtrace::<std[70759c8f55707aa4]::panicking::panic_handler::{closure#0}, !>
[INFO] [stdout]    9:     0x618bb94abf0d - __rustc[8fa7c3cbc660c2b3]::rust_begin_unwind
[INFO] [stdout]   10:     0x618bb94e614c - core[df12db4294e9bfd3]::panicking::panic_fmt
[INFO] [stdout]   11:     0x618bb94e5f22 - core[df12db4294e9bfd3]::result::unwrap_failed
[INFO] [stdout]   12:     0x618bb9437168 - integrustio[e588e01d0dddd83f]::spline::tests::test_spline_bispev
[INFO] [stdout]   13:     0x618bb943b589 - <integrustio[e588e01d0dddd83f]::spline::tests::test_spline_bispev::{closure#0} as core[df12db4294e9bfd3]::ops::function::FnOnce<()>>::call_once
[INFO] [stdout]   14:     0x618bb944984b - test[9d35eded1c95d3be]::__rust_begin_short_backtrace::<core[df12db4294e9bfd3]::result::Result<(), alloc[2182bb758b4b3781]::string::String>, fn() -> core[df12db4294e9bfd3]::result::Result<(), alloc[2182bb758b4b3781]::string::String>>
[INFO] [stdout]   15:     0x618bb9456eb5 - test[9d35eded1c95d3be]::run_test::{closure#0}
[INFO] [stdout]   16:     0x618bb9450774 - std[70759c8f55707aa4]::sys::backtrace::__rust_begin_short_backtrace::<test[9d35eded1c95d3be]::run_test::{closure#1}, ()>
[INFO] [stdout]   17:     0x618bb945a012 - <std[70759c8f55707aa4]::thread::lifecycle::spawn_unchecked<test[9d35eded1c95d3be]::run_test::{closure#1}, ()>::{closure#1} as core[df12db4294e9bfd3]::ops::function::FnOnce<()>>::call_once::{shim:vtable#0}
[INFO] [stdout]   18:     0x618bb94ce939 - <std[70759c8f55707aa4]::sys::thread::unix::Thread>::new::thread_start
[INFO] [stdout]   19:     0x780fa778cdfa - <unknown>
[INFO] [stdout]   20:     0x780fa78203d4 - clone
[INFO] [stdout]   21:                0x0 - <unknown>
[INFO] [stdout] 
[INFO] [stdout] ---- spline::tests::test_spline_parser stdout ----
[INFO] [stdout] 
[INFO] [stdout] thread 'spline::tests::test_spline_parser' (6152) panicked at src/spline.rs:489:63:
[INFO] [stdout] called `Result::unwrap()` on an `Err` value: Os { code: 2, kind: NotFound, message: "No such file or directory" }
[INFO] [stdout] stack backtrace:
[INFO] [stdout]    0:     0x618bb94cf6f1 - <<std[70759c8f55707aa4]::sys::backtrace::BacktraceLock>::print::DisplayBacktrace as core[df12db4294e9bfd3]::fmt::Display>::fmt
[INFO] [stdout]    1:     0x618bb94e5a1a - core[df12db4294e9bfd3]::fmt::write
[INFO] [stdout]    2:     0x618bb94d3b8c - <alloc[2182bb758b4b3781]::vec::Vec<u8> as core[df12db4294e9bfd3]::io::write::Write>::write_fmt
[INFO] [stdout]    3:     0x618bb94ab266 - std[70759c8f55707aa4]::panicking::default_hook::{closure#0}
[INFO] [stdout]    4:     0x618bb94c75a9 - std[70759c8f55707aa4]::panicking::default_hook
[INFO] [stdout]    5:     0x618bb9456560 - test[9d35eded1c95d3be]::test_main_inner::<test[9d35eded1c95d3be]::test_main_static::{closure#0}>::{closure#0}
[INFO] [stdout]    6:     0x618bb94c7762 - std[70759c8f55707aa4]::panicking::panic_with_hook
[INFO] [stdout]    7:     0x618bb94ab312 - std[70759c8f55707aa4]::panicking::panic_handler::{closure#0}
[INFO] [stdout]    8:     0x618bb94a3f09 - std[70759c8f55707aa4]::sys::backtrace::__rust_end_short_backtrace::<std[70759c8f55707aa4]::panicking::panic_handler::{closure#0}, !>
[INFO] [stdout]    9:     0x618bb94abf0d - __rustc[8fa7c3cbc660c2b3]::rust_begin_unwind
[INFO] [stdout]   10:     0x618bb94e614c - core[df12db4294e9bfd3]::panicking::panic_fmt
[INFO] [stdout]   11:     0x618bb94e5f22 - core[df12db4294e9bfd3]::result::unwrap_failed
[INFO] [stdout]   12:     0x618bb9437b97 - integrustio[e588e01d0dddd83f]::spline::tests::test_spline_parser
[INFO] [stdout]   13:     0x618bb943b5a9 - <integrustio[e588e01d0dddd83f]::spline::tests::test_spline_parser::{closure#0} as core[df12db4294e9bfd3]::ops::function::FnOnce<()>>::call_once
[INFO] [stdout]   14:     0x618bb944984b - test[9d35eded1c95d3be]::__rust_begin_short_backtrace::<core[df12db4294e9bfd3]::result::Result<(), alloc[2182bb758b4b3781]::string::String>, fn() -> core[df12db4294e9bfd3]::result::Result<(), alloc[2182bb758b4b3781]::string::String>>
[INFO] [stdout]   15:     0x618bb9456eb5 - test[9d35eded1c95d3be]::run_test::{closure#0}
[INFO] [stdout]   16:     0x618bb9450774 - std[70759c8f55707aa4]::sys::backtrace::__rust_begin_short_backtrace::<test[9d35eded1c95d3be]::run_test::{closure#1}, ()>
[INFO] [stdout]   17:     0x618bb945a012 - <std[70759c8f55707aa4]::thread::lifecycle::spawn_unchecked<test[9d35eded1c95d3be]::run_test::{closure#1}, ()>::{closure#1} as core[df12db4294e9bfd3]::ops::function::FnOnce<()>>::call_once::{shim:vtable#0}
[INFO] [stdout]   18:     0x618bb94ce939 - <std[70759c8f55707aa4]::sys::thread::unix::Thread>::new::thread_start
[INFO] [stdout]   19:     0x780fa778cdfa - <unknown>
[INFO] [stdout]   20:     0x780fa78203d4 - clone
[INFO] [stdout]   21:                0x0 - <unknown>
[INFO] [stdout] 
[INFO] [stdout] ---- integrator::tests::test_integrate_radial stdout ----
[INFO] [stdout] 
[INFO] [stdout] thread 'integrator::tests::test_integrate_radial' (6144) panicked at src/integrator.rs:994:41:
[INFO] [stdout] called `Result::unwrap()` on an `Err` value: Os { code: 2, kind: NotFound, message: "No such file or directory" }
[INFO] [stdout] stack backtrace:
[INFO] [stdout]    0:     0x618bb94cf6f1 - <<std[70759c8f55707aa4]::sys::backtrace::BacktraceLock>::print::DisplayBacktrace as core[df12db4294e9bfd3]::fmt::Display>::fmt
[INFO] [stdout]    1:     0x618bb94e5a1a - core[df12db4294e9bfd3]::fmt::write
[INFO] [stdout]    2:     0x618bb94d3b8c - <alloc[2182bb758b4b3781]::vec::Vec<u8> as core[df12db4294e9bfd3]::io::write::Write>::write_fmt
[INFO] [stdout]    3:     0x618bb94ab266 - std[70759c8f55707aa4]::panicking::default_hook::{closure#0}
[INFO] [stdout]    4:     0x618bb94c75a9 - std[70759c8f55707aa4]::panicking::default_hook
[INFO] [stdout]    5:     0x618bb9456560 - test[9d35eded1c95d3be]::test_main_inner::<test[9d35eded1c95d3be]::test_main_static::{closure#0}>::{closure#0}
[INFO] [stdout]    6:     0x618bb94c7762 - std[70759c8f55707aa4]::panicking::panic_with_hook
[INFO] [stdout]    7:     0x618bb94ab312 - std[70759c8f55707aa4]::panicking::panic_handler::{closure#0}
[INFO] [stdout]    8:     0x618bb94a3f09 - std[70759c8f55707aa4]::sys::backtrace::__rust_end_short_backtrace::<std[70759c8f55707aa4]::panicking::panic_handler::{closure#0}, !>
[INFO] [stdout]    9:     0x618bb94abf0d - __rustc[8fa7c3cbc660c2b3]::rust_begin_unwind
[INFO] [stdout]   10:     0x618bb94e614c - core[df12db4294e9bfd3]::panicking::panic_fmt
[INFO] [stdout]   11:     0x618bb94e5f22 - core[df12db4294e9bfd3]::result::unwrap_failed
[INFO] [stdout]   12:     0x618bb9434025 - integrustio[e588e01d0dddd83f]::integrator::tests::get_frame_data
[INFO] [stdout]   13:     0x618bb9435acd - integrustio[e588e01d0dddd83f]::integrator::tests::test_integrate_radial
[INFO] [stdout]   14:     0x618bb94391a9 - <integrustio[e588e01d0dddd83f]::integrator::tests::test_integrate_radial::{closure#0} as core[df12db4294e9bfd3]::ops::function::FnOnce<()>>::call_once
[INFO] [stdout]   15:     0x618bb944984b - test[9d35eded1c95d3be]::__rust_begin_short_backtrace::<core[df12db4294e9bfd3]::result::Result<(), alloc[2182bb758b4b3781]::string::String>, fn() -> core[df12db4294e9bfd3]::result::Result<(), alloc[2182bb758b4b3781]::string::String>>
[INFO] [stdout]   16:     0x618bb9456eb5 - test[9d35eded1c95d3be]::run_test::{closure#0}
[INFO] [stdout]   17:     0x618bb9450774 - std[70759c8f55707aa4]::sys::backtrace::__rust_begin_short_backtrace::<test[9d35eded1c95d3be]::run_test::{closure#1}, ()>
[INFO] [stdout]   18:     0x618bb945a012 - <std[70759c8f55707aa4]::thread::lifecycle::spawn_unchecked<test[9d35eded1c95d3be]::run_test::{closure#1}, ()>::{closure#1} as core[df12db4294e9bfd3]::ops::function::FnOnce<()>>::call_once::{shim:vtable#0}
[INFO] [stdout]   19:     0x618bb94ce939 - <std[70759c8f55707aa4]::sys::thread::unix::Thread>::new::thread_start
[INFO] [stdout]   20:     0x780fa778cdfa - <unknown>
[INFO] [stdout]   21:     0x780fa78203d4 - clone
[INFO] [stdout]   22:                0x0 - <unknown>
[INFO] [stdout] 
[INFO] [stdout] ---- poni::tests::read_poni2 stdout ----
[INFO] [stdout] 
[INFO] [stdout] thread 'poni::tests::read_poni2' (6148) panicked at src/poni.rs:344:23:
[INFO] [stdout] Could not read file testdata/testv2.poni: No such file or directory (os error 2)
[INFO] [stdout] stack backtrace:
[INFO] [stdout]    0:     0x618bb94cf6f1 - <<std[70759c8f55707aa4]::sys::backtrace::BacktraceLock>::print::DisplayBacktrace as core[df12db4294e9bfd3]::fmt::Display>::fmt
[INFO] [stdout]    1:     0x618bb94e5a1a - core[df12db4294e9bfd3]::fmt::write
[INFO] [stdout]    2:     0x618bb94d3b8c - <alloc[2182bb758b4b3781]::vec::Vec<u8> as core[df12db4294e9bfd3]::io::write::Write>::write_fmt
[INFO] [stdout]    3:     0x618bb94ab266 - std[70759c8f55707aa4]::panicking::default_hook::{closure#0}
[INFO] [stdout]    4:     0x618bb94c75a9 - std[70759c8f55707aa4]::panicking::default_hook
[INFO] [stdout]    5:     0x618bb9456560 - test[9d35eded1c95d3be]::test_main_inner::<test[9d35eded1c95d3be]::test_main_static::{closure#0}>::{closure#0}
[INFO] [stdout]    6:     0x618bb94c7762 - std[70759c8f55707aa4]::panicking::panic_with_hook
[INFO] [stdout]    7:     0x618bb94ab312 - std[70759c8f55707aa4]::panicking::panic_handler::{closure#0}
[INFO] [stdout]    8:     0x618bb94a3f09 - std[70759c8f55707aa4]::sys::backtrace::__rust_end_short_backtrace::<std[70759c8f55707aa4]::panicking::panic_handler::{closure#0}, !>
[INFO] [stdout]    9:     0x618bb94abf0d - __rustc[8fa7c3cbc660c2b3]::rust_begin_unwind
[INFO] [stdout]   10:     0x618bb94e614c - core[df12db4294e9bfd3]::panicking::panic_fmt
[INFO] [stdout]   11:     0x618bb9439542 - <integrustio[e588e01d0dddd83f]::poni::tests::read_poni2::{closure#0} as core[df12db4294e9bfd3]::ops::function::FnOnce<()>>::call_once
[INFO] [stdout]   12:     0x618bb944984b - test[9d35eded1c95d3be]::__rust_begin_short_backtrace::<core[df12db4294e9bfd3]::result::Result<(), alloc[2182bb758b4b3781]::string::String>, fn() -> core[df12db4294e9bfd3]::result::Result<(), alloc[2182bb758b4b3781]::string::String>>
[INFO] [stdout]   13:     0x618bb9456eb5 - test[9d35eded1c95d3be]::run_test::{closure#0}
[INFO] [stdout]   14:     0x618bb9450774 - std[70759c8f55707aa4]::sys::backtrace::__rust_begin_short_backtrace::<test[9d35eded1c95d3be]::run_test::{closure#1}, ()>
[INFO] [stdout]   15:     0x618bb945a012 - <std[70759c8f55707aa4]::thread::lifecycle::spawn_unchecked<test[9d35eded1c95d3be]::run_test::{closure#1}, ()>::{closure#1} as core[df12db4294e9bfd3]::ops::function::FnOnce<()>>::call_once::{shim:vtable#0}
[INFO] [stdout]   16:     0x618bb94ce939 - <std[70759c8f55707aa4]::sys::thread::unix::Thread>::new::thread_start
[INFO] [stdout]   17:     0x780fa778cdfa - <unknown>
[INFO] [stdout]   18:     0x780fa78203d4 - clone
[INFO] [stdout]   19:                0x0 - <unknown>
[INFO] [stdout] 
[INFO] [stdout] ---- poni::tests::read_poni3 stdout ----
[INFO] [stdout] 
[INFO] [stdout] thread 'poni::tests::read_poni3' (6149) panicked at src/poni.rs:366:23:
[INFO] [stdout] Could not read file testdata/testv2.1.poni: No such file or directory (os error 2)
[INFO] [stdout] stack backtrace:
[INFO] [stdout]    0:     0x618bb94cf6f1 - <<std[70759c8f55707aa4]::sys::backtrace::BacktraceLock>::print::DisplayBacktrace as core[df12db4294e9bfd3]::fmt::Display>::fmt
[INFO] [stdout]    1:     0x618bb94e5a1a - core[df12db4294e9bfd3]::fmt::write
[INFO] [stdout]    2:     0x618bb94d3b8c - <alloc[2182bb758b4b3781]::vec::Vec<u8> as core[df12db4294e9bfd3]::io::write::Write>::write_fmt
[INFO] [stdout]    3:     0x618bb94ab266 - std[70759c8f55707aa4]::panicking::default_hook::{closure#0}
[INFO] [stdout]    4:     0x618bb94c75a9 - std[70759c8f55707aa4]::panicking::default_hook
[INFO] [stdout]    5:     0x618bb9456560 - test[9d35eded1c95d3be]::test_main_inner::<test[9d35eded1c95d3be]::test_main_static::{closure#0}>::{closure#0}
[INFO] [stdout]    6:     0x618bb94c7762 - std[70759c8f55707aa4]::panicking::panic_with_hook
[INFO] [stdout]    7:     0x618bb94ab312 - std[70759c8f55707aa4]::panicking::panic_handler::{closure#0}
[INFO] [stdout]    8:     0x618bb94a3f09 - std[70759c8f55707aa4]::sys::backtrace::__rust_end_short_backtrace::<std[70759c8f55707aa4]::panicking::panic_handler::{closure#0}, !>
[INFO] [stdout]    9:     0x618bb94abf0d - __rustc[8fa7c3cbc660c2b3]::rust_begin_unwind
[INFO] [stdout]   10:     0x618bb94e614c - core[df12db4294e9bfd3]::panicking::panic_fmt
[INFO] [stdout]   11:     0x618bb9439702 - <integrustio[e588e01d0dddd83f]::poni::tests::read_poni3::{closure#0} as core[df12db4294e9bfd3]::ops::function::FnOnce<()>>::call_once
[INFO] [stdout]   12:     0x618bb944984b - test[9d35eded1c95d3be]::__rust_begin_short_backtrace::<core[df12db4294e9bfd3]::result::Result<(), alloc[2182bb758b4b3781]::string::String>, fn() -> core[df12db4294e9bfd3]::result::Result<(), alloc[2182bb758b4b3781]::string::String>>
[INFO] [stdout]   13:     0x618bb9456eb5 - test[9d35eded1c95d3be]::run_test::{closure#0}
[INFO] [stdout]   14:     0x618bb9450774 - std[70759c8f55707aa4]::sys::backtrace::__rust_begin_short_backtrace::<test[9d35eded1c95d3be]::run_test::{closure#1}, ()>
[INFO] [stdout]   15:     0x618bb945a012 - <std[70759c8f55707aa4]::thread::lifecycle::spawn_unchecked<test[9d35eded1c95d3be]::run_test::{closure#1}, ()>::{closure#1} as core[df12db4294e9bfd3]::ops::function::FnOnce<()>>::call_once::{shim:vtable#0}
[INFO] [stdout]   16:     0x618bb94ce939 - <std[70759c8f55707aa4]::sys::thread::unix::Thread>::new::thread_start
[INFO] [stdout]   17:     0x780fa778cdfa - <unknown>
[INFO] [stdout]   18:     0x780fa78203d4 - clone
[INFO] [stdout]   19:                0x0 - <unknown>
[INFO] [stdout] 
[INFO] [stdout] ---- integrator::tests::test_position_q stdout ----
[INFO] [stdout] 
[INFO] [stdout] thread 'integrator::tests::test_position_q' (6146) panicked at src/integrator.rs:981:23:
[INFO] [stdout] Could not read file testdata/test.poni: No such file or directory (os error 2)
[INFO] [stdout] stack backtrace:
[INFO] [stdout]    0:     0x618bb94cf6f1 - <<std[70759c8f55707aa4]::sys::backtrace::BacktraceLock>::print::DisplayBacktrace as core[df12db4294e9bfd3]::fmt::Display>::fmt
[INFO] [stdout]    1:     0x618bb94e5a1a - core[df12db4294e9bfd3]::fmt::write
[INFO] [stdout]    2:     0x618bb94d3b8c - <alloc[2182bb758b4b3781]::vec::Vec<u8> as core[df12db4294e9bfd3]::io::write::Write>::write_fmt
[INFO] [stdout]    3:     0x618bb94ab266 - std[70759c8f55707aa4]::panicking::default_hook::{closure#0}
[INFO] [stdout]    4:     0x618bb94c75a9 - std[70759c8f55707aa4]::panicking::default_hook
[INFO] [stdout]    5:     0x618bb9456560 - test[9d35eded1c95d3be]::test_main_inner::<test[9d35eded1c95d3be]::test_main_static::{closure#0}>::{closure#0}
[INFO] [stdout]    6:     0x618bb94c7762 - std[70759c8f55707aa4]::panicking::panic_with_hook
[INFO] [stdout]    7:     0x618bb94ab312 - std[70759c8f55707aa4]::panicking::panic_handler::{closure#0}
[INFO] [stdout]    8:     0x618bb94a3f09 - std[70759c8f55707aa4]::sys::backtrace::__rust_end_short_backtrace::<std[70759c8f55707aa4]::panicking::panic_handler::{closure#0}, !>
[INFO] [stdout]    9:     0x618bb94abf0d - __rustc[8fa7c3cbc660c2b3]::rust_begin_unwind
[INFO] [stdout]   10:     0x618bb94e614c - core[df12db4294e9bfd3]::panicking::panic_fmt
[INFO] [stdout]   11:     0x618bb9434e75 - integrustio[e588e01d0dddd83f]::integrator::tests::test_position_q
[INFO] [stdout]   12:     0x618bb9439149 - <integrustio[e588e01d0dddd83f]::integrator::tests::test_position_q::{closure#0} as core[df12db4294e9bfd3]::ops::function::FnOnce<()>>::call_once
[INFO] [stdout]   13:     0x618bb944984b - test[9d35eded1c95d3be]::__rust_begin_short_backtrace::<core[df12db4294e9bfd3]::result::Result<(), alloc[2182bb758b4b3781]::string::String>, fn() -> core[df12db4294e9bfd3]::result::Result<(), alloc[2182bb758b4b3781]::string::String>>
[INFO] [stdout]   14:     0x618bb9456eb5 - test[9d35eded1c95d3be]::run_test::{closure#0}
[INFO] [stdout]   15:     0x618bb9450774 - std[70759c8f55707aa4]::sys::backtrace::__rust_begin_short_backtrace::<test[9d35eded1c95d3be]::run_test::{closure#1}, ()>
[INFO] [stdout]   16:     0x618bb945a012 - <std[70759c8f55707aa4]::thread::lifecycle::spawn_unchecked<test[9d35eded1c95d3be]::run_test::{closure#1}, ()>::{closure#1} as core[df12db4294e9bfd3]::ops::function::FnOnce<()>>::call_once::{shim:vtable#0}
[INFO] [stdout]   17:     0x618bb94ce939 - <std[70759c8f55707aa4]::sys::thread::unix::Thread>::new::thread_start
[INFO] [stdout]   18:     0x780fa778cdfa - <unknown>
[INFO] [stdout]   19:     0x780fa78203d4 - clone
[INFO] [stdout]   20:                0x0 - <unknown>
[INFO] [stdout] 
[INFO] [stdout] ---- poni::tests::read_poni1 stdout ----
[INFO] [stdout] 
[INFO] [stdout] thread 'poni::tests::read_poni1' (6147) panicked at src/poni.rs:322:23:
[INFO] [stdout] Could not read file testdata/testv1.poni: No such file or directory (os error 2)
[INFO] [stdout] stack backtrace:
[INFO] [stdout]    0:     0x618bb94cf6f1 - <<std[70759c8f55707aa4]::sys::backtrace::BacktraceLock>::print::DisplayBacktrace as core[df12db4294e9bfd3]::fmt::Display>::fmt
[INFO] [stdout]    1:     0x618bb94e5a1a - core[df12db4294e9bfd3]::fmt::write
[INFO] [stdout]    2:     0x618bb94d3b8c - <alloc[2182bb758b4b3781]::vec::Vec<u8> as core[df12db4294e9bfd3]::io::write::Write>::write_fmt
[INFO] [stdout]    3:     0x618bb94ab266 - std[70759c8f55707aa4]::panicking::default_hook::{closure#0}
[INFO] [stdout]    4:     0x618bb94c75a9 - std[70759c8f55707aa4]::panicking::default_hook
[INFO] [stdout]    5:     0x618bb9456560 - test[9d35eded1c95d3be]::test_main_inner::<test[9d35eded1c95d3be]::test_main_static::{closure#0}>::{closure#0}
[INFO] [stdout]    6:     0x618bb94c7762 - std[70759c8f55707aa4]::panicking::panic_with_hook
[INFO] [stdout]    7:     0x618bb94ab312 - std[70759c8f55707aa4]::panicking::panic_handler::{closure#0}
[INFO] [stdout]    8:     0x618bb94a3f09 - std[70759c8f55707aa4]::sys::backtrace::__rust_end_short_backtrace::<std[70759c8f55707aa4]::panicking::panic_handler::{closure#0}, !>
[INFO] [stdout]    9:     0x618bb94abf0d - __rustc[8fa7c3cbc660c2b3]::rust_begin_unwind
[INFO] [stdout]   10:     0x618bb94e614c - core[df12db4294e9bfd3]::panicking::panic_fmt
[INFO] [stdout]   11:     0x618bb9439382 - <integrustio[e588e01d0dddd83f]::poni::tests::read_poni1::{closure#0} as core[df12db4294e9bfd3]::ops::function::FnOnce<()>>::call_once
[INFO] [stdout]   12:     0x618bb944984b - test[9d35eded1c95d3be]::__rust_begin_short_backtrace::<core[df12db4294e9bfd3]::result::Result<(), alloc[2182bb758b4b3781]::string::String>, fn() -> core[df12db4294e9bfd3]::result::Result<(), alloc[2182bb758b4b3781]::string::String>>
[INFO] [stdout]   13:     0x618bb9456eb5 - test[9d35eded1c95d3be]::run_test::{closure#0}
[INFO] [stdout]   14:     0x618bb9450774 - std[70759c8f55707aa4]::sys::backtrace::__rust_begin_short_backtrace::<test[9d35eded1c95d3be]::run_test::{closure#1}, ()>
[INFO] [stdout]   15:     0x618bb945a012 - <std[70759c8f55707aa4]::thread::lifecycle::spawn_unchecked<test[9d35eded1c95d3be]::run_test::{closure#1}, ()>::{closure#1} as core[df12db4294e9bfd3]::ops::function::FnOnce<()>>::call_once::{shim:vtable#0}
[INFO] [stdout]   16:     0x618bb94ce939 - <std[70759c8f55707aa4]::sys::thread::unix::Thread>::new::thread_start
[INFO] [stdout]   17:     0x780fa778cdfa - <unknown>
[INFO] [stdout]   18:     0x780fa78203d4 - clone
[INFO] [stdout]   19:                0x0 - <unknown>
[INFO] [stdout] 
[INFO] [stdout] ---- distortion::tests::test_distortion_correction stdout ----
[INFO] [stdout] 
[INFO] [stdout] thread 'distortion::tests::test_distortion_correction' (6141) panicked at src/distortion.rs:543:62:
[INFO] [stdout] called `Result::unwrap()` on an `Err` value: Os { code: 2, kind: NotFound, message: "No such file or directory" }
[INFO] [stdout] stack backtrace:
[INFO] [stdout]    0:     0x618bb94cf6f1 - <<std[70759c8f55707aa4]::sys::backtrace::BacktraceLock>::print::DisplayBacktrace as core[df12db4294e9bfd3]::fmt::Display>::fmt
[INFO] [stdout]    1:     0x618bb94e5a1a - core[df12db4294e9bfd3]::fmt::write
[INFO] [stdout]    2:     0x618bb94d3b8c - <alloc[2182bb758b4b3781]::vec::Vec<u8> as core[df12db4294e9bfd3]::io::write::Write>::write_fmt
[INFO] [stdout]    3:     0x618bb94ab266 - std[70759c8f55707aa4]::panicking::default_hook::{closure#0}
[INFO] [stdout]    4:     0x618bb94c75a9 - std[70759c8f55707aa4]::panicking::default_hook
[INFO] [stdout]    5:     0x618bb9456560 - test[9d35eded1c95d3be]::test_main_inner::<test[9d35eded1c95d3be]::test_main_static::{closure#0}>::{closure#0}
[INFO] [stdout]    6:     0x618bb94c7762 - std[70759c8f55707aa4]::panicking::panic_with_hook
[INFO] [stdout]    7:     0x618bb94ab312 - std[70759c8f55707aa4]::panicking::panic_handler::{closure#0}
[INFO] [stdout]    8:     0x618bb94a3f09 - std[70759c8f55707aa4]::sys::backtrace::__rust_end_short_backtrace::<std[70759c8f55707aa4]::panicking::panic_handler::{closure#0}, !>
[INFO] [stdout]    9:     0x618bb94abf0d - __rustc[8fa7c3cbc660c2b3]::rust_begin_unwind
[INFO] [stdout]   10:     0x618bb94e614c - core[df12db4294e9bfd3]::panicking::panic_fmt
[INFO] [stdout]   11:     0x618bb94e5f22 - core[df12db4294e9bfd3]::result::unwrap_failed
[INFO] [stdout]   12:     0x618bb9443625 - integrustio[e588e01d0dddd83f]::distortion::tests::test_distortion_correction
[INFO] [stdout]   13:     0x618bb9439129 - <integrustio[e588e01d0dddd83f]::distortion::tests::test_distortion_correction::{closure#0} as core[df12db4294e9bfd3]::ops::function::FnOnce<()>>::call_once
[INFO] [stdout]   14:     0x618bb944984b - test[9d35eded1c95d3be]::__rust_begin_short_backtrace::<core[df12db4294e9bfd3]::result::Result<(), alloc[2182bb758b4b3781]::string::String>, fn() -> core[df12db4294e9bfd3]::result::Result<(), alloc[2182bb758b4b3781]::string::String>>
[INFO] [stdout]   15:     0x618bb9456eb5 - test[9d35eded1c95d3be]::run_test::{closure#0}
[INFO] [stdout]   16:     0x618bb9450774 - std[70759c8f55707aa4]::sys::backtrace::__rust_begin_short_backtrace::<test[9d35eded1c95d3be]::run_test::{closure#1}, ()>
[INFO] [stdout]   17:     0x618bb945a012 - <std[70759c8f55707aa4]::thread::lifecycle::spawn_unchecked<test[9d35eded1c95d3be]::run_test::{closure#1}, ()>::{closure#1} as core[df12db4294e9bfd3]::ops::function::FnOnce<()>>::call_once::{shim:vtable#0}
[INFO] [stdout]   18:     0x618bb94ce939 - <std[70759c8f55707aa4]::sys::thread::unix::Thread>::new::thread_start
[INFO] [stdout]   19:     0x780fa778cdfa - <unknown>
[INFO] [stdout]   20:     0x780fa78203d4 - clone
[INFO] [stdout]   21:                0x0 - <unknown>
[INFO] [stdout] 
[INFO] [stdout] 
[INFO] [stdout] failures:
[INFO] [stdout]     distortion::tests::test_distortion_correction
[INFO] [stdout]     integrator::tests::test_integrate_azimuthal
[INFO] [stdout]     integrator::tests::test_integrate_cake
[INFO] [stdout]     integrator::tests::test_integrate_radial
[INFO] [stdout]     integrator::tests::test_position_2th
[INFO] [stdout]     integrator::tests::test_position_q
[INFO] [stderr] error: test failed, to rerun pass `--lib`
[INFO] [stdout]     poni::tests::read_poni1
[INFO] [stdout]     poni::tests::read_poni2
[INFO] [stdout]     poni::tests::read_poni3
[INFO] [stdout]     poni::tests::read_poni4
[INFO] [stdout]     spline::tests::test_spline_bispev
[INFO] [stdout]     spline::tests::test_spline_parser
[INFO] [stdout] 
[INFO] [stdout] test result: FAILED. 2 passed; 12 failed; 0 ignored; 0 measured; 0 filtered out; finished in 0.00s
[INFO] [stdout] 
[INFO] running `Command { std: "docker" "inspect" "d4b7c7d371c7cfcd3ac9ec22b02ad7d3179dcb3059a3bc271644cd13382d65b4", kill_on_drop: false }`
[INFO] running `Command { std: "docker" "rm" "-f" "d4b7c7d371c7cfcd3ac9ec22b02ad7d3179dcb3059a3bc271644cd13382d65b4", kill_on_drop: false }`
[INFO] [stdout] d4b7c7d371c7cfcd3ac9ec22b02ad7d3179dcb3059a3bc271644cd13382d65b4
