[INFO] fetching crate insign 0.1.1...
[INFO] testing insign-0.1.1 against 1.100.0-beta.1+cargoflags=--release for beta-release-1.100-2
[INFO] extracting crate insign 0.1.1 into /workspace/builds/worker-7-tc2/source
[INFO] started tweaking crates.io crate insign 0.1.1
[INFO] removed 0 missing tests
[INFO] finished tweaking crates.io crate insign 0.1.1
[INFO] tweaked toml for crates.io crate insign 0.1.1 written to /workspace/builds/worker-7-tc2/source/Cargo.toml
[INFO] validating manifest of crates.io crate insign 0.1.1 on toolchain 1.100.0-beta.1
[INFO] running `Command { std: CARGO_HOME="/workspace/cargo-home" RUSTUP_HOME="/workspace/rustup-home" "/workspace/cargo-home/bin/cargo" "+1.100.0-beta.1" "metadata" "--manifest-path" "Cargo.toml" "--no-deps", kill_on_drop: false }`
[INFO] crate crates.io crate insign 0.1.1 already has a lockfile, it will not be regenerated
[INFO] running `Command { std: CARGO_HOME="/workspace/cargo-home" RUSTUP_HOME="/workspace/rustup-home" "/workspace/cargo-home/bin/cargo" "+1.100.0-beta.1" "fetch" "--manifest-path" "Cargo.toml", kill_on_drop: false }`
[INFO] running `Command { std: "docker" "create" "-v" "/var/lib/crater-agent-workspace/builds/worker-7-tc2/source:/opt/rustwide/workdir:ro,Z" "-v" "/var/lib/crater-agent-workspace/builds/worker-7-tc2/target:/opt/rustwide/target:rw,Z" "-v" "/var/lib/crater-agent-workspace/cargo-home:/opt/rustwide/cargo-home:ro,Z" "-v" "/var/lib/crater-agent-workspace/rustup-home:/opt/rustwide/rustup-home:ro,Z" "-m" "1610612736" "--network" "none" "ghcr.io/rust-lang/crates-build-env/linux@sha256:77db811e55d90add9212f6832c23229e3de5f1c1f9905e8cb07319ea15df73ac" "sleep" "infinity", kill_on_drop: false }`
[INFO] [stdout] 62dc484ba951188ac1445afbbfccfddff6f32ffa1845665a150e6033fcd43817
[INFO] running `Command { std: "docker" "start" "62dc484ba951188ac1445afbbfccfddff6f32ffa1845665a150e6033fcd43817", kill_on_drop: false }`
[INFO] running `Command { std: "docker" "inspect" "62dc484ba951188ac1445afbbfccfddff6f32ffa1845665a150e6033fcd43817", kill_on_drop: false }`
[INFO] running `Command { std: "docker" "exec" "-e" "SOURCE_DIR=/opt/rustwide/workdir" "-e" "CARGO_HOME=/opt/rustwide/cargo-home" "-e" "RUSTUP_HOME=/opt/rustwide/rustup-home" "-e" "CARGO_TARGET_DIR=/opt/rustwide/target" "-w" "/opt/rustwide/workdir" "--user" "0:0" "62dc484ba951188ac1445afbbfccfddff6f32ffa1845665a150e6033fcd43817" "/opt/rustwide/cargo-home/bin/cargo" "+1.100.0-beta.1" "metadata" "--no-deps" "--format-version=1", kill_on_drop: false }`
[INFO] running `Command { std: "docker" "inspect" "62dc484ba951188ac1445afbbfccfddff6f32ffa1845665a150e6033fcd43817", kill_on_drop: false }`
[INFO] running `Command { std: "docker" "exec" "-e" "SOURCE_DIR=/opt/rustwide/workdir" "-e" "CARGO_HOME=/opt/rustwide/cargo-home" "-e" "RUSTUP_HOME=/opt/rustwide/rustup-home" "-e" "CARGO_TARGET_DIR=/opt/rustwide/target" "-e" "CARGO_INCREMENTAL=0" "-e" "RUST_BACKTRACE=full" "-e" "RUSTFLAGS=--cap-lints=warn" "-e" "RUSTDOCFLAGS=--cap-lints=warn" "-w" "/opt/rustwide/workdir" "--user" "0:0" "62dc484ba951188ac1445afbbfccfddff6f32ffa1845665a150e6033fcd43817" "/opt/rustwide/cargo-home/bin/cargo" "+1.100.0-beta.1" "build" "--frozen" "--message-format=json" "--release", kill_on_drop: false }`
[INFO] [stderr]    Compiling proc-macro2 v1.0.101
[INFO] [stderr]    Compiling unicode-ident v1.0.18
[INFO] [stderr]    Compiling utf8parse v0.2.2
[INFO] [stderr]    Compiling colorchoice v1.0.4
[INFO] [stderr]    Compiling anstyle v1.0.11
[INFO] [stderr]    Compiling serde v1.0.219
[INFO] [stderr]    Compiling is_terminal_polyfill v1.70.1
[INFO] [stderr]    Compiling anstyle-query v1.1.4
[INFO] [stderr]    Compiling clap_lex v0.7.5
[INFO] [stderr]    Compiling strsim v0.11.1
[INFO] [stderr]    Compiling thiserror v1.0.69
[INFO] [stderr]    Compiling heck v0.5.0
[INFO] [stderr]    Compiling serde_json v1.0.143
[INFO] [stderr]    Compiling itoa v1.0.15
[INFO] [stderr]    Compiling ryu v1.0.20
[INFO] [stderr]    Compiling memchr v2.7.5
[INFO] [stderr]    Compiling anstyle-parse v0.2.7
[INFO] [stderr]    Compiling anstream v0.6.20
[INFO] [stderr]    Compiling clap_builder v4.5.46
[INFO] [stderr]    Compiling quote v1.0.40
[INFO] [stderr]    Compiling syn v2.0.106
[INFO] [stderr]    Compiling serde_derive v1.0.219
[INFO] [stderr]    Compiling clap_derive v4.5.45
[INFO] [stderr]    Compiling thiserror-impl v1.0.69
[INFO] [stderr]    Compiling clap v4.5.46
[INFO] [stderr]    Compiling insign v0.1.1 (/opt/rustwide/workdir)
[INFO] [stderr]     Finished `release` profile [optimized] target(s) in 27.56s
[INFO] running `Command { std: "docker" "inspect" "62dc484ba951188ac1445afbbfccfddff6f32ffa1845665a150e6033fcd43817", kill_on_drop: false }`
[INFO] running `Command { std: "docker" "exec" "-e" "SOURCE_DIR=/opt/rustwide/workdir" "-e" "CARGO_HOME=/opt/rustwide/cargo-home" "-e" "RUSTUP_HOME=/opt/rustwide/rustup-home" "-e" "CARGO_TARGET_DIR=/opt/rustwide/target" "-e" "CARGO_INCREMENTAL=0" "-e" "RUST_BACKTRACE=full" "-e" "RUSTFLAGS=--cap-lints=warn" "-e" "RUSTDOCFLAGS=--cap-lints=warn" "-w" "/opt/rustwide/workdir" "--user" "0:0" "62dc484ba951188ac1445afbbfccfddff6f32ffa1845665a150e6033fcd43817" "/opt/rustwide/cargo-home/bin/cargo" "+1.100.0-beta.1" "test" "--frozen" "--no-run" "--message-format=json" "--release", kill_on_drop: false }`
[INFO] [stderr]    Compiling libc v0.2.175
[INFO] [stderr]    Compiling getrandom v0.3.3
[INFO] [stderr]    Compiling cfg-if v1.0.3
[INFO] [stderr]    Compiling rustix v1.0.8
[INFO] [stderr]    Compiling zerocopy v0.8.26
[INFO] [stderr]    Compiling once_cell v1.21.3
[INFO] [stderr]    Compiling bitflags v2.9.3
[INFO] [stderr]    Compiling linux-raw-sys v0.9.4
[INFO] [stderr]    Compiling autocfg v1.5.0
[INFO] [stderr]    Compiling fastrand v2.3.0
[INFO] [stderr]    Compiling bit-vec v0.8.0
[INFO] [stderr]    Compiling quick-error v1.2.3
[INFO] [stderr]    Compiling similar v2.7.0
[INFO] [stderr]    Compiling unarray v0.1.4
[INFO] [stderr]    Compiling regex-syntax v0.8.6
[INFO] [stderr]    Compiling num-traits v0.2.19
[INFO] [stderr]    Compiling bit-set v0.8.0
[INFO] [stderr]    Compiling wait-timeout v0.2.1
[INFO] [stderr]    Compiling console v0.15.11
[INFO] [stderr]    Compiling rand_core v0.9.3
[INFO] [stderr]    Compiling rand v0.9.2
[INFO] [stderr]    Compiling rand_xorshift v0.4.0
[INFO] [stderr]    Compiling insta v1.43.1
[INFO] [stderr]    Compiling ppv-lite86 v0.2.21
[INFO] [stderr]    Compiling rand_chacha v0.9.0
[INFO] [stderr]    Compiling tempfile v3.21.0
[INFO] [stderr]    Compiling rusty-fork v0.3.0
[INFO] [stderr]    Compiling proptest v1.7.0
[INFO] [stderr]    Compiling insign v0.1.1 (/opt/rustwide/workdir)
[INFO] [stderr]     Finished `release` profile [optimized] target(s) in 39.18s
[INFO] running `Command { std: "docker" "inspect" "62dc484ba951188ac1445afbbfccfddff6f32ffa1845665a150e6033fcd43817", kill_on_drop: false }`
[INFO] running `Command { std: "docker" "exec" "-e" "SOURCE_DIR=/opt/rustwide/workdir" "-e" "CARGO_HOME=/opt/rustwide/cargo-home" "-e" "RUSTUP_HOME=/opt/rustwide/rustup-home" "-e" "CARGO_TARGET_DIR=/opt/rustwide/target" "-e" "CARGO_INCREMENTAL=0" "-e" "RUST_BACKTRACE=full" "-e" "RUSTFLAGS=--cap-lints=warn" "-e" "RUSTDOCFLAGS=--cap-lints=warn" "-w" "/opt/rustwide/workdir" "--user" "0:0" "62dc484ba951188ac1445afbbfccfddff6f32ffa1845665a150e6033fcd43817" "/opt/rustwide/cargo-home/bin/cargo" "+1.100.0-beta.1" "test" "--frozen" "--release", kill_on_drop: false }`
[INFO] [stderr]     Finished `release` profile [optimized] target(s) in 0.10s
[INFO] [stderr]      Running unittests src/lib.rs (/opt/rustwide/target/release/build/insign/97c332cfb489c97f/out/insign-97c332cfb489c97f)
[INFO] [stdout] 
[INFO] [stdout] running 109 tests
[INFO] [stdout] test ast::ir::tests::test_accumulate_multiple_boxes ... ok
[INFO] [stdout] test ast::eval::tests::test_evaluate_anonymous_region ... ok
[INFO] [stdout] test ast::ir::tests::test_anonymous_region_stability ... ok
[INFO] [stdout] test ast::eval::tests::test_evaluate_union_expression ... ok
[INFO] [stdout] test ast::eval::tests::test_evaluate_unknown_region_error ... ok
[INFO] [stdout] test ast::ir::tests::test_duplicate_region_definition ... ok
[INFO] [stdout] test ast::metadata::tests::test_current_region_metadata ... ok
[INFO] [stdout] test ast::metadata::tests::test_find_last_geometry_anonymous ... ok
[INFO] [stdout] test ast::metadata::tests::test_find_last_geometry_in_tuple ... ok
[INFO] [stdout] test ast::metadata::tests::test_global_metadata ... ok
[INFO] [stdout] test ast::metadata::tests::test_identical_duplicate_allowed ... ok
[INFO] [stdout] test ast::metadata::tests::test_no_current_region_error ... ok
[INFO] [stdout] test ast::metadata::tests::test_wildcard_matching ... ok
[INFO] [stdout] test ast::output::tests::test_region_category_ordering ... ok
[INFO] [stdout] test ast::output::tests::test_deterministic_ordering ... ok
[INFO] [stdout] test ast::metadata::tests::test_metadata_conflict_detection ... ok
[INFO] [stdout] test ast::eval::tests::test_evaluate_all_regions ... ok
[INFO] [stdout] test ast::eval::tests::test_self_reference_error ... ok
[INFO] [stdout] test ast::output::tests::test_shape_final_output_complete ... ok
[INFO] [stdout] test ast::eval::tests::test_valid_coordinate_bounds ... ok
[INFO] [stdout] test ast::eval::tests::test_evaluate_accumulator_region ... ok
[INFO] [stdout] test lexer::tests::test_comment_in_json_string_not_filtered ... ok
[INFO] [stdout] test ast::ir::tests::test_assemble_region_table ... ok
[INFO] [stdout] test lexer::tests::test_comment_only_input ... ok
[INFO] [stdout] test lexer::tests::test_empty_comment_lines ... ok
[INFO] [stdout] test lexer::tests::test_empty_input ... ok
[INFO] [stdout] test ast::eval::tests::test_coordinate_bounds_checking ... ok
[INFO] [stdout] test ast::metadata::tests::test_wildcard_metadata ... ok
[INFO] [stdout] test lexer::tests::test_escaped_quotes_in_json ... ok
[INFO] [stdout] test lexer::tests::test_json_strings_with_at_hash ... ok
[INFO] [stdout] test lexer::tests::test_multiline_statement ... ok
[INFO] [stdout] test ast::eval::tests::test_cycle_detection ... ok
[INFO] [stdout] test lexer::tests::test_filter_comments_mixed_with_statements ... ok
[INFO] [stdout] test lexer::tests::test_filter_comments_simple ... ok
[INFO] [stdout] test lexer::tests::test_filter_comments_with_whitespace ... ok
[INFO] [stdout] test lexer::tests::test_mixed_geometry_metadata ... ok
[INFO] [stdout] test ast::metadata::tests::test_explicit_target_metadata ... ok
[INFO] [stdout] test lexer::tests::test_lexer_no_panic ... ok
[INFO] [stdout] test lexer::tests::test_single_statement ... ok
[INFO] [stdout] test m12_feature_gate::test_boolean_ops_disabled_by_default_minus ... ok
[INFO] [stdout] test lexer::tests::test_no_slice_overlaps_full_coverage ... ok
[INFO] [stdout] test lexer::tests::test_statements_with_comments_filtered ... ok
[INFO] [stdout] test m12_feature_gate::test_boolean_ops_disabled_by_default_xor ... ok
[INFO] [stdout] test lexer::tests::test_nested_brackets ... ok
[INFO] [stdout] test m12_feature_gate::test_boolean_ops_disabled_by_default_and ... ok
[INFO] [stdout] test lexer::tests::test_lexer_coverage_invariant ... ok
[INFO] [stdout] test parser::geom::tests::test_normalize_box ... ok
[INFO] [stdout] test parser::geom::tests::test_parse_error_invalid_function ... ok
[INFO] [stdout] test parser::geom::tests::test_parse_error_trailing_operator ... ok
[INFO] [stdout] test parser::geom::tests::test_parse_error_malformed_integer ... ok
[INFO] [stdout] test parser::geom::tests::test_parse_error_empty_parens ... ok
[INFO] [stdout] test parser::geom::tests::test_parse_expression_reject_xor ... ok
[INFO] [stdout] test parser::geom::tests::test_parse_expression_with_whitespace ... ok
[INFO] [stdout] test parser::geom::tests::test_parse_named_region ... ok
[INFO] [stdout] test parser::geom::tests::test_parse_parenthesized_expression ... ok
[INFO] [stdout] test parser::geom::tests::test_parse_region_name_with_rc_substring ... ok
[INFO] [stdout] test parser::geom::tests::test_parse_simple_ac ... ok
[INFO] [stdout] test lexer::tests::test_multiple_statements ... ok
[INFO] [stdout] test parser::geom::tests::test_parse_error_missing_at ... ok
[INFO] [stdout] test parser::geom::tests::test_parse_simple_expression ... ok
[INFO] [stdout] test parser::geom::tests::test_parse_union_expression ... ok
[INFO] [stdout] test parser::geom::tests::test_parse_with_whitespace ... ok
[INFO] [stdout] test parser::geom::tests::test_parse_region_name_with_ac_substring ... ok
[INFO] [stdout] test parser::geom::tests::test_to_box_pair_absolute ... ok
[INFO] [stdout] test parser::geom::tests::test_to_box_pair_relative ... ok
[INFO] [stdout] test parser::json_value::tests::test_parse_array ... ok
[INFO] [stdout] test parser::json_value::tests::test_parse_null ... ok
[INFO] [stdout] test parser::json_value::tests::test_parse_number ... ok
[INFO] [stdout] test parser::geom::tests::test_parse_expression_reject_and ... ok
[INFO] [stdout] test parser::json_value::tests::test_parse_object ... ok
[INFO] [stdout] test parser::json_value::tests::test_parse_string ... ok
[INFO] [stdout] test parser::meta::tests::test_parse_current_metadata_number ... ok
[INFO] [stdout] test parser::meta::tests::test_parse_current_metadata_string ... ok
[INFO] [stdout] test parser::meta::tests::test_parse_error_invalid_json ... ok
[INFO] [stdout] test parser::meta::tests::test_parse_error_missing_equals ... ok
[INFO] [stdout] test parser::meta::tests::test_parse_error_missing_hash ... ok
[INFO] [stdout] test parser::meta::tests::test_parse_global_metadata ... ok
[INFO] [stdout] test parser::meta::tests::test_parse_targeted_metadata ... ok
[INFO] [stdout] test parser::geom::tests::test_parse_expression_reject_minus ... ok
[INFO] [stdout] test parser::meta::tests::test_parse_wildcard_metadata ... ok
[INFO] [stdout] test pipeline::tests::test_compilation_error_propagation ... ok
[INFO] [stdout] test pipeline::tests::test_compilation_with_anonymous_and_global ... ok
[INFO] [stdout] test pipeline::tests::test_compilation_with_expression ... ok
[INFO] [stdout] test pipeline::tests::test_compilation_with_wildcards ... ok
[INFO] [stdout] test pipeline::tests::test_empty_compilation ... ok
[INFO] [stdout] test pipeline::tests::test_empty_lines_and_comments ... ok
[INFO] [stdout] test parser::meta::tests::test_parse_with_whitespace ... ok
[INFO] [stdout] test pipeline::tests::test_comment_filtering_in_pipeline ... ok
[INFO] [stdout] test pipeline::tests::test_simple_compilation_pipeline ... ok
[INFO] [stdout] test parser::geom::tests::test_parse_simple_rc ... ok
[INFO] [stdout] test tests::test_compile_cpu_cache_region_name ... ok
[INFO] [stdout] test tests::test_compile_empty_input ... ok
[INFO] [stdout] test tests::test_compile_stub_returns_ok ... ok
[INFO] [stdout] test tests::test_m8_complete_end_to_end ... ok
[INFO] [stdout] test tests::test_minimal_dsl_map_serialization ... ok
[INFO] [stdout] test tests::test_deterministic_key_ordering ... ok
[INFO] [stdout] test parser::json_value::tests::test_parse_boolean ... ok
[INFO] [stdout] test parser::meta::tests::test_parse_complex_json ... ok
[INFO] [stdout] test tests::test_empty_dsl_map_serialization ... ok
[INFO] [stdout] test ast::ir::tests::test_mixed_region_mode_reverse_order ... ok
[INFO] [stdout] test ast::ir::tests::test_mixed_region_mode_error ... ok
[INFO] [stdout] test pipeline::tests::test_mixed_statements_with_comments ... ok
[INFO] [stdout] test ast::output::tests::test_filter_anonymous_without_metadata ... ok
[INFO] [stdout] test ast::metadata::tests::test_build_dsl_map_excludes_empty_anonymous ... ok
[INFO] [stdout] test parser::geom::tests::test_parse_error_malformed_vec3 ... ok
[INFO] [stdout] test m9_diagnostics::test_no_current_region_error ... ok
[INFO] [stdout] test m9_diagnostics::test_unknown_region_error ... ok
[INFO] [stderr]      Running unittests src/bin/insign-cli.rs (/opt/rustwide/target/release/build/insign/200dc03993d5b4ec/out/insign_cli-200dc03993d5b4ec)
[INFO] [stdout] test m9_diagnostics::test_mixed_mode_error ... ok
[INFO] [stdout] test m9_diagnostics::test_disallowed_boolean_operators ... ok
[INFO] [stdout] 
[INFO] [stdout] test result: ok. 109 passed; 0 failed; 0 ignored; 0 measured; 0 filtered out; finished in 0.07s
[INFO] [stdout] 
[INFO] [stdout] 
[INFO] [stdout] running 3 tests
[INFO] [stdout] test tests::test_parse_jsonl_input_invalid_json ... ok
[INFO] [stdout] test tests::test_parse_jsonl_input_valid ... ok
[INFO] [stdout] test tests::test_parse_jsonl_input_empty_lines ... ok
[INFO] [stdout] 
[INFO] [stdout] test result: ok. 3 passed; 0 failed; 0 ignored; 0 measured; 0 filtered out; finished in 0.00s
[INFO] [stdout] 
[INFO] [stderr]      Running tests/cli_integration.rs (/opt/rustwide/target/release/build/insign/9d43e32984e29f67/out/cli_integration-9d43e32984e29f67)
[INFO] [stdout] 
[INFO] [stdout] running 11 tests
[INFO] [stdout] test test_cli_empty_input ... FAILED
[INFO] [stdout] test test_cli_with_tempfile ... FAILED
[INFO] [stdout] test test_cli_version ... FAILED
[INFO] [stdout] test test_cli_error_case ... FAILED
[INFO] [stdout] test test_cli_invalid_jsonl ... FAILED
[INFO] [stdout] test test_cli_file_not_found ... FAILED
[INFO] [stdout] test test_cli_complex_multiline_dsl ... FAILED
[INFO] [stdout] test test_cli_success_simple_input ... FAILED
[INFO] [stdout] test test_cli_empty_lines_handling ... FAILED
[INFO] [stdout] test test_cli_help ... FAILED
[INFO] [stdout] test test_cli_pretty_print ... FAILED
[INFO] [stdout] 
[INFO] [stdout] failures:
[INFO] [stdout] 
[INFO] [stdout] ---- test_cli_empty_input stdout ----
[INFO] [stdout] 
[INFO] [stdout] thread 'test_cli_empty_input' (1561) panicked at tests/cli_integration.rs:27:10:
[INFO] [stdout] Failed to spawn CLI process: Os { code: 2, kind: NotFound, message: "No such file or directory" }
[INFO] [stdout] stack backtrace:
[INFO] [stdout]    0:     0x5fe02eaa9d51 - <<std[617be2ca0a6fd877]::sys::backtrace::BacktraceLock>::print::DisplayBacktrace as core[a373ad73a504971]::fmt::Display>::fmt
[INFO] [stdout]    1:     0x5fe02eabe51a - core[a373ad73a504971]::fmt::write
[INFO] [stdout]    2:     0x5fe02eaadfdc - <alloc[2e1b2a31b91974c5]::vec::Vec<u8> as core[a373ad73a504971]::io::write::Write>::write_fmt
[INFO] [stdout]    3:     0x5fe02ea856d6 - std[617be2ca0a6fd877]::panicking::default_hook::{closure#0}
[INFO] [stdout]    4:     0x5fe02eaa22c9 - std[617be2ca0a6fd877]::panicking::default_hook
[INFO] [stdout]    5:     0x5fe02ea3c7a0 - test[aada8e7e76ba119b]::test_main_inner::{closure#0}
[INFO] [stdout]    6:     0x5fe02eaa2482 - std[617be2ca0a6fd877]::panicking::panic_with_hook
[INFO] [stdout]    7:     0x5fe02ea85782 - std[617be2ca0a6fd877]::panicking::panic_handler::{closure#0}
[INFO] [stdout]    8:     0x5fe02ea7e3e9 - std[617be2ca0a6fd877]::sys::backtrace::__rust_end_short_backtrace::<std[617be2ca0a6fd877]::panicking::panic_handler::{closure#0}, !>
[INFO] [stdout]    9:     0x5fe02ea8638d - __rustc[ea4f61d10b84890b]::rust_begin_unwind
[INFO] [stdout]   10:     0x5fe02eabec4c - core[a373ad73a504971]::panicking::panic_fmt
[INFO] [stdout]   11:     0x5fe02eabea22 - core[a373ad73a504971]::result::unwrap_failed
[INFO] [stdout]   12:     0x5fe02ea26b5f - cli_integration[822300b8238bf212]::run_cli_with_input
[INFO] [stdout]   13:     0x5fe02ea27e7c - <cli_integration[822300b8238bf212]::test_cli_empty_input::{closure#0} as core[a373ad73a504971]::ops::function::FnOnce<()>>::call_once
[INFO] [stdout]   14:     0x5fe02ea2fbeb - test[aada8e7e76ba119b]::__rust_begin_short_backtrace::<core[a373ad73a504971]::result::Result<(), alloc[2e1b2a31b91974c5]::string::String>, fn() -> core[a373ad73a504971]::result::Result<(), alloc[2e1b2a31b91974c5]::string::String>>
[INFO] [stdout]   15:     0x5fe02ea3cdc5 - test[aada8e7e76ba119b]::run_test::{closure#0}
[INFO] [stdout]   16:     0x5fe02ea366b4 - std[617be2ca0a6fd877]::sys::backtrace::__rust_begin_short_backtrace::<test[aada8e7e76ba119b]::run_test::{closure#1}, ()>
[INFO] [stdout]   17:     0x5fe02ea3fe52 - <std[617be2ca0a6fd877]::thread::lifecycle::spawn_unchecked<test[aada8e7e76ba119b]::run_test::{closure#1}, ()>::{closure#1} as core[a373ad73a504971]::ops::function::FnOnce<()>>::call_once::{shim:vtable#0}
[INFO] [stdout]   18:     0x5fe02eaa95af - <std[617be2ca0a6fd877]::sys::thread::unix::Thread>::new::thread_start
[INFO] [stdout]   19:     0x7b87ef668dfa - <unknown>
[INFO] [stdout]   20:     0x7b87ef6fc3d4 - clone
[INFO] [stdout]   21:                0x0 - <unknown>
[INFO] [stdout] 
[INFO] [stdout] ---- test_cli_with_tempfile stdout ----
[INFO] [stdout] 
[INFO] [stdout] thread 'test_cli_with_tempfile' (1571) panicked at tests/cli_integration.rs:49:10:
[INFO] [stdout] Failed to run CLI process: Os { code: 2, kind: NotFound, message: "No such file or directory" }
[INFO] [stdout] stack backtrace:
[INFO] [stdout]    0:     0x5fe02eaa9d51 - <<std[617be2ca0a6fd877]::sys::backtrace::BacktraceLock>::print::DisplayBacktrace as core[a373ad73a504971]::fmt::Display>::fmt
[INFO] [stdout]    1:     0x5fe02eabe51a - core[a373ad73a504971]::fmt::write
[INFO] [stdout]    2:     0x5fe02eaadfdc - <alloc[2e1b2a31b91974c5]::vec::Vec<u8> as core[a373ad73a504971]::io::write::Write>::write_fmt
[INFO] [stdout]    3:     0x5fe02ea856d6 - std[617be2ca0a6fd877]::panicking::default_hook::{closure#0}
[INFO] [stdout]    4:     0x5fe02eaa22c9 - std[617be2ca0a6fd877]::panicking::default_hook
[INFO] [stdout]    5:     0x5fe02ea3c7a0 - test[aada8e7e76ba119b]::test_main_inner::{closure#0}
[INFO] [stdout]    6:     0x5fe02eaa2482 - std[617be2ca0a6fd877]::panicking::panic_with_hook
[INFO] [stdout]    7:     0x5fe02ea85782 - std[617be2ca0a6fd877]::panicking::panic_handler::{closure#0}
[INFO] [stdout]    8:     0x5fe02ea7e3e9 - std[617be2ca0a6fd877]::sys::backtrace::__rust_end_short_backtrace::<std[617be2ca0a6fd877]::panicking::panic_handler::{closure#0}, !>
[INFO] [stdout]    9:     0x5fe02ea8638d - __rustc[ea4f61d10b84890b]::rust_begin_unwind
[INFO] [stdout]   10:     0x5fe02eabec4c - core[a373ad73a504971]::panicking::panic_fmt
[INFO] [stdout]   11:     0x5fe02eabea22 - core[a373ad73a504971]::result::unwrap_failed
[INFO] [stdout]   12:     0x5fe02ea26900 - cli_integration[822300b8238bf212]::run_cli_with_file
[INFO] [stdout]   13:     0x5fe02ea2855b - <cli_integration[822300b8238bf212]::test_cli_with_tempfile::{closure#0} as core[a373ad73a504971]::ops::function::FnOnce<()>>::call_once
[INFO] [stdout]   14:     0x5fe02ea2fbeb - test[aada8e7e76ba119b]::__rust_begin_short_backtrace::<core[a373ad73a504971]::result::Result<(), alloc[2e1b2a31b91974c5]::string::String>, fn() -> core[a373ad73a504971]::result::Result<(), alloc[2e1b2a31b91974c5]::string::String>>
[INFO] [stdout]   15:     0x5fe02ea3cdc5 - test[aada8e7e76ba119b]::run_test::{closure#0}
[INFO] [stdout]   16:     0x5fe02ea366b4 - std[617be2ca0a6fd877]::sys::backtrace::__rust_begin_short_backtrace::<test[aada8e7e76ba119b]::run_test::{closure#1}, ()>
[INFO] [stdout]   17:     0x5fe02ea3fe52 - <std[617be2ca0a6fd877]::thread::lifecycle::spawn_unchecked<test[aada8e7e76ba119b]::run_test::{closure#1}, ()>::{closure#1} as core[a373ad73a504971]::ops::function::FnOnce<()>>::call_once::{shim:vtable#0}
[INFO] [stdout]   18:     0x5fe02eaa95af - <std[617be2ca0a6fd877]::sys::thread::unix::Thread>::new::thread_start
[INFO] [stdout]   19:     0x7b87ef668dfa - <unknown>
[INFO] [stdout]   20:     0x7b87ef6fc3d4 - clone
[INFO] [stdout]   21:                0x0 - <unknown>
[INFO] [stdout] 
[INFO] [stdout] ---- test_cli_version stdout ----
[INFO] [stdout] 
[INFO] [stdout] thread 'test_cli_version' (1570) panicked at tests/cli_integration.rs:189:10:
[INFO] [stdout] Failed to run CLI process: Os { code: 2, kind: NotFound, message: "No such file or directory" }
[INFO] [stdout] stack backtrace:
[INFO] [stdout]    0:     0x5fe02eaa9d51 - <<std[617be2ca0a6fd877]::sys::backtrace::BacktraceLock>::print::DisplayBacktrace as core[a373ad73a504971]::fmt::Display>::fmt
[INFO] [stdout]    1:     0x5fe02eabe51a - core[a373ad73a504971]::fmt::write
[INFO] [stdout]    2:     0x5fe02eaadfdc - <alloc[2e1b2a31b91974c5]::vec::Vec<u8> as core[a373ad73a504971]::io::write::Write>::write_fmt
[INFO] [stdout]    3:     0x5fe02ea856d6 - std[617be2ca0a6fd877]::panicking::default_hook::{closure#0}
[INFO] [stdout]    4:     0x5fe02eaa22c9 - std[617be2ca0a6fd877]::panicking::default_hook
[INFO] [stdout]    5:     0x5fe02ea3c7a0 - test[aada8e7e76ba119b]::test_main_inner::{closure#0}
[INFO] [stdout]    6:     0x5fe02eaa2482 - std[617be2ca0a6fd877]::panicking::panic_with_hook
[INFO] [stdout]    7:     0x5fe02ea85782 - std[617be2ca0a6fd877]::panicking::panic_handler::{closure#0}
[INFO] [stdout]    8:     0x5fe02ea7e3e9 - std[617be2ca0a6fd877]::sys::backtrace::__rust_end_short_backtrace::<std[617be2ca0a6fd877]::panicking::panic_handler::{closure#0}, !>
[INFO] [stdout]    9:     0x5fe02ea8638d - __rustc[ea4f61d10b84890b]::rust_begin_unwind
[INFO] [stdout]   10:     0x5fe02eabec4c - core[a373ad73a504971]::panicking::panic_fmt
[INFO] [stdout]   11:     0x5fe02eabea22 - core[a373ad73a504971]::result::unwrap_failed
[INFO] [stdout]   12:     0x5fe02ea27ae1 - <cli_integration[822300b8238bf212]::test_cli_version::{closure#0} as core[a373ad73a504971]::ops::function::FnOnce<()>>::call_once
[INFO] [stdout]   13:     0x5fe02ea2fbeb - test[aada8e7e76ba119b]::__rust_begin_short_backtrace::<core[a373ad73a504971]::result::Result<(), alloc[2e1b2a31b91974c5]::string::String>, fn() -> core[a373ad73a504971]::result::Result<(), alloc[2e1b2a31b91974c5]::string::String>>
[INFO] [stdout]   14:     0x5fe02ea3cdc5 - test[aada8e7e76ba119b]::run_test::{closure#0}
[INFO] [stdout]   15:     0x5fe02ea366b4 - std[617be2ca0a6fd877]::sys::backtrace::__rust_begin_short_backtrace::<test[aada8e7e76ba119b]::run_test::{closure#1}, ()>
[INFO] [stdout]   16:     0x5fe02ea3fe52 - <std[617be2ca0a6fd877]::thread::lifecycle::spawn_unchecked<test[aada8e7e76ba119b]::run_test::{closure#1}, ()>::{closure#1} as core[a373ad73a504971]::ops::function::FnOnce<()>>::call_once::{shim:vtable#0}
[INFO] [stdout]   17:     0x5fe02eaa95af - <std[617be2ca0a6fd877]::sys::thread::unix::Thread>::new::thread_start
[INFO] [stdout]   18:     0x7b87ef668dfa - <unknown>
[INFO] [stdout]   19:     0x7b87ef6fc3d4 - clone
[INFO] [stdout]   20:                0x0 - <unknown>
[INFO] [stdout] 
[INFO] [stdout] ---- test_cli_error_case stdout ----
[INFO] [stdout] 
[INFO] [stdout] thread 'test_cli_error_case' (1563) panicked at tests/cli_integration.rs:27:10:
[INFO] [stdout] Failed to spawn CLI process: Os { code: 2, kind: NotFound, message: "No such file or directory" }
[INFO] [stdout] stack backtrace:
[INFO] [stdout]    0:     0x5fe02eaa9d51 - <<std[617be2ca0a6fd877]::sys::backtrace::BacktraceLock>::print::DisplayBacktrace as core[a373ad73a504971]::fmt::Display>::fmt
[INFO] [stdout]    1:     0x5fe02eabe51a - core[a373ad73a504971]::fmt::write
[INFO] [stdout]    2:     0x5fe02eaadfdc - <alloc[2e1b2a31b91974c5]::vec::Vec<u8> as core[a373ad73a504971]::io::write::Write>::write_fmt
[INFO] [stdout]    3:     0x5fe02ea856d6 - std[617be2ca0a6fd877]::panicking::default_hook::{closure#0}
[INFO] [stdout]    4:     0x5fe02eaa22c9 - std[617be2ca0a6fd877]::panicking::default_hook
[INFO] [stdout]    5:     0x5fe02ea3c7a0 - test[aada8e7e76ba119b]::test_main_inner::{closure#0}
[INFO] [stdout]    6:     0x5fe02eaa2482 - std[617be2ca0a6fd877]::panicking::panic_with_hook
[INFO] [stdout]    7:     0x5fe02ea85782 - std[617be2ca0a6fd877]::panicking::panic_handler::{closure#0}
[INFO] [stdout]    8:     0x5fe02ea7e3e9 - std[617be2ca0a6fd877]::sys::backtrace::__rust_end_short_backtrace::<std[617be2ca0a6fd877]::panicking::panic_handler::{closure#0}, !>
[INFO] [stdout]    9:     0x5fe02ea8638d - __rustc[ea4f61d10b84890b]::rust_begin_unwind
[INFO] [stdout]   10:     0x5fe02eabec4c - core[a373ad73a504971]::panicking::panic_fmt
[INFO] [stdout]   11:     0x5fe02eabea22 - core[a373ad73a504971]::result::unwrap_failed
[INFO] [stdout]   12:     0x5fe02ea26b5f - cli_integration[822300b8238bf212]::run_cli_with_input
[INFO] [stdout]   13:     0x5fe02ea27c41 - <cli_integration[822300b8238bf212]::test_cli_error_case::{closure#0} as core[a373ad73a504971]::ops::function::FnOnce<()>>::call_once
[INFO] [stdout]   14:     0x5fe02ea2fbeb - test[aada8e7e76ba119b]::__rust_begin_short_backtrace::<core[a373ad73a504971]::result::Result<(), alloc[2e1b2a31b91974c5]::string::String>, fn() -> core[a373ad73a504971]::result::Result<(), alloc[2e1b2a31b91974c5]::string::String>>
[INFO] [stdout]   15:     0x5fe02ea3cdc5 - test[aada8e7e76ba119b]::run_test::{closure#0}
[INFO] [stdout]   16:     0x5fe02ea366b4 - std[617be2ca0a6fd877]::sys::backtrace::__rust_begin_short_backtrace::<test[aada8e7e76ba119b]::run_test::{closure#1}, ()>
[INFO] [stdout]   17:     0x5fe02ea3fe52 - <std[617be2ca0a6fd877]::thread::lifecycle::spawn_unchecked<test[aada8e7e76ba119b]::run_test::{closure#1}, ()>::{closure#1} as core[a373ad73a504971]::ops::function::FnOnce<()>>::call_once::{shim:vtable#0}
[INFO] [stdout]   18:     0x5fe02eaa95af - <std[617be2ca0a6fd877]::sys::thread::unix::Thread>::new::thread_start
[INFO] [stdout]   19:     0x7b87ef668dfa - <unknown>
[INFO] [stdout]   20:     0x7b87ef6fc3d4 - clone
[INFO] [stdout]   21:                0x0 - <unknown>
[INFO] [stdout] 
[INFO] [stdout] ---- test_cli_invalid_jsonl stdout ----
[INFO] [stdout] 
[INFO] [stdout] thread 'test_cli_invalid_jsonl' (1566) panicked at tests/cli_integration.rs:27:10:
[INFO] [stdout] Failed to spawn CLI process: Os { code: 2, kind: NotFound, message: "No such file or directory" }
[INFO] [stdout] stack backtrace:
[INFO] [stdout]    0:     0x5fe02eaa9d51 - <<std[617be2ca0a6fd877]::sys::backtrace::BacktraceLock>::print::DisplayBacktrace as core[a373ad73a504971]::fmt::Display>::fmt
[INFO] [stdout]    1:     0x5fe02eabe51a - core[a373ad73a504971]::fmt::write
[INFO] [stdout]    2:     0x5fe02eaadfdc - <alloc[2e1b2a31b91974c5]::vec::Vec<u8> as core[a373ad73a504971]::io::write::Write>::write_fmt
[INFO] [stdout]    3:     0x5fe02ea856d6 - std[617be2ca0a6fd877]::panicking::default_hook::{closure#0}
[INFO] [stdout]    4:     0x5fe02eaa22c9 - std[617be2ca0a6fd877]::panicking::default_hook
[INFO] [stdout]    5:     0x5fe02ea3c7a0 - test[aada8e7e76ba119b]::test_main_inner::{closure#0}
[INFO] [stdout]    6:     0x5fe02eaa2482 - std[617be2ca0a6fd877]::panicking::panic_with_hook
[INFO] [stdout]    7:     0x5fe02ea85782 - std[617be2ca0a6fd877]::panicking::panic_handler::{closure#0}
[INFO] [stdout]    8:     0x5fe02ea7e3e9 - std[617be2ca0a6fd877]::sys::backtrace::__rust_end_short_backtrace::<std[617be2ca0a6fd877]::panicking::panic_handler::{closure#0}, !>
[INFO] [stdout]    9:     0x5fe02ea8638d - __rustc[ea4f61d10b84890b]::rust_begin_unwind
[INFO] [stdout]   10:     0x5fe02eabec4c - core[a373ad73a504971]::panicking::panic_fmt
[INFO] [stdout]   11:     0x5fe02eabea22 - core[a373ad73a504971]::result::unwrap_failed
[INFO] [stdout]   12:     0x5fe02ea26b5f - cli_integration[822300b8238bf212]::run_cli_with_input
[INFO] [stdout]   13:     0x5fe02ea282bc - <cli_integration[822300b8238bf212]::test_cli_invalid_jsonl::{closure#0} as core[a373ad73a504971]::ops::function::FnOnce<()>>::call_once
[INFO] [stdout]   14:     0x5fe02ea2fbeb - test[aada8e7e76ba119b]::__rust_begin_short_backtrace::<core[a373ad73a504971]::result::Result<(), alloc[2e1b2a31b91974c5]::string::String>, fn() -> core[a373ad73a504971]::result::Result<(), alloc[2e1b2a31b91974c5]::string::String>>
[INFO] [stdout]   15:     0x5fe02ea3cdc5 - test[aada8e7e76ba119b]::run_test::{closure#0}
[INFO] [stdout]   16:     0x5fe02ea366b4 - std[617be2ca0a6fd877]::sys::backtrace::__rust_begin_short_backtrace::<test[aada8e7e76ba119b]::run_test::{closure#1}, ()>
[INFO] [stdout]   17:     0x5fe02ea3fe52 - <std[617be2ca0a6fd877]::thread::lifecycle::spawn_unchecked<test[aada8e7e76ba119b]::run_test::{closure#1}, ()>::{closure#1} as core[a373ad73a504971]::ops::function::FnOnce<()>>::call_once::{shim:vtable#0}
[INFO] [stdout]   18:     0x5fe02eaa95af - <std[617be2ca0a6fd877]::sys::thread::unix::Thread>::new::thread_start
[INFO] [stdout]   19:     0x7b87ef668dfa - <unknown>
[INFO] [stdout]   20:     0x7b87ef6fc3d4 - clone
[INFO] [stdout]   21:                0x0 - <unknown>
[INFO] [stdout] 
[INFO] [stdout] ---- test_cli_file_not_found stdout ----
[INFO] [stdout] 
[INFO] [stdout] thread 'test_cli_file_not_found' (1564) panicked at tests/cli_integration.rs:49:10:
[INFO] [stdout] Failed to run CLI process: Os { code: 2, kind: NotFound, message: "No such file or directory" }
[INFO] [stdout] stack backtrace:
[INFO] [stdout]    0:     0x5fe02eaa9d51 - <<std[617be2ca0a6fd877]::sys::backtrace::BacktraceLock>::print::DisplayBacktrace as core[a373ad73a504971]::fmt::Display>::fmt
[INFO] [stdout]    1:     0x5fe02eabe51a - core[a373ad73a504971]::fmt::write
[INFO] [stdout]    2:     0x5fe02eaadfdc - <alloc[2e1b2a31b91974c5]::vec::Vec<u8> as core[a373ad73a504971]::io::write::Write>::write_fmt
[INFO] [stdout]    3:     0x5fe02ea856d6 - std[617be2ca0a6fd877]::panicking::default_hook::{closure#0}
[INFO] [stdout]    4:     0x5fe02eaa22c9 - std[617be2ca0a6fd877]::panicking::default_hook
[INFO] [stdout]    5:     0x5fe02ea3c7a0 - test[aada8e7e76ba119b]::test_main_inner::{closure#0}
[INFO] [stdout]    6:     0x5fe02eaa2482 - std[617be2ca0a6fd877]::panicking::panic_with_hook
[INFO] [stdout]    7:     0x5fe02ea85782 - std[617be2ca0a6fd877]::panicking::panic_handler::{closure#0}
[INFO] [stdout]    8:     0x5fe02ea7e3e9 - std[617be2ca0a6fd877]::sys::backtrace::__rust_end_short_backtrace::<std[617be2ca0a6fd877]::panicking::panic_handler::{closure#0}, !>
[INFO] [stdout]    9:     0x5fe02ea8638d - __rustc[ea4f61d10b84890b]::rust_begin_unwind
[INFO] [stdout]   10:     0x5fe02eabec4c - core[a373ad73a504971]::panicking::panic_fmt
[INFO] [stdout]   11:     0x5fe02eabea22 - core[a373ad73a504971]::result::unwrap_failed
[INFO] [stdout]   12:     0x5fe02ea26900 - cli_integration[822300b8238bf212]::run_cli_with_file
[INFO] [stdout]   13:     0x5fe02ea288fc - <cli_integration[822300b8238bf212]::test_cli_file_not_found::{closure#0} as core[a373ad73a504971]::ops::function::FnOnce<()>>::call_once
[INFO] [stdout]   14:     0x5fe02ea2fbeb - test[aada8e7e76ba119b]::__rust_begin_short_backtrace::<core[a373ad73a504971]::result::Result<(), alloc[2e1b2a31b91974c5]::string::String>, fn() -> core[a373ad73a504971]::result::Result<(), alloc[2e1b2a31b91974c5]::string::String>>
[INFO] [stdout]   15:     0x5fe02ea3cdc5 - test[aada8e7e76ba119b]::run_test::{closure#0}
[INFO] [stdout]   16:     0x5fe02ea366b4 - std[617be2ca0a6fd877]::sys::backtrace::__rust_begin_short_backtrace::<test[aada8e7e76ba119b]::run_test::{closure#1}, ()>
[INFO] [stdout]   17:     0x5fe02ea3fe52 - <std[617be2ca0a6fd877]::thread::lifecycle::spawn_unchecked<test[aada8e7e76ba119b]::run_test::{closure#1}, ()>::{closure#1} as core[a373ad73a504971]::ops::function::FnOnce<()>>::call_once::{shim:vtable#0}
[INFO] [stdout]   18:     0x5fe02eaa95af - <std[617be2ca0a6fd877]::sys::thread::unix::Thread>::new::thread_start
[INFO] [stdout]   19:     0x7b87ef668dfa - <unknown>
[INFO] [stdout]   20:     0x7b87ef6fc3d4 - clone
[INFO] [stdout]   21:                0x0 - <unknown>
[INFO] [stdout] 
[INFO] [stdout] ---- test_cli_complex_multiline_dsl stdout ----
[INFO] [stdout] 
[INFO] [stdout] thread 'test_cli_complex_multiline_dsl' (1560) panicked at tests/cli_integration.rs:27:10:
[INFO] [stdout] Failed to spawn CLI process: Os { code: 2, kind: NotFound, message: "No such file or directory" }
[INFO] [stdout] stack backtrace:
[INFO] [stdout]    0:     0x5fe02eaa9d51 - <<std[617be2ca0a6fd877]::sys::backtrace::BacktraceLock>::print::DisplayBacktrace as core[a373ad73a504971]::fmt::Display>::fmt
[INFO] [stdout]    1:     0x5fe02eabe51a - core[a373ad73a504971]::fmt::write
[INFO] [stdout]    2:     0x5fe02eaadfdc - <alloc[2e1b2a31b91974c5]::vec::Vec<u8> as core[a373ad73a504971]::io::write::Write>::write_fmt
[INFO] [stdout]    3:     0x5fe02ea856d6 - std[617be2ca0a6fd877]::panicking::default_hook::{closure#0}
[INFO] [stdout]    4:     0x5fe02eaa22c9 - std[617be2ca0a6fd877]::panicking::default_hook
[INFO] [stdout]    5:     0x5fe02ea3c7a0 - test[aada8e7e76ba119b]::test_main_inner::{closure#0}
[INFO] [stdout]    6:     0x5fe02eaa2482 - std[617be2ca0a6fd877]::panicking::panic_with_hook
[INFO] [stdout]    7:     0x5fe02ea85782 - std[617be2ca0a6fd877]::panicking::panic_handler::{closure#0}
[INFO] [stdout]    8:     0x5fe02ea7e3e9 - std[617be2ca0a6fd877]::sys::backtrace::__rust_end_short_backtrace::<std[617be2ca0a6fd877]::panicking::panic_handler::{closure#0}, !>
[INFO] [stdout]    9:     0x5fe02ea8638d - __rustc[ea4f61d10b84890b]::rust_begin_unwind
[INFO] [stdout]   10:     0x5fe02eabec4c - core[a373ad73a504971]::panicking::panic_fmt
[INFO] [stdout]   11:     0x5fe02eabea22 - core[a373ad73a504971]::result::unwrap_failed
[INFO] [stdout]   12:     0x5fe02ea26b5f - cli_integration[822300b8238bf212]::run_cli_with_input
[INFO] [stdout]   13:     0x5fe02ea29284 - <cli_integration[822300b8238bf212]::test_cli_complex_multiline_dsl::{closure#0} as core[a373ad73a504971]::ops::function::FnOnce<()>>::call_once
[INFO] [stdout]   14:     0x5fe02ea2fbeb - test[aada8e7e76ba119b]::__rust_begin_short_backtrace::<core[a373ad73a504971]::result::Result<(), alloc[2e1b2a31b91974c5]::string::String>, fn() -> core[a373ad73a504971]::result::Result<(), alloc[2e1b2a31b91974c5]::string::String>>
[INFO] [stdout]   15:     0x5fe02ea3cdc5 - test[aada8e7e76ba119b]::run_test::{closure#0}
[INFO] [stdout]   16:     0x5fe02ea366b4 - std[617be2ca0a6fd877]::sys::backtrace::__rust_begin_short_backtrace::<test[aada8e7e76ba119b]::run_test::{closure#1}, ()>
[INFO] [stdout]   17:     0x5fe02ea3fe52 - <std[617be2ca0a6fd877]::thread::lifecycle::spawn_unchecked<test[aada8e7e76ba119b]::run_test::{closure#1}, ()>::{closure#1} as core[a373ad73a504971]::ops::function::FnOnce<()>>::call_once::{shim:vtable#0}
[INFO] [stdout]   18:     0x5fe02eaa95af - <std[617be2ca0a6fd877]::sys::thread::unix::Thread>::new::thread_start
[INFO] [stdout]   19:     0x7b87ef668dfa - <unknown>
[INFO] [stdout]   20:     0x7b87ef6fc3d4 - clone
[INFO] [stdout]   21:                0x0 - <unknown>
[INFO] [stdout] 
[INFO] [stdout] ---- test_cli_success_simple_input stdout ----
[INFO] [stdout] 
[INFO] [stdout] thread 'test_cli_success_simple_input' (1568) panicked at tests/cli_integration.rs:27:10:
[INFO] [stdout] Failed to spawn CLI process: Os { code: 2, kind: NotFound, message: "No such file or directory" }
[INFO] [stdout] stack backtrace:
[INFO] [stdout]    0:     0x5fe02eaa9d51 - <<std[617be2ca0a6fd877]::sys::backtrace::BacktraceLock>::print::DisplayBacktrace as core[a373ad73a504971]::fmt::Display>::fmt
[INFO] [stdout]    1:     0x5fe02eabe51a - core[a373ad73a504971]::fmt::write
[INFO] [stdout]    2:     0x5fe02eaadfdc - <alloc[2e1b2a31b91974c5]::vec::Vec<u8> as core[a373ad73a504971]::io::write::Write>::write_fmt
[INFO] [stdout]    3:     0x5fe02ea856d6 - std[617be2ca0a6fd877]::panicking::default_hook::{closure#0}
[INFO] [stdout]    4:     0x5fe02eaa22c9 - std[617be2ca0a6fd877]::panicking::default_hook
[INFO] [stdout]    5:     0x5fe02ea3c7a0 - test[aada8e7e76ba119b]::test_main_inner::{closure#0}
[INFO] [stdout]    6:     0x5fe02eaa2482 - std[617be2ca0a6fd877]::panicking::panic_with_hook
[INFO] [stdout]    7:     0x5fe02ea85782 - std[617be2ca0a6fd877]::panicking::panic_handler::{closure#0}
[INFO] [stdout]    8:     0x5fe02ea7e3e9 - std[617be2ca0a6fd877]::sys::backtrace::__rust_end_short_backtrace::<std[617be2ca0a6fd877]::panicking::panic_handler::{closure#0}, !>
[INFO] [stdout]    9:     0x5fe02ea8638d - __rustc[ea4f61d10b84890b]::rust_begin_unwind
[INFO] [stdout]   10:     0x5fe02eabec4c - core[a373ad73a504971]::panicking::panic_fmt
[INFO] [stdout]   11:     0x5fe02eabea22 - core[a373ad73a504971]::result::unwrap_failed
[INFO] [stdout]   12:     0x5fe02ea26b5f - cli_integration[822300b8238bf212]::run_cli_with_input
[INFO] [stdout]   13:     0x5fe02ea28fec - <cli_integration[822300b8238bf212]::test_cli_success_simple_input::{closure#0} as core[a373ad73a504971]::ops::function::FnOnce<()>>::call_once
[INFO] [stdout]   14:     0x5fe02ea2fbeb - test[aada8e7e76ba119b]::__rust_begin_short_backtrace::<core[a373ad73a504971]::result::Result<(), alloc[2e1b2a31b91974c5]::string::String>, fn() -> core[a373ad73a504971]::result::Result<(), alloc[2e1b2a31b91974c5]::string::String>>
[INFO] [stdout]   15:     0x5fe02ea3cdc5 - test[aada8e7e76ba119b]::run_test::{closure#0}
[INFO] [stdout]   16:     0x5fe02ea366b4 - std[617be2ca0a6fd877]::sys::backtrace::__rust_begin_short_backtrace::<test[aada8e7e76ba119b]::run_test::{closure#1}, ()>
[INFO] [stdout]   17:     0x5fe02ea3fe52 - <std[617be2ca0a6fd877]::thread::lifecycle::spawn_unchecked<test[aada8e7e76ba119b]::run_test::{closure#1}, ()>::{closure#1} as core[a373ad73a504971]::ops::function::FnOnce<()>>::call_once::{shim:vtable#0}
[INFO] [stdout]   18:     0x5fe02eaa95af - <std[617be2ca0a6fd877]::sys::thread::unix::Thread>::new::thread_start
[INFO] [stdout]   19:     0x7b87ef668dfa - <unknown>
[INFO] [stdout]   20:     0x7b87ef6fc3d4 - clone
[INFO] [stdout]   21:                0x0 - <unknown>
[INFO] [stdout] 
[INFO] [stdout] ---- test_cli_empty_lines_handling stdout ----
[INFO] [stdout] 
[INFO] [stdout] thread 'test_cli_empty_lines_handling' (1562) panicked at tests/cli_integration.rs:27:10:
[INFO] [stdout] Failed to spawn CLI process: Os { code: 2, kind: NotFound, message: "No such file or directory" }
[INFO] [stdout] stack backtrace:
[INFO] [stdout]    0:     0x5fe02eaa9d51 - <<std[617be2ca0a6fd877]::sys::backtrace::BacktraceLock>::print::DisplayBacktrace as core[a373ad73a504971]::fmt::Display>::fmt
[INFO] [stdout]    1:     0x5fe02eabe51a - core[a373ad73a504971]::fmt::write
[INFO] [stdout]    2:     0x5fe02eaadfdc - <alloc[2e1b2a31b91974c5]::vec::Vec<u8> as core[a373ad73a504971]::io::write::Write>::write_fmt
[INFO] [stdout]    3:     0x5fe02ea856d6 - std[617be2ca0a6fd877]::panicking::default_hook::{closure#0}
[INFO] [stdout]    4:     0x5fe02eaa22c9 - std[617be2ca0a6fd877]::panicking::default_hook
[INFO] [stdout]    5:     0x5fe02ea3c7a0 - test[aada8e7e76ba119b]::test_main_inner::{closure#0}
[INFO] [stdout]    6:     0x5fe02eaa2482 - std[617be2ca0a6fd877]::panicking::panic_with_hook
[INFO] [stdout]    7:     0x5fe02ea85782 - std[617be2ca0a6fd877]::panicking::panic_handler::{closure#0}
[INFO] [stdout]    8:     0x5fe02ea7e3e9 - std[617be2ca0a6fd877]::sys::backtrace::__rust_end_short_backtrace::<std[617be2ca0a6fd877]::panicking::panic_handler::{closure#0}, !>
[INFO] [stdout]    9:     0x5fe02ea8638d - __rustc[ea4f61d10b84890b]::rust_begin_unwind
[INFO] [stdout]   10:     0x5fe02eabec4c - core[a373ad73a504971]::panicking::panic_fmt
[INFO] [stdout]   11:     0x5fe02eabea22 - core[a373ad73a504971]::result::unwrap_failed
[INFO] [stdout]   12:     0x5fe02ea26b5f - cli_integration[822300b8238bf212]::run_cli_with_input
[INFO] [stdout]   13:     0x5fe02ea28b35 - <cli_integration[822300b8238bf212]::test_cli_empty_lines_handling::{closure#0} as core[a373ad73a504971]::ops::function::FnOnce<()>>::call_once
[INFO] [stdout]   14:     0x5fe02ea2fbeb - test[aada8e7e76ba119b]::__rust_begin_short_backtrace::<core[a373ad73a504971]::result::Result<(), alloc[2e1b2a31b91974c5]::string::String>, fn() -> core[a373ad73a504971]::result::Result<(), alloc[2e1b2a31b91974c5]::string::String>>
[INFO] [stdout]   15:     0x5fe02ea3cdc5 - test[aada8e7e76ba119b]::run_test::{closure#0}
[INFO] [stdout]   16:     0x5fe02ea366b4 - std[617be2ca0a6fd877]::sys::backtrace::__rust_begin_short_backtrace::<test[aada8e7e76ba119b]::run_test::{closure#1}, ()>
[INFO] [stdout]   17:     0x5fe02ea3fe52 - <std[617be2ca0a6fd877]::thread::lifecycle::spawn_unchecked<test[aada8e7e76ba119b]::run_test::{closure#1}, ()>::{closure#1} as core[a373ad73a504971]::ops::function::FnOnce<()>>::call_once::{shim:vtable#0}
[INFO] [stdout]   18:     0x5fe02eaa95af - <std[617be2ca0a6fd877]::sys::thread::unix::Thread>::new::thread_start
[INFO] [stdout]   19:     0x7b87ef668dfa - <unknown>
[INFO] [stdout]   20:     0x7b87ef6fc3d4 - clone
[INFO] [stdout]   21:                0x0 - <unknown>
[INFO] [stdout] 
[INFO] [stdout] ---- test_cli_help stdout ----
[INFO] [stdout] 
[INFO] [stdout] thread 'test_cli_help' (1565) panicked at tests/cli_integration.rs:174:10:
[INFO] [stdout] Failed to run CLI process: Os { code: 2, kind: NotFound, message: "No such file or directory" }
[INFO] [stdout] stack backtrace:
[INFO] [stdout]    0:     0x5fe02eaa9d51 - <<std[617be2ca0a6fd877]::sys::backtrace::BacktraceLock>::print::DisplayBacktrace as core[a373ad73a504971]::fmt::Display>::fmt
[INFO] [stdout]    1:     0x5fe02eabe51a - core[a373ad73a504971]::fmt::write
[INFO] [stdout]    2:     0x5fe02eaadfdc - <alloc[2e1b2a31b91974c5]::vec::Vec<u8> as core[a373ad73a504971]::io::write::Write>::write_fmt
[INFO] [stdout]    3:     0x5fe02ea856d6 - std[617be2ca0a6fd877]::panicking::default_hook::{closure#0}
[INFO] [stdout]    4:     0x5fe02eaa22c9 - std[617be2ca0a6fd877]::panicking::default_hook
[INFO] [stdout]    5:     0x5fe02ea3c7a0 - test[aada8e7e76ba119b]::test_main_inner::{closure#0}
[INFO] [stdout]    6:     0x5fe02eaa2482 - std[617be2ca0a6fd877]::panicking::panic_with_hook
[INFO] [stdout]    7:     0x5fe02ea85782 - std[617be2ca0a6fd877]::panicking::panic_handler::{closure#0}
[INFO] [stdout]    8:     0x5fe02ea7e3e9 - std[617be2ca0a6fd877]::sys::backtrace::__rust_end_short_backtrace::<std[617be2ca0a6fd877]::panicking::panic_handler::{closure#0}, !>
[INFO] [stdout]    9:     0x5fe02ea8638d - __rustc[ea4f61d10b84890b]::rust_begin_unwind
[INFO] [stdout]   10:     0x5fe02eabec4c - core[a373ad73a504971]::panicking::panic_fmt
[INFO] [stdout]   11:     0x5fe02eabea22 - core[a373ad73a504971]::result::unwrap_failed
[INFO] [stdout]   12:     0x5fe02ea277e0 - <cli_integration[822300b8238bf212]::test_cli_help::{closure#0} as core[a373ad73a504971]::ops::function::FnOnce<()>>::call_once
[INFO] [stdout]   13:     0x5fe02ea2fbeb - test[aada8e7e76ba119b]::__rust_begin_short_backtrace::<core[a373ad73a504971]::result::Result<(), alloc[2e1b2a31b91974c5]::string::String>, fn() -> core[a373ad73a504971]::result::Result<(), alloc[2e1b2a31b91974c5]::string::String>>
[INFO] [stdout]   14:     0x5fe02ea3cdc5 - test[aada8e7e76ba119b]::run_test::{closure#0}
[INFO] [stdout]   15:     0x5fe02ea366b4 - std[617be2ca0a6fd877]::sys::backtrace::__rust_begin_short_backtrace::<test[aada8e7e76ba119b]::run_test::{closure#1}, ()>
[INFO] [stdout]   16:     0x5fe02ea3fe52 - <std[617be2ca0a6fd877]::thread::lifecycle::spawn_unchecked<test[aada8e7e76ba119b]::run_test::{closure#1}, ()>::{closure#1} as core[a373ad73a504971]::ops::function::FnOnce<()>>::call_once::{shim:vtable#0}
[INFO] [stdout]   17:     0x5fe02eaa95af - <std[617be2ca0a6fd877]::sys::thread::unix::Thread>::new::thread_start
[INFO] [stdout]   18:     0x7b87ef668dfa - <unknown>
[INFO] [stdout]   19:     0x7b87ef6fc3d4 - clone
[INFO] [stdout]   20:                0x0 - <unknown>
[INFO] [stdout] 
[INFO] [stdout] ---- test_cli_pretty_print stdout ----
[INFO] [stdout] 
[INFO] [stdout] thread 'test_cli_pretty_print' (1567) panicked at tests/cli_integration.rs:27:10:
[INFO] [stdout] Failed to spawn CLI process: Os { code: 2, kind: NotFound, message: "No such file or directory" }
[INFO] [stdout] stack backtrace:
[INFO] [stdout]    0:     0x5fe02eaa9d51 - <<std[617be2ca0a6fd877]::sys::backtrace::BacktraceLock>::print::DisplayBacktrace as core[a373ad73a504971]::fmt::Display>::fmt
[INFO] [stdout]    1:     0x5fe02eabe51a - core[a373ad73a504971]::fmt::write
[INFO] [stdout]    2:     0x5fe02eaadfdc - <alloc[2e1b2a31b91974c5]::vec::Vec<u8> as core[a373ad73a504971]::io::write::Write>::write_fmt
[INFO] [stdout]    3:     0x5fe02ea856d6 - std[617be2ca0a6fd877]::panicking::default_hook::{closure#0}
[INFO] [stdout]    4:     0x5fe02eaa22c9 - std[617be2ca0a6fd877]::panicking::default_hook
[INFO] [stdout]    5:     0x5fe02ea3c7a0 - test[aada8e7e76ba119b]::test_main_inner::{closure#0}
[INFO] [stdout]    6:     0x5fe02eaa2482 - std[617be2ca0a6fd877]::panicking::panic_with_hook
[INFO] [stdout]    7:     0x5fe02ea85782 - std[617be2ca0a6fd877]::panicking::panic_handler::{closure#0}
[INFO] [stdout]    8:     0x5fe02ea7e3e9 - std[617be2ca0a6fd877]::sys::backtrace::__rust_end_short_backtrace::<std[617be2ca0a6fd877]::panicking::panic_handler::{closure#0}, !>
[INFO] [stdout]    9:     0x5fe02ea8638d - __rustc[ea4f61d10b84890b]::rust_begin_unwind
[INFO] [stdout]   10:     0x5fe02eabec4c - core[a373ad73a504971]::panicking::panic_fmt
[INFO] [stdout]   11:     0x5fe02eabea22 - core[a373ad73a504971]::result::unwrap_failed
[INFO] [stdout]   12:     0x5fe02ea26b5f - cli_integration[822300b8238bf212]::run_cli_with_input
[INFO] [stdout]   13:     0x5fe02ea28071 - <cli_integration[822300b8238bf212]::test_cli_pretty_print::{closure#0} as core[a373ad73a504971]::ops::function::FnOnce<()>>::call_once
[INFO] [stdout]   14:     0x5fe02ea2fbeb - test[aada8e7e76ba119b]::__rust_begin_short_backtrace::<core[a373ad73a504971]::result::Result<(), alloc[2e1b2a31b91974c5]::string::String>, fn() -> core[a373ad73a504971]::result::Result<(), alloc[2e1b2a31b91974c5]::string::String>>
[INFO] [stdout]   15:     0x5fe02ea3cdc5 - test[aada8e7e76ba119b]::run_test::{closure#0}
[INFO] [stdout]   16:     0x5fe02ea366b4 - std[617be2ca0a6fd877]::sys::backtrace::__rust_begin_short_backtrace::<test[aada8e7e76ba119b]::run_test::{closure#1}, ()>
[INFO] [stdout]   17:     0x5fe02ea3fe52 - <std[617be2ca0a6fd877]::thread::lifecycle::spawn_unchecked<test[aada8e7e76ba119b]::run_test::{closure#1}, ()>::{closure#1} as core[a373ad73a504971]::ops::function::FnOnce<()>>::call_once::{shim:vtable#0}
[INFO] [stdout]   18:     0x5fe02eaa95af - <std[617be2ca0a6fd877]::sys::thread::unix::Thread>::new::thread_start
[INFO] [stdout]   19:     0x7b87ef668dfa - <unknown>
[INFO] [stdout]   20:     0x7b87ef6fc3d4 - clone
[INFO] [stdout]   21:                0x0 - <unknown>
[INFO] [stdout] 
[INFO] [stdout] 
[INFO] [stdout] failures:
[INFO] [stdout]     test_cli_complex_multiline_dsl
[INFO] [stdout]     test_cli_empty_input
[INFO] [stdout]     test_cli_empty_lines_handling
[INFO] [stdout]     test_cli_error_case
[INFO] [stdout]     test_cli_file_not_found
[INFO] [stdout]     test_cli_help
[INFO] [stdout]     test_cli_invalid_jsonl
[INFO] [stdout]     test_cli_pretty_print
[INFO] [stdout]     test_cli_success_simple_input
[INFO] [stdout]     test_cli_version
[INFO] [stdout]     test_cli_with_tempfile
[INFO] [stdout] 
[INFO] [stdout] test result: FAILED. 0 passed; 11 failed; 0 ignored; 0 measured; 0 filtered out; finished in 0.10s
[INFO] [stdout] 
[INFO] [stderr] error: test failed, to rerun pass `--test cli_integration`
[INFO] running `Command { std: "docker" "inspect" "62dc484ba951188ac1445afbbfccfddff6f32ffa1845665a150e6033fcd43817", kill_on_drop: false }`
[INFO] running `Command { std: "docker" "rm" "-f" "62dc484ba951188ac1445afbbfccfddff6f32ffa1845665a150e6033fcd43817", kill_on_drop: false }`
[INFO] [stdout] 62dc484ba951188ac1445afbbfccfddff6f32ffa1845665a150e6033fcd43817
