[INFO] fetching crate hope_agents 0.3.8...
[INFO] testing hope_agents-0.3.8 against 1.100.0-beta.1+cargoflags=--release for beta-release-1.100-2
[INFO] extracting crate hope_agents 0.3.8 into /workspace/builds/worker-3-tc2/source
[INFO] started tweaking crates.io crate hope_agents 0.3.8
[INFO] removed 0 missing examples
[INFO] removed 0 missing tests
[INFO] finished tweaking crates.io crate hope_agents 0.3.8
[INFO] tweaked toml for crates.io crate hope_agents 0.3.8 written to /workspace/builds/worker-3-tc2/source/Cargo.toml
[INFO] validating manifest of crates.io crate hope_agents 0.3.8 on toolchain 1.100.0-beta.1
[INFO] running `Command { std: CARGO_HOME="/workspace/cargo-home" RUSTUP_HOME="/workspace/rustup-home" "/workspace/cargo-home/bin/cargo" "+1.100.0-beta.1" "metadata" "--manifest-path" "Cargo.toml" "--no-deps", kill_on_drop: false }`
[INFO] crate crates.io crate hope_agents 0.3.8 already has a lockfile, it will not be regenerated
[INFO] running `Command { std: CARGO_HOME="/workspace/cargo-home" RUSTUP_HOME="/workspace/rustup-home" "/workspace/cargo-home/bin/cargo" "+1.100.0-beta.1" "fetch" "--manifest-path" "Cargo.toml", kill_on_drop: false }`
[INFO] running `Command { std: "docker" "create" "-v" "/var/lib/crater-agent-workspace/builds/worker-3-tc2/source:/opt/rustwide/workdir:ro,Z" "-v" "/var/lib/crater-agent-workspace/builds/worker-3-tc2/target:/opt/rustwide/target:rw,Z" "-v" "/var/lib/crater-agent-workspace/cargo-home:/opt/rustwide/cargo-home:ro,Z" "-v" "/var/lib/crater-agent-workspace/rustup-home:/opt/rustwide/rustup-home:ro,Z" "-m" "1610612736" "--network" "none" "ghcr.io/rust-lang/crates-build-env/linux@sha256:77db811e55d90add9212f6832c23229e3de5f1c1f9905e8cb07319ea15df73ac" "sleep" "infinity", kill_on_drop: false }`
[INFO] [stdout] b463b5f93bc1b82805c8ce5211698e919436910a63d6ad248a4e5b9bf015a858
[INFO] running `Command { std: "docker" "start" "b463b5f93bc1b82805c8ce5211698e919436910a63d6ad248a4e5b9bf015a858", kill_on_drop: false }`
[INFO] running `Command { std: "docker" "inspect" "b463b5f93bc1b82805c8ce5211698e919436910a63d6ad248a4e5b9bf015a858", kill_on_drop: false }`
[INFO] running `Command { std: "docker" "exec" "-e" "SOURCE_DIR=/opt/rustwide/workdir" "-e" "CARGO_HOME=/opt/rustwide/cargo-home" "-e" "RUSTUP_HOME=/opt/rustwide/rustup-home" "-e" "CARGO_TARGET_DIR=/opt/rustwide/target" "-w" "/opt/rustwide/workdir" "--user" "0:0" "b463b5f93bc1b82805c8ce5211698e919436910a63d6ad248a4e5b9bf015a858" "/opt/rustwide/cargo-home/bin/cargo" "+1.100.0-beta.1" "metadata" "--no-deps" "--format-version=1", kill_on_drop: false }`
[INFO] running `Command { std: "docker" "inspect" "b463b5f93bc1b82805c8ce5211698e919436910a63d6ad248a4e5b9bf015a858", kill_on_drop: false }`
[INFO] running `Command { std: "docker" "exec" "-e" "SOURCE_DIR=/opt/rustwide/workdir" "-e" "CARGO_HOME=/opt/rustwide/cargo-home" "-e" "RUSTUP_HOME=/opt/rustwide/rustup-home" "-e" "CARGO_TARGET_DIR=/opt/rustwide/target" "-e" "CARGO_INCREMENTAL=0" "-e" "RUST_BACKTRACE=full" "-e" "RUSTFLAGS=--cap-lints=warn" "-e" "RUSTDOCFLAGS=--cap-lints=warn" "-w" "/opt/rustwide/workdir" "--user" "0:0" "b463b5f93bc1b82805c8ce5211698e919436910a63d6ad248a4e5b9bf015a858" "/opt/rustwide/cargo-home/bin/cargo" "+1.100.0-beta.1" "build" "--frozen" "--message-format=json" "--release", kill_on_drop: false }`
[INFO] [stderr]    Compiling libc v0.2.182
[INFO] [stderr]    Compiling proc-macro2 v1.0.106
[INFO] [stderr]    Compiling zerocopy v0.8.40
[INFO] [stderr]    Compiling quote v1.0.45
[INFO] [stderr]    Compiling serde_json v1.0.149
[INFO] [stderr]    Compiling chrono v0.4.44
[INFO] [stderr]    Compiling syn v2.0.117
[INFO] [stderr]    Compiling getrandom v0.3.4
[INFO] [stderr]    Compiling rand_core v0.9.5
[INFO] [stderr]    Compiling serde_derive v1.0.228
[INFO] [stderr]    Compiling ppv-lite86 v0.2.21
[INFO] [stderr]    Compiling serde v1.0.228
[INFO] [stderr]    Compiling rand_chacha v0.9.0
[INFO] [stderr]    Compiling rand v0.9.2
[INFO] [stderr]    Compiling hope_agents v0.3.8 (/opt/rustwide/workdir)
[INFO] [stderr]     Finished `release` profile [optimized] target(s) in 21.10s
[INFO] running `Command { std: "docker" "inspect" "b463b5f93bc1b82805c8ce5211698e919436910a63d6ad248a4e5b9bf015a858", kill_on_drop: false }`
[INFO] running `Command { std: "docker" "exec" "-e" "SOURCE_DIR=/opt/rustwide/workdir" "-e" "CARGO_HOME=/opt/rustwide/cargo-home" "-e" "RUSTUP_HOME=/opt/rustwide/rustup-home" "-e" "CARGO_TARGET_DIR=/opt/rustwide/target" "-e" "CARGO_INCREMENTAL=0" "-e" "RUST_BACKTRACE=full" "-e" "RUSTFLAGS=--cap-lints=warn" "-e" "RUSTDOCFLAGS=--cap-lints=warn" "-w" "/opt/rustwide/workdir" "--user" "0:0" "b463b5f93bc1b82805c8ce5211698e919436910a63d6ad248a4e5b9bf015a858" "/opt/rustwide/cargo-home/bin/cargo" "+1.100.0-beta.1" "test" "--frozen" "--no-run" "--message-format=json" "--release", kill_on_drop: false }`
[INFO] [stderr]    Compiling zerocopy v0.8.40
[INFO] [stderr]    Compiling anstyle v1.0.13
[INFO] [stderr]    Compiling clap_lex v1.0.0
[INFO] [stderr]    Compiling plotters-backend v0.3.7
[INFO] [stderr]    Compiling itertools v0.10.5
[INFO] [stderr]    Compiling getrandom v0.3.4
[INFO] [stderr]    Compiling serde_json v1.0.149
[INFO] [stderr]    Compiling is-terminal v0.4.17
[INFO] [stderr]    Compiling zerocopy-derive v0.8.40
[INFO] [stderr]    Compiling chrono v0.4.44
[INFO] [stderr]    Compiling rayon v1.11.0
[INFO] [stderr]    Compiling rand_core v0.9.5
[INFO] [stderr]    Compiling plotters-svg v0.3.7
[INFO] [stderr]    Compiling clap_builder v4.5.60
[INFO] [stderr]    Compiling plotters v0.3.7
[INFO] [stderr]    Compiling tinytemplate v1.2.1
[INFO] [stderr]    Compiling criterion-plot v0.5.0
[INFO] [stderr]    Compiling clap v4.5.60
[INFO] [stderr]    Compiling half v2.7.1
[INFO] [stderr]    Compiling ppv-lite86 v0.2.21
[INFO] [stderr]    Compiling ciborium-ll v0.2.2
[INFO] [stderr]    Compiling rand_chacha v0.9.0
[INFO] [stderr]    Compiling ciborium v0.2.2
[INFO] [stderr]    Compiling rand v0.9.2
[INFO] [stderr]    Compiling criterion v0.5.1
[INFO] [stderr]    Compiling hope_agents v0.3.8 (/opt/rustwide/workdir)
[INFO] [stdout] warning: unused imports: `Action` and `PredictiveConfig`
[INFO] [stdout]   --> examples/hope_orchestrator.rs:12:5
[INFO] [stdout]    |
[INFO] [stdout] 12 |     Action, ActionResult, ActionType, Goal, GoalSelectionStrategy, HopeAgent, HopeConfig,
[INFO] [stdout]    |     ^^^^^^
[INFO] [stdout] 13 |     LearningAlgorithm, LearningConfig, Observation, OperationMode, Outcome, PredictiveConfig,
[INFO] [stdout]    |                                                                             ^^^^^^^^^^^^^^^^
[INFO] [stdout]    |
[INFO] [stdout]    = note: `#[warn(unused_imports)]` (part of `#[warn(unused)]`) on by default
[INFO] [stdout] 
[INFO] [stdout] 
[INFO] [stdout] warning: unused import: `crate::types::ValueRange`
[INFO] [stdout]    --> src/hierarchical/decomposition.rs:330:9
[INFO] [stdout]     |
[INFO] [stdout] 330 |     use crate::types::ValueRange;
[INFO] [stdout]     |         ^^^^^^^^^^^^^^^^^^^^^^^^
[INFO] [stdout]     |
[INFO] [stdout]     = note: `#[warn(unused_imports)]` (part of `#[warn(unused)]`) on by default
[INFO] [stdout] 
[INFO] [stdout] 
[INFO] [stdout] warning: unused import: `crate::types::Timestamp`
[INFO] [stdout]    --> src/hierarchical/goal_solver.rs:564:9
[INFO] [stdout]     |
[INFO] [stdout] 564 |     use crate::types::Timestamp;
[INFO] [stdout]     |         ^^^^^^^^^^^^^^^^^^^^^^^
[INFO] [stdout] 
[INFO] [stdout] 
[INFO] [stderr]     Finished `release` profile [optimized] target(s) in 1m 00s
[INFO] running `Command { std: "docker" "inspect" "b463b5f93bc1b82805c8ce5211698e919436910a63d6ad248a4e5b9bf015a858", kill_on_drop: false }`
[INFO] running `Command { std: "docker" "exec" "-e" "SOURCE_DIR=/opt/rustwide/workdir" "-e" "CARGO_HOME=/opt/rustwide/cargo-home" "-e" "RUSTUP_HOME=/opt/rustwide/rustup-home" "-e" "CARGO_TARGET_DIR=/opt/rustwide/target" "-e" "CARGO_INCREMENTAL=0" "-e" "RUST_BACKTRACE=full" "-e" "RUSTFLAGS=--cap-lints=warn" "-e" "RUSTDOCFLAGS=--cap-lints=warn" "-w" "/opt/rustwide/workdir" "--user" "0:0" "b463b5f93bc1b82805c8ce5211698e919436910a63d6ad248a4e5b9bf015a858" "/opt/rustwide/cargo-home/bin/cargo" "+1.100.0-beta.1" "test" "--frozen" "--release", kill_on_drop: false }`
[INFO] [stderr] warning: unused imports: `Action` and `PredictiveConfig`
[INFO] [stderr]   --> examples/hope_orchestrator.rs:12:5
[INFO] [stderr]    |
[INFO] [stderr] 12 |     Action, ActionResult, ActionType, Goal, GoalSelectionStrategy, HopeAgent, HopeConfig,
[INFO] [stderr]    |     ^^^^^^
[INFO] [stderr] 13 |     LearningAlgorithm, LearningConfig, Observation, OperationMode, Outcome, PredictiveConfig,
[INFO] [stderr]    |                                                                             ^^^^^^^^^^^^^^^^
[INFO] [stderr]    |
[INFO] [stderr]    = note: `#[warn(unused_imports)]` (part of `#[warn(unused)]`) on by default
[INFO] [stderr] 
[INFO] [stderr] warning: unused import: `crate::types::ValueRange`
[INFO] [stderr]    --> src/hierarchical/decomposition.rs:330:9
[INFO] [stderr]     |
[INFO] [stderr] 330 |     use crate::types::ValueRange;
[INFO] [stderr]     |         ^^^^^^^^^^^^^^^^^^^^^^^^
[INFO] [stderr]     |
[INFO] [stderr]     = note: `#[warn(unused_imports)]` (part of `#[warn(unused)]`) on by default
[INFO] [stderr] 
[INFO] [stderr] warning: unused import: `crate::types::Timestamp`
[INFO] [stderr]    --> src/hierarchical/goal_solver.rs:564:9
[INFO] [stderr]     |
[INFO] [stderr] 564 |     use crate::types::Timestamp;
[INFO] [stderr]     |         ^^^^^^^^^^^^^^^^^^^^^^^
[INFO] [stderr] 
[INFO] [stderr] warning: `hope_agents` (example "hope_orchestrator") generated 1 warning (run `cargo fix --example "hope_orchestrator" -p hope_agents` to apply 1 suggestion)
[INFO] [stderr] warning: `hope_agents` (lib test) generated 2 warnings (run `cargo fix --lib -p hope_agents --tests` to apply 2 suggestions)
[INFO] [stderr]     Finished `release` profile [optimized] target(s) in 0.11s
[INFO] [stderr]      Running unittests src/lib.rs (/opt/rustwide/target/release/build/hope_agents/708bd64ac1c4a364/out/hope_agents-708bd64ac1c4a364)
[INFO] [stdout] 
[INFO] [stdout] running 324 tests
[INFO] [stdout] test action::tests::test_action_result_failure ... ok
[INFO] [stdout] test action::tests::test_action_is_noop ... ok
[INFO] [stdout] test action::tests::test_action_result ... ok
[INFO] [stdout] test action::tests::test_action_result_success_with_value ... ok
[INFO] [stdout] test action::tests::test_action_type_send_message ... ok
[INFO] [stdout] test action::tests::test_action_type_serialize ... ok
[INFO] [stdout] test action::tests::test_action_store ... ok
[INFO] [stdout] test action::tests::test_action_with_priority_chain ... ok
[INFO] [stdout] test action::tests::test_action_with_priority ... ok
[INFO] [stdout] test action::tests::test_logging_executor ... ok
[INFO] [stdout] test action::tests::test_custom_executor ... ok
[INFO] [stdout] test action::tests::test_logging_executor_supports ... ok
[INFO] [stdout] test action::tests::test_wait_action ... ok
[INFO] [stdout] test action::tests::test_action_result_success ... ok
[INFO] [stdout] test action::tests::test_action_send_message ... ok
[INFO] [stdout] test agent::tests::test_agent_creation ... ok
[INFO] [stdout] test agent::tests::test_agent_execute ... ok
[INFO] [stdout] test action::tests::test_action_creation ... ok
[INFO] [stdout] test action::tests::test_action_alert ... ok
[INFO] [stdout] test action::tests::test_action_with_param ... ok
[INFO] [stdout] test action::tests::test_action_type_hash ... ok
[INFO] [stdout] test action::tests::test_action_type_store ... ok
[INFO] [stdout] test agent::tests::test_agent_multi_step_learning ... ok
[INFO] [stdout] test agent::tests::test_agent_observe ... ok
[INFO] [stdout] test agent::tests::test_agent_learning ... ok
[INFO] [stdout] test action::tests::test_action_result_with_duration ... ok
[INFO] [stdout] test action::tests::test_action_type_publish ... ok
[INFO] [stdout] test agent::tests::test_agent_learning_toggle ... ok
[INFO] [stdout] test action::tests::test_action_serialize ... ok
[INFO] [stdout] test action::tests::test_action_new ... ok
[INFO] [stdout] test action::tests::test_noop_action ... ok
[INFO] [stdout] test action::tests::test_action_type_alert ... ok
[INFO] [stdout] test agent::tests::test_agent_with_rule ... ok
[INFO] [stdout] test config::tests::test_ai_config ... ok
[INFO] [stdout] test config::tests::test_default_config ... ok
[INFO] [stdout] test config::tests::test_iot_config ... ok
[INFO] [stdout] test coordination::tests::test_consensus_proposal ... ok
[INFO] [stdout] test agent::tests::test_agent_lifecycle ... ok
[INFO] [stdout] test action::tests::test_action_type_all_variants ... ok
[INFO] [stdout] test action::tests::test_action_result_serialize ... ok
[INFO] [stdout] test coordination::tests::test_agent_registration ... ok
[INFO] [stdout] test coordination::tests::test_agent_unregistration ... ok
[INFO] [stdout] test coordination::tests::test_broadcast_message ... ok
[INFO] [stdout] test coordination::tests::test_coordinator_creation ... ok
[INFO] [stdout] test coordination::tests::test_direct_message ... ok
[INFO] [stdout] test coordination::tests::test_message_bus ... ok
[INFO] [stdout] test coordination::tests::test_shared_memory ... ok
[INFO] [stdout] test error::tests::test_error_debug ... ok
[INFO] [stdout] test coordination::tests::test_message_priority ... ok
[INFO] [stdout] test error::tests::test_error_display ... ok
[INFO] [stdout] test goal::tests::test_goal_builder_chain ... ok
[INFO] [stdout] test goal::tests::test_goal_add_subgoal ... ok
[INFO] [stdout] test goal::tests::test_goal_cancel ... ok
[INFO] [stdout] test goal::tests::test_goal_avoid ... ok
[INFO] [stdout] test goal::tests::test_goal_creation ... ok
[INFO] [stdout] test error::tests::test_error_is_error_trait ... ok
[INFO] [stdout] test goal::tests::test_goal_achieve ... ok
[INFO] [stdout] test goal::tests::test_goal_clone ... ok
[INFO] [stdout] test goal::tests::test_goal_debug ... ok
[INFO] [stdout] test goal::tests::test_goal_fail ... ok
[INFO] [stdout] test goal::tests::test_goal_is_overdue_past_deadline ... ok
[INFO] [stdout] test goal::tests::test_goal_is_overdue_future_deadline ... ok
[INFO] [stdout] test coordination::tests::test_step_all ... ok
[INFO] [stdout] test goal::tests::test_goal_is_overdue_no_deadline ... ok
[INFO] [stdout] test goal::tests::test_goal_manager ... ok
[INFO] [stdout] test error::tests::test_all_error_variants ... ok
[INFO] [stdout] test goal::tests::test_goal_add_multiple_subgoals ... ok
[INFO] [stdout] test goal::tests::test_goal_lifecycle ... ok
[INFO] [stdout] test goal::tests::test_goal_maintain ... ok
[INFO] [stdout] test error::tests::test_from_serde_json_error ... ok
[INFO] [stdout] test goal::tests::test_goal_is_complete_achieved ... ok
[INFO] [stdout] test error::tests::test_result_type_alias ... ok
[INFO] [stdout] test goal::tests::test_goal_is_complete_cancelled ... ok
[INFO] [stdout] test goal::tests::test_goal_activate ... ok
[INFO] [stdout] test goal::tests::test_goal_is_not_complete ... ok
[INFO] [stdout] test goal::tests::test_goal_manager_get ... ok
[INFO] [stdout] test goal::tests::test_goal_manager_active_goals ... ok
[INFO] [stdout] test goal::tests::test_goal_manager_get_mut_not_found ... ok
[INFO] [stdout] test goal::tests::test_goal_manager_active_goals_empty ... ok
[INFO] [stdout] test goal::tests::test_goal_manager_add_removes_completed ... ok
[INFO] [stdout] test goal::tests::test_goal_manager_is_empty ... ok
[INFO] [stdout] test goal::tests::test_goal_manager_add ... ok
[INFO] [stdout] test goal::tests::test_goal_manager_new ... ok
[INFO] [stdout] test goal::tests::test_goal_manager_add_at_capacity ... ok
[INFO] [stdout] test goal::tests::test_goal_manager_complex_workflow ... ok
[INFO] [stdout] test goal::tests::test_goal_mark_achieved ... ok
[INFO] [stdout] test goal::tests::test_goal_manager_get_mut ... ok
[INFO] [stdout] test goal::tests::test_goal_maximize ... ok
[INFO] [stdout] test goal::tests::test_goal_is_active ... ok
[INFO] [stdout] test goal::tests::test_goal_manager_highest_priority_no_active ... ok
[INFO] [stdout] test goal::tests::test_goal_is_complete_failed ... ok
[INFO] [stdout] test goal::tests::test_goal_manager_len ... ok
[INFO] [stdout] test goal::tests::test_goal_manager_get_not_found ... ok
[INFO] [stdout] test goal::tests::test_goal_manager_highest_priority ... FAILED
[INFO] [stdout] test goal::tests::test_goal_perform ... ok
[INFO] [stdout] test goal::tests::test_goal_manager_pending_goals ... ok
[INFO] [stdout] test goal::tests::test_goal_manager_remove ... ok
[INFO] [stdout] test goal::tests::test_goal_manager_remove_nonexistent ... ok
[INFO] [stdout] test goal::tests::test_goal_set_progress_clamp_high ... ok
[INFO] [stdout] test goal::tests::test_goal_type_avoid ... ok
[INFO] [stdout] test goal::tests::test_goal_type_achieve ... ok
[INFO] [stdout] test goal::tests::test_goal_status_clone ... ok
[INFO] [stdout] test goal::tests::test_goal_status_default ... ok
[INFO] [stdout] test goal::tests::test_goal_status_serialize ... ok
[INFO] [stdout] test goal::tests::test_goal_status_serialize_all ... ok
[INFO] [stdout] test goal::tests::test_goal_status_all_variants ... ok
[INFO] [stdout] test goal::tests::test_goal_minimize ... ok
[INFO] [stdout] test goal::tests::test_goal_new ... ok
[INFO] [stdout] test goal::tests::test_goal_progress_updates ... ok
[INFO] [stdout] test goal::tests::test_goal_serialize ... ok
[INFO] [stdout] test goal::tests::test_goal_set_progress ... ok
[INFO] [stdout] test goal::tests::test_goal_set_progress_clamp_low ... ok
[INFO] [stdout] test goal::tests::test_goal_status_debug ... ok
[INFO] [stdout] test goal::tests::test_goal_type_clone ... ok
[INFO] [stdout] test goal::tests::test_goal_type_custom ... ok
[INFO] [stdout] test goal::tests::test_goal_type_debug ... ok
[INFO] [stdout] test goal::tests::test_goal_type_maintain ... ok
[INFO] [stdout] test goal::tests::test_goal_type_minimize ... ok
[INFO] [stdout] test goal::tests::test_goal_with_deadline ... ok
[INFO] [stdout] test goal::tests::test_goal_with_priority ... ok
[INFO] [stdout] test goal::tests::test_goal_type_maximize ... ok
[INFO] [stdout] test hierarchical::decomposition::tests::test_sequential_strategy ... ok
[INFO] [stdout] test goal::tests::test_goal_type_serialize_all_variants ... ok
[INFO] [stdout] test hierarchical::decomposition::tests::test_parallel_strategy ... ok
[INFO] [stdout] test hierarchical::decomposition::tests::test_temperature_rule ... ok
[INFO] [stdout] test hierarchical::decomposition::tests::test_avoid_rule ... ok
[INFO] [stdout] test goal::tests::test_goal_with_parent ... ok
[INFO] [stdout] test goal::tests::test_goal_type_perform ... ok
[INFO] [stdout] test hierarchical::goal_solver::tests::test_add_goal ... ok
[INFO] [stdout] test hierarchical::decomposition::tests::test_maximize_rule ... ok
[INFO] [stdout] test goal::tests::test_goal_with_priority_critical ... ok
[INFO] [stdout] test goal::tests::test_goal_type_respond ... ok
[INFO] [stdout] test goal::tests::test_goal_type_serialize ... ok
[INFO] [stdout] test hierarchical::decomposition::tests::test_default_rules_exist ... ok
[INFO] [stdout] test hierarchical::goal_solver::tests::test_conflict_detection ... ok
[INFO] [stdout] test hierarchical::tests::test_conflict_detection ... ok
[INFO] [stdout] test hierarchical::tests::test_conflict_resolution ... ok
[INFO] [stdout] test hierarchical::goal_solver::tests::test_goal_solver_creation ... ok
[INFO] [stdout] test hierarchical::goal_solver::tests::test_mark_achieved ... ok
[INFO] [stdout] test hierarchical::goal_solver::tests::test_goal_tree ... ok
[INFO] [stdout] test hierarchical::tests::test_decompose_all ... ok
[INFO] [stdout] test hierarchical::tests::test_get_subgoals ... ok
[INFO] [stdout] test hierarchical::tests::test_executable_goals ... ok
[INFO] [stdout] test hierarchical::tests::test_goal_decomposition ... ok
[INFO] [stdout] test hierarchical::tests::test_goal_tree_operations ... ok
[INFO] [stdout] test hierarchical::tests::test_mark_achieved_propagation ... ok
[INFO] [stdout] test hope_agent::tests::test_mode_switching ... ok
[INFO] [stdout] test hope_agent::tests::test_anomaly_detection ... ok
[INFO] [stdout] test hope_agent::tests::test_goal_integration ... ok
[INFO] [stdout] test hope_agent::tests::test_step_and_learn_cycle ... ok
[INFO] [stdout] test hierarchical::tests::test_sequential_strategy ... ok
[INFO] [stdout] test hope_agent::tests::test_multiple_episodes ... ok
[INFO] [stdout] test hierarchical::tests::test_topological_sort ... ok
[INFO] [stdout] test hope_agent::tests::test_hope_agent_creation ... ok
[INFO] [stdout] test learning::engine::tests::test_get_best_action ... ok
[INFO] [stdout] test learning::engine::tests::test_learning_engine_creation ... ok
[INFO] [stdout] test learning::engine::tests::test_epsilon_decay ... ok
[INFO] [stdout] test learning::engine::tests::test_q_learning_update ... ok
[INFO] [stdout] test learning::engine::tests::test_q_value_update ... ok
[INFO] [stdout] test learning::engine::tests::test_experience_replay ... ok
[INFO] [stdout] test learning::engine::tests::test_state_action_id_from_types ... ok
[INFO] [stdout] test learning::engine::tests::test_episode_management ... ok
[INFO] [stdout] test learning::engine::tests::test_sarsa_update ... ok
[INFO] [stdout] test learning::value_function::tests::test_feature_extractor_multi_threshold ... ok
[INFO] [stdout] test learning::value_function::tests::test_feature_extractor_normalized ... ok
[INFO] [stdout] test hope_agent::tests::test_serialization ... ok
[INFO] [stdout] test learning::value_function::tests::test_feature_extractor_numeric ... ok
[INFO] [stdout] test observation::tests::test_observation_buffer_clear ... ok
[INFO] [stdout] test observation::tests::test_observation_buffer_get_by_type ... ok
[INFO] [stdout] test hierarchical::tests::test_parallel_strategy ... ok
[INFO] [stdout] test learning::value_function::tests::test_tabular_value_function_reset ... ok
[INFO] [stdout] test observation::tests::test_observation_buffer ... ok
[INFO] [stdout] test hierarchical::tests::test_progress_propagation ... ok
[INFO] [stdout] test learning::value_function::tests::test_linear_value_function ... ok
[INFO] [stdout] test observation::tests::test_observation_buffer_is_empty ... ok
[INFO] [stdout] test learning::value_function::tests::test_linear_value_function_with_weights ... ok
[INFO] [stdout] test hope_agent::tests::test_goal_completion ... ok
[INFO] [stdout] test hope_agent::tests::test_statistics_tracking ... ok
[INFO] [stdout] test observation::tests::test_observation_creation ... ok
[INFO] [stdout] test observation::tests::test_observation_event ... ok
[INFO] [stdout] test observation::tests::test_observation_clone ... ok
[INFO] [stdout] test observation::tests::test_observation_is_recent ... ok
[INFO] [stdout] test observation::tests::test_observation_buffer_push_capacity ... ok
[INFO] [stdout] test observation::tests::test_observation_buffer_with_max_age ... ok
[INFO] [stdout] test observation::tests::test_observation_new ... ok
[INFO] [stdout] test observation::tests::test_observation_serialize ... ok
[INFO] [stdout] test observation::tests::test_observation_type_alert ... ok
[INFO] [stdout] test observation::tests::test_observation_type_all_variants ... ok
[INFO] [stdout] test observation::tests::test_observation_type_clone ... ok
[INFO] [stdout] test observation::tests::test_observation_type_debug ... ok
[INFO] [stdout] test observation::tests::test_observation_type_eq_hash ... ok
[INFO] [stdout] test observation::tests::test_observation_network ... ok
[INFO] [stdout] test observation::tests::test_observation_type_sensor ... ok
[INFO] [stdout] test observation::tests::test_observation_state_change ... ok
[INFO] [stdout] test observation::tests::test_observation_timer ... ok
[INFO] [stdout] test observation::tests::test_observation_type_network ... ok
[INFO] [stdout] test observation::tests::test_observation_with_metadata ... ok
[INFO] [stdout] test observation::tests::test_observation_debug ... ok
[INFO] [stdout] test observation::tests::test_observation_error ... ok
[INFO] [stdout] test observation::tests::test_value_sensor ... ok
[INFO] [stdout] test observation::tests::test_value_sensor_clear ... ok
[INFO] [stdout] test observation::tests::test_observation_type_serialize ... ok
[INFO] [stdout] test observation::tests::test_observation_buffer_latest ... ok
[INFO] [stdout] test observation::tests::test_observation_with_confidence ... ok
[INFO] [stdout] test observation::tests::test_observation_buffer_new ... ok
[INFO] [stdout] test learning::value_function::tests::test_tabular_value_function ... ok
[INFO] [stdout] test learning::value_function::tests::test_feature_extractor_value_confidence ... ok
[INFO] [stdout] test observation::tests::test_observation_age_secs ... ok
[INFO] [stdout] test observation::tests::test_value_sensor_string_value ... ok
[INFO] [stdout] test observation::tests::test_value_sensor_multiple_values ... ok
[INFO] [stdout] test persistence::tests::test_persistence_error_handling ... ok
[INFO] [stdout] test persistence::tests::test_roundtrip_with_compression ... ok
[INFO] [stdout] test persistence::tests::test_checkpoint_cleanup ... ok
[INFO] [stdout] test persistence::tests::test_learning_engine_persistence ... ok
[INFO] [stdout] test persistence::tests::test_save_with_different_options ... ok
[INFO] [stdout] test policy::tests::test_condition_always ... ok
[INFO] [stdout] test persistence::tests::test_to_bytes_and_from_bytes ... ok
[INFO] [stdout] test policy::tests::test_condition_above ... ok
[INFO] [stdout] test observation::tests::test_observation_alert ... ok
[INFO] [stdout] test learning::value_function::tests::test_feature_extractor_polynomial ... ok
[INFO] [stdout] test hope_agent::tests::test_exploration_vs_exploitation ... ok
[INFO] [stdout] test observation::tests::test_observation_buffer_get_recent ... ok
[INFO] [stdout] test policy::tests::test_condition_and ... ok
[INFO] [stdout] test learning::value_function::tests::test_feature_extractor_threshold ... ok
[INFO] [stdout] test observation::tests::test_value_sensor_name ... ok
[INFO] [stdout] test policy::tests::test_condition_clone ... ok
[INFO] [stdout] test policy::tests::test_condition_and_chain ... ok
[INFO] [stdout] test policy::tests::test_condition_below ... ok
[INFO] [stdout] test policy::tests::test_condition_debug ... ok
[INFO] [stdout] test policy::tests::test_condition_negate ... ok
[INFO] [stdout] test policy::tests::test_condition_or ... ok
[INFO] [stdout] test policy::tests::test_condition_or_chain ... ok
[INFO] [stdout] test policy::tests::test_condition_never ... ok
[INFO] [stdout] test policy::tests::test_condition_in_range ... ok
[INFO] [stdout] test policy::tests::test_condition_serialize ... ok
[INFO] [stdout] test policy::tests::test_condition_non_numeric_in_range ... ok
[INFO] [stdout] test policy::tests::test_condition_wrong_source ... ok
[INFO] [stdout] test policy::tests::test_policy ... ok
[INFO] [stdout] test policy::tests::test_policy_add_rule_capacity ... ok
[INFO] [stdout] test policy::tests::test_policy_clone ... ok
[INFO] [stdout] test policy::tests::test_policy_debug ... ok
[INFO] [stdout] test policy::tests::test_policy_engine_decide_no_policies ... ok
[INFO] [stdout] test policy::tests::test_policy_engine_add_policy ... ok
[INFO] [stdout] test policy::tests::test_policy_engine_all_rules ... ok
[INFO] [stdout] test policy::tests::test_policy_engine_decide_with_policy ... ok
[INFO] [stdout] test policy::tests::test_policy_decide_priority ... ok
[INFO] [stdout] test policy::tests::test_policy_engine_set_exploration_rate ... ok
[INFO] [stdout] test policy::tests::test_policy_engine_default ... ok
[INFO] [stdout] test policy::tests::test_policy_get_matches ... ok
[INFO] [stdout] test policy::tests::test_policy_new ... ok
[INFO] [stdout] test policy::tests::test_rule_debug ... ok
[INFO] [stdout] test policy::tests::test_rule_disabled_no_match ... ok
[INFO] [stdout] test policy::tests::test_rule_serialize ... ok
[INFO] [stdout] test policy::tests::test_policy_decide_no_match ... ok
[INFO] [stdout] test policy::tests::test_policy_engine_new ... ok
[INFO] [stdout] test predictive::anomaly::tests::test_anomaly_detection_insufficient_data ... ok
[INFO] [stdout] test policy::tests::test_rule_trigger ... ok
[INFO] [stdout] test policy::tests::test_rule ... ok
[INFO] [stdout] test policy::tests::test_rule_clone ... ok
[INFO] [stdout] test predictive::anomaly::tests::test_anomaly_detection ... ok
[INFO] [stdout] test predictive::anomaly::tests::test_anomaly_detector_creation ... ok
[INFO] [stdout] test predictive::anomaly::tests::test_anomaly_score ... ok
[INFO] [stdout] test persistence::tests::test_checkpoint_manager ... ok
[INFO] [stdout] test policy::tests::test_rule_enable_disable ... ok
[INFO] [stdout] test policy::tests::test_policy_remove_rule ... ok
[INFO] [stdout] test predictive::transition::tests::test_state_encoder ... ok
[INFO] [stdout] test policy::tests::test_rule_with_priority ... ok
[INFO] [stdout] test predictive::transition::tests::test_transition_model_predict ... ok
[INFO] [stdout] test persistence::tests::test_save_and_load_hope_agent ... ok
[INFO] [stdout] test predictive::anomaly::tests::test_different_value_types ... ok
[INFO] [stdout] test predictive::anomaly::tests::test_statistics_update ... ok
[INFO] [stdout] test predictive::anomaly::tests::test_window_size_limit ... ok
[INFO] [stdout] test predictive::model::tests::test_history_size_limit ... ok
[INFO] [stdout] test predictive::model::tests::test_predict_next_state ... ok
[INFO] [stdout] test predictive::model::tests::test_predict_reward ... ok
[INFO] [stdout] test predictive::model::tests::test_predict_trajectory ... ok
[INFO] [stdout] test predictive::model::tests::test_predictive_model_creation ... ok
[INFO] [stdout] test policy::tests::test_condition_equals ... ok
[INFO] [stdout] test predictive::model::tests::test_record_observation ... ok
[INFO] [stdout] test predictive::anomaly::tests::test_zscore_calculation ... ok
[INFO] [stdout] test policy::tests::test_policy_set_default ... ok
[INFO] [stdout] test tests::test_create_agent ... ok
[INFO] [stdout] test types::tests::test_priority_ordering ... ok
[INFO] [stdout] test types::tests::test_timestamp_default ... ok
[INFO] [stdout] test predictive::transition::tests::test_transition_probabilities ... ok
[INFO] [stdout] test types::tests::test_confidence_serialize ... ok
[INFO] [stdout] test types::tests::test_confidence_value ... ok
[INFO] [stdout] test types::tests::test_priority_default ... ok
[INFO] [stdout] test predictive::transition::tests::test_transition_stats ... ok
[INFO] [stdout] test types::tests::test_timestamp_age_secs ... ok
[INFO] [stdout] test types::tests::test_priority_serialize ... ok
[INFO] [stdout] test types::tests::test_timestamp_serialize ... ok
[INFO] [stdout] test types::tests::test_confidence_clamping ... ok
[INFO] [stdout] test types::tests::test_timestamp_ordering ... ok
[INFO] [stdout] test predictive::transition::tests::test_transition_model_record ... ok
[INFO] [stdout] test types::tests::test_confidence_default ... ok
[INFO] [stdout] test types::tests::test_confidence_is_high ... ok
[INFO] [stdout] test tests::test_create_iot_agent ... ok
[INFO] [stdout] test types::tests::test_confidence ... ok
[INFO] [stdout] test types::tests::test_timestamp_now ... ok
[INFO] [stdout] test types::tests::test_confidence_is_low ... ok
[INFO] [stdout] test types::tests::test_value_bool ... ok
[INFO] [stdout] test types::tests::test_value_bytes ... ok
[INFO] [stdout] test types::tests::test_value_conversions ... ok
[INFO] [stdout] test types::tests::test_value_int_as_bool ... ok
[INFO] [stdout] test types::tests::test_value_from_f64 ... ok
[INFO] [stdout] test types::tests::test_value_from_json ... ok
[INFO] [stdout] test types::tests::test_value_from_string ... ok
[INFO] [stdout] test types::tests::test_value_int_as_f64 ... ok
[INFO] [stdout] test types::tests::test_value_json ... ok
[INFO] [stdout] test types::tests::test_value_none ... ok
[INFO] [stdout] test types::tests::test_value_range ... ok
[INFO] [stdout] test types::tests::test_value_range_at_least ... ok
[INFO] [stdout] test types::tests::test_value_range_at_most ... ok
[INFO] [stdout] test types::tests::test_value_range_unbounded ... ok
[INFO] [stdout] test types::tests::test_value_serialize ... ok
[INFO] [stdout] test types::tests::test_value_float_as_i64 ... ok
[INFO] [stdout] test types::tests::test_value_from_bool ... ok
[INFO] [stdout] test types::tests::test_value_range_from_std_range ... ok
[INFO] [stdout] test types::tests::test_value_range_serialize ... ok
[INFO] [stdout] test types::tests::test_value_from_i64 ... ok
[INFO] [stdout] test types::tests::test_value_string ... ok
[INFO] [stdout] test types::tests::test_value_from_str ... ok
[INFO] [stdout] test types::tests::test_value_as_string_all_types ... ok
[INFO] [stdout] 
[INFO] [stdout] failures:
[INFO] [stdout] 
[INFO] [stdout] ---- goal::tests::test_goal_manager_highest_priority stdout ----
[INFO] [stdout] 
[INFO] [stdout] thread 'goal::tests::test_goal_manager_highest_priority' (1261) panicked at src/goal.rs:1058:9:
[INFO] [stdout] assertion `left == right` failed
[INFO] [stdout]   left: Normal
[INFO] [stdout]  right: High
[INFO] [stdout] stack backtrace:
[INFO] [stdout]    0:     0x56669f83b5c1 - <<std[617be2ca0a6fd877]::sys::backtrace::BacktraceLock>::print::DisplayBacktrace as core[a373ad73a504971]::fmt::Display>::fmt
[INFO] [stdout]    1:     0x56669f85215a - core[a373ad73a504971]::fmt::write
[INFO] [stdout]    2:     0x56669f83faac - <alloc[2e1b2a31b91974c5]::vec::Vec<u8> as core[a373ad73a504971]::io::write::Write>::write_fmt
[INFO] [stdout]    3:     0x56669f815f46 - std[617be2ca0a6fd877]::panicking::default_hook::{closure#0}
[INFO] [stdout]    4:     0x56669f833289 - std[617be2ca0a6fd877]::panicking::default_hook
[INFO] [stdout]    5:     0x56669f7cb610 - test[aada8e7e76ba119b]::test_main_inner::{closure#0}
[INFO] [stdout]    6:     0x56669f833442 - std[617be2ca0a6fd877]::panicking::panic_with_hook
[INFO] [stdout]    7:     0x56669f815ff2 - std[617be2ca0a6fd877]::panicking::panic_handler::{closure#0}
[INFO] [stdout]    8:     0x56669f80eb49 - std[617be2ca0a6fd877]::sys::backtrace::__rust_end_short_backtrace::<std[617be2ca0a6fd877]::panicking::panic_handler::{closure#0}, !>
[INFO] [stdout]    9:     0x56669f816bfd - __rustc[ea4f61d10b84890b]::rust_begin_unwind
[INFO] [stdout]   10:     0x56669f85288c - core[a373ad73a504971]::panicking::panic_fmt
[INFO] [stdout]   11:     0x56669f8527a3 - core[a373ad73a504971]::panicking::assert_failed_inner
[INFO] [stdout]   12:     0x56669f7653bc - core[a373ad73a504971]::panicking::assert_failed::<hope_agents[a00caae072febee5]::types::Priority, hope_agents[a00caae072febee5]::types::Priority>
[INFO] [stdout]   13:     0x56669f76dd26 - <hope_agents[a00caae072febee5]::goal::tests::test_goal_manager_highest_priority::{closure#0} as core[a373ad73a504971]::ops::function::FnOnce<()>>::call_once
[INFO] [stdout]   14:     0x56669f7bea5b - test[aada8e7e76ba119b]::__rust_begin_short_backtrace::<core[a373ad73a504971]::result::Result<(), alloc[2e1b2a31b91974c5]::string::String>, fn() -> core[a373ad73a504971]::result::Result<(), alloc[2e1b2a31b91974c5]::string::String>>
[INFO] [stdout]   15:     0x56669f7cbc35 - test[aada8e7e76ba119b]::run_test::{closure#0}
[INFO] [stdout]   16:     0x56669f7c5524 - std[617be2ca0a6fd877]::sys::backtrace::__rust_begin_short_backtrace::<test[aada8e7e76ba119b]::run_test::{closure#1}, ()>
[INFO] [stdout]   17:     0x56669f7cecc2 - <std[617be2ca0a6fd877]::thread::lifecycle::spawn_unchecked<test[aada8e7e76ba119b]::run_test::{closure#1}, ()>::{closure#1} as core[a373ad73a504971]::ops::function::FnOnce<()>>::call_once::{shim:vtable#0}
[INFO] [stdout]   18:     0x56669f83ae1f - <std[617be2ca0a6fd877]::sys::thread::unix::Thread>::new::thread_start
[INFO] [stdout]   19:     0x707993476dfa - <unknown>
[INFO] [stdout]   20:     0x70799350a3d4 - clone
[INFO] [stdout]   21:                0x0 - <unknown>
[INFO] [stdout] 
[INFO] [stdout] 
[INFO] [stdout] failures:
[INFO] [stdout]     goal::tests::test_goal_manager_highest_priority
[INFO] [stdout] 
[INFO] [stdout] test result: FAILED. 323 passed; 1 failed; 0 ignored; 0 measured; 0 filtered out; finished in 0.08s
[INFO] [stdout] 
[INFO] [stderr] error: test failed, to rerun pass `--lib`
[INFO] running `Command { std: "docker" "inspect" "b463b5f93bc1b82805c8ce5211698e919436910a63d6ad248a4e5b9bf015a858", kill_on_drop: false }`
[INFO] running `Command { std: "docker" "rm" "-f" "b463b5f93bc1b82805c8ce5211698e919436910a63d6ad248a4e5b9bf015a858", kill_on_drop: false }`
[INFO] [stdout] b463b5f93bc1b82805c8ce5211698e919436910a63d6ad248a4e5b9bf015a858
