[INFO] fetching crate hitbox-actix 0.1.1...
[INFO] testing hitbox-actix-0.1.1 against 1.99.0-beta.8+cargoflags=--release for beta-release-1.100-2
[INFO] extracting crate hitbox-actix 0.1.1 into /workspace/builds/worker-6-tc1/source
[INFO] started tweaking crates.io crate hitbox-actix 0.1.1
[INFO] finished tweaking crates.io crate hitbox-actix 0.1.1
[INFO] tweaked toml for crates.io crate hitbox-actix 0.1.1 written to /workspace/builds/worker-6-tc1/source/Cargo.toml
[INFO] validating manifest of crates.io crate hitbox-actix 0.1.1 on toolchain 1.99.0-beta.8
[INFO] running `Command { std: CARGO_HOME="/workspace/cargo-home" RUSTUP_HOME="/workspace/rustup-home" "/workspace/cargo-home/bin/cargo" "+1.99.0-beta.8" "metadata" "--manifest-path" "Cargo.toml" "--no-deps", kill_on_drop: false }`
[INFO] running `Command { std: CARGO_HOME="/workspace/cargo-home" RUSTUP_HOME="/workspace/rustup-home" "/workspace/cargo-home/bin/cargo" "+1.99.0-beta.8" "generate-lockfile" "--manifest-path" "Cargo.toml", kill_on_drop: false }`
[INFO] [stderr]     Updating crates.io index
[INFO] [stderr]      Locking 201 packages to highest compatible versions
[INFO] [stderr]       Adding actix v0.10.0 (available: v0.13.5)
[INFO] [stderr]       Adding actix-rt v1.1.1 (available: v2.15.0)
[INFO] [stderr]       Adding hitbox v0.1.1 (available: v0.2.4)
[INFO] [stderr]       Adding hitbox-backend v0.1.1 (available: v0.2.1)
[INFO] [stderr]       Adding hitbox-redis v0.1.1 (available: v0.2.1)
[INFO] running `Command { std: CARGO_HOME="/workspace/cargo-home" RUSTUP_HOME="/workspace/rustup-home" "/workspace/cargo-home/bin/cargo" "+1.99.0-beta.8" "fetch" "--manifest-path" "Cargo.toml", kill_on_drop: false }`
[INFO] [stderr]  Downloading crates ...
[INFO] [stderr]   Downloaded hitbox-redis v0.1.1
[INFO] [stderr]   Downloaded pin-utils v0.1.1
[INFO] [stderr]   Downloaded value-bag v1.14.1
[INFO] [stderr]   Downloaded redis v0.17.0
[INFO] [stderr]   Downloaded hitbox-backend v0.1.1
[INFO] [stderr]   Downloaded enum-as-inner v0.3.4
[INFO] [stderr]   Downloaded actix_derive v0.5.0
[INFO] [stderr]   Downloaded actix-threadpool v0.3.3
[INFO] [stderr]   Downloaded actix-macros v0.1.3
[INFO] [stderr]   Downloaded widestring v0.4.3
[INFO] [stderr]   Downloaded pin-project-internal v0.4.30
[INFO] [stderr]   Downloaded actix-rt v1.1.1
[INFO] [stderr]   Downloaded hitbox v0.1.1
[INFO] [stderr]   Downloaded hitbox-derive v0.1.1
[INFO] [stderr]   Downloaded arc-swap v0.4.8
[INFO] [stderr]   Downloaded ipconfig v0.2.2
[INFO] [stderr]   Downloaded pin-project v0.4.30
[INFO] [stderr]   Downloaded trust-dns-resolver v0.19.7
[INFO] [stderr]   Downloaded actix v0.10.0
[INFO] [stderr]   Downloaded crossbeam-channel v0.4.4
[INFO] [stderr]   Downloaded async-std v1.13.2
[INFO] [stderr]   Downloaded trust-dns-proto v0.19.7
[INFO] running `Command { std: "docker" "create" "-v" "/var/lib/crater-agent-workspace/builds/worker-6-tc1/source:/opt/rustwide/workdir:ro,Z" "-v" "/var/lib/crater-agent-workspace/builds/worker-6-tc1/target:/opt/rustwide/target:rw,Z" "-v" "/var/lib/crater-agent-workspace/cargo-home:/opt/rustwide/cargo-home:ro,Z" "-v" "/var/lib/crater-agent-workspace/rustup-home:/opt/rustwide/rustup-home:ro,Z" "-m" "1610612736" "--network" "none" "ghcr.io/rust-lang/crates-build-env/linux@sha256:77db811e55d90add9212f6832c23229e3de5f1c1f9905e8cb07319ea15df73ac" "sleep" "infinity", kill_on_drop: false }`
[INFO] [stdout] 84c0eefbead4333cc154a63114d973268993d81ee5632c9c2ecf94172a89b219
[INFO] running `Command { std: "docker" "start" "84c0eefbead4333cc154a63114d973268993d81ee5632c9c2ecf94172a89b219", kill_on_drop: false }`
[INFO] running `Command { std: "docker" "inspect" "84c0eefbead4333cc154a63114d973268993d81ee5632c9c2ecf94172a89b219", kill_on_drop: false }`
[INFO] running `Command { std: "docker" "exec" "-e" "SOURCE_DIR=/opt/rustwide/workdir" "-e" "CARGO_HOME=/opt/rustwide/cargo-home" "-e" "RUSTUP_HOME=/opt/rustwide/rustup-home" "-e" "CARGO_TARGET_DIR=/opt/rustwide/target" "-w" "/opt/rustwide/workdir" "--user" "0:0" "84c0eefbead4333cc154a63114d973268993d81ee5632c9c2ecf94172a89b219" "/opt/rustwide/cargo-home/bin/cargo" "+1.99.0-beta.8" "metadata" "--no-deps" "--format-version=1", kill_on_drop: false }`
[INFO] running `Command { std: "docker" "inspect" "84c0eefbead4333cc154a63114d973268993d81ee5632c9c2ecf94172a89b219", kill_on_drop: false }`
[INFO] running `Command { std: "docker" "exec" "-e" "SOURCE_DIR=/opt/rustwide/workdir" "-e" "CARGO_HOME=/opt/rustwide/cargo-home" "-e" "RUSTUP_HOME=/opt/rustwide/rustup-home" "-e" "CARGO_TARGET_DIR=/opt/rustwide/target" "-e" "CARGO_INCREMENTAL=0" "-e" "RUST_BACKTRACE=full" "-e" "RUSTFLAGS=--cap-lints=warn" "-e" "RUSTDOCFLAGS=--cap-lints=warn" "-w" "/opt/rustwide/workdir" "--user" "0:0" "84c0eefbead4333cc154a63114d973268993d81ee5632c9c2ecf94172a89b219" "/opt/rustwide/cargo-home/bin/cargo" "+1.99.0-beta.8" "build" "--frozen" "--message-format=json" "--release", kill_on_drop: false }`
[INFO] [stderr]    Compiling syn v3.0.9
[INFO] [stderr]    Compiling libc v0.2.191
[INFO] [stderr]    Compiling futures-core v0.3.34
[INFO] [stderr]    Compiling futures-io v0.3.34
[INFO] [stderr]    Compiling value-bag v1.14.1
[INFO] [stderr]    Compiling syn v1.0.109
[INFO] [stderr]    Compiling syn v2.0.119
[INFO] [stderr]    Compiling futures-sink v0.3.34
[INFO] [stderr]    Compiling futures-channel v0.3.34
[INFO] [stderr]    Compiling parking v2.2.1
[INFO] [stderr]    Compiling bytes v0.5.6
[INFO] [stderr]    Compiling pin-project-lite v0.1.12
[INFO] [stderr]    Compiling getrandom v0.1.16
[INFO] [stderr]    Compiling zerocopy v0.8.63
[INFO] [stderr]    Compiling concurrent-queue v2.5.0
[INFO] [stderr]    Compiling log v0.4.34
[INFO] [stderr]    Compiling parking_lot_core v0.8.6
[INFO] [stderr]    Compiling event-listener v5.4.2
[INFO] [stderr]    Compiling instant v0.1.13
[INFO] [stderr]    Compiling rustix v1.1.5
[INFO] [stderr]    Compiling event-listener-strategy v0.5.4
[INFO] [stderr]    Compiling futures-lite v2.6.1
[INFO] [stderr]    Compiling convert_case v0.4.0
[INFO] [stderr]    Compiling pin-project-internal v0.4.30
[INFO] [stderr]    Compiling async-io v2.6.0
[INFO] [stderr]    Compiling async-task v4.7.1
[INFO] [stderr]    Compiling piper v0.2.5
[INFO] [stderr]    Compiling lru-cache v0.1.2
[INFO] [stderr]    Compiling async-channel v2.5.0
[INFO] [stderr]    Compiling iovec v0.1.4
[INFO] [stderr]    Compiling net2 v0.2.39
[INFO] [stderr]    Compiling errno v0.3.14
[INFO] [stderr]    Compiling signal-hook-registry v1.4.8
[INFO] [stderr]    Compiling mio v0.6.23
[INFO] [stderr]    Compiling rand_core v0.5.1
[INFO] [stderr]    Compiling num_cpus v1.17.0
[INFO] [stderr]    Compiling parking_lot v0.11.2
[INFO] [stderr]    Compiling mio-uds v0.6.8
[INFO] [stderr]    Compiling tokio v0.2.25
[INFO] [stderr]    Compiling threadpool v1.8.1
[INFO] [stderr]    Compiling resolv-conf v0.7.6
[INFO] [stderr]    Compiling synstructure v0.14.0
[INFO] [stderr]    Compiling enum-as-inner v0.3.4
[INFO] [stderr]    Compiling actix-macros v0.1.3
[INFO] [stderr]    Compiling copyless v0.1.5
[INFO] [stderr]    Compiling actix_derive v0.5.0
[INFO] [stderr]    Compiling blocking v1.7.0
[INFO] [stderr]    Compiling async-executor v1.14.0
[INFO] [stderr]    Compiling ppv-lite86 v0.2.21
[INFO] [stderr]    Compiling crossbeam-channel v0.4.4
[INFO] [stderr]    Compiling rand_chacha v0.2.2
[INFO] [stderr]    Compiling async-lock v3.4.2
[INFO] [stderr]    Compiling thiserror-impl v1.0.69
[INFO] [stderr]    Compiling rand v0.7.3
[INFO] [stderr]    Compiling derive_more v0.99.20
[INFO] [stderr]    Compiling zerofrom-derive v0.1.8
[INFO] [stderr]    Compiling yoke-derive v0.8.4
[INFO] [stderr]    Compiling zerovec-derive v0.11.6
[INFO] [stderr]    Compiling displaydoc v0.2.7
[INFO] [stderr]    Compiling futures-macro v0.3.34
[INFO] [stderr]    Compiling thiserror v1.0.69
[INFO] [stderr]    Compiling async-trait v0.1.92
[INFO] [stderr]    Compiling serde_derive v1.0.229
[INFO] [stderr]    Compiling zerofrom v0.1.8
[INFO] [stderr]    Compiling yoke v0.8.3
[INFO] [stderr]    Compiling zerotrie v0.2.5
[INFO] [stderr]    Compiling futures-util v0.3.34
[INFO] [stderr]    Compiling zerovec v0.11.8
[INFO] [stderr]    Compiling tokio-util v0.3.1
[INFO] [stderr]    Compiling polling v3.11.0
[INFO] [stderr]    Compiling pin-project v0.4.30
[INFO] [stderr]    Compiling serde_core v1.0.229
[INFO] [stderr]    Compiling event-listener v2.5.3
[INFO] [stderr]    Compiling tinystr v0.8.4
[INFO] [stderr]    Compiling potential_utf v0.1.6
[INFO] [stderr]    Compiling icu_locale_core v2.3.0
[INFO] [stderr]    Compiling icu_collections v2.3.0
[INFO] [stderr]    Compiling actix-threadpool v0.3.3
[INFO] [stderr]    Compiling async-channel v1.9.0
[INFO] [stderr]    Compiling async-global-executor v2.4.1
[INFO] [stderr]    Compiling icu_provider v2.3.1
[INFO] [stderr]    Compiling serde v1.0.229
[INFO] [stderr]    Compiling kv-log-macro v1.0.7
[INFO] [stderr]    Compiling pin-utils v0.1.1
[INFO] [stderr]    Compiling icu_properties v2.3.0
[INFO] [stderr]    Compiling icu_normalizer v2.3.0
[INFO] [stderr]    Compiling async-std v1.13.2
[INFO] [stderr]    Compiling futures-executor v0.3.34
[INFO] [stderr]    Compiling actix-rt v1.1.1
[INFO] [stderr]    Compiling futures v0.3.34
[INFO] [stderr]    Compiling combine v4.6.9
[INFO] [stderr]    Compiling sha1 v0.6.1
[INFO] [stderr]    Compiling tracing-attributes v0.1.31
[INFO] [stderr]    Compiling arc-swap v0.4.8
[INFO] [stderr]    Compiling idna_adapter v1.2.2
[INFO] [stderr]    Compiling idna v1.1.0
[INFO] [stderr]    Compiling serde_json v1.0.154
[INFO] [stderr]    Compiling chrono v0.4.45
[INFO] [stderr]    Compiling url v2.5.8
[INFO] [stderr]    Compiling tracing v0.1.44
[INFO] [stderr]    Compiling trust-dns-proto v0.19.7
[INFO] [stderr]    Compiling hitbox-derive v0.1.1
[INFO] [stderr]    Compiling serde_qs v0.8.5
[INFO] [stderr]    Compiling trust-dns-resolver v0.19.7
[INFO] [stderr]    Compiling actix v0.10.0
[INFO] [stderr]    Compiling redis v0.17.0
[INFO] [stderr]    Compiling hitbox-backend v0.1.1
[INFO] [stderr]    Compiling hitbox v0.1.1
[INFO] [stderr]    Compiling hitbox-redis v0.1.1
[INFO] [stderr]    Compiling hitbox-actix v0.1.1 (/opt/rustwide/workdir)
[INFO] [stdout] warning: unexpected `cfg` condition value: `metrics`
[INFO] [stdout]  --> src/actor.rs:6:7
[INFO] [stdout]   |
[INFO] [stdout] 6 | #[cfg(feature = "metrics")]
[INFO] [stdout]   |       ^^^^^^^^^^^^^^^^^^^
[INFO] [stdout]   |
[INFO] [stdout]   = note: expected values for `feature` are: `default`, `derive`, `hitbox-redis`, and `redis`
[INFO] [stdout]   = help: consider adding `metrics` as a feature in `Cargo.toml`
[INFO] [stdout]   = note: see <https://doc.rust-lang.org/nightly/rustc/check-cfg/cargo-specifics.html> for more information about checking conditional configuration
[INFO] [stdout]   = note: `#[warn(unexpected_cfgs)]` on by default
[INFO] [stdout] 
[INFO] [stdout] 
[INFO] [stderr]     Finished `release` profile [optimized] target(s) in 2m 37s
[INFO] [stderr] warning: the following packages contain code that will be rejected by a future version of Rust: redis v0.17.0
[INFO] [stderr] note: to see what the problems were, use the option `--future-incompat-report`, or run `cargo report future-incompatibilities --id 3`
[INFO] running `Command { std: "docker" "inspect" "84c0eefbead4333cc154a63114d973268993d81ee5632c9c2ecf94172a89b219", kill_on_drop: false }`
[INFO] running `Command { std: "docker" "exec" "-e" "SOURCE_DIR=/opt/rustwide/workdir" "-e" "CARGO_HOME=/opt/rustwide/cargo-home" "-e" "RUSTUP_HOME=/opt/rustwide/rustup-home" "-e" "CARGO_TARGET_DIR=/opt/rustwide/target" "-e" "CARGO_INCREMENTAL=0" "-e" "RUST_BACKTRACE=full" "-e" "RUSTFLAGS=--cap-lints=warn" "-e" "RUSTDOCFLAGS=--cap-lints=warn" "-w" "/opt/rustwide/workdir" "--user" "0:0" "84c0eefbead4333cc154a63114d973268993d81ee5632c9c2ecf94172a89b219" "/opt/rustwide/cargo-home/bin/cargo" "+1.99.0-beta.8" "test" "--frozen" "--no-run" "--message-format=json" "--release", kill_on_drop: false }`
[INFO] [stderr]    Compiling hitbox-actix v0.1.1 (/opt/rustwide/workdir)
[INFO] [stdout] warning: unexpected `cfg` condition value: `metrics`
[INFO] [stdout]  --> src/actor.rs:6:7
[INFO] [stdout]   |
[INFO] [stdout] 6 | #[cfg(feature = "metrics")]
[INFO] [stdout]   |       ^^^^^^^^^^^^^^^^^^^
[INFO] [stdout]   |
[INFO] [stdout]   = note: expected values for `feature` are: `default`, `derive`, `hitbox-redis`, and `redis`
[INFO] [stdout]   = help: consider adding `metrics` as a feature in `Cargo.toml`
[INFO] [stdout]   = note: see <https://doc.rust-lang.org/nightly/rustc/check-cfg/cargo-specifics.html> for more information about checking conditional configuration
[INFO] [stdout]   = note: `#[warn(unexpected_cfgs)]` on by default
[INFO] [stdout] 
[INFO] [stdout] 
[INFO] [stdout] warning: unexpected `cfg` condition value: `metrics`
[INFO] [stdout]  --> src/actor.rs:6:7
[INFO] [stdout]   |
[INFO] [stdout] 6 | #[cfg(feature = "metrics")]
[INFO] [stdout]   |       ^^^^^^^^^^^^^^^^^^^
[INFO] [stdout]   |
[INFO] [stdout]   = note: expected values for `feature` are: `default`, `derive`, `hitbox-redis`, and `redis`
[INFO] [stdout]   = help: consider adding `metrics` as a feature in `Cargo.toml`
[INFO] [stdout]   = note: see <https://doc.rust-lang.org/nightly/rustc/check-cfg/cargo-specifics.html> for more information about checking conditional configuration
[INFO] [stdout]   = note: `#[warn(unexpected_cfgs)]` on by default
[INFO] [stdout] 
[INFO] [stdout] 
[INFO] [stderr]     Finished `release` profile [optimized] target(s) in 21.39s
[INFO] [stderr] warning: the following packages contain code that will be rejected by a future version of Rust: redis v0.17.0
[INFO] [stderr] note: to see what the problems were, use the option `--future-incompat-report`, or run `cargo report future-incompatibilities --id 3`
[INFO] running `Command { std: "docker" "inspect" "84c0eefbead4333cc154a63114d973268993d81ee5632c9c2ecf94172a89b219", kill_on_drop: false }`
[INFO] running `Command { std: "docker" "exec" "-e" "SOURCE_DIR=/opt/rustwide/workdir" "-e" "CARGO_HOME=/opt/rustwide/cargo-home" "-e" "RUSTUP_HOME=/opt/rustwide/rustup-home" "-e" "CARGO_TARGET_DIR=/opt/rustwide/target" "-e" "CARGO_INCREMENTAL=0" "-e" "RUST_BACKTRACE=full" "-e" "RUSTFLAGS=--cap-lints=warn" "-e" "RUSTDOCFLAGS=--cap-lints=warn" "-w" "/opt/rustwide/workdir" "--user" "0:0" "84c0eefbead4333cc154a63114d973268993d81ee5632c9c2ecf94172a89b219" "/opt/rustwide/cargo-home/bin/cargo" "+1.99.0-beta.8" "test" "--frozen" "--release", kill_on_drop: false }`
[INFO] [stderr] warning: unexpected `cfg` condition value: `metrics`
[INFO] [stderr]  --> src/actor.rs:6:7
[INFO] [stderr]   |
[INFO] [stderr] 6 | #[cfg(feature = "metrics")]
[INFO] [stderr]   |       ^^^^^^^^^^^^^^^^^^^
[INFO] [stderr]   |
[INFO] [stderr]   = note: expected values for `feature` are: `default`, `derive`, `hitbox-redis`, and `redis`
[INFO] [stderr]   = help: consider adding `metrics` as a feature in `Cargo.toml`
[INFO] [stderr]   = note: see <https://doc.rust-lang.org/nightly/rustc/check-cfg/cargo-specifics.html> for more information about checking conditional configuration
[INFO] [stderr]   = note: `#[warn(unexpected_cfgs)]` on by default
[INFO] [stderr] 
[INFO] [stderr] warning: `hitbox-actix` (lib) generated 1 warning
[INFO] [stderr] warning: `hitbox-actix` (lib test) generated 1 warning (1 duplicate)
[INFO] [stderr]     Finished `release` profile [optimized] target(s) in 0.32s
[INFO] [stderr] warning: the following packages contain code that will be rejected by a future version of Rust: redis v0.17.0
[INFO] [stderr] note: to see what the problems were, use the option `--future-incompat-report`, or run `cargo report future-incompatibilities --id 3`
[INFO] [stderr]      Running unittests src/lib.rs (/opt/rustwide/target/release/deps/hitbox_actix-4a156b4375950db6)
[INFO] [stderr]      Running tests/test_cache_key.rs (/opt/rustwide/target/release/deps/test_cache_key-ed1d8637fe4f1c94)
[INFO] [stdout] 
[INFO] [stdout] running 0 tests
[INFO] [stdout] 
[INFO] [stdout] test result: ok. 0 passed; 0 failed; 0 ignored; 0 measured; 0 filtered out; finished in 0.00s
[INFO] [stdout] 
[INFO] [stdout] 
[INFO] [stdout] running 1 test
[INFO] [stderr]      Running tests/test_mock_backend.rs (/opt/rustwide/target/release/deps/test_mock_backend-df169a35efcc5ca7)
[INFO] [stdout] test test_final_cache_key ... ok
[INFO] [stdout] 
[INFO] [stdout] test result: ok. 1 passed; 0 failed; 0 ignored; 0 measured; 0 filtered out; finished in 0.00s
[INFO] [stdout] 
[INFO] [stdout] 
[INFO] [stdout] running 1 test
[INFO] [stdout] test test_mock_backend ... ok
[INFO] [stderr]      Running tests/test_proxy_actor.rs (/opt/rustwide/target/release/deps/test_proxy_actor-d2199fc6cbd19457)
[INFO] [stdout] 
[INFO] [stdout] test result: ok. 1 passed; 0 failed; 0 ignored; 0 measured; 0 filtered out; finished in 0.00s
[INFO] [stdout] 
[INFO] [stdout] 
[INFO] [stdout] running 2 tests
[INFO] [stdout] test test_async_proxy ... FAILED
[INFO] [stdout] test test_sync_proxy ... FAILED
[INFO] [stdout] 
[INFO] [stdout] failures:
[INFO] [stdout] 
[INFO] [stdout] ---- test_async_proxy stdout ----
[INFO] [stdout] 
[INFO] [stdout] thread 'test_async_proxy' (2025) panicked at tests/test_proxy_actor.rs:81:36:
[INFO] [stdout] called `Result::unwrap()` on an `Err` value: BackendError(InternalError(Redis(Connection refused (os error 111))))
[INFO] [stdout] stack backtrace:
[INFO] [stdout]    0:     0x56fdcad12ff1 - <<std[70759c8f55707aa4]::sys::backtrace::BacktraceLock>::print::DisplayBacktrace as core[df12db4294e9bfd3]::fmt::Display>::fmt
[INFO] [stdout]    1:     0x56fdcad2859a - core[df12db4294e9bfd3]::fmt::write
[INFO] [stdout]    2:     0x56fdcad1799c - <alloc[2182bb758b4b3781]::vec::Vec<u8> as core[df12db4294e9bfd3]::io::write::Write>::write_fmt
[INFO] [stdout]    3:     0x56fdcacee4c6 - std[70759c8f55707aa4]::panicking::default_hook::{closure#0}
[INFO] [stdout]    4:     0x56fdcad0ae19 - std[70759c8f55707aa4]::panicking::default_hook
[INFO] [stdout]    5:     0x56fdcac25af0 - test[9d35eded1c95d3be]::test_main_inner::<test[9d35eded1c95d3be]::test_main_static::{closure#0}>::{closure#0}
[INFO] [stdout]    6:     0x56fdcad0b142 - std[70759c8f55707aa4]::panicking::panic_with_hook
[INFO] [stdout]    7:     0x56fdcacee572 - std[70759c8f55707aa4]::panicking::panic_handler::{closure#0}
[INFO] [stdout]    8:     0x56fdcace7219 - std[70759c8f55707aa4]::sys::backtrace::__rust_end_short_backtrace::<std[70759c8f55707aa4]::panicking::panic_handler::{closure#0}, !>
[INFO] [stdout]    9:     0x56fdcacef35d - __rustc[8fa7c3cbc660c2b3]::rust_begin_unwind
[INFO] [stdout]   10:     0x56fdcad28cfc - core[df12db4294e9bfd3]::panicking::panic_fmt
[INFO] [stdout]   11:     0x56fdcad28ad2 - core[df12db4294e9bfd3]::result::unwrap_failed
[INFO] [stdout]   12:     0x56fdcabcc2a7 - <std[70759c8f55707aa4]::thread::local::LocalKey<core[df12db4294e9bfd3]::cell::Cell<tokio[5ab396dc53b61d8f]::coop::Budget>>>::with::<tokio[5ab396dc53b61d8f]::coop::with_budget<core[df12db4294e9bfd3]::task::poll::Poll<()>, <tokio[5ab396dc53b61d8f]::task::local::RunUntil<test_proxy_actor[a233473fae6fdf86]::test_async_proxy::{closure#0}> as core[df12db4294e9bfd3]::future::future::Future>::poll::{closure#0}::{closure#0}>::{closure#0}, core[df12db4294e9bfd3]::task::poll::Poll<()>>
[INFO] [stdout]   13:     0x56fdcabf23af - <tokio[5ab396dc53b61d8f]::macros::scoped_tls::ScopedKey<tokio[5ab396dc53b61d8f]::task::local::Context>>::set::<<tokio[5ab396dc53b61d8f]::task::local::RunUntil<test_proxy_actor[a233473fae6fdf86]::test_async_proxy::{closure#0}> as core[df12db4294e9bfd3]::future::future::Future>::poll::{closure#0}, core[df12db4294e9bfd3]::task::poll::Poll<()>>
[INFO] [stdout]   14:     0x56fdcabcb517 - <std[70759c8f55707aa4]::thread::local::LocalKey<core[df12db4294e9bfd3]::cell::Cell<tokio[5ab396dc53b61d8f]::coop::Budget>>>::with::<tokio[5ab396dc53b61d8f]::coop::with_budget<core[df12db4294e9bfd3]::task::poll::Poll<()>, <tokio[5ab396dc53b61d8f]::runtime::basic_scheduler::BasicScheduler<tokio[5ab396dc53b61d8f]::park::either::Either<tokio[5ab396dc53b61d8f]::time::driver::Driver<tokio[5ab396dc53b61d8f]::park::either::Either<tokio[5ab396dc53b61d8f]::io::driver::Driver, tokio[5ab396dc53b61d8f]::park::thread::ParkThread>>, tokio[5ab396dc53b61d8f]::park::either::Either<tokio[5ab396dc53b61d8f]::io::driver::Driver, tokio[5ab396dc53b61d8f]::park::thread::ParkThread>>>>::block_on<<tokio[5ab396dc53b61d8f]::task::local::LocalSet>::run_until<test_proxy_actor[a233473fae6fdf86]::test_async_proxy::{closure#0}>::{closure#0}>::{closure#0}::{closure#0}>::{closure#0}, core[df12db4294e9bfd3]::task::poll::Poll<()>>
[INFO] [stdout]   15:     0x56fdcabf457c - <tokio[5ab396dc53b61d8f]::macros::scoped_tls::ScopedKey<tokio[5ab396dc53b61d8f]::runtime::basic_scheduler::Context>>::set::<tokio[5ab396dc53b61d8f]::runtime::basic_scheduler::enter<<tokio[5ab396dc53b61d8f]::runtime::basic_scheduler::BasicScheduler<tokio[5ab396dc53b61d8f]::park::either::Either<tokio[5ab396dc53b61d8f]::time::driver::Driver<tokio[5ab396dc53b61d8f]::park::either::Either<tokio[5ab396dc53b61d8f]::io::driver::Driver, tokio[5ab396dc53b61d8f]::park::thread::ParkThread>>, tokio[5ab396dc53b61d8f]::park::either::Either<tokio[5ab396dc53b61d8f]::io::driver::Driver, tokio[5ab396dc53b61d8f]::park::thread::ParkThread>>>>::block_on<<tokio[5ab396dc53b61d8f]::task::local::LocalSet>::run_until<test_proxy_actor[a233473fae6fdf86]::test_async_proxy::{closure#0}>::{closure#0}>::{closure#0}, (), tokio[5ab396dc53b61d8f]::park::either::Either<tokio[5ab396dc53b61d8f]::time::driver::Driver<tokio[5ab396dc53b61d8f]::park::either::Either<tokio[5ab396dc53b61d8f]::io::driver::Driver, tokio[5ab396dc53b61d8f]::park::thread::ParkThread>>, tokio[5ab396dc53b61d8f]::park::either::Either<tokio[5ab396dc53b61d8f]::io::driver::Driver, tokio[5ab396dc53b61d8f]::park::thread::ParkThread>>>::{closure#0}, ()>
[INFO] [stdout]   16:     0x56fdcabda4c2 - tokio[5ab396dc53b61d8f]::runtime::basic_scheduler::enter::<<tokio[5ab396dc53b61d8f]::runtime::basic_scheduler::BasicScheduler<tokio[5ab396dc53b61d8f]::park::either::Either<tokio[5ab396dc53b61d8f]::time::driver::Driver<tokio[5ab396dc53b61d8f]::park::either::Either<tokio[5ab396dc53b61d8f]::io::driver::Driver, tokio[5ab396dc53b61d8f]::park::thread::ParkThread>>, tokio[5ab396dc53b61d8f]::park::either::Either<tokio[5ab396dc53b61d8f]::io::driver::Driver, tokio[5ab396dc53b61d8f]::park::thread::ParkThread>>>>::block_on<<tokio[5ab396dc53b61d8f]::task::local::LocalSet>::run_until<test_proxy_actor[a233473fae6fdf86]::test_async_proxy::{closure#0}>::{closure#0}>::{closure#0}, (), tokio[5ab396dc53b61d8f]::park::either::Either<tokio[5ab396dc53b61d8f]::time::driver::Driver<tokio[5ab396dc53b61d8f]::park::either::Either<tokio[5ab396dc53b61d8f]::io::driver::Driver, tokio[5ab396dc53b61d8f]::park::thread::ParkThread>>, tokio[5ab396dc53b61d8f]::park::either::Either<tokio[5ab396dc53b61d8f]::io::driver::Driver, tokio[5ab396dc53b61d8f]::park::thread::ParkThread>>>
[INFO] [stdout]   17:     0x56fdcabf854c - tokio[5ab396dc53b61d8f]::runtime::context::enter::<<tokio[5ab396dc53b61d8f]::runtime::Runtime>::block_on<<tokio[5ab396dc53b61d8f]::task::local::LocalSet>::run_until<test_proxy_actor[a233473fae6fdf86]::test_async_proxy::{closure#0}>::{closure#0}>::{closure#0}, ()>
[INFO] [stdout]   18:     0x56fdcabd5920 - <actix_rt[bafd984a80a32e7c]::builder::SystemRunner>::block_on::<test_proxy_actor[a233473fae6fdf86]::test_async_proxy::{closure#0}, ()>
[INFO] [stdout]   19:     0x56fdcabec3cd - <test_proxy_actor[a233473fae6fdf86]::test_async_proxy::{closure#0} as core[df12db4294e9bfd3]::ops::function::FnOnce<()>>::call_once
[INFO] [stdout]   20:     0x56fdcac18ddb - test[9d35eded1c95d3be]::__rust_begin_short_backtrace::<core[df12db4294e9bfd3]::result::Result<(), alloc[2182bb758b4b3781]::string::String>, fn() -> core[df12db4294e9bfd3]::result::Result<(), alloc[2182bb758b4b3781]::string::String>>
[INFO] [stdout]   21:     0x56fdcac26445 - test[9d35eded1c95d3be]::run_test::{closure#0}
[INFO] [stdout]   22:     0x56fdcac1fd04 - std[70759c8f55707aa4]::sys::backtrace::__rust_begin_short_backtrace::<test[9d35eded1c95d3be]::run_test::{closure#1}, ()>
[INFO] [stdout]   23:     0x56fdcac295a2 - <std[70759c8f55707aa4]::thread::lifecycle::spawn_unchecked<test[9d35eded1c95d3be]::run_test::{closure#1}, ()>::{closure#1} as core[df12db4294e9bfd3]::ops::function::FnOnce<()>>::call_once::{shim:vtable#0}
[INFO] [stdout]   24:     0x56fdcad12519 - <std[70759c8f55707aa4]::sys::thread::unix::Thread>::new::thread_start
[INFO] [stdout]   25:     0x739ecde5cdfa - <unknown>
[INFO] [stdout]   26:     0x739ecdef03d4 - clone
[INFO] [stdout]   27:                0x0 - <unknown>
[INFO] [stdout] Panic in Arbiter thread.
[INFO] [stdout] 
[INFO] [stdout] ---- test_sync_proxy stdout ----
[INFO] [stdout] 
[INFO] [stdout] thread 'test_sync_proxy' (2026) panicked at tests/test_proxy_actor.rs:92:36:
[INFO] [stdout] called `Result::unwrap()` on an `Err` value: BackendError(InternalError(Redis(Connection refused (os error 111))))
[INFO] [stdout] stack backtrace:
[INFO] [stdout]    0:     0x56fdcad12ff1 - <<std[70759c8f55707aa4]::sys::backtrace::BacktraceLock>::print::DisplayBacktrace as core[df12db4294e9bfd3]::fmt::Display>::fmt
[INFO] [stdout]    1:     0x56fdcad2859a - core[df12db4294e9bfd3]::fmt::write
[INFO] [stdout]    2:     0x56fdcad1799c - <alloc[2182bb758b4b3781]::vec::Vec<u8> as core[df12db4294e9bfd3]::io::write::Write>::write_fmt
[INFO] [stdout]    3:     0x56fdcacee4c6 - std[70759c8f55707aa4]::panicking::default_hook::{closure#0}
[INFO] [stdout]    4:     0x56fdcad0ae19 - std[70759c8f55707aa4]::panicking::default_hook
[INFO] [stdout]    5:     0x56fdcac25af0 - test[9d35eded1c95d3be]::test_main_inner::<test[9d35eded1c95d3be]::test_main_static::{closure#0}>::{closure#0}
[INFO] [stdout]    6:     0x56fdcad0b142 - std[70759c8f55707aa4]::panicking::panic_with_hook
[INFO] [stdout]    7:     0x56fdcacee572 - std[70759c8f55707aa4]::panicking::panic_handler::{closure#0}
[INFO] [stdout]    8:     0x56fdcace7219 - std[70759c8f55707aa4]::sys::backtrace::__rust_end_short_backtrace::<std[70759c8f55707aa4]::panicking::panic_handler::{closure#0}, !>
[INFO] [stdout]    9:     0x56fdcacef35d - __rustc[8fa7c3cbc660c2b3]::rust_begin_unwind
[INFO] [stdout]   10:     0x56fdcad28cfc - core[df12db4294e9bfd3]::panicking::panic_fmt
[INFO] [stdout]   11:     0x56fdcad28ad2 - core[df12db4294e9bfd3]::result::unwrap_failed
[INFO] [stdout]   12:     0x56fdcabcba96 - <std[70759c8f55707aa4]::thread::local::LocalKey<core[df12db4294e9bfd3]::cell::Cell<tokio[5ab396dc53b61d8f]::coop::Budget>>>::with::<tokio[5ab396dc53b61d8f]::coop::with_budget<core[df12db4294e9bfd3]::task::poll::Poll<()>, <tokio[5ab396dc53b61d8f]::task::local::RunUntil<test_proxy_actor[a233473fae6fdf86]::test_sync_proxy::{closure#0}> as core[df12db4294e9bfd3]::future::future::Future>::poll::{closure#0}::{closure#0}>::{closure#0}, core[df12db4294e9bfd3]::task::poll::Poll<()>>
[INFO] [stdout]   13:     0x56fdcabf229f - <tokio[5ab396dc53b61d8f]::macros::scoped_tls::ScopedKey<tokio[5ab396dc53b61d8f]::task::local::Context>>::set::<<tokio[5ab396dc53b61d8f]::task::local::RunUntil<test_proxy_actor[a233473fae6fdf86]::test_sync_proxy::{closure#0}> as core[df12db4294e9bfd3]::future::future::Future>::poll::{closure#0}, core[df12db4294e9bfd3]::task::poll::Poll<()>>
[INFO] [stdout]   14:     0x56fdcabcb3a7 - <std[70759c8f55707aa4]::thread::local::LocalKey<core[df12db4294e9bfd3]::cell::Cell<tokio[5ab396dc53b61d8f]::coop::Budget>>>::with::<tokio[5ab396dc53b61d8f]::coop::with_budget<core[df12db4294e9bfd3]::task::poll::Poll<()>, <tokio[5ab396dc53b61d8f]::runtime::basic_scheduler::BasicScheduler<tokio[5ab396dc53b61d8f]::park::either::Either<tokio[5ab396dc53b61d8f]::time::driver::Driver<tokio[5ab396dc53b61d8f]::park::either::Either<tokio[5ab396dc53b61d8f]::io::driver::Driver, tokio[5ab396dc53b61d8f]::park::thread::ParkThread>>, tokio[5ab396dc53b61d8f]::park::either::Either<tokio[5ab396dc53b61d8f]::io::driver::Driver, tokio[5ab396dc53b61d8f]::park::thread::ParkThread>>>>::block_on<<tokio[5ab396dc53b61d8f]::task::local::LocalSet>::run_until<test_proxy_actor[a233473fae6fdf86]::test_sync_proxy::{closure#0}>::{closure#0}>::{closure#0}::{closure#0}>::{closure#0}, core[df12db4294e9bfd3]::task::poll::Poll<()>>
[INFO] [stdout]   15:     0x56fdcabf400c - <tokio[5ab396dc53b61d8f]::macros::scoped_tls::ScopedKey<tokio[5ab396dc53b61d8f]::runtime::basic_scheduler::Context>>::set::<tokio[5ab396dc53b61d8f]::runtime::basic_scheduler::enter<<tokio[5ab396dc53b61d8f]::runtime::basic_scheduler::BasicScheduler<tokio[5ab396dc53b61d8f]::park::either::Either<tokio[5ab396dc53b61d8f]::time::driver::Driver<tokio[5ab396dc53b61d8f]::park::either::Either<tokio[5ab396dc53b61d8f]::io::driver::Driver, tokio[5ab396dc53b61d8f]::park::thread::ParkThread>>, tokio[5ab396dc53b61d8f]::park::either::Either<tokio[5ab396dc53b61d8f]::io::driver::Driver, tokio[5ab396dc53b61d8f]::park::thread::ParkThread>>>>::block_on<<tokio[5ab396dc53b61d8f]::task::local::LocalSet>::run_until<test_proxy_actor[a233473fae6fdf86]::test_sync_proxy::{closure#0}>::{closure#0}>::{closure#0}, (), tokio[5ab396dc53b61d8f]::park::either::Either<tokio[5ab396dc53b61d8f]::time::driver::Driver<tokio[5ab396dc53b61d8f]::park::either::Either<tokio[5ab396dc53b61d8f]::io::driver::Driver, tokio[5ab396dc53b61d8f]::park::thread::ParkThread>>, tokio[5ab396dc53b61d8f]::park::either::Either<tokio[5ab396dc53b61d8f]::io::driver::Driver, tokio[5ab396dc53b61d8f]::park::thread::ParkThread>>>::{closure#0}, ()>
[INFO] [stdout]   16:     0x56fdcabda392 - tokio[5ab396dc53b61d8f]::runtime::basic_scheduler::enter::<<tokio[5ab396dc53b61d8f]::runtime::basic_scheduler::BasicScheduler<tokio[5ab396dc53b61d8f]::park::either::Either<tokio[5ab396dc53b61d8f]::time::driver::Driver<tokio[5ab396dc53b61d8f]::park::either::Either<tokio[5ab396dc53b61d8f]::io::driver::Driver, tokio[5ab396dc53b61d8f]::park::thread::ParkThread>>, tokio[5ab396dc53b61d8f]::park::either::Either<tokio[5ab396dc53b61d8f]::io::driver::Driver, tokio[5ab396dc53b61d8f]::park::thread::ParkThread>>>>::block_on<<tokio[5ab396dc53b61d8f]::task::local::LocalSet>::run_until<test_proxy_actor[a233473fae6fdf86]::test_sync_proxy::{closure#0}>::{closure#0}>::{closure#0}, (), tokio[5ab396dc53b61d8f]::park::either::Either<tokio[5ab396dc53b61d8f]::time::driver::Driver<tokio[5ab396dc53b61d8f]::park::either::Either<tokio[5ab396dc53b61d8f]::io::driver::Driver, tokio[5ab396dc53b61d8f]::park::thread::ParkThread>>, tokio[5ab396dc53b61d8f]::park::either::Either<tokio[5ab396dc53b61d8f]::io::driver::Driver, tokio[5ab396dc53b61d8f]::park::thread::ParkThread>>>
[INFO] [stdout]   17:     0x56fdcabf843c - tokio[5ab396dc53b61d8f]::runtime::context::enter::<<tokio[5ab396dc53b61d8f]::runtime::Runtime>::block_on<<tokio[5ab396dc53b61d8f]::task::local::LocalSet>::run_until<test_proxy_actor[a233473fae6fdf86]::test_sync_proxy::{closure#0}>::{closure#0}>::{closure#0}, ()>
[INFO] [stdout]   18:     0x56fdcabd5820 - <actix_rt[bafd984a80a32e7c]::builder::SystemRunner>::block_on::<test_proxy_actor[a233473fae6fdf86]::test_sync_proxy::{closure#0}, ()>
[INFO] [stdout]   19:     0x56fdcabec30d - <test_proxy_actor[a233473fae6fdf86]::test_sync_proxy::{closure#0} as core[df12db4294e9bfd3]::ops::function::FnOnce<()>>::call_once
[INFO] [stdout]   20:     0x56fdcac18ddb - test[9d35eded1c95d3be]::__rust_begin_short_backtrace::<core[df12db4294e9bfd3]::result::Result<(), alloc[2182bb758b4b3781]::string::String>, fn() -> core[df12db4294e9bfd3]::result::Result<(), alloc[2182bb758b4b3781]::string::String>>
[INFO] [stdout]   21:     0x56fdcac26445 - test[9d35eded1c95d3be]::run_test::{closure#0}
[INFO] [stdout]   22:     0x56fdcac1fd04 - std[70759c8f55707aa4]::sys::backtrace::__rust_begin_short_backtrace::<test[9d35eded1c95d3be]::run_test::{closure#1}, ()>
[INFO] [stdout]   23:     0x56fdcac295a2 - <std[70759c8f55707aa4]::thread::lifecycle::spawn_unchecked<test[9d35eded1c95d3be]::run_test::{closure#1}, ()>::{closure#1} as core[df12db4294e9bfd3]::ops::function::FnOnce<()>>::call_once::{shim:vtable#0}
[INFO] [stdout]   24:     0x56fdcad12519 - <std[70759c8f55707aa4]::sys::thread::unix::Thread>::new::thread_start
[INFO] [stdout]   25:     0x739ecde5cdfa - <unknown>
[INFO] [stdout]   26:     0x739ecdef03d4 - clone
[INFO] [stdout]   27:                0x0 - <unknown>
[INFO] [stdout] Panic in Arbiter thread.
[INFO] [stdout] 
[INFO] [stdout] 
[INFO] [stdout] failures:
[INFO] [stdout]     test_async_proxy
[INFO] [stdout]     test_sync_proxy
[INFO] [stdout] 
[INFO] [stdout] test result: FAILED. 0 passed; 2 failed; 0 ignored; 0 measured; 0 filtered out; finished in 0.00s
[INFO] [stdout] 
[INFO] [stderr] error: test failed, to rerun pass `--test test_proxy_actor`
[INFO] running `Command { std: "docker" "inspect" "84c0eefbead4333cc154a63114d973268993d81ee5632c9c2ecf94172a89b219", kill_on_drop: false }`
[INFO] running `Command { std: "docker" "rm" "-f" "84c0eefbead4333cc154a63114d973268993d81ee5632c9c2ecf94172a89b219", kill_on_drop: false }`
[INFO] [stdout] 84c0eefbead4333cc154a63114d973268993d81ee5632c9c2ecf94172a89b219
