[INFO] fetching crate grafton-config 0.2.1...
[INFO] testing grafton-config-0.2.1 against 1.100.0-beta.1+cargoflags=--release for beta-release-1.100-2
[INFO] extracting crate grafton-config 0.2.1 into /workspace/builds/worker-0-tc2/source
[INFO] started tweaking crates.io crate grafton-config 0.2.1
[INFO] removed 1 missing examples
[INFO] finished tweaking crates.io crate grafton-config 0.2.1
[INFO] tweaked toml for crates.io crate grafton-config 0.2.1 written to /workspace/builds/worker-0-tc2/source/Cargo.toml
[INFO] validating manifest of crates.io crate grafton-config 0.2.1 on toolchain 1.100.0-beta.1
[INFO] running `Command { std: CARGO_HOME="/workspace/cargo-home" RUSTUP_HOME="/workspace/rustup-home" "/workspace/cargo-home/bin/cargo" "+1.100.0-beta.1" "metadata" "--manifest-path" "Cargo.toml" "--no-deps", kill_on_drop: false }`
[INFO] crate crates.io crate grafton-config 0.2.1 already has a lockfile, it will not be regenerated
[INFO] running `Command { std: CARGO_HOME="/workspace/cargo-home" RUSTUP_HOME="/workspace/rustup-home" "/workspace/cargo-home/bin/cargo" "+1.100.0-beta.1" "fetch" "--manifest-path" "Cargo.toml", kill_on_drop: false }`
[INFO] running `Command { std: "docker" "create" "-v" "/var/lib/crater-agent-workspace/builds/worker-0-tc2/source:/opt/rustwide/workdir:ro,Z" "-v" "/var/lib/crater-agent-workspace/builds/worker-0-tc2/target:/opt/rustwide/target:rw,Z" "-v" "/var/lib/crater-agent-workspace/cargo-home:/opt/rustwide/cargo-home:ro,Z" "-v" "/var/lib/crater-agent-workspace/rustup-home:/opt/rustwide/rustup-home:ro,Z" "-m" "1610612736" "--network" "none" "ghcr.io/rust-lang/crates-build-env/linux@sha256:77db811e55d90add9212f6832c23229e3de5f1c1f9905e8cb07319ea15df73ac" "sleep" "infinity", kill_on_drop: false }`
[INFO] [stdout] a52cf07a33116de671d590962bd0435c3e00f0f288e9806233dc7393c990f8f2
[INFO] running `Command { std: "docker" "start" "a52cf07a33116de671d590962bd0435c3e00f0f288e9806233dc7393c990f8f2", kill_on_drop: false }`
[INFO] running `Command { std: "docker" "inspect" "a52cf07a33116de671d590962bd0435c3e00f0f288e9806233dc7393c990f8f2", kill_on_drop: false }`
[INFO] running `Command { std: "docker" "exec" "-e" "SOURCE_DIR=/opt/rustwide/workdir" "-e" "CARGO_HOME=/opt/rustwide/cargo-home" "-e" "RUSTUP_HOME=/opt/rustwide/rustup-home" "-e" "CARGO_TARGET_DIR=/opt/rustwide/target" "-w" "/opt/rustwide/workdir" "--user" "0:0" "a52cf07a33116de671d590962bd0435c3e00f0f288e9806233dc7393c990f8f2" "/opt/rustwide/cargo-home/bin/cargo" "+1.100.0-beta.1" "metadata" "--no-deps" "--format-version=1", kill_on_drop: false }`
[INFO] running `Command { std: "docker" "inspect" "a52cf07a33116de671d590962bd0435c3e00f0f288e9806233dc7393c990f8f2", kill_on_drop: false }`
[INFO] running `Command { std: "docker" "exec" "-e" "SOURCE_DIR=/opt/rustwide/workdir" "-e" "CARGO_HOME=/opt/rustwide/cargo-home" "-e" "RUSTUP_HOME=/opt/rustwide/rustup-home" "-e" "CARGO_TARGET_DIR=/opt/rustwide/target" "-e" "CARGO_INCREMENTAL=0" "-e" "RUST_BACKTRACE=full" "-e" "RUSTFLAGS=--cap-lints=warn" "-e" "RUSTDOCFLAGS=--cap-lints=warn" "-w" "/opt/rustwide/workdir" "--user" "0:0" "a52cf07a33116de671d590962bd0435c3e00f0f288e9806233dc7393c990f8f2" "/opt/rustwide/cargo-home/bin/cargo" "+1.100.0-beta.1" "build" "--frozen" "--message-format=json" "--release", kill_on_drop: false }`
[INFO] [stderr]    Compiling proc-macro2 v1.0.86
[INFO] [stderr]    Compiling serde v1.0.203
[INFO] [stderr]    Compiling yansi v1.0.1
[INFO] [stderr]    Compiling proc-macro2-diagnostics v0.10.1
[INFO] [stderr]    Compiling uncased v0.9.10
[INFO] [stderr]    Compiling figment v0.10.19
[INFO] [stderr]    Compiling thiserror v1.0.61
[INFO] [stderr]    Compiling regex-syntax v0.8.4
[INFO] [stderr]    Compiling inlinable_string v0.1.15
[INFO] [stderr]    Compiling serde_json v1.0.120
[INFO] [stderr]    Compiling quote v1.0.36
[INFO] [stderr]    Compiling syn v2.0.68
[INFO] [stderr]    Compiling syn v1.0.109
[INFO] [stderr]    Compiling regex-automata v0.4.7
[INFO] [stderr]    Compiling derivative v2.2.0
[INFO] [stderr]    Compiling serde_derive v1.0.203
[INFO] [stderr]    Compiling pear_codegen v0.2.9
[INFO] [stderr]    Compiling thiserror-impl v1.0.61
[INFO] [stderr]    Compiling strum_macros v0.26.4
[INFO] [stderr]    Compiling pear v0.2.9
[INFO] [stderr]    Compiling regex v1.10.5
[INFO] [stderr]    Compiling strum v0.26.3
[INFO] [stderr]    Compiling toml_datetime v0.6.6
[INFO] [stderr]    Compiling serde_spanned v0.6.6
[INFO] [stderr]    Compiling toml_edit v0.22.14
[INFO] [stderr]    Compiling toml v0.8.14
[INFO] [stderr]    Compiling grafton-config v0.2.1 (/opt/rustwide/workdir)
[INFO] [stderr] warning: unused dependency `strum`
[INFO] [stderr]   --> Cargo.toml:26:15
[INFO] [stderr]    |
[INFO] [stderr] 26 | [dependencies.strum]
[INFO] [stderr]    |               ^^^^^^
[INFO] [stderr]    |
[INFO] [stderr]    = note: `cargo::unused_dependencies` is set to `warn` by default
[INFO] [stderr] help: consider removing the dependency on `strum`
[INFO] [stderr] warning: `grafton-config` (manifest) generated 1 warning
[INFO] [stderr]     Finished `release` profile [optimized] target(s) in 1m 18s
[INFO] running `Command { std: "docker" "inspect" "a52cf07a33116de671d590962bd0435c3e00f0f288e9806233dc7393c990f8f2", kill_on_drop: false }`
[INFO] running `Command { std: "docker" "exec" "-e" "SOURCE_DIR=/opt/rustwide/workdir" "-e" "CARGO_HOME=/opt/rustwide/cargo-home" "-e" "RUSTUP_HOME=/opt/rustwide/rustup-home" "-e" "CARGO_TARGET_DIR=/opt/rustwide/target" "-e" "CARGO_INCREMENTAL=0" "-e" "RUST_BACKTRACE=full" "-e" "RUSTFLAGS=--cap-lints=warn" "-e" "RUSTDOCFLAGS=--cap-lints=warn" "-w" "/opt/rustwide/workdir" "--user" "0:0" "a52cf07a33116de671d590962bd0435c3e00f0f288e9806233dc7393c990f8f2" "/opt/rustwide/cargo-home/bin/cargo" "+1.100.0-beta.1" "test" "--frozen" "--no-run" "--message-format=json" "--release", kill_on_drop: false }`
[INFO] [stderr]    Compiling rustix v0.38.34
[INFO] [stderr]    Compiling bitflags v2.6.0
[INFO] [stderr]    Compiling linux-raw-sys v0.4.14
[INFO] [stderr]    Compiling fastrand v2.1.0
[INFO] [stderr]    Compiling tempfile v3.10.1
[INFO] [stderr]    Compiling grafton-config v0.2.1 (/opt/rustwide/workdir)
[INFO] [stderr] warning: unused dependency `strum`
[INFO] [stderr]   --> Cargo.toml:26:15
[INFO] [stderr]    |
[INFO] [stderr] 26 | [dependencies.strum]
[INFO] [stderr]    |               ^^^^^^
[INFO] [stderr]    |
[INFO] [stderr]    = note: `cargo::unused_dependencies` is set to `warn` by default
[INFO] [stderr] help: consider removing the dependency on `strum`
[INFO] [stderr] warning: `grafton-config` (manifest) generated 1 warning
[INFO] [stderr]     Finished `release` profile [optimized] target(s) in 14.55s
[INFO] running `Command { std: "docker" "inspect" "a52cf07a33116de671d590962bd0435c3e00f0f288e9806233dc7393c990f8f2", kill_on_drop: false }`
[INFO] running `Command { std: "docker" "exec" "-e" "SOURCE_DIR=/opt/rustwide/workdir" "-e" "CARGO_HOME=/opt/rustwide/cargo-home" "-e" "RUSTUP_HOME=/opt/rustwide/rustup-home" "-e" "CARGO_TARGET_DIR=/opt/rustwide/target" "-e" "CARGO_INCREMENTAL=0" "-e" "RUST_BACKTRACE=full" "-e" "RUSTFLAGS=--cap-lints=warn" "-e" "RUSTDOCFLAGS=--cap-lints=warn" "-w" "/opt/rustwide/workdir" "--user" "0:0" "a52cf07a33116de671d590962bd0435c3e00f0f288e9806233dc7393c990f8f2" "/opt/rustwide/cargo-home/bin/cargo" "+1.100.0-beta.1" "test" "--frozen" "--release", kill_on_drop: false }`
[INFO] [stderr] warning: unused dependency `strum`
[INFO] [stderr]   --> Cargo.toml:26:15
[INFO] [stderr]    |
[INFO] [stderr] 26 | [dependencies.strum]
[INFO] [stderr]    |               ^^^^^^
[INFO] [stderr]    |
[INFO] [stderr]    = note: `cargo::unused_dependencies` is set to `warn` by default
[INFO] [stderr] help: consider removing the dependency on `strum`
[INFO] [stderr] warning: `grafton-config` (manifest) generated 1 warning
[INFO] [stderr]     Finished `release` profile [optimized] target(s) in 0.11s
[INFO] [stderr]      Running unittests src/lib.rs (/opt/rustwide/target/release/build/grafton-config/5302b33ca46a8598/out/grafton_config-5302b33ca46a8598)
[INFO] [stdout] 
[INFO] [stdout] running 35 tests
[INFO] [stdout] test config_loader::tests::test_load_config_with_default_run_mode ... ok
[INFO] [stdout] test config_loader::tests::test_load_config_with_nonexistent_run_mode_file ... ok
[INFO] [stdout] test config_loader::tests::test_load_config_with_specific_run_mode ... FAILED
[INFO] [stdout] test token_expander::tests::test_array_in_json ... ok
[INFO] [stdout] test token_expander::tests::test_backslashes_in_arrays ... ok
[INFO] [stdout] test token_expander::tests::test_complex_escapes_with_mixed_backslashes ... ok
[INFO] [stdout] test token_expander::tests::test_complex_structure_with_array_and_objects ... ok
[INFO] [stdout] test config_loader::tests::test_load_config_with_null_run_mode ... ok
[INFO] [stdout] test token_expander::tests::test_empty_json ... ok
[INFO] [stdout] test token_expander::tests::test_expand_functions ... ok
[INFO] [stdout] test token_expander::tests::test_format_new_array_path ... ok
[INFO] [stdout] test token_expander::tests::test_get_value_from_path_arrays ... ok
[INFO] [stdout] test token_expander::tests::test_deeply_nested_objects_with_mixed_types - should panic ... ok
[INFO] [stdout] test token_expander::tests::test_deeply_nested_recursion ... ok
[INFO] [stdout] test token_expander::tests::test_invalid_token_formatting ... ok
[INFO] [stdout] test token_expander::tests::test_mixed_type_array ... ok
[INFO] [stdout] test token_expander::tests::test_deeply_nested_objects ... ok
[INFO] [stdout] test token_expander::tests::test_get_value_from_path_basic ... ok
[INFO] [stdout] test token_expander::tests::test_get_value_from_path_edge_cases ... ok
[INFO] [stdout] test token_expander::tests::test_multiple_backslashes_before_tokens ... ok
[INFO] [stdout] test token_expander::tests::test_get_value_from_path_mixed_types ... ok
[INFO] [stdout] test token_expander::tests::test_multiple_nested_paths ... ok
[INFO] [stdout] test token_expander::tests::test_deeply_nested_recursion_should_panic - should panic ... ok
[INFO] [stdout] test token_expander::tests::test_mega_case ... ok
[INFO] [stdout] test token_expander::tests::test_multiple_nested_tokens_at_limit - should panic ... ok
[INFO] [stdout] test token_expander::tests::test_nested_tokens ... ok
[INFO] [stdout] test token_expander::tests::test_non_existent_path ... ok
[INFO] [stdout] test token_expander::tests::test_process_backslashes ... ok
[INFO] [stdout] test token_expander::tests::test_recursive_tokens_across_different_paths ... ok
[INFO] [stdout] test token_expander::tests::test_large_json_object ... ok
[INFO] [stdout] test token_expander::tests::test_special_characters_in_path ... ok
[INFO] [stdout] test token_expander::tests::test_replacement_with_various_types ... ok
[INFO] [stdout] test token_expander::tests::test_token_value_has_unused_tokens ... ok
[INFO] [stdout] test token_expander::tests::test_single_backslash_escaping ... ok
[INFO] [stdout] test token_expander::tests::test_token_recursion_limit ... ok
[INFO] [stdout] 
[INFO] [stdout] failures:
[INFO] [stdout] 
[INFO] [stdout] ---- config_loader::tests::test_load_config_with_specific_run_mode stdout ----
[INFO] [stdout] 
[INFO] [stdout] thread 'config_loader::tests::test_load_config_with_specific_run_mode' (960) panicked at src/config_loader.rs:70:42:
[INFO] [stdout] Failed to get current directory: Os { code: 2, kind: NotFound, message: "No such file or directory" }
[INFO] [stdout] stack backtrace:
[INFO] [stdout]    0:     0x6324cf76a751 - <<std[617be2ca0a6fd877]::sys::backtrace::BacktraceLock>::print::DisplayBacktrace as core[a373ad73a504971]::fmt::Display>::fmt
[INFO] [stdout]    1:     0x6324cf780e4a - core[a373ad73a504971]::fmt::write
[INFO] [stdout]    2:     0x6324cf76ee6c - <alloc[2e1b2a31b91974c5]::vec::Vec<u8> as core[a373ad73a504971]::io::write::Write>::write_fmt
[INFO] [stdout]    3:     0x6324cf744ca6 - std[617be2ca0a6fd877]::panicking::default_hook::{closure#0}
[INFO] [stdout]    4:     0x6324cf761ed9 - std[617be2ca0a6fd877]::panicking::default_hook
[INFO] [stdout]    5:     0x6324cf5fa7d0 - test[aada8e7e76ba119b]::test_main_inner::{closure#0}
[INFO] [stdout]    6:     0x6324cf762092 - std[617be2ca0a6fd877]::panicking::panic_with_hook
[INFO] [stdout]    7:     0x6324cf744d52 - std[617be2ca0a6fd877]::panicking::panic_handler::{closure#0}
[INFO] [stdout]    8:     0x6324cf73d569 - std[617be2ca0a6fd877]::sys::backtrace::__rust_end_short_backtrace::<std[617be2ca0a6fd877]::panicking::panic_handler::{closure#0}, !>
[INFO] [stdout]    9:     0x6324cf745b7d - __rustc[ea4f61d10b84890b]::rust_begin_unwind
[INFO] [stdout]   10:     0x6324cf78162c - core[a373ad73a504971]::panicking::panic_fmt
[INFO] [stdout]   11:     0x6324cf781402 - core[a373ad73a504971]::result::unwrap_failed
[INFO] [stdout]   12:     0x6324cf5e4a57 - grafton_config[6d62ccaf35589e61]::config_loader::load_config_from_dir::<grafton_config[6d62ccaf35589e61]::config_loader::tests::TestConfig>
[INFO] [stdout]   13:     0x6324cf5e9cbe - <grafton_config[6d62ccaf35589e61]::config_loader::tests::test_load_config_with_specific_run_mode::{closure#0} as core[a373ad73a504971]::ops::function::FnOnce<()>>::call_once
[INFO] [stdout]   14:     0x6324cf5edc1b - test[aada8e7e76ba119b]::__rust_begin_short_backtrace::<core[a373ad73a504971]::result::Result<(), alloc[2e1b2a31b91974c5]::string::String>, fn() -> core[a373ad73a504971]::result::Result<(), alloc[2e1b2a31b91974c5]::string::String>>
[INFO] [stdout]   15:     0x6324cf5fadf5 - test[aada8e7e76ba119b]::run_test::{closure#0}
[INFO] [stdout]   16:     0x6324cf5f46e4 - std[617be2ca0a6fd877]::sys::backtrace::__rust_begin_short_backtrace::<test[aada8e7e76ba119b]::run_test::{closure#1}, ()>
[INFO] [stdout]   17:     0x6324cf5fde82 - <std[617be2ca0a6fd877]::thread::lifecycle::spawn_unchecked<test[aada8e7e76ba119b]::run_test::{closure#1}, ()>::{closure#1} as core[a373ad73a504971]::ops::function::FnOnce<()>>::call_once::{shim:vtable#0}
[INFO] [stdout]   18:     0x6324cf769c1f - <std[617be2ca0a6fd877]::sys::thread::unix::Thread>::new::thread_start
[INFO] [stdout]   19:     0x7cb7a9b43dfa - <unknown>
[INFO] [stdout]   20:     0x7cb7a9bd73d4 - clone
[INFO] [stdout]   21:                0x0 - <unknown>
[INFO] [stdout] 
[INFO] [stdout] 
[INFO] [stdout] failures:
[INFO] [stdout]     config_loader::tests::test_load_config_with_specific_run_mode
[INFO] [stdout] 
[INFO] [stdout] test result: FAILED. 34 passed; 1 failed; 0 ignored; 0 measured; 0 filtered out; finished in 0.03s
[INFO] [stdout] 
[INFO] [stderr] error: test failed, to rerun pass `--lib`
[INFO] running `Command { std: "docker" "inspect" "a52cf07a33116de671d590962bd0435c3e00f0f288e9806233dc7393c990f8f2", kill_on_drop: false }`
[INFO] running `Command { std: "docker" "rm" "-f" "a52cf07a33116de671d590962bd0435c3e00f0f288e9806233dc7393c990f8f2", kill_on_drop: false }`
[INFO] [stdout] a52cf07a33116de671d590962bd0435c3e00f0f288e9806233dc7393c990f8f2
