[INFO] fetching crate gollum-runtime 0.4.0...
[INFO] testing gollum-runtime-0.4.0 against 1.100.0-beta.1+cargoflags=--release for beta-release-1.100-2
[INFO] extracting crate gollum-runtime 0.4.0 into /workspace/builds/worker-4-tc2/source
[INFO] started tweaking crates.io crate gollum-runtime 0.4.0
[INFO] removed 0 missing examples
[INFO] removed 0 missing tests
[INFO] finished tweaking crates.io crate gollum-runtime 0.4.0
[INFO] tweaked toml for crates.io crate gollum-runtime 0.4.0 written to /workspace/builds/worker-4-tc2/source/Cargo.toml
[INFO] validating manifest of crates.io crate gollum-runtime 0.4.0 on toolchain 1.100.0-beta.1
[INFO] running `Command { std: CARGO_HOME="/workspace/cargo-home" RUSTUP_HOME="/workspace/rustup-home" "/workspace/cargo-home/bin/cargo" "+1.100.0-beta.1" "metadata" "--manifest-path" "Cargo.toml" "--no-deps", kill_on_drop: false }`
[INFO] crate crates.io crate gollum-runtime 0.4.0 already has a lockfile, it will not be regenerated
[INFO] running `Command { std: CARGO_HOME="/workspace/cargo-home" RUSTUP_HOME="/workspace/rustup-home" "/workspace/cargo-home/bin/cargo" "+1.100.0-beta.1" "fetch" "--manifest-path" "Cargo.toml", kill_on_drop: false }`
[INFO] running `Command { std: "docker" "create" "-v" "/var/lib/crater-agent-workspace/builds/worker-4-tc2/source:/opt/rustwide/workdir:ro,Z" "-v" "/var/lib/crater-agent-workspace/builds/worker-4-tc2/target:/opt/rustwide/target:rw,Z" "-v" "/var/lib/crater-agent-workspace/cargo-home:/opt/rustwide/cargo-home:ro,Z" "-v" "/var/lib/crater-agent-workspace/rustup-home:/opt/rustwide/rustup-home:ro,Z" "-m" "1610612736" "--network" "none" "ghcr.io/rust-lang/crates-build-env/linux@sha256:77db811e55d90add9212f6832c23229e3de5f1c1f9905e8cb07319ea15df73ac" "sleep" "infinity", kill_on_drop: false }`
[INFO] [stdout] ba8650aed3df625cbe19c07305b518dbe3e2b8702ece6326d10d9bed1dd37503
[INFO] running `Command { std: "docker" "start" "ba8650aed3df625cbe19c07305b518dbe3e2b8702ece6326d10d9bed1dd37503", kill_on_drop: false }`
[INFO] running `Command { std: "docker" "inspect" "ba8650aed3df625cbe19c07305b518dbe3e2b8702ece6326d10d9bed1dd37503", kill_on_drop: false }`
[INFO] running `Command { std: "docker" "exec" "-e" "SOURCE_DIR=/opt/rustwide/workdir" "-e" "CARGO_HOME=/opt/rustwide/cargo-home" "-e" "RUSTUP_HOME=/opt/rustwide/rustup-home" "-e" "CARGO_TARGET_DIR=/opt/rustwide/target" "-w" "/opt/rustwide/workdir" "--user" "0:0" "ba8650aed3df625cbe19c07305b518dbe3e2b8702ece6326d10d9bed1dd37503" "/opt/rustwide/cargo-home/bin/cargo" "+1.100.0-beta.1" "metadata" "--no-deps" "--format-version=1", kill_on_drop: false }`
[INFO] running `Command { std: "docker" "inspect" "ba8650aed3df625cbe19c07305b518dbe3e2b8702ece6326d10d9bed1dd37503", kill_on_drop: false }`
[INFO] running `Command { std: "docker" "exec" "-e" "SOURCE_DIR=/opt/rustwide/workdir" "-e" "CARGO_HOME=/opt/rustwide/cargo-home" "-e" "RUSTUP_HOME=/opt/rustwide/rustup-home" "-e" "CARGO_TARGET_DIR=/opt/rustwide/target" "-e" "CARGO_INCREMENTAL=0" "-e" "RUST_BACKTRACE=full" "-e" "RUSTFLAGS=--cap-lints=warn" "-e" "RUSTDOCFLAGS=--cap-lints=warn" "-w" "/opt/rustwide/workdir" "--user" "0:0" "ba8650aed3df625cbe19c07305b518dbe3e2b8702ece6326d10d9bed1dd37503" "/opt/rustwide/cargo-home/bin/cargo" "+1.100.0-beta.1" "build" "--frozen" "--message-format=json" "--release", kill_on_drop: false }`
[INFO] [stderr]    Compiling regex-syntax v0.8.10
[INFO] [stderr]    Compiling beef v0.5.2
[INFO] [stderr]    Compiling zerocopy v0.8.48
[INFO] [stderr]    Compiling nom v8.0.0
[INFO] [stderr]    Compiling either v1.15.0
[INFO] [stderr]    Compiling futures-macro v0.3.32
[INFO] [stderr]    Compiling getrandom v0.2.17
[INFO] [stderr]    Compiling errno v0.3.14
[INFO] [stderr]    Compiling tokio-macros v2.7.0
[INFO] [stderr]    Compiling mio v1.2.0
[INFO] [stderr]    Compiling async-trait v0.1.89
[INFO] [stderr]    Compiling chrono v0.4.44
[INFO] [stderr]    Compiling gollum-ast v0.4.0
[INFO] [stderr]    Compiling serde_json v1.0.149
[INFO] [stderr]    Compiling async-recursion v1.1.1
[INFO] [stderr]    Compiling signal-hook-registry v1.4.8
[INFO] [stderr]    Compiling rayon v1.12.0
[INFO] [stderr]    Compiling rand_core v0.6.4
[INFO] [stderr]    Compiling futures-util v0.3.32
[INFO] [stderr]    Compiling tokio v1.51.1
[INFO] [stderr]    Compiling gollum-ir v0.4.0
[INFO] [stderr]    Compiling gollum-query-planner v0.4.0
[INFO] [stderr]    Compiling logos-codegen v0.14.4
[INFO] [stderr]    Compiling futures-executor v0.3.32
[INFO] [stderr]    Compiling futures v0.3.32
[INFO] [stderr]    Compiling gollum-kb v0.4.0
[INFO] [stderr]    Compiling logos-derive v0.14.4
[INFO] [stderr]    Compiling logos v0.14.4
[INFO] [stderr]    Compiling gollum-parser v0.4.0
[INFO] [stderr]    Compiling ppv-lite86 v0.2.21
[INFO] [stderr]    Compiling rand_chacha v0.3.1
[INFO] [stderr]    Compiling rand v0.8.5
[INFO] [stderr]    Compiling tokio-util v0.7.18
[INFO] [stderr]    Compiling gollum-wam v0.4.0
[INFO] [stderr]    Compiling gollum-runtime v0.4.0 (/opt/rustwide/workdir)
[INFO] [stderr] warning: unused dependency `log`
[INFO] [stderr]   --> Cargo.toml:25:15
[INFO] [stderr]    |
[INFO] [stderr] 25 | [dependencies.log]
[INFO] [stderr]    |               ^^^^
[INFO] [stderr]    |
[INFO] [stderr]    = note: `cargo::unused_dependencies` is set to `warn` by default
[INFO] [stderr] help: consider removing the dependency on `log`
[INFO] [stderr] warning: unused dependency `tokio-util`
[INFO] [stderr]   --> Cargo.toml:38:15
[INFO] [stderr]    |
[INFO] [stderr] 38 | [dependencies.tokio-util]
[INFO] [stderr]    |               ^^^^^^^^^^^
[INFO] [stderr]    |
[INFO] [stderr] help: consider removing the dependency on `tokio-util`
[INFO] [stderr] warning: `gollum-runtime` (manifest) generated 2 warnings
[INFO] [stderr]     Finished `release` profile [optimized] target(s) in 41.16s
[INFO] running `Command { std: "docker" "inspect" "ba8650aed3df625cbe19c07305b518dbe3e2b8702ece6326d10d9bed1dd37503", kill_on_drop: false }`
[INFO] running `Command { std: "docker" "exec" "-e" "SOURCE_DIR=/opt/rustwide/workdir" "-e" "CARGO_HOME=/opt/rustwide/cargo-home" "-e" "RUSTUP_HOME=/opt/rustwide/rustup-home" "-e" "CARGO_TARGET_DIR=/opt/rustwide/target" "-e" "CARGO_INCREMENTAL=0" "-e" "RUST_BACKTRACE=full" "-e" "RUSTFLAGS=--cap-lints=warn" "-e" "RUSTDOCFLAGS=--cap-lints=warn" "-w" "/opt/rustwide/workdir" "--user" "0:0" "ba8650aed3df625cbe19c07305b518dbe3e2b8702ece6326d10d9bed1dd37503" "/opt/rustwide/cargo-home/bin/cargo" "+1.100.0-beta.1" "test" "--frozen" "--no-run" "--message-format=json" "--release", kill_on_drop: false }`
[INFO] [stderr]    Compiling num-traits v0.2.19
[INFO] [stderr]    Compiling getrandom v0.3.4
[INFO] [stderr]    Compiling getrandom v0.4.2
[INFO] [stderr]    Compiling wait-timeout v0.2.1
[INFO] [stderr]    Compiling rand_core v0.9.5
[INFO] [stderr]    Compiling tempfile v3.27.0
[INFO] [stderr]    Compiling rand_xorshift v0.4.0
[INFO] [stderr]    Compiling rand_chacha v0.9.0
[INFO] [stderr]    Compiling rand v0.9.4
[INFO] [stderr]    Compiling rusty-fork v0.3.1
[INFO] [stderr]    Compiling chrono v0.4.44
[INFO] [stderr]    Compiling proptest v1.11.0
[INFO] [stderr]    Compiling gollum-ir v0.4.0
[INFO] [stderr]    Compiling gollum-parser v0.4.0
[INFO] [stderr]    Compiling gollum-query-planner v0.4.0
[INFO] [stderr]    Compiling gollum-kb v0.4.0
[INFO] [stderr]    Compiling gollum-wam v0.4.0
[INFO] [stderr]    Compiling gollum-runtime v0.4.0 (/opt/rustwide/workdir)
[INFO] [stdout] warning: unused import: `futures::StreamExt`
[INFO] [stdout]     --> src/solver/mod.rs:1569:9
[INFO] [stdout]      |
[INFO] [stdout] 1569 |     use futures::StreamExt as _;
[INFO] [stdout]      |         ^^^^^^^^^^^^^^^^^^
[INFO] [stdout]      |
[INFO] [stdout]      = note: `#[warn(unused_imports)]` (part of `#[warn(unused)]`) on by default
[INFO] [stdout] 
[INFO] [stdout] 
[INFO] [stderr] warning: unused dependency `log`
[INFO] [stderr]   --> Cargo.toml:25:15
[INFO] [stderr]    |
[INFO] [stderr] 25 | [dependencies.log]
[INFO] [stderr]    |               ^^^^
[INFO] [stderr]    |
[INFO] [stderr]    = note: `cargo::unused_dependencies` is set to `warn` by default
[INFO] [stderr] help: consider removing the dependency on `log`
[INFO] [stderr] help: to still use for development builds, move to `dev-dependencies`
[INFO] [stderr] warning: unused dependency `tokio-util`
[INFO] [stderr]   --> Cargo.toml:38:15
[INFO] [stderr]    |
[INFO] [stderr] 38 | [dependencies.tokio-util]
[INFO] [stderr]    |               ^^^^^^^^^^^
[INFO] [stderr]    |
[INFO] [stderr] help: consider removing the dependency on `tokio-util`
[INFO] [stderr] warning: `gollum-runtime` (manifest) generated 2 warnings
[INFO] [stderr]     Finished `release` profile [optimized] target(s) in 54.04s
[INFO] running `Command { std: "docker" "inspect" "ba8650aed3df625cbe19c07305b518dbe3e2b8702ece6326d10d9bed1dd37503", kill_on_drop: false }`
[INFO] running `Command { std: "docker" "exec" "-e" "SOURCE_DIR=/opt/rustwide/workdir" "-e" "CARGO_HOME=/opt/rustwide/cargo-home" "-e" "RUSTUP_HOME=/opt/rustwide/rustup-home" "-e" "CARGO_TARGET_DIR=/opt/rustwide/target" "-e" "CARGO_INCREMENTAL=0" "-e" "RUST_BACKTRACE=full" "-e" "RUSTFLAGS=--cap-lints=warn" "-e" "RUSTDOCFLAGS=--cap-lints=warn" "-w" "/opt/rustwide/workdir" "--user" "0:0" "ba8650aed3df625cbe19c07305b518dbe3e2b8702ece6326d10d9bed1dd37503" "/opt/rustwide/cargo-home/bin/cargo" "+1.100.0-beta.1" "test" "--frozen" "--release", kill_on_drop: false }`
[INFO] [stderr] warning: unused import: `futures::StreamExt`
[INFO] [stderr]     --> src/solver/mod.rs:1569:9
[INFO] [stderr]      |
[INFO] [stderr] 1569 |     use futures::StreamExt as _;
[INFO] [stderr]      |         ^^^^^^^^^^^^^^^^^^
[INFO] [stderr]      |
[INFO] [stderr]      = note: `#[warn(unused_imports)]` (part of `#[warn(unused)]`) on by default
[INFO] [stderr] 
[INFO] [stderr] warning: `gollum-runtime` (lib test) generated 1 warning
[INFO] [stderr] warning: unused dependency `log`
[INFO] [stderr]   --> Cargo.toml:25:15
[INFO] [stderr]    |
[INFO] [stderr] 25 | [dependencies.log]
[INFO] [stderr]    |               ^^^^
[INFO] [stderr]    |
[INFO] [stderr]    = note: `cargo::unused_dependencies` is set to `warn` by default
[INFO] [stderr] help: consider removing the dependency on `log`
[INFO] [stderr] help: to still use for development builds, move to `dev-dependencies`
[INFO] [stderr] warning: unused dependency `tokio-util`
[INFO] [stderr]   --> Cargo.toml:38:15
[INFO] [stderr]    |
[INFO] [stderr] 38 | [dependencies.tokio-util]
[INFO] [stderr]    |               ^^^^^^^^^^^
[INFO] [stderr]    |
[INFO] [stderr] help: consider removing the dependency on `tokio-util`
[INFO] [stderr] warning: `gollum-runtime` (manifest) generated 2 warnings
[INFO] [stderr]     Finished `release` profile [optimized] target(s) in 0.18s
[INFO] [stderr]      Running unittests src/lib.rs (/opt/rustwide/target/release/build/gollum-runtime/958fb9907f6568c4/out/gollum_runtime-958fb9907f6568c4)
[INFO] [stdout] 
[INFO] [stdout] running 74 tests
[INFO] [stdout] test builtins::arithmetic::tests::gt_boundaries ... ok
[INFO] [stdout] test builtins::arithmetic::tests::is_var_float_rhs ... ok
[INFO] [stdout] test builtins::comparison::tests::no_unify_inverse ... ok
[INFO] [stdout] test builtins::arithmetic::tests::le_boundaries ... ok
[INFO] [stdout] test builtins::arithmetic::tests::lt_boundaries ... ok
[INFO] [stdout] test builtins::comparison::tests::unify_atoms_equal ... ok
[INFO] [stdout] test builtins::comparison::tests::unify_atoms_unequal ... ok
[INFO] [stdout] test builtins::comparison::tests::struct_eq_atoms ... ok
[INFO] [stdout] test builtins::arithmetic::tests::arith_eq_equal_integers ... ok
[INFO] [stdout] test builtins::comparison::tests::unify_var_lhs_binds ... ok
[INFO] [stdout] test builtins::logic::tests::not_requires_runtime ... ok
[INFO] [stdout] test builtins::comparison::tests::struct_eq_deep_compound ... ok
[INFO] [stdout] test builtins::arithmetic::tests::ge_boundaries ... ok
[INFO] [stdout] test builtins::comparison::tests::unify_var_rhs_binds ... ok
[INFO] [stdout] test builtins::comparison::tests::struct_neq_inverse ... ok
[INFO] [stdout] test builtins::arithmetic::tests::is_checks_concrete_equal ... ok
[INFO] [stdout] test builtins::temporal::tests::test_after_succeeds ... ok
[INFO] [stdout] test builtins::temporal::tests::test_before_fails_overlap ... ok
[INFO] [stdout] test builtins::temporal::tests::test_before_succeeds ... ok
[INFO] [stdout] test builtins::temporal::tests::test_during_succeeds ... ok
[INFO] [stdout] test builtins::comparison::tests::struct_eq_var_vs_atom ... ok
[INFO] [stdout] test builtins::arithmetic::tests::arith_eq_int_float_cross ... ok
[INFO] [stdout] test builtins::temporal::tests::test_meets_fails_gap ... ok
[INFO] [stdout] test builtins::temporal::tests::test_overlaps_succeeds ... ok
[INFO] [stdout] test builtins::logic::tests::fail_returns_empty_vec ... ok
[INFO] [stdout] test builtins::logic::tests::true_returns_one_empty_substitution ... ok
[INFO] [stdout] test builtins::arithmetic::tests::is_binds_var ... ok
[INFO] [stdout] test builtins::logic::tests::false_returns_empty_vec ... ok
[INFO] [stdout] test builtins::arithmetic::tests::arith_neq ... ok
[INFO] [stdout] test builtins::term::tests::var_gives_instantiation_error ... ok
[INFO] [stdout] test builtins::tests::lookup_is_3_returns_none ... ok
[INFO] [stdout] test builtins::term::tests::integer_arithmetic ... ok
[INFO] [stdout] test builtins::tests::lookup_nonexistent_returns_none ... ok
[INFO] [stdout] test builtins::term::tests::atom_constants ... ok
[INFO] [stdout] test builtins::term::tests::unary_abs_sign ... ok
[INFO] [stdout] test builtins::term::tests::float_promotion ... ok
[INFO] [stdout] test builtins::tests::register_and_contains_roundtrip ... ok
[INFO] [stdout] test builtins::tests::with_standard_contains_all ... ok
[INFO] [stdout] test builtins::temporal::tests::test_meets_succeeds ... ok
[INFO] [stdout] test builtins::type_check::tests::atom_positive ... ok
[INFO] [stdout] test builtins::temporal::tests::test_overlaps_fails_no_overlap ... ok
[INFO] [stdout] test builtins::type_check::tests::compound_negative ... ok
[INFO] [stdout] test builtins::type_check::tests::float_negative ... ok
[INFO] [stdout] test builtins::type_check::tests::integer_positive ... ok
[INFO] [stdout] test builtins::type_check::tests::float_positive ... ok
[INFO] [stdout] test builtins::type_check::tests::integer_negative ... ok
[INFO] [stdout] test builtins::type_check::tests::number_positive ... ok
[INFO] [stdout] test builtins::type_check::tests::number_negative ... ok
[INFO] [stdout] test builtins::type_check::tests::var_negative ... ok
[INFO] [stdout] test builtins::tests::custom_builtin_can_be_looked_up ... ok
[INFO] [stdout] test builtins::term::tests::division_by_zero_integer ... ok
[INFO] [stdout] test builtins::term::tests::unknown_atom_gives_not_an_expression ... ok
[INFO] [stdout] test builtins::type_check::tests::var_positive ... ok
[INFO] [stdout] test builtins::type_check::tests::is_list_negative ... ok
[INFO] [stdout] test builtins::tests::with_standard_contains_all_22 ... ok
[INFO] [stdout] test builtins::type_check::tests::atom_negative_int_and_var ... ok
[INFO] [stdout] test builtins::type_check::tests::compound_positive ... ok
[INFO] [stdout] test builtins::type_check::tests::is_list_empty_list ... ok
[INFO] [stdout] test solver::tests::test_solve_ir_profile_backtrack_counting ... ok
[INFO] [stdout] test solver::tests::test_solve_ir_profile_arithmetic ... ok
[INFO] [stdout] test builtins::term::tests::literals_pass_through ... ok
[INFO] [stdout] test builtins::term::tests::power_returns_float ... ok
[INFO] [stdout] test solver::tests::test_solve_ir_profile_basic_metrics ... ok
[INFO] [stdout] test solver::tests::test_solver_assert_retract ... ok
[INFO] [stdout] test solver::tests::test_solver_load_program ... ok
[INFO] [stdout] test solver::tests::test_solve_ir_profile_text_output ... ok
[INFO] [stdout] test builtins::type_check::tests::is_list_proper_list ... ok
[INFO] [stdout] test solver::tests::test_solver_backtracking ... ok
[INFO] [stdout] test solver::tests::test_solver_ground_query ... ok
[INFO] [stdout] test solver::tests::test_solver_custom_builtin ... ok
[INFO] [stdout] test solver::tests::test_solver_basic_fact_query ... ok
[INFO] [stdout] test solver::tests::test_solver_multiple_facts ... ok
[INFO] [stdout] test solver::tests::test_solver_rule_execution ... ok
[INFO] [stderr]      Running tests/clp.rs (/opt/rustwide/target/release/build/gollum-runtime/6cc054be7b1bf1e6/out/clp-6cc054be7b1bf1e6)
[INFO] [stdout] test solver::tests::test_solver_no_match ... ok
[INFO] [stdout] 
[INFO] [stdout] test result: ok. 74 passed; 0 failed; 0 ignored; 0 measured; 0 filtered out; finished in 0.01s
[INFO] [stdout] 
[INFO] [stdout] 
[INFO] [stdout] running 106 tests
[INFO] [stdout] test all_different_fails_when_domain_too_small ... ok
[INFO] [stdout] test backtracking_constraint_propagation_does_not_persist ... ok
[INFO] [stdout] test all_different_rejects_duplicate_bound_values ... ok
[INFO] [stdout] test all_different_accepts_distinct_bound_values ... ok
[INFO] [stdout] test backtracking_restores_domain_after_choice ... ok
[INFO] [stdout] test all_different_fails_after_domain_narrows_below_group_size ... ok
[INFO] [stdout] test all_different_propagates_to_domain ... ok
[INFO] [stdout] test backtracking_all_different_restores_exclusions ... ok
[INFO] [stdout] test all_different_fails_during_labeling_when_domain_shrinks ... ok
[INFO] [stdout] test clp_domain_values_small_range ... ok
[INFO] [stdout] test clp_domain_empty_after_exclusion_fails ... ok
[INFO] [stdout] test clp_eq_both_bound_equal ... ok
[INFO] [stdout] test clp_eq_both_bound_unequal ... ok
[INFO] [stdout] test all_different_succeeds_for_empty_list ... ok
[INFO] [stdout] test clp_gt_with_bound_left_narrows_right_domain ... ok
[INFO] [stdout] test clp_eq_empty_intersection_fails ... ok
[INFO] [stdout] test clp_eq_intersection_with_exclusions ... ok
[INFO] [stdout] test clp_gte_narrows_to_boundary ... ok
[INFO] [stdout] test clp_exclusions_not_reintroduced_after_eq ... ok
[INFO] [stdout] test clp_eq_preserves_exclusions ... ok
[INFO] [stdout] test clp_in_trims_exclusions_outside_new_range ... ok
[INFO] [stdout] test clp_gt_narrows_lower_bound ... ok
[INFO] [stdout] test clp_in_fails_for_bound_var_outside_range ... ok
[INFO] [stdout] test clp_linsum_finds_correct_solutions_via_labeling ... ok
[INFO] [stdout] test clp_in_succeeds_for_bound_var_inside_range ... ok
[INFO] [stdout] test clp_linsum_fails_when_impossible ... ok
[INFO] [stdout] test clp_linsum_ground_both_sides_fails ... ok
[INFO] [stdout] test all_different_succeeds_when_domain_exactly_meets_group_size ... ok
[INFO] [stdout] test clp_eq_binds_unbound_var ... ok
[INFO] [stdout] test clp_in_narrows_existing_domain ... ok
[INFO] [stdout] test clp_linsum_tight_domains_narrow_further ... ok
[INFO] [stdout] test clp_lt_both_bound_succeeds ... ok
[INFO] [stdout] test clp_lt_with_bound_left_narrows_right_domain ... ok
[INFO] [stdout] test clp_linsum_with_one_bound_binds_other ... ok
[INFO] [stdout] test clp_linsum_narrows_both_domains ... ok
[INFO] [stdout] test clp_lt_both_bound_fails ... ok
[INFO] [stdout] test clp_linsum_var_finds_correct_solutions ... ok
[INFO] [stdout] test clp_neq_both_bound_equal_fails ... ok
[INFO] [stdout] test clp_self_unification_stable ... ok
[INFO] [stdout] test clp_linsum_ground_both_sides_succeeds ... ok
[INFO] [stdout] test clp_lt_narrows_upper_bound ... ok
[INFO] [stdout] test clp_linsum_var_narrows_result_domain ... ok
[INFO] [stdout] test clp_lte_narrows_to_boundary ... ok
[INFO] [stdout] test clp_neq_both_bound_unequal ... ok
[INFO] [stdout] test clp_neq_excludes_value_from_domain ... ok
[INFO] [stdout] test clp_neq_propagates_from_singleton_var_var ... ok
[INFO] [stdout] test clp_unification_merges_exclusions ... ok
[INFO] [stdout] test clp_unification_merges_domains ... ok
[INFO] [stdout] test constraint_wakeup_all_different_after_binding ... ok
[INFO] [stdout] test fixpoint_failure_on_impossible_chain ... ok
[INFO] [stdout] test label_with_all_different_finds_permutations ... ok
[INFO] [stdout] test fixpoint_transitive_lt_narrows_domains ... ok
[INFO] [stdout] test fixpoint_neq_chain_propagates ... ok
[INFO] [stdout] test fixpoint_transitive_lt_correct_solutions ... ok
[INFO] [stdout] test label_enumerates_single_variable ... ok
[INFO] [stdout] test labeling_empty_list_succeeds ... ok
[INFO] [stdout] test indomain_respects_domain_exclusion ... ok
[INFO] [stdout] test label_three_vars_all_different ... ok
[INFO] [stdout] test constraint_wakeup_lt_after_binding ... ok
[INFO] [stdout] test labeling_default_same_as_label ... ok
[INFO] [stdout] test indomain_enumerates_all_domain_values ... ok
[INFO] [stdout] test label_with_bound_constraint_bound_from_constant ... ok
[INFO] [stdout] test fixpoint_eq_unifies_domains ... ok
[INFO] [stdout] test labeling_ff_selects_smallest_domain_first ... ok
[INFO] [stdout] test labeling_ff_with_constraint_propagation ... ok
[INFO] [stdout] test labeling_ff_tie_break_max_degree ... ok
[INFO] [stdout] test labeling_hybrid_ff_random_value ... ok
[INFO] [stdout] test labeling_invalid_option_fails ... ok
[INFO] [stdout] test labeling_max_enumerates_descending ... ok
[INFO] [stdout] test labeling_random_value_with_constraints ... ok
[INFO] [stdout] test labeling_min_enumerates_ascending ... ok
[INFO] [stdout] test labeling_preset_default ... ok
[INFO] [stdout] test labeling_non_list_vars_fails ... ok
[INFO] [stdout] test labeling_random_var_finds_all_solutions ... ok
[INFO] [stdout] test labeling_preset_explore ... ok
[INFO] [stdout] test labeling_preset_fast ... ok
[INFO] [stdout] test labeling_random_value_different_seeds_likely_differ ... ok
[INFO] [stdout] test constraint_wakeup_gt_after_binding ... ok
[INFO] [stdout] test labeling_ff_min_ordered_selection ... ok
[INFO] [stdout] test labeling_random_value_finds_all_solutions ... ok
[INFO] [stdout] test labeling_random_value_seed_is_deterministic ... ok
[INFO] [stdout] test constraint_wakeup_linsum_after_binding ... ok
[INFO] [stdout] test labeling_already_ground_vars_succeed ... ok
[INFO] [stdout] test labeling_random_var_with_constraints ... ok
[INFO] [stdout] test labeling_preset_explore_is_reproducible ... ok
[INFO] [stdout] test labeling_rest_keeps_ground_vars ... ok
[INFO] [stdout] test labeling_tie_break_max_degree ... ok
[INFO] [stdout] test labeling_tie_break_leftmost_explicit ... ok
[INFO] [stdout] test labeling_unknown_compound_option_fails ... ok
[INFO] [stdout] test var_var_gt_narrows_both_domains ... ok
[INFO] [stdout] test labeling_triggers_enumeration ... ok
[INFO] [stdout] test var_var_eq_fails_on_empty_intersection ... ok
[INFO] [stdout] test labeling_tie_break_random_explicit ... ok
[INFO] [stdout] test var_var_lt_fails_when_domains_incompatible ... ok
[INFO] [stdout] test labeling_tie_break_unknown_arg_fails ... ok
[INFO] [stdout] test no_labeling_no_enumeration ... ok
[INFO] [stdout] test search_size_all_different_reduces_branches ... ok
[INFO] [stdout] test var_var_gte_narrows_both_domains ... ok
[INFO] [stdout] test var_var_lt_narrows_both_domains ... ok
[INFO] [stdout] test search_size_linsum_constraint_reduces_enumeration ... ok
[INFO] [stdout] test search_size_lt_constraint_is_small ... ok
[INFO] [stdout] test var_var_eq_intersects_domains ... ok
[INFO] [stdout] test var_var_lte_narrows_both_domains ... ok
[INFO] [stdout] test var_var_lt_propagation_reduces_search_space ... ok
[INFO] [stdout] test var_var_neq_singleton_propagation ... ok
[INFO] [stdout] test search_size_send_more_money_clp_bounded ... ok
[INFO] [stdout] 
[INFO] [stdout] test result: ok. 106 passed; 0 failed; 0 ignored; 0 measured; 0 filtered out; finished in 0.28s
[INFO] [stdout] 
[INFO] [stderr]      Running tests/clp_fuzz.rs (/opt/rustwide/target/release/build/gollum-runtime/8d2d8d322dc67425/out/clp_fuzz-8d2d8d322dc67425)
[INFO] [stdout] 
[INFO] [stdout] running 7 tests
[INFO] [stdout] test fuzz_transitivity_lt ... FAILED
[INFO] [stdout] test fuzz_symmetry_lt_gt ... ok
[INFO] [stdout] test fuzz_binary_constraint_oracle ... ok
[INFO] [stdout] test fuzz_determinism ... ok
[INFO] [stdout] test fuzz_contradiction_eq_neq ... ok
[INFO] [stdout] test fuzz_solution_values_in_domain ... ok
[INFO] [stdout] test fuzz_all_different_cardinality ... ok
[INFO] [stdout] 
[INFO] [stdout] failures:
[INFO] [stdout] 
[INFO] [stdout] ---- fuzz_transitivity_lt stdout ----
[INFO] [stdout] proptest: FileFailurePersistence::SourceParallel set, but failed to find lib.rs or main.rs
[INFO] [stdout] 
[INFO] [stdout] thread 'fuzz_transitivity_lt' (1778) panicked at tests/clp_fuzz.rs:130:1:
[INFO] [stdout] Test aborted: Too many global rejects
[INFO] [stdout] 	successes: 193
[INFO] [stdout] 	local rejects: 0
[INFO] [stdout] 	global rejects: 1024
[INFO] [stdout] 		533 times at tests/clp_fuzz.rs:223:9: xlo <= xhi
[INFO] [stdout] 		291 times at tests/clp_fuzz.rs:224:9: ylo <= yhi
[INFO] [stdout] 		200 times at tests/clp_fuzz.rs:225:9: zlo <= zhi
[INFO] [stdout] 
[INFO] [stdout] stack backtrace:
[INFO] [stdout]    0:     0x599e48e2d3a1 - <<std[617be2ca0a6fd877]::sys::backtrace::BacktraceLock>::print::DisplayBacktrace as core[a373ad73a504971]::fmt::Display>::fmt
[INFO] [stdout]    1:     0x599e48e4463a - core[a373ad73a504971]::fmt::write
[INFO] [stdout]    2:     0x599e48e31a7c - <alloc[2e1b2a31b91974c5]::vec::Vec<u8> as core[a373ad73a504971]::io::write::Write>::write_fmt
[INFO] [stdout]    3:     0x599e48e07e06 - std[617be2ca0a6fd877]::panicking::default_hook::{closure#0}
[INFO] [stdout]    4:     0x599e48e25739 - std[617be2ca0a6fd877]::panicking::default_hook
[INFO] [stdout]    5:     0x599e48ca4ff0 - test[aada8e7e76ba119b]::test_main_inner::{closure#0}
[INFO] [stdout]    6:     0x599e48e258f2 - std[617be2ca0a6fd877]::panicking::panic_with_hook
[INFO] [stdout]    7:     0x599e48e07eb2 - std[617be2ca0a6fd877]::panicking::panic_handler::{closure#0}
[INFO] [stdout]    8:     0x599e48e00a79 - std[617be2ca0a6fd877]::sys::backtrace::__rust_end_short_backtrace::<std[617be2ca0a6fd877]::panicking::panic_handler::{closure#0}, !>
[INFO] [stdout]    9:     0x599e48e08abd - __rustc[ea4f61d10b84890b]::rust_begin_unwind
[INFO] [stdout]   10:     0x599e48e44d9c - core[a373ad73a504971]::panicking::panic_fmt
[INFO] [stdout]   11:     0x599e48c85697 - <clp_fuzz[283c101925d64a75]::fuzz_transitivity_lt::{closure#0} as core[a373ad73a504971]::ops::function::FnOnce<()>>::call_once
[INFO] [stdout]   12:     0x599e48c9843b - test[aada8e7e76ba119b]::__rust_begin_short_backtrace::<core[a373ad73a504971]::result::Result<(), alloc[2e1b2a31b91974c5]::string::String>, fn() -> core[a373ad73a504971]::result::Result<(), alloc[2e1b2a31b91974c5]::string::String>>
[INFO] [stdout]   13:     0x599e48ca5615 - test[aada8e7e76ba119b]::run_test::{closure#0}
[INFO] [stdout]   14:     0x599e48c9ef04 - std[617be2ca0a6fd877]::sys::backtrace::__rust_begin_short_backtrace::<test[aada8e7e76ba119b]::run_test::{closure#1}, ()>
[INFO] [stdout]   15:     0x599e48ca86a2 - <std[617be2ca0a6fd877]::thread::lifecycle::spawn_unchecked<test[aada8e7e76ba119b]::run_test::{closure#1}, ()>::{closure#1} as core[a373ad73a504971]::ops::function::FnOnce<()>>::call_once::{shim:vtable#0}
[INFO] [stdout]   16:     0x599e48e2cbcf - <std[617be2ca0a6fd877]::sys::thread::unix::Thread>::new::thread_start
[INFO] [stdout]   17:     0x7638bcd8adfa - <unknown>
[INFO] [stdout]   18:     0x7638bce1e3d4 - clone
[INFO] [stdout]   19:                0x0 - <unknown>
[INFO] [stdout] 
[INFO] [stdout] 
[INFO] [stdout] failures:
[INFO] [stdout]     fuzz_transitivity_lt
[INFO] [stdout] 
[INFO] [stdout] test result: FAILED. 6 passed; 1 failed; 0 ignored; 0 measured; 0 filtered out; finished in 1.43s
[INFO] [stdout] 
[INFO] [stderr] error: test failed, to rerun pass `--test clp_fuzz`
[INFO] running `Command { std: "docker" "inspect" "ba8650aed3df625cbe19c07305b518dbe3e2b8702ece6326d10d9bed1dd37503", kill_on_drop: false }`
[INFO] running `Command { std: "docker" "rm" "-f" "ba8650aed3df625cbe19c07305b518dbe3e2b8702ece6326d10d9bed1dd37503", kill_on_drop: false }`
[INFO] [stdout] ba8650aed3df625cbe19c07305b518dbe3e2b8702ece6326d10d9bed1dd37503
