[INFO] fetching crate geng-net 0.17.2...
[INFO] testing geng-net-0.17.2 against 1.100.0-beta.1+cargoflags=--release for beta-release-1.100-2
[INFO] extracting crate geng-net 0.17.2 into /workspace/builds/worker-5-tc2/source
[INFO] started tweaking crates.io crate geng-net 0.17.2
[INFO] finished tweaking crates.io crate geng-net 0.17.2
[INFO] tweaked toml for crates.io crate geng-net 0.17.2 written to /workspace/builds/worker-5-tc2/source/Cargo.toml
[INFO] validating manifest of crates.io crate geng-net 0.17.2 on toolchain 1.100.0-beta.1
[INFO] running `Command { std: CARGO_HOME="/workspace/cargo-home" RUSTUP_HOME="/workspace/rustup-home" "/workspace/cargo-home/bin/cargo" "+1.100.0-beta.1" "metadata" "--manifest-path" "Cargo.toml" "--no-deps", kill_on_drop: false }`
[INFO] running `Command { std: CARGO_HOME="/workspace/cargo-home" RUSTUP_HOME="/workspace/rustup-home" "/workspace/cargo-home/bin/cargo" "+1.100.0-beta.1" "generate-lockfile" "--manifest-path" "Cargo.toml", kill_on_drop: false }`
[INFO] [stderr]     Updating crates.io index
[INFO] [stderr]     Blocking waiting for file lock on package cache
[INFO] [stderr]      Locking 145 packages to highest compatible versions
[INFO] [stderr]       Adding bincode v1.3.3 (available: v3.0.0)
[INFO] running `Command { std: CARGO_HOME="/workspace/cargo-home" RUSTUP_HOME="/workspace/rustup-home" "/workspace/cargo-home/bin/cargo" "+1.100.0-beta.1" "fetch" "--manifest-path" "Cargo.toml", kill_on_drop: false }`
[INFO] running `Command { std: "docker" "create" "-v" "/var/lib/crater-agent-workspace/builds/worker-5-tc2/source:/opt/rustwide/workdir:ro,Z" "-v" "/var/lib/crater-agent-workspace/builds/worker-5-tc2/target:/opt/rustwide/target:rw,Z" "-v" "/var/lib/crater-agent-workspace/cargo-home:/opt/rustwide/cargo-home:ro,Z" "-v" "/var/lib/crater-agent-workspace/rustup-home:/opt/rustwide/rustup-home:ro,Z" "-m" "1610612736" "--network" "none" "ghcr.io/rust-lang/crates-build-env/linux@sha256:77db811e55d90add9212f6832c23229e3de5f1c1f9905e8cb07319ea15df73ac" "sleep" "infinity", kill_on_drop: false }`
[INFO] [stdout] 1147a6d1358a2daa00aa1f9aed77b4815473b404d2399e0a7d6d079a1dd3d28f
[INFO] running `Command { std: "docker" "start" "1147a6d1358a2daa00aa1f9aed77b4815473b404d2399e0a7d6d079a1dd3d28f", kill_on_drop: false }`
[INFO] running `Command { std: "docker" "inspect" "1147a6d1358a2daa00aa1f9aed77b4815473b404d2399e0a7d6d079a1dd3d28f", kill_on_drop: false }`
[INFO] running `Command { std: "docker" "exec" "-e" "SOURCE_DIR=/opt/rustwide/workdir" "-e" "CARGO_HOME=/opt/rustwide/cargo-home" "-e" "RUSTUP_HOME=/opt/rustwide/rustup-home" "-e" "CARGO_TARGET_DIR=/opt/rustwide/target" "-w" "/opt/rustwide/workdir" "--user" "0:0" "1147a6d1358a2daa00aa1f9aed77b4815473b404d2399e0a7d6d079a1dd3d28f" "/opt/rustwide/cargo-home/bin/cargo" "+1.100.0-beta.1" "metadata" "--no-deps" "--format-version=1", kill_on_drop: false }`
[INFO] running `Command { std: "docker" "inspect" "1147a6d1358a2daa00aa1f9aed77b4815473b404d2399e0a7d6d079a1dd3d28f", kill_on_drop: false }`
[INFO] running `Command { std: "docker" "exec" "-e" "SOURCE_DIR=/opt/rustwide/workdir" "-e" "CARGO_HOME=/opt/rustwide/cargo-home" "-e" "RUSTUP_HOME=/opt/rustwide/rustup-home" "-e" "CARGO_TARGET_DIR=/opt/rustwide/target" "-e" "CARGO_INCREMENTAL=0" "-e" "RUST_BACKTRACE=full" "-e" "RUSTFLAGS=--cap-lints=warn" "-e" "RUSTDOCFLAGS=--cap-lints=warn" "-w" "/opt/rustwide/workdir" "--user" "0:0" "1147a6d1358a2daa00aa1f9aed77b4815473b404d2399e0a7d6d079a1dd3d28f" "/opt/rustwide/cargo-home/bin/cargo" "+1.100.0-beta.1" "build" "--frozen" "--message-format=json" "--release", kill_on_drop: false }`
[INFO] [stderr]    Compiling rustix v1.1.5
[INFO] [stderr]    Compiling syn v3.0.9
[INFO] [stderr]    Compiling value-bag v1.14.1
[INFO] [stderr]    Compiling concurrent-queue v2.5.0
[INFO] [stderr]    Compiling iovec v0.1.4
[INFO] [stderr]    Compiling byte-tools v0.3.1
[INFO] [stderr]    Compiling net2 v0.2.39
[INFO] [stderr]    Compiling futures-channel v0.3.34
[INFO] [stderr]    Compiling block-padding v0.1.5
[INFO] [stderr]    Compiling percent-encoding v2.3.2
[INFO] [stderr]    Compiling event-listener v2.5.3
[INFO] [stderr]    Compiling async-channel v2.5.0
[INFO] [stderr]    Compiling log v0.4.34
[INFO] [stderr]    Compiling async-executor v1.14.0
[INFO] [stderr]    Compiling blocking v1.7.0
[INFO] [stderr]    Compiling async-channel v1.9.0
[INFO] [stderr]    Compiling form_urlencoded v1.2.2
[INFO] [stderr]    Compiling block-buffer v0.7.3
[INFO] [stderr]    Compiling digest v0.8.1
[INFO] [stderr]    Compiling kv-log-macro v1.0.7
[INFO] [stderr]    Compiling mio v0.6.23
[INFO] [stderr]    Compiling fake-simd v0.1.2
[INFO] [stderr]    Compiling opaque-debug v0.2.3
[INFO] [stderr]    Compiling pin-utils v0.1.1
[INFO] [stderr]    Compiling sha-1 v0.8.2
[INFO] [stderr]    Compiling bytes v0.4.12
[INFO] [stderr]    Compiling mio-extras v2.0.6
[INFO] [stderr]    Compiling synstructure v0.14.0
[INFO] [stderr]    Compiling zerofrom-derive v0.1.8
[INFO] [stderr]    Compiling yoke-derive v0.8.4
[INFO] [stderr]    Compiling zerovec-derive v0.11.6
[INFO] [stderr]    Compiling displaydoc v0.2.7
[INFO] [stderr]    Compiling futures-macro v0.3.34
[INFO] [stderr]    Compiling serde_derive v1.0.229
[INFO] [stderr]    Compiling futures-util v0.3.34
[INFO] [stderr]    Compiling zerofrom v0.1.8
[INFO] [stderr]    Compiling yoke v0.8.3
[INFO] [stderr]    Compiling zerovec v0.11.8
[INFO] [stderr]    Compiling zerotrie v0.2.5
[INFO] [stderr]    Compiling polling v3.11.0
[INFO] [stderr]    Compiling async-io v2.6.0
[INFO] [stderr]    Compiling tinystr v0.8.4
[INFO] [stderr]    Compiling potential_utf v0.1.6
[INFO] [stderr]    Compiling icu_locale_core v2.3.0
[INFO] [stderr]    Compiling icu_collections v2.3.0
[INFO] [stderr]    Compiling async-global-executor v2.4.1
[INFO] [stderr]    Compiling async-std v1.13.2
[INFO] [stderr]    Compiling serde v1.0.229
[INFO] [stderr]    Compiling icu_provider v2.3.1
[INFO] [stderr]    Compiling icu_normalizer v2.3.0
[INFO] [stderr]    Compiling icu_properties v2.3.0
[INFO] [stderr]    Compiling bincode v1.3.3
[INFO] [stderr]    Compiling futures-executor v0.3.34
[INFO] [stderr]    Compiling futures v0.3.34
[INFO] [stderr]    Compiling batbox-time v0.16.0
[INFO] [stderr]    Compiling idna_adapter v1.2.2
[INFO] [stderr]    Compiling idna v1.1.0
[INFO] [stderr]    Compiling url v2.5.8
[INFO] [stderr]    Compiling ws v0.9.2
[INFO] [stderr]    Compiling geng-net v0.17.2 (/opt/rustwide/workdir)
[INFO] [stdout] warning: use of deprecated method `futures::futures_channel::mpsc::UnboundedReceiver::<T>::try_next`: please use `try_recv` instead
[INFO] [stdout]   --> src/client/platform/native.rs:24:25
[INFO] [stdout]    |
[INFO] [stdout] 24 |         match self.recv.try_next() {
[INFO] [stdout]    |                         ^^^^^^^^
[INFO] [stdout]    |
[INFO] [stdout]    = note: `#[warn(deprecated)]` on by default
[INFO] [stdout] 
[INFO] [stdout] 
[INFO] [stdout] warning: hiding a lifetime that's elided elsewhere is confusing
[INFO] [stdout]   --> src/client/mod.rs:19:25
[INFO] [stdout]    |
[INFO] [stdout] 19 |     pub fn new_messages(&mut self) -> NewMessages<S, C> {
[INFO] [stdout]    |                         ^^^^^^^^^     ^^^^^^^^^^^^^^^^^ the same lifetime is hidden here
[INFO] [stdout]    |                         |
[INFO] [stdout]    |                         the lifetime is elided here
[INFO] [stdout]    |
[INFO] [stdout]    = help: the same lifetime is referred to in inconsistent ways, making the signature confusing
[INFO] [stdout]    = note: `#[warn(mismatched_lifetime_syntaxes)]` on by default
[INFO] [stdout] help: use `'_` for type paths
[INFO] [stdout]    |
[INFO] [stdout] 19 |     pub fn new_messages(&mut self) -> NewMessages<'_, S, C> {
[INFO] [stdout]    |                                                   +++
[INFO] [stdout] 
[INFO] [stdout] 
[INFO] [stderr]     Finished `release` profile [optimized] target(s) in 1m 01s
[INFO] running `Command { std: "docker" "inspect" "1147a6d1358a2daa00aa1f9aed77b4815473b404d2399e0a7d6d079a1dd3d28f", kill_on_drop: false }`
[INFO] running `Command { std: "docker" "exec" "-e" "SOURCE_DIR=/opt/rustwide/workdir" "-e" "CARGO_HOME=/opt/rustwide/cargo-home" "-e" "RUSTUP_HOME=/opt/rustwide/rustup-home" "-e" "CARGO_TARGET_DIR=/opt/rustwide/target" "-e" "CARGO_INCREMENTAL=0" "-e" "RUST_BACKTRACE=full" "-e" "RUSTFLAGS=--cap-lints=warn" "-e" "RUSTDOCFLAGS=--cap-lints=warn" "-w" "/opt/rustwide/workdir" "--user" "0:0" "1147a6d1358a2daa00aa1f9aed77b4815473b404d2399e0a7d6d079a1dd3d28f" "/opt/rustwide/cargo-home/bin/cargo" "+1.100.0-beta.1" "test" "--frozen" "--no-run" "--message-format=json" "--release", kill_on_drop: false }`
[INFO] [stderr]    Compiling geng-net v0.17.2 (/opt/rustwide/workdir)
[INFO] [stdout] warning: use of deprecated method `futures::futures_channel::mpsc::UnboundedReceiver::<T>::try_next`: please use `try_recv` instead
[INFO] [stdout]   --> src/client/platform/native.rs:24:25
[INFO] [stdout]    |
[INFO] [stdout] 24 |         match self.recv.try_next() {
[INFO] [stdout]    |                         ^^^^^^^^
[INFO] [stdout]    |
[INFO] [stdout]    = note: `#[warn(deprecated)]` on by default
[INFO] [stdout] 
[INFO] [stdout] 
[INFO] [stdout] warning: hiding a lifetime that's elided elsewhere is confusing
[INFO] [stdout]   --> src/client/mod.rs:19:25
[INFO] [stdout]    |
[INFO] [stdout] 19 |     pub fn new_messages(&mut self) -> NewMessages<S, C> {
[INFO] [stdout]    |                         ^^^^^^^^^     ^^^^^^^^^^^^^^^^^ the same lifetime is hidden here
[INFO] [stdout]    |                         |
[INFO] [stdout]    |                         the lifetime is elided here
[INFO] [stdout]    |
[INFO] [stdout]    = help: the same lifetime is referred to in inconsistent ways, making the signature confusing
[INFO] [stdout]    = note: `#[warn(mismatched_lifetime_syntaxes)]` on by default
[INFO] [stdout] help: use `'_` for type paths
[INFO] [stdout]    |
[INFO] [stdout] 19 |     pub fn new_messages(&mut self) -> NewMessages<'_, S, C> {
[INFO] [stdout]    |                                                   +++
[INFO] [stdout] 
[INFO] [stdout] 
[INFO] [stdout] warning: use of deprecated method `futures::futures_channel::mpsc::UnboundedReceiver::<T>::try_next`: please use `try_recv` instead
[INFO] [stdout]   --> src/client/platform/native.rs:24:25
[INFO] [stdout]    |
[INFO] [stdout] 24 |         match self.recv.try_next() {
[INFO] [stdout]    |                         ^^^^^^^^
[INFO] [stdout]    |
[INFO] [stdout]    = note: `#[warn(deprecated)]` on by default
[INFO] [stdout] 
[INFO] [stdout] 
[INFO] [stdout] warning: hiding a lifetime that's elided elsewhere is confusing
[INFO] [stdout]   --> src/client/mod.rs:19:25
[INFO] [stdout]    |
[INFO] [stdout] 19 |     pub fn new_messages(&mut self) -> NewMessages<S, C> {
[INFO] [stdout]    |                         ^^^^^^^^^     ^^^^^^^^^^^^^^^^^ the same lifetime is hidden here
[INFO] [stdout]    |                         |
[INFO] [stdout]    |                         the lifetime is elided here
[INFO] [stdout]    |
[INFO] [stdout]    = help: the same lifetime is referred to in inconsistent ways, making the signature confusing
[INFO] [stdout]    = note: `#[warn(mismatched_lifetime_syntaxes)]` on by default
[INFO] [stdout] help: use `'_` for type paths
[INFO] [stdout]    |
[INFO] [stdout] 19 |     pub fn new_messages(&mut self) -> NewMessages<'_, S, C> {
[INFO] [stdout]    |                                                   +++
[INFO] [stdout] 
[INFO] [stdout] 
[INFO] [stderr]     Finished `release` profile [optimized] target(s) in 7.29s
[INFO] running `Command { std: "docker" "inspect" "1147a6d1358a2daa00aa1f9aed77b4815473b404d2399e0a7d6d079a1dd3d28f", kill_on_drop: false }`
[INFO] running `Command { std: "docker" "exec" "-e" "SOURCE_DIR=/opt/rustwide/workdir" "-e" "CARGO_HOME=/opt/rustwide/cargo-home" "-e" "RUSTUP_HOME=/opt/rustwide/rustup-home" "-e" "CARGO_TARGET_DIR=/opt/rustwide/target" "-e" "CARGO_INCREMENTAL=0" "-e" "RUST_BACKTRACE=full" "-e" "RUSTFLAGS=--cap-lints=warn" "-e" "RUSTDOCFLAGS=--cap-lints=warn" "-w" "/opt/rustwide/workdir" "--user" "0:0" "1147a6d1358a2daa00aa1f9aed77b4815473b404d2399e0a7d6d079a1dd3d28f" "/opt/rustwide/cargo-home/bin/cargo" "+1.100.0-beta.1" "test" "--frozen" "--release", kill_on_drop: false }`
[INFO] [stderr] warning: use of deprecated method `futures::futures_channel::mpsc::UnboundedReceiver::<T>::try_next`: please use `try_recv` instead
[INFO] [stderr]   --> src/client/platform/native.rs:24:25
[INFO] [stderr]    |
[INFO] [stderr] 24 |         match self.recv.try_next() {
[INFO] [stderr]    |                         ^^^^^^^^
[INFO] [stderr]    |
[INFO] [stderr]    = note: `#[warn(deprecated)]` on by default
[INFO] [stderr] 
[INFO] [stderr] warning: hiding a lifetime that's elided elsewhere is confusing
[INFO] [stderr]   --> src/client/mod.rs:19:25
[INFO] [stderr]    |
[INFO] [stderr] 19 |     pub fn new_messages(&mut self) -> NewMessages<S, C> {
[INFO] [stderr]    |                         ^^^^^^^^^     ^^^^^^^^^^^^^^^^^ the same lifetime is hidden here
[INFO] [stderr]    |                         |
[INFO] [stderr]    |                         the lifetime is elided here
[INFO] [stderr]    |
[INFO] [stderr]    = help: the same lifetime is referred to in inconsistent ways, making the signature confusing
[INFO] [stderr]    = note: `#[warn(mismatched_lifetime_syntaxes)]` on by default
[INFO] [stderr] help: use `'_` for type paths
[INFO] [stderr]    |
[INFO] [stderr] 19 |     pub fn new_messages(&mut self) -> NewMessages<'_, S, C> {
[INFO] [stderr]    |                                                   +++
[INFO] [stderr] 
[INFO] [stderr] warning: `geng-net` (lib) generated 2 warnings (run `cargo fix --lib -p geng-net` to apply 1 suggestion)
[INFO] [stderr] warning: `geng-net` (lib test) generated 2 warnings (2 duplicates)
[INFO] [stderr]     Finished `release` profile [optimized] target(s) in 0.31s
[INFO] [stderr]      Running unittests src/lib.rs (/opt/rustwide/target/release/build/geng-net/e7ff82df3d89bf60/out/geng_net-e7ff82df3d89bf60)
[INFO] [stdout] 
[INFO] [stderr]      Running tests/stuff.rs (/opt/rustwide/target/release/build/geng-net/ed2b77a593072636/out/stuff-ed2b77a593072636)
[INFO] [stdout] running 0 tests
[INFO] [stdout] 
[INFO] [stdout] test result: ok. 0 passed; 0 failed; 0 ignored; 0 measured; 0 filtered out; finished in 0.00s
[INFO] [stdout] 
[INFO] [stdout] 
[INFO] [stdout] running 1 test
[INFO] [stdout] test main ... FAILED
[INFO] [stderr] error: test failed, to rerun pass `--test stuff`
[INFO] [stdout] 
[INFO] [stdout] failures:
[INFO] [stdout] 
[INFO] [stdout] ---- main stdout ----
[INFO] [stdout] connect
[INFO] [stdout] 
[INFO] [stdout] thread '<unnamed>' (992) panicked at tests/stuff.rs:41:13:
[INFO] [stdout] internal error: entered unreachable code
[INFO] [stdout] stack backtrace:
[INFO] [stdout]    0:     0x5e11e003ddb1 - <<std[617be2ca0a6fd877]::sys::backtrace::BacktraceLock>::print::DisplayBacktrace as core[a373ad73a504971]::fmt::Display>::fmt
[INFO] [stdout]    1:     0x5e11e005433a - core[a373ad73a504971]::fmt::write
[INFO] [stdout]    2:     0x5e11e004290c - <alloc[2e1b2a31b91974c5]::vec::Vec<u8> as core[a373ad73a504971]::io::write::Write>::write_fmt
[INFO] [stdout]    3:     0x5e11e0018b26 - std[617be2ca0a6fd877]::panicking::default_hook::{closure#0}
[INFO] [stdout]    4:     0x5e11e0035db9 - std[617be2ca0a6fd877]::panicking::default_hook
[INFO] [stdout]    5:     0x5e11dffd0480 - test[aada8e7e76ba119b]::test_main_inner::{closure#0}
[INFO] [stdout]    6:     0x5e11e0035f72 - std[617be2ca0a6fd877]::panicking::panic_with_hook
[INFO] [stdout]    7:     0x5e11e0018c04 - std[617be2ca0a6fd877]::panicking::panic_handler::{closure#0}
[INFO] [stdout]    8:     0x5e11e0011279 - std[617be2ca0a6fd877]::sys::backtrace::__rust_end_short_backtrace::<std[617be2ca0a6fd877]::panicking::panic_handler::{closure#0}, !>
[INFO] [stdout]    9:     0x5e11e0019add - __rustc[ea4f61d10b84890b]::rust_begin_unwind
[INFO] [stdout]   10:     0x5e11e0054a9c - core[a373ad73a504971]::panicking::panic_fmt
[INFO] [stdout]   11:     0x5e11e0054a62 - core[a373ad73a504971]::panicking::panic
[INFO] [stdout]   12:     0x5e11dff7a27a - <stuff[bc82c6b6b133ccf1]::server::Client as geng_net[9312a22115a73166]::Receiver<stuff[bc82c6b6b133ccf1]::Message>>::handle
[INFO] [stdout]   13:     0x5e11dff676e8 - <geng_net[9312a22115a73166]::server::Handler<stuff[bc82c6b6b133ccf1]::server::TestApp> as ws[c2697eeead773ad6]::handler::Handler>::on_message
[INFO] [stdout]   14:     0x5e11dff3cae2 - <ws[c2697eeead773ad6]::connection::Connection<geng_net[9312a22115a73166]::server::Handler<stuff[bc82c6b6b133ccf1]::server::TestApp>>>::read_frames
[INFO] [stdout]   15:     0x5e11dff413eb - <ws[c2697eeead773ad6]::connection::Connection<geng_net[9312a22115a73166]::server::Handler<stuff[bc82c6b6b133ccf1]::server::TestApp>>>::read
[INFO] [stdout]   16:     0x5e11dff5248c - <ws[c2697eeead773ad6]::io::Handler<geng_net[9312a22115a73166]::server::Factory<stuff[bc82c6b6b133ccf1]::server::TestApp>>>::handle_event
[INFO] [stdout]   17:     0x5e11dff58330 - <ws[c2697eeead773ad6]::io::Handler<geng_net[9312a22115a73166]::server::Factory<stuff[bc82c6b6b133ccf1]::server::TestApp>>>::run
[INFO] [stdout]   18:     0x5e11dff74714 - <ws[c2697eeead773ad6]::WebSocket<geng_net[9312a22115a73166]::server::Factory<stuff[bc82c6b6b133ccf1]::server::TestApp>>>::run
[INFO] [stdout]   19:     0x5e11dff67087 - <geng_net[9312a22115a73166]::server::Server<stuff[bc82c6b6b133ccf1]::server::TestApp>>::run
[INFO] [stdout]   20:     0x5e11dff71a36 - std[617be2ca0a6fd877]::sys::backtrace::__rust_begin_short_backtrace::<stuff[bc82c6b6b133ccf1]::main::{closure#2}, ()>
[INFO] [stdout]   21:     0x5e11dff770b4 - <std[617be2ca0a6fd877]::thread::lifecycle::spawn_unchecked<stuff[bc82c6b6b133ccf1]::main::{closure#2}, ()>::{closure#1} as core[a373ad73a504971]::ops::function::FnOnce<()>>::call_once::{shim:vtable#0}
[INFO] [stdout]   22:     0x5e11e003d26f - <std[617be2ca0a6fd877]::sys::thread::unix::Thread>::new::thread_start
[INFO] [stdout]   23:     0x78ab08cecdfa - <unknown>
[INFO] [stdout]   24:     0x78ab08d803d4 - clone
[INFO] [stdout]   25:                0x0 - <unknown>
[INFO] [stdout] drop
[INFO] [stdout] 
[INFO] [stdout] thread 'main' (991) panicked at tests/stuff.rs:88:26:
[INFO] [stdout] called `Result::unwrap()` on an `Err` value: Any { .. }
[INFO] [stdout] stack backtrace:
[INFO] [stdout]    0:     0x5e11e003ddb1 - <<std[617be2ca0a6fd877]::sys::backtrace::BacktraceLock>::print::DisplayBacktrace as core[a373ad73a504971]::fmt::Display>::fmt
[INFO] [stdout]    1:     0x5e11e005433a - core[a373ad73a504971]::fmt::write
[INFO] [stdout]    2:     0x5e11e004290c - <alloc[2e1b2a31b91974c5]::vec::Vec<u8> as core[a373ad73a504971]::io::write::Write>::write_fmt
[INFO] [stdout]    3:     0x5e11e0018b26 - std[617be2ca0a6fd877]::panicking::default_hook::{closure#0}
[INFO] [stdout]    4:     0x5e11e0035db9 - std[617be2ca0a6fd877]::panicking::default_hook
[INFO] [stdout]    5:     0x5e11dffd0480 - test[aada8e7e76ba119b]::test_main_inner::{closure#0}
[INFO] [stdout]    6:     0x5e11e0035f72 - std[617be2ca0a6fd877]::panicking::panic_with_hook
[INFO] [stdout]    7:     0x5e11e0018bd2 - std[617be2ca0a6fd877]::panicking::panic_handler::{closure#0}
[INFO] [stdout]    8:     0x5e11e0011279 - std[617be2ca0a6fd877]::sys::backtrace::__rust_end_short_backtrace::<std[617be2ca0a6fd877]::panicking::panic_handler::{closure#0}, !>
[INFO] [stdout]    9:     0x5e11e0019add - __rustc[ea4f61d10b84890b]::rust_begin_unwind
[INFO] [stdout]   10:     0x5e11e0054a9c - core[a373ad73a504971]::panicking::panic_fmt
[INFO] [stdout]   11:     0x5e11e0054872 - core[a373ad73a504971]::result::unwrap_failed
[INFO] [stdout]   12:     0x5e11dff7dcfd - <stuff[bc82c6b6b133ccf1]::main::{closure#0} as core[a373ad73a504971]::ops::function::FnOnce<()>>::call_once
[INFO] [stdout]   13:     0x5e11dffc38cb - test[aada8e7e76ba119b]::__rust_begin_short_backtrace::<core[a373ad73a504971]::result::Result<(), alloc[2e1b2a31b91974c5]::string::String>, fn() -> core[a373ad73a504971]::result::Result<(), alloc[2e1b2a31b91974c5]::string::String>>
[INFO] [stdout]   14:     0x5e11dffd0aa5 - test[aada8e7e76ba119b]::run_test::{closure#0}
[INFO] [stdout]   15:     0x5e11dffca394 - std[617be2ca0a6fd877]::sys::backtrace::__rust_begin_short_backtrace::<test[aada8e7e76ba119b]::run_test::{closure#1}, ()>
[INFO] [stdout]   16:     0x5e11dffd3b32 - <std[617be2ca0a6fd877]::thread::lifecycle::spawn_unchecked<test[aada8e7e76ba119b]::run_test::{closure#1}, ()>::{closure#1} as core[a373ad73a504971]::ops::function::FnOnce<()>>::call_once::{shim:vtable#0}
[INFO] [stdout]   17:     0x5e11e003d26f - <std[617be2ca0a6fd877]::sys::thread::unix::Thread>::new::thread_start
[INFO] [stdout]   18:     0x78ab08cecdfa - <unknown>
[INFO] [stdout]   19:     0x78ab08d803d4 - clone
[INFO] [stdout]   20:                0x0 - <unknown>
[INFO] [stdout] 
[INFO] [stdout] 
[INFO] [stdout] failures:
[INFO] [stdout]     main
[INFO] [stdout] 
[INFO] [stdout] test result: FAILED. 0 passed; 1 failed; 0 ignored; 0 measured; 0 filtered out; finished in 0.02s
[INFO] [stdout] 
[INFO] running `Command { std: "docker" "inspect" "1147a6d1358a2daa00aa1f9aed77b4815473b404d2399e0a7d6d079a1dd3d28f", kill_on_drop: false }`
[INFO] running `Command { std: "docker" "rm" "-f" "1147a6d1358a2daa00aa1f9aed77b4815473b404d2399e0a7d6d079a1dd3d28f", kill_on_drop: false }`
[INFO] [stdout] 1147a6d1358a2daa00aa1f9aed77b4815473b404d2399e0a7d6d079a1dd3d28f
