[INFO] fetching crate generate_test_macro 0.1.5...
[INFO] testing generate_test_macro-0.1.5 against 1.100.0-beta.1+cargoflags=--release for beta-release-1.100-2
[INFO] extracting crate generate_test_macro 0.1.5 into /workspace/builds/worker-2-tc2/source
[INFO] started tweaking crates.io crate generate_test_macro 0.1.5
[INFO] removed 0 missing tests
[INFO] finished tweaking crates.io crate generate_test_macro 0.1.5
[INFO] tweaked toml for crates.io crate generate_test_macro 0.1.5 written to /workspace/builds/worker-2-tc2/source/Cargo.toml
[INFO] validating manifest of crates.io crate generate_test_macro 0.1.5 on toolchain 1.100.0-beta.1
[INFO] running `Command { std: CARGO_HOME="/workspace/cargo-home" RUSTUP_HOME="/workspace/rustup-home" "/workspace/cargo-home/bin/cargo" "+1.100.0-beta.1" "metadata" "--manifest-path" "Cargo.toml" "--no-deps", kill_on_drop: false }`
[INFO] crate crates.io crate generate_test_macro 0.1.5 already has a lockfile, it will not be regenerated
[INFO] running `Command { std: CARGO_HOME="/workspace/cargo-home" RUSTUP_HOME="/workspace/rustup-home" "/workspace/cargo-home/bin/cargo" "+1.100.0-beta.1" "fetch" "--manifest-path" "Cargo.toml", kill_on_drop: false }`
[INFO] running `Command { std: "docker" "create" "-v" "/var/lib/crater-agent-workspace/builds/worker-2-tc2/source:/opt/rustwide/workdir:ro,Z" "-v" "/var/lib/crater-agent-workspace/builds/worker-2-tc2/target:/opt/rustwide/target:rw,Z" "-v" "/var/lib/crater-agent-workspace/cargo-home:/opt/rustwide/cargo-home:ro,Z" "-v" "/var/lib/crater-agent-workspace/rustup-home:/opt/rustwide/rustup-home:ro,Z" "-m" "1610612736" "--network" "none" "ghcr.io/rust-lang/crates-build-env/linux@sha256:77db811e55d90add9212f6832c23229e3de5f1c1f9905e8cb07319ea15df73ac" "sleep" "infinity", kill_on_drop: false }`
[INFO] [stdout] 6d86601c4728ef7d8d69abd0bd958b7bd4f4173321c385454b2ef32c97f7d472
[INFO] running `Command { std: "docker" "start" "6d86601c4728ef7d8d69abd0bd958b7bd4f4173321c385454b2ef32c97f7d472", kill_on_drop: false }`
[INFO] running `Command { std: "docker" "inspect" "6d86601c4728ef7d8d69abd0bd958b7bd4f4173321c385454b2ef32c97f7d472", kill_on_drop: false }`
[INFO] running `Command { std: "docker" "exec" "-e" "SOURCE_DIR=/opt/rustwide/workdir" "-e" "CARGO_HOME=/opt/rustwide/cargo-home" "-e" "RUSTUP_HOME=/opt/rustwide/rustup-home" "-e" "CARGO_TARGET_DIR=/opt/rustwide/target" "-w" "/opt/rustwide/workdir" "--user" "0:0" "6d86601c4728ef7d8d69abd0bd958b7bd4f4173321c385454b2ef32c97f7d472" "/opt/rustwide/cargo-home/bin/cargo" "+1.100.0-beta.1" "metadata" "--no-deps" "--format-version=1", kill_on_drop: false }`
[INFO] running `Command { std: "docker" "inspect" "6d86601c4728ef7d8d69abd0bd958b7bd4f4173321c385454b2ef32c97f7d472", kill_on_drop: false }`
[INFO] running `Command { std: "docker" "exec" "-e" "SOURCE_DIR=/opt/rustwide/workdir" "-e" "CARGO_HOME=/opt/rustwide/cargo-home" "-e" "RUSTUP_HOME=/opt/rustwide/rustup-home" "-e" "CARGO_TARGET_DIR=/opt/rustwide/target" "-e" "CARGO_INCREMENTAL=0" "-e" "RUST_BACKTRACE=full" "-e" "RUSTFLAGS=--cap-lints=warn" "-e" "RUSTDOCFLAGS=--cap-lints=warn" "-w" "/opt/rustwide/workdir" "--user" "0:0" "6d86601c4728ef7d8d69abd0bd958b7bd4f4173321c385454b2ef32c97f7d472" "/opt/rustwide/cargo-home/bin/cargo" "+1.100.0-beta.1" "build" "--frozen" "--message-format=json" "--release", kill_on_drop: false }`
[INFO] [stderr]    Compiling syn v3.0.6
[INFO] [stderr]    Compiling generate_test_macro v0.1.5 (/opt/rustwide/workdir)
[INFO] [stderr]     Finished `release` profile [optimized] target(s) in 9.25s
[INFO] running `Command { std: "docker" "inspect" "6d86601c4728ef7d8d69abd0bd958b7bd4f4173321c385454b2ef32c97f7d472", kill_on_drop: false }`
[INFO] running `Command { std: "docker" "exec" "-e" "SOURCE_DIR=/opt/rustwide/workdir" "-e" "CARGO_HOME=/opt/rustwide/cargo-home" "-e" "RUSTUP_HOME=/opt/rustwide/rustup-home" "-e" "CARGO_TARGET_DIR=/opt/rustwide/target" "-e" "CARGO_INCREMENTAL=0" "-e" "RUST_BACKTRACE=full" "-e" "RUSTFLAGS=--cap-lints=warn" "-e" "RUSTDOCFLAGS=--cap-lints=warn" "-w" "/opt/rustwide/workdir" "--user" "0:0" "6d86601c4728ef7d8d69abd0bd958b7bd4f4173321c385454b2ef32c97f7d472" "/opt/rustwide/cargo-home/bin/cargo" "+1.100.0-beta.1" "test" "--frozen" "--no-run" "--message-format=json" "--release", kill_on_drop: false }`
[INFO] [stderr]    Compiling getrandom v0.4.2
[INFO] [stderr]    Compiling zerocopy v0.8.61
[INFO] [stderr]    Compiling aho-corasick v1.1.4
[INFO] [stderr]    Compiling getrandom v0.3.4
[INFO] [stderr]    Compiling rustix v1.1.5
[INFO] [stderr]    Compiling winnow v1.0.2
[INFO] [stderr]    Compiling wait-timeout v0.2.1
[INFO] [stderr]    Compiling proc-macro2 v1.0.107
[INFO] [stderr]    Compiling serde_spanned v1.1.1
[INFO] [stderr]    Compiling toml_datetime v1.1.1+spec-1.1.0
[INFO] [stderr]    Compiling syn v2.0.117
[INFO] [stderr]    Compiling toml_writer v1.1.1+spec-1.1.0
[INFO] [stderr]    Compiling generate_test_macro v0.1.5 (/opt/rustwide/workdir)
[INFO] [stderr]    Compiling serde v1.0.228
[INFO] [stderr]    Compiling glob v0.3.3
[INFO] [stderr]    Compiling rand_core v0.10.1
[INFO] [stderr]    Compiling regex-syntax v0.8.10
[INFO] [stderr]    Compiling rand_core v0.9.5
[INFO] [stderr]    Compiling rand v0.10.1
[INFO] [stderr]    Compiling rand v0.9.5
[INFO] [stderr]    Compiling toml_parser v1.1.2+spec-1.1.0
[INFO] [stderr]    Compiling quote v1.0.47
[INFO] [stderr]    Compiling rand_xorshift v0.4.0
[INFO] [stderr]    Compiling bitflags v2.11.1
[INFO] [stderr]    Compiling log v0.4.29
[INFO] [stderr]    Compiling syn v3.0.6
[INFO] [stderr]    Compiling toml v1.1.2+spec-1.1.0
[INFO] [stderr]    Compiling target-tuple v1.0.2
[INFO] [stderr]    Compiling quick-error v1.2.3
[INFO] [stderr]    Compiling bit-vec v0.8.0
[INFO] [stderr]    Compiling serde_json v1.0.149
[INFO] [stderr]    Compiling bit-set v0.8.0
[INFO] [stderr]    Compiling regex-automata v0.4.14
[INFO] [stderr]    Compiling tempfile v3.27.0
[INFO] [stderr]    Compiling termcolor v1.4.1
[INFO] [stderr]    Compiling serde_derive v1.0.228
[INFO] [stderr]    Compiling unarray v0.1.4
[INFO] [stderr]    Compiling rusty-fork v0.3.1
[INFO] [stderr]    Compiling regex v1.12.3
[INFO] [stderr]    Compiling env_filter v1.0.1
[INFO] [stderr]    Compiling ppv-lite86 v0.2.21
[INFO] [stderr]    Compiling rand_chacha v0.9.0
[INFO] [stderr]    Compiling env_logger v0.11.10
[INFO] [stderr]    Compiling trybuild v1.0.122
[INFO] [stderr]    Compiling proptest v1.11.0
[INFO] [stderr]    Compiling quickcheck v1.1.0
[INFO] [stderr]     Finished `release` profile [optimized] target(s) in 1m 27s
[INFO] running `Command { std: "docker" "inspect" "6d86601c4728ef7d8d69abd0bd958b7bd4f4173321c385454b2ef32c97f7d472", kill_on_drop: false }`
[INFO] running `Command { std: "docker" "exec" "-e" "SOURCE_DIR=/opt/rustwide/workdir" "-e" "CARGO_HOME=/opt/rustwide/cargo-home" "-e" "RUSTUP_HOME=/opt/rustwide/rustup-home" "-e" "CARGO_TARGET_DIR=/opt/rustwide/target" "-e" "CARGO_INCREMENTAL=0" "-e" "RUST_BACKTRACE=full" "-e" "RUSTFLAGS=--cap-lints=warn" "-e" "RUSTDOCFLAGS=--cap-lints=warn" "-w" "/opt/rustwide/workdir" "--user" "0:0" "6d86601c4728ef7d8d69abd0bd958b7bd4f4173321c385454b2ef32c97f7d472" "/opt/rustwide/cargo-home/bin/cargo" "+1.100.0-beta.1" "test" "--frozen" "--release", kill_on_drop: false }`
[INFO] [stderr]     Finished `release` profile [optimized] target(s) in 0.19s
[INFO] [stderr]      Running unittests src/lib.rs (/opt/rustwide/target/release/build/generate_test_macro/780bb54022ab142a/out/generate_test_macro-780bb54022ab142a)
[INFO] [stdout] 
[INFO] [stdout] running 3 tests
[INFO] [stdout] test tests::bare_proptest_attr_has_no_parameters ... ok
[INFO] [stderr]      Running tests/attrs.rs (/opt/rustwide/target/release/build/generate_test_macro/b550d94fc03acb53/out/attrs-b550d94fc03acb53)
[INFO] [stdout] test tests::proptest_attr_parses_expressions_with_trailing_comma ... ok
[INFO] [stdout] test tests::empty_proptest_attr_has_no_parameters ... ok
[INFO] [stdout] 
[INFO] [stdout] test result: ok. 3 passed; 0 failed; 0 ignored; 0 measured; 0 filtered out; finished in 0.00s
[INFO] [stdout] 
[INFO] [stdout] 
[INFO] [stdout] running 1 test
[INFO] [stdout] test run_basic_suite_method::panic_test - should panic ... ok
[INFO] [stdout] 
[INFO] [stdout] test result: ok. 1 passed; 0 failed; 0 ignored; 0 measured; 0 filtered out; finished in 0.00s
[INFO] [stdout] 
[INFO] [stderr]      Running tests/basic.rs (/opt/rustwide/target/release/build/generate_test_macro/2d809b774fc3755b/out/basic-2d809b774fc3755b)
[INFO] [stdout] 
[INFO] [stdout] running 8 tests
[INFO] [stdout] test run_basic_suite_literal_abbreviated::param2_is_correct ... ok
[INFO] [stdout] test run_basic_suite_method::param1_is_correct ... ok
[INFO] [stdout] test run_basic_suite_method_abbreviated::param1_is_correct ... ok
[INFO] [stdout] test run_basic_suite_method::param2_is_correct ... ok
[INFO] [stdout] test run_basic_suite_literal::param2_is_correct ... ok
[INFO] [stdout] test run_basic_suite_literal::param1_is_correct ... ok
[INFO] [stdout] test run_basic_suite_literal_abbreviated::param1_is_correct ... ok
[INFO] [stdout] test run_basic_suite_method_abbreviated::param2_is_correct ... ok
[INFO] [stdout] 
[INFO] [stdout] test result: ok. 8 passed; 0 failed; 0 ignored; 0 measured; 0 filtered out; finished in 0.00s
[INFO] [stdout] 
[INFO] [stderr]      Running tests/cfg_attrs.rs (/opt/rustwide/target/release/build/generate_test_macro/829422286f2fc58e/out/cfg_attrs-829422286f2fc58e)
[INFO] [stdout] 
[INFO] [stdout] running 3 tests
[INFO] [stdout] test run_cfg_suite::always_runs ... ok
[INFO] [stdout] test run_cfg_quickcheck_suite::usize_fits_u64 ... ok
[INFO] [stdout] test run_cfg_suite::only_on_64bit ... ok
[INFO] [stdout] 
[INFO] [stdout] test result: ok. 3 passed; 0 failed; 0 ignored; 0 measured; 0 filtered out; finished in 0.00s
[INFO] [stdout] 
[INFO] [stderr]      Running tests/compile_fail.rs (/opt/rustwide/target/release/build/generate_test_macro/269811168dde8cec/out/compile_fail-269811168dde8cec)
[INFO] [stdout] 
[INFO] [stdout] running 1 test
[INFO] [stderr]    Compiling libc v0.2.186
[INFO] [stderr]     Checking cfg-if v1.0.4
[INFO] [stderr]    Compiling proc-macro2 v1.0.107
[INFO] [stderr]    Compiling getrandom v0.4.2
[INFO] [stderr]    Compiling getrandom v0.3.4
[INFO] [stderr]    Compiling quote v1.0.47
[INFO] [stderr]     Checking rand_core v0.10.1
[INFO] [stderr]     Checking memchr v2.8.0
[INFO] [stderr]     Checking regex-syntax v0.8.10
[INFO] [stderr]    Compiling rustix v1.1.5
[INFO] [stderr]    Compiling zerocopy v0.8.61
[INFO] [stderr]    Compiling autocfg v1.5.1
[INFO] [stderr]    Compiling unicode-ident v1.0.24
[INFO] [stderr]     Checking bitflags v2.11.1
[INFO] [stderr]     Checking linux-raw-sys v0.12.1
[INFO] [stderr]     Checking once_cell v1.21.4
[INFO] [stderr]     Checking fastrand v2.5.0
[INFO] [stderr]     Checking log v0.4.29
[INFO] [stderr]     Checking fnv v1.0.7
[INFO] [stderr]     Checking bit-vec v0.8.0
[INFO] [stderr]     Checking quick-error v1.2.3
[INFO] [stderr]     Checking unarray v0.1.4
[INFO] [stderr]     Checking bit-set v0.8.0
[INFO] [stderr]    Compiling num-traits v0.2.19
[INFO] [stderr]     Checking aho-corasick v1.1.4
[INFO] [stderr]     Checking syn v3.0.6
[INFO] [stderr]     Checking wait-timeout v0.2.1
[INFO] [stderr]     Checking tempfile v3.27.0
[INFO] [stderr]     Checking rand v0.10.1
[INFO] [stderr]     Checking rand_core v0.9.5
[INFO] [stderr]     Checking rusty-fork v0.3.1
[INFO] [stderr]     Checking rand_xorshift v0.4.0
[INFO] [stderr]     Checking rand v0.9.5
[INFO] [stderr]     Checking regex-automata v0.4.14
[INFO] [stderr]     Checking regex v1.12.3
[INFO] [stderr]    Compiling generate_test_macro v0.1.5 (/opt/rustwide/workdir)
[INFO] [stderr]     Checking env_filter v1.0.1
[INFO] [stderr]     Checking env_logger v0.11.10
[INFO] [stderr]     Checking quickcheck v1.1.0
[INFO] [stderr]     Checking ppv-lite86 v0.2.21
[INFO] [stderr]     Checking rand_chacha v0.9.0
[INFO] [stderr]     Checking proptest v1.11.0
[INFO] [stderr]     Checking generate_test_macro-tests v0.0.0 (/opt/rustwide/target/tests/trybuild/generate_test_macro)
[INFO] [stderr]     Finished `dev` profile [unoptimized + debuginfo] target(s) in 14.54s
[INFO] [stderr] 
[INFO] [stderr] 
[INFO] [stderr] test tests/ui/must_use_turbofish.rs ... mismatch
[INFO] [stderr] 
[INFO] [stderr] EXPECTED:
[INFO] [stderr] ┈┈┈┈┈┈┈┈┈┈┈┈┈┈┈┈┈┈┈┈┈┈┈┈┈┈┈┈┈┈┈┈┈┈┈┈┈┈┈┈┈┈┈┈┈┈┈┈┈┈┈┈┈┈┈┈┈┈┈┈
[INFO] [stderr] error: static_test_suite: type parameters for StaticSuite cannot be inferred; use the turbofish form instead
[INFO] [stderr]   --> tests/ui/must_use_turbofish.rs:9:5
[INFO] [stderr]    |
[INFO] [stderr]  9 |     #[generate_test_macro(static_test_suite)]
[INFO] [stderr]    |     ^^^^^^^^^^^^^^^^^^^^^^^^^^^^^^^^^^^^^^^^^
[INFO] [stderr] ...
[INFO] [stderr] 21 | static_test_suite!(with_instance = StaticSuite(0i32));
[INFO] [stderr]    | ----------------------------------------------------- in this macro invocation
[INFO] [stderr]    |
[INFO] [stderr]    = note: this error originates in the macro `static_test_suite` (in Nightly builds, run with -Z macro-backtrace for more info)
[INFO] [stderr] ┈┈┈┈┈┈┈┈┈┈┈┈┈┈┈┈┈┈┈┈┈┈┈┈┈┈┈┈┈┈┈┈┈┈┈┈┈┈┈┈┈┈┈┈┈┈┈┈┈┈┈┈┈┈┈┈┈┈┈┈
[INFO] [stderr] 
[INFO] [stderr] ACTUAL OUTPUT:
[INFO] [stderr] ┈┈┈┈┈┈┈┈┈┈┈┈┈┈┈┈┈┈┈┈┈┈┈┈┈┈┈┈┈┈┈┈┈┈┈┈┈┈┈┈┈┈┈┈┈┈┈┈┈┈┈┈┈┈┈┈┈┈┈┈
[INFO] [stderr] error: static_test_suite: type parameters for StaticSuite cannot be inferred; use the turbofish form instead
[INFO] [stderr]   --> tests/ui/must_use_turbofish.rs:9:5
[INFO] [stderr]    |
[INFO] [stderr]  9 |     #[generate_test_macro(static_test_suite)]
[INFO] [stderr]    |     ^^^^^^^^^^^^^^^^^^^^^^^^^^^^^^^^^^^^^^^^^
[INFO] [stderr] ...
[INFO] [stderr] 21 | static_test_suite!(with_instance = StaticSuite(0i32));
[INFO] [stderr]    | ----------------------------------------------------- in this macro invocation
[INFO] [stderr] ┈┈┈┈┈┈┈┈┈┈┈┈┈┈┈┈┈┈┈┈┈┈┈┈┈┈┈┈┈┈┈┈┈┈┈┈┈┈┈┈┈┈┈┈┈┈┈┈┈┈┈┈┈┈┈┈┈┈┈┈
[INFO] [stderr] note: If the actual output is the correct output you can bless it by rerunning
[INFO] [stderr]       your test with the environment variable TRYBUILD=overwrite
[INFO] [stderr] 
[INFO] [stderr] test tests/ui/no_test_methods.rs ... ok
[INFO] [stderr] test tests/ui/proptest_parameter_patterns.rs ... ok
[INFO] [stderr] test tests/ui/proptest_return_type.rs ... ok
[INFO] [stderr] 
[INFO] [stderr] 
[INFO] [stderr] error: test failed, to rerun pass `--test compile_fail`
[INFO] [stdout] test compile_fail_tests ... FAILED
[INFO] [stdout] 
[INFO] [stdout] failures:
[INFO] [stdout] 
[INFO] [stdout] ---- compile_fail_tests stdout ----
[INFO] [stdout] 
[INFO] [stdout] thread 'compile_fail_tests' (1759) panicked at /opt/rustwide/cargo-home/registry/src/index.crates.io-1949cf8c6b5b557f/trybuild-1.0.122/src/run.rs:103:13:
[INFO] [stdout] 1 of 4 tests failed
[INFO] [stdout] stack backtrace:
[INFO] [stdout]    0:     0x5c370250db01 - <<std[617be2ca0a6fd877]::sys::backtrace::BacktraceLock>::print::DisplayBacktrace as core[a373ad73a504971]::fmt::Display>::fmt
[INFO] [stdout]    1:     0x5c3702523dea - core[a373ad73a504971]::fmt::write
[INFO] [stdout]    2:     0x5c370251234c - <alloc[2e1b2a31b91974c5]::vec::Vec<u8> as core[a373ad73a504971]::io::write::Write>::write_fmt
[INFO] [stdout]    3:     0x5c37024e6f66 - std[617be2ca0a6fd877]::panicking::default_hook::{closure#0}
[INFO] [stdout]    4:     0x5c37025050a9 - std[617be2ca0a6fd877]::panicking::default_hook
[INFO] [stdout]    5:     0x5c370249e6b0 - test[aada8e7e76ba119b]::test_main_inner::{closure#0}
[INFO] [stdout]    6:     0x5c3702505262 - std[617be2ca0a6fd877]::panicking::panic_with_hook
[INFO] [stdout]    7:     0x5c37024e7012 - std[617be2ca0a6fd877]::panicking::panic_handler::{closure#0}
[INFO] [stdout]    8:     0x5c37024df869 - std[617be2ca0a6fd877]::sys::backtrace::__rust_end_short_backtrace::<std[617be2ca0a6fd877]::panicking::panic_handler::{closure#0}, !>
[INFO] [stdout]    9:     0x5c37024e7c1d - __rustc[ea4f61d10b84890b]::rust_begin_unwind
[INFO] [stdout]   10:     0x5c370252455c - core[a373ad73a504971]::panicking::panic_fmt
[INFO] [stdout]   11:     0x5c37023ee70b - <trybuild[4dd9ce29f0b2dab]::Runner>::run
[INFO] [stdout]   12:     0x5c37023f1980 - <trybuild[4dd9ce29f0b2dab]::TestCases as core[a373ad73a504971]::ops::drop::Drop>::drop
[INFO] [stdout]   13:     0x5c37023e7f68 - compile_fail[b31c438d908b5afd]::compile_fail_tests
[INFO] [stdout]   14:     0x5c37023e8169 - <compile_fail[b31c438d908b5afd]::compile_fail_tests::{closure#0} as core[a373ad73a504971]::ops::function::FnOnce<()>>::call_once
[INFO] [stdout]   15:     0x5c3702491afb - test[aada8e7e76ba119b]::__rust_begin_short_backtrace::<core[a373ad73a504971]::result::Result<(), alloc[2e1b2a31b91974c5]::string::String>, fn() -> core[a373ad73a504971]::result::Result<(), alloc[2e1b2a31b91974c5]::string::String>>
[INFO] [stdout]   16:     0x5c370249ecd5 - test[aada8e7e76ba119b]::run_test::{closure#0}
[INFO] [stdout]   17:     0x5c37024985c4 - std[617be2ca0a6fd877]::sys::backtrace::__rust_begin_short_backtrace::<test[aada8e7e76ba119b]::run_test::{closure#1}, ()>
[INFO] [stdout]   18:     0x5c37024a1d62 - <std[617be2ca0a6fd877]::thread::lifecycle::spawn_unchecked<test[aada8e7e76ba119b]::run_test::{closure#1}, ()>::{closure#1} as core[a373ad73a504971]::ops::function::FnOnce<()>>::call_once::{shim:vtable#0}
[INFO] [stdout]   19:     0x5c370250cd5f - <std[617be2ca0a6fd877]::sys::thread::unix::Thread>::new::thread_start
[INFO] [stdout]   20:     0x79a5a139adfa - <unknown>
[INFO] [stdout]   21:     0x79a5a142e3d4 - clone
[INFO] [stdout]   22:                0x0 - <unknown>
[INFO] [stdout] 
[INFO] [stdout] 
[INFO] [stdout] failures:
[INFO] [stdout]     compile_fail_tests
[INFO] [stdout] 
[INFO] [stdout] test result: FAILED. 0 passed; 1 failed; 0 ignored; 0 measured; 0 filtered out; finished in 26.81s
[INFO] [stdout] 
[INFO] running `Command { std: "docker" "inspect" "6d86601c4728ef7d8d69abd0bd958b7bd4f4173321c385454b2ef32c97f7d472", kill_on_drop: false }`
[INFO] running `Command { std: "docker" "rm" "-f" "6d86601c4728ef7d8d69abd0bd958b7bd4f4173321c385454b2ef32c97f7d472", kill_on_drop: false }`
[INFO] [stdout] 6d86601c4728ef7d8d69abd0bd958b7bd4f4173321c385454b2ef32c97f7d472
