[INFO] fetching crate etwin_user_store 0.12.3...
[INFO] testing etwin_user_store-0.12.3 against 1.99.0-beta.8+cargoflags=--release for beta-release-1.100-2
[INFO] extracting crate etwin_user_store 0.12.3 into /workspace/builds/worker-7-tc1/source
[INFO] started tweaking crates.io crate etwin_user_store 0.12.3
[INFO] finished tweaking crates.io crate etwin_user_store 0.12.3
[INFO] tweaked toml for crates.io crate etwin_user_store 0.12.3 written to /workspace/builds/worker-7-tc1/source/Cargo.toml
[INFO] validating manifest of crates.io crate etwin_user_store 0.12.3 on toolchain 1.99.0-beta.8
[INFO] running `Command { std: CARGO_HOME="/workspace/cargo-home" RUSTUP_HOME="/workspace/rustup-home" "/workspace/cargo-home/bin/cargo" "+1.99.0-beta.8" "metadata" "--manifest-path" "Cargo.toml" "--no-deps", kill_on_drop: false }`
[INFO] running `Command { std: CARGO_HOME="/workspace/cargo-home" RUSTUP_HOME="/workspace/rustup-home" "/workspace/cargo-home/bin/cargo" "+1.99.0-beta.8" "generate-lockfile" "--manifest-path" "Cargo.toml", kill_on_drop: false }`
[INFO] [stderr]     Updating crates.io index
[INFO] [stderr]      Locking 222 packages to highest compatible versions
[INFO] [stderr]       Adding generic-array v0.14.7 (available: v0.14.9)
[INFO] [stderr]       Adding neon v0.10.1 (available: v1.1.2)
[INFO] [stderr]       Adding serial_test v0.9.0 (available: v4.0.1)
[INFO] [stderr]       Adding sqlx v0.6.3 (available: v0.9.0)
[INFO] [stderr]       Adding thiserror v1.0.69 (available: v2.0.21)
[INFO] running `Command { std: CARGO_HOME="/workspace/cargo-home" RUSTUP_HOME="/workspace/rustup-home" "/workspace/cargo-home/bin/cargo" "+1.99.0-beta.8" "fetch" "--manifest-path" "Cargo.toml", kill_on_drop: false }`
[INFO] [stderr]  Downloading crates ...
[INFO] [stderr]   Downloaded sqlx-rt v0.6.3
[INFO] [stderr]   Downloaded sqlx v0.6.3
[INFO] [stderr]   Downloaded sqlx-macros v0.6.3
[INFO] [stderr]   Downloaded sqlx-core v0.6.3
[INFO] [stderr]   Downloaded futures-intrusive v0.4.2
[INFO] [stderr]   Downloaded atoi v1.0.0
[INFO] [stderr]   Downloaded serial_test v0.9.0
[INFO] [stderr]   Downloaded serial_test_derive v0.9.0
[INFO] [stderr]   Downloaded neon-macros v0.10.1
[INFO] [stderr]   Downloaded neon-build v0.10.1
[INFO] [stderr]   Downloaded etwin_db_schema v0.12.4
[INFO] [stderr]   Downloaded neon v0.10.1
[INFO] [stderr]   Downloaded neon-runtime v0.10.1
[INFO] [stderr]   Downloaded etwin_core v0.12.3
[INFO] [stderr]   Downloaded etwin_squirrel v0.12.4
[INFO] [stderr]   Downloaded etwin_config v0.12.3
[INFO] running `Command { std: "docker" "create" "-v" "/var/lib/crater-agent-workspace/builds/worker-7-tc1/source:/opt/rustwide/workdir:ro,Z" "-v" "/var/lib/crater-agent-workspace/builds/worker-7-tc1/target:/opt/rustwide/target:rw,Z" "-v" "/var/lib/crater-agent-workspace/cargo-home:/opt/rustwide/cargo-home:ro,Z" "-v" "/var/lib/crater-agent-workspace/rustup-home:/opt/rustwide/rustup-home:ro,Z" "-m" "1610612736" "--network" "none" "ghcr.io/rust-lang/crates-build-env/linux@sha256:77db811e55d90add9212f6832c23229e3de5f1c1f9905e8cb07319ea15df73ac" "sleep" "infinity", kill_on_drop: false }`
[INFO] [stdout] 2ed66bc594d55fc922609650727c9546a7f3d6c9c65482e3700f3577de0c3399
[INFO] running `Command { std: "docker" "start" "2ed66bc594d55fc922609650727c9546a7f3d6c9c65482e3700f3577de0c3399", kill_on_drop: false }`
[INFO] running `Command { std: "docker" "inspect" "2ed66bc594d55fc922609650727c9546a7f3d6c9c65482e3700f3577de0c3399", kill_on_drop: false }`
[INFO] running `Command { std: "docker" "exec" "-e" "SOURCE_DIR=/opt/rustwide/workdir" "-e" "CARGO_HOME=/opt/rustwide/cargo-home" "-e" "RUSTUP_HOME=/opt/rustwide/rustup-home" "-e" "CARGO_TARGET_DIR=/opt/rustwide/target" "-w" "/opt/rustwide/workdir" "--user" "0:0" "2ed66bc594d55fc922609650727c9546a7f3d6c9c65482e3700f3577de0c3399" "/opt/rustwide/cargo-home/bin/cargo" "+1.99.0-beta.8" "metadata" "--no-deps" "--format-version=1", kill_on_drop: false }`
[INFO] running `Command { std: "docker" "inspect" "2ed66bc594d55fc922609650727c9546a7f3d6c9c65482e3700f3577de0c3399", kill_on_drop: false }`
[INFO] running `Command { std: "docker" "exec" "-e" "SOURCE_DIR=/opt/rustwide/workdir" "-e" "CARGO_HOME=/opt/rustwide/cargo-home" "-e" "RUSTUP_HOME=/opt/rustwide/rustup-home" "-e" "CARGO_TARGET_DIR=/opt/rustwide/target" "-e" "CARGO_INCREMENTAL=0" "-e" "RUST_BACKTRACE=full" "-e" "RUSTFLAGS=--cap-lints=warn" "-e" "RUSTDOCFLAGS=--cap-lints=warn" "-w" "/opt/rustwide/workdir" "--user" "0:0" "2ed66bc594d55fc922609650727c9546a7f3d6c9c65482e3700f3577de0c3399" "/opt/rustwide/cargo-home/bin/cargo" "+1.99.0-beta.8" "build" "--frozen" "--message-format=json" "--release", kill_on_drop: false }`
[INFO] [stderr]    Compiling cfg-if v1.0.5
[INFO] [stderr]    Compiling zerocopy v0.8.63
[INFO] [stderr]    Compiling syn v3.0.9
[INFO] [stderr]    Compiling ring v0.17.14
[INFO] [stderr]    Compiling serde_core v1.0.229
[INFO] [stderr]    Compiling ring v0.16.20
[INFO] [stderr]    Compiling serde v1.0.229
[INFO] [stderr]    Compiling getrandom v0.2.17
[INFO] [stderr]    Compiling generic-array v0.14.7
[INFO] [stderr]    Compiling ahash v0.8.12
[INFO] [stderr]    Compiling parking_lot_core v0.8.6
[INFO] [stderr]    Compiling typenum v1.20.1
[INFO] [stderr]    Compiling rustls v0.20.9
[INFO] [stderr]    Compiling once_cell v1.21.4
[INFO] [stderr]    Compiling crossbeam-utils v0.8.23
[INFO] [stderr]    Compiling untrusted v0.9.0
[INFO] [stderr]    Compiling smallvec v1.16.3
[INFO] [stderr]    Compiling litemap v0.8.3
[INFO] [stderr]    Compiling writeable v0.6.4
[INFO] [stderr]    Compiling utf8_iter v1.0.4
[INFO] [stderr]    Compiling subtle v2.6.1
[INFO] [stderr]    Compiling crypto-common v0.1.7
[INFO] [stderr]    Compiling block-buffer v0.10.4
[INFO] [stderr]    Compiling digest v0.10.7
[INFO] [stderr]    Compiling icu_normalizer_data v2.3.0
[INFO] [stderr]    Compiling icu_properties_data v2.3.0
[INFO] [stderr]    Compiling ahash v0.7.8
[INFO] [stderr]    Compiling serde_json v1.0.154
[INFO] [stderr]    Compiling pin-project-lite v0.2.17
[INFO] [stderr]    Compiling socket2 v0.6.5
[INFO] [stderr]    Compiling mio v1.2.4
[INFO] [stderr]    Compiling syn v2.0.119
[INFO] [stderr]    Compiling spin v0.5.2
[INFO] [stderr]    Compiling untrusted v0.7.1
[INFO] [stderr]    Compiling bytes v1.12.1
[INFO] [stderr]    Compiling synstructure v0.14.0
[INFO] [stderr]    Compiling webpki v0.22.4
[INFO] [stderr]    Compiling futures-core v0.3.34
[INFO] [stderr]    Compiling sct v0.7.1
[INFO] [stderr]    Compiling tokio v1.53.3
[INFO] [stderr]    Compiling instant v0.1.13
[INFO] [stderr]    Compiling log v0.4.34
[INFO] [stderr]    Compiling thiserror-impl v1.0.69
[INFO] [stderr]    Compiling scopeguard v1.2.0
[INFO] [stderr]    Compiling zerofrom-derive v0.1.8
[INFO] [stderr]    Compiling yoke-derive v0.8.4
[INFO] [stderr]    Compiling zerovec-derive v0.11.6
[INFO] [stderr]    Compiling displaydoc v0.2.7
[INFO] [stderr]    Compiling serde_derive v1.0.229
[INFO] [stderr]    Compiling zerofrom v0.1.8
[INFO] [stderr]    Compiling yoke v0.8.3
[INFO] [stderr]    Compiling zerotrie v0.2.5
[INFO] [stderr]    Compiling tokio-macros v2.7.2
[INFO] [stderr]    Compiling zerovec v0.11.8
[INFO] [stderr]    Compiling tinystr v0.8.4
[INFO] [stderr]    Compiling potential_utf v0.1.6
[INFO] [stderr]    Compiling icu_locale_core v2.3.0
[INFO] [stderr]    Compiling icu_collections v2.3.0
[INFO] [stderr]    Compiling icu_provider v2.3.1
[INFO] [stderr]    Compiling icu_normalizer v2.3.0
[INFO] [stderr]    Compiling icu_properties v2.3.0
[INFO] [stderr]    Compiling lock_api v0.4.14
[INFO] [stderr]    Compiling ppv-lite86 v0.2.21
[INFO] [stderr]    Compiling rand_core v0.6.4
[INFO] [stderr]    Compiling indexmap v1.9.3
[INFO] [stderr]    Compiling futures-sink v0.3.34
[INFO] [stderr]    Compiling allocator-api2 v0.2.21
[INFO] [stderr]    Compiling cpufeatures v0.2.17
[INFO] [stderr]    Compiling getrandom v0.4.3
[INFO] [stderr]    Compiling tinyvec v1.13.3
[INFO] [stderr]    Compiling minimal-lexical v0.2.1
[INFO] [stderr]    Compiling percent-encoding v2.3.2
[INFO] [stderr]    Compiling form_urlencoded v1.2.2
[INFO] [stderr]    Compiling hashbrown v0.14.5
[INFO] [stderr]    Compiling nom v7.1.3
[INFO] [stderr]    Compiling idna_adapter v1.2.2
[INFO] [stderr]    Compiling idna v1.1.0
[INFO] [stderr]    Compiling unicode-normalization v0.1.26
[INFO] [stderr]    Compiling rand_chacha v0.3.1
[INFO] [stderr]    Compiling parking_lot v0.11.2
[INFO] [stderr]    Compiling tokio-rustls v0.23.4
[INFO] [stderr]    Compiling hmac v0.12.1
[INFO] [stderr]    Compiling dirs-sys v0.3.7
[INFO] [stderr]    Compiling futures-task v0.3.34
[INFO] [stderr]    Compiling syn v1.0.109
[INFO] [stderr]    Compiling unicode-properties v0.1.4
[INFO] [stderr]    Compiling unicode-bidi v0.3.18
[INFO] [stderr]    Compiling hashbrown v0.12.3
[INFO] [stderr]    Compiling iana-time-zone v0.1.65
[INFO] [stderr]    Compiling unicode_categories v0.1.1
[INFO] [stderr]    Compiling base64 v0.21.7
[INFO] [stderr]    Compiling slab v0.4.12
[INFO] [stderr]    Compiling rustls-pemfile v1.0.4
[INFO] [stderr]    Compiling stringprep v0.1.5
[INFO] [stderr]    Compiling futures-util v0.3.34
[INFO] [stderr]    Compiling chrono v0.4.45
[INFO] [stderr]    Compiling sqlformat v0.2.6
[INFO] [stderr]    Compiling dirs v4.0.0
[INFO] [stderr]    Compiling hkdf v0.12.4
[INFO] [stderr]    Compiling either v1.19.0
[INFO] [stderr]    Compiling thiserror v1.0.69
[INFO] [stderr]    Compiling sqlx-rt v0.6.3
[INFO] [stderr]    Compiling crossbeam-queue v0.3.14
[INFO] [stderr]    Compiling futures-intrusive v0.4.2
[INFO] [stderr]    Compiling url v2.5.8
[INFO] [stderr]    Compiling rand v0.8.8
[INFO] [stderr]    Compiling hashlink v0.8.4
[INFO] [stderr]    Compiling sha1 v0.10.7
[INFO] [stderr]    Compiling sha2 v0.10.9
[INFO] [stderr]    Compiling futures-channel v0.3.34
[INFO] [stderr]    Compiling atoi v1.0.0
[INFO] [stderr]    Compiling tokio-stream v0.1.19
[INFO] [stderr]    Compiling futures-macro v0.3.34
[INFO] [stderr]    Compiling webpki-roots v0.22.6
[INFO] [stderr]    Compiling md-5 v0.10.6
[INFO] [stderr]    Compiling uuid v1.28.0
[INFO] [stderr]    Compiling event-listener v2.5.3
[INFO] [stderr]    Compiling bitflags v1.3.2
[INFO] [stderr]    Compiling whoami v1.6.1
[INFO] [stderr]    Compiling hex v0.4.3
[INFO] [stderr]    Compiling byteorder v1.5.0
[INFO] [stderr]    Compiling base64 v0.13.1
[INFO] [stderr]    Compiling dotenvy v0.15.7
[INFO] [stderr]    Compiling sqlx-core v0.6.3
[INFO] [stderr]    Compiling heck v0.4.1
[INFO] [stderr]    Compiling aho-corasick v1.1.5
[INFO] [stderr]    Compiling include_dir_macros v0.7.4
[INFO] [stderr]    Compiling fixedbitset v0.4.2
[INFO] [stderr]    Compiling include_dir v0.7.4
[INFO] [stderr]    Compiling petgraph v0.6.5
[INFO] [stderr]    Compiling toml v0.5.11
[INFO] [stderr]    Compiling regex-automata v0.4.18
[INFO] [stderr]    Compiling sqlx-macros v0.6.3
[INFO] [stderr]    Compiling auto_impl v1.4.0
[INFO] [stderr]    Compiling async-trait v0.1.92
[INFO] [stderr]    Compiling etwin_config v0.12.3
[INFO] [stderr]    Compiling lazy_static v1.5.1
[INFO] [stderr]    Compiling regex v1.13.1
[INFO] [stderr]    Compiling sqlx v0.6.3
[INFO] [stderr]    Compiling etwin_core v0.12.3
[INFO] [stderr]    Compiling etwin_squirrel v0.12.4
[INFO] [stderr]    Compiling etwin_db_schema v0.12.4
[INFO] [stderr]    Compiling etwin_user_store v0.12.3 (/opt/rustwide/workdir)
[INFO] [stdout] warning: hiding a lifetime that's elided elsewhere is confusing
[INFO] [stdout]    --> src/mem.rs:229:9
[INFO] [stdout]     |
[INFO] [stdout] 229 |   fn at(&self, time: Option<Instant>) -> MemUserSnapshot {
[INFO] [stdout]     |         ^^^^^                            ^^^^^^^^^^^^^^^ the same lifetime is hidden here
[INFO] [stdout]     |         |
[INFO] [stdout]     |         the lifetime is elided here
[INFO] [stdout]     |
[INFO] [stdout]     = help: the same lifetime is referred to in inconsistent ways, making the signature confusing
[INFO] [stdout]     = note: `#[warn(mismatched_lifetime_syntaxes)]` on by default
[INFO] [stdout] help: use `'_` for type paths
[INFO] [stdout]     |
[INFO] [stdout] 229 |   fn at(&self, time: Option<Instant>) -> MemUserSnapshot<'_> {
[INFO] [stdout]     |                                                         ++++
[INFO] [stdout] 
[INFO] [stdout] 
[INFO] [stderr]     Finished `release` profile [optimized] target(s) in 4m 06s
[INFO] [stderr] warning: the following packages contain code that will be rejected by a future version of Rust: sqlx-core v0.6.3
[INFO] [stderr] note: to see what the problems were, use the option `--future-incompat-report`, or run `cargo report future-incompatibilities --id 2`
[INFO] running `Command { std: "docker" "inspect" "2ed66bc594d55fc922609650727c9546a7f3d6c9c65482e3700f3577de0c3399", kill_on_drop: false }`
[INFO] running `Command { std: "docker" "exec" "-e" "SOURCE_DIR=/opt/rustwide/workdir" "-e" "CARGO_HOME=/opt/rustwide/cargo-home" "-e" "RUSTUP_HOME=/opt/rustwide/rustup-home" "-e" "CARGO_TARGET_DIR=/opt/rustwide/target" "-e" "CARGO_INCREMENTAL=0" "-e" "RUST_BACKTRACE=full" "-e" "RUSTFLAGS=--cap-lints=warn" "-e" "RUSTDOCFLAGS=--cap-lints=warn" "-w" "/opt/rustwide/workdir" "--user" "0:0" "2ed66bc594d55fc922609650727c9546a7f3d6c9c65482e3700f3577de0c3399" "/opt/rustwide/cargo-home/bin/cargo" "+1.99.0-beta.8" "test" "--frozen" "--no-run" "--message-format=json" "--release", kill_on_drop: false }`
[INFO] [stderr]    Compiling syn v1.0.109
[INFO] [stderr]    Compiling futures-channel v0.3.34
[INFO] [stderr]    Compiling nom v7.1.3
[INFO] [stderr]    Compiling serde_json v1.0.154
[INFO] [stderr]    Compiling regex-automata v0.4.18
[INFO] [stderr]    Compiling proc-macro-error-attr v1.0.4
[INFO] [stderr]    Compiling proc-macro-error v1.0.4
[INFO] [stderr]    Compiling parking_lot_core v0.9.12
[INFO] [stderr]    Compiling dashmap v5.5.3
[INFO] [stderr]    Compiling parking_lot v0.12.5
[INFO] [stderr]    Compiling futures-util v0.3.34
[INFO] [stderr]    Compiling sqlformat v0.2.6
[INFO] [stderr]    Compiling regex v1.13.1
[INFO] [stderr]    Compiling sqlx-macros v0.6.3
[INFO] [stderr]    Compiling serial_test_derive v0.9.0
[INFO] [stderr]    Compiling futures-executor v0.3.34
[INFO] [stderr]    Compiling futures v0.3.34
[INFO] [stderr]    Compiling serial_test v0.9.0
[INFO] [stderr]    Compiling sqlx-core v0.6.3
[INFO] [stderr]    Compiling sqlx v0.6.3
[INFO] [stderr]    Compiling etwin_core v0.12.3
[INFO] [stderr]    Compiling etwin_squirrel v0.12.4
[INFO] [stderr]    Compiling etwin_db_schema v0.12.4
[INFO] [stderr]    Compiling etwin_user_store v0.12.3 (/opt/rustwide/workdir)
[INFO] [stdout] warning: hiding a lifetime that's elided elsewhere is confusing
[INFO] [stdout]    --> src/mem.rs:229:9
[INFO] [stdout]     |
[INFO] [stdout] 229 |   fn at(&self, time: Option<Instant>) -> MemUserSnapshot {
[INFO] [stdout]     |         ^^^^^                            ^^^^^^^^^^^^^^^ the same lifetime is hidden here
[INFO] [stdout]     |         |
[INFO] [stdout]     |         the lifetime is elided here
[INFO] [stdout]     |
[INFO] [stdout]     = help: the same lifetime is referred to in inconsistent ways, making the signature confusing
[INFO] [stdout]     = note: `#[warn(mismatched_lifetime_syntaxes)]` on by default
[INFO] [stdout] help: use `'_` for type paths
[INFO] [stdout]     |
[INFO] [stdout] 229 |   fn at(&self, time: Option<Instant>) -> MemUserSnapshot<'_> {
[INFO] [stdout]     |                                                         ++++
[INFO] [stdout] 
[INFO] [stdout] 
[INFO] [stdout] warning: hiding a lifetime that's elided elsewhere is confusing
[INFO] [stdout]    --> src/mem.rs:229:9
[INFO] [stdout]     |
[INFO] [stdout] 229 |   fn at(&self, time: Option<Instant>) -> MemUserSnapshot {
[INFO] [stdout]     |         ^^^^^                            ^^^^^^^^^^^^^^^ the same lifetime is hidden here
[INFO] [stdout]     |         |
[INFO] [stdout]     |         the lifetime is elided here
[INFO] [stdout]     |
[INFO] [stdout]     = help: the same lifetime is referred to in inconsistent ways, making the signature confusing
[INFO] [stdout]     = note: `#[warn(mismatched_lifetime_syntaxes)]` on by default
[INFO] [stdout] help: use `'_` for type paths
[INFO] [stdout]     |
[INFO] [stdout] 229 |   fn at(&self, time: Option<Instant>) -> MemUserSnapshot<'_> {
[INFO] [stdout]     |                                                         ++++
[INFO] [stdout] 
[INFO] [stdout] 
[INFO] [stderr]     Finished `release` profile [optimized] target(s) in 1m 23s
[INFO] [stderr] warning: the following packages contain code that will be rejected by a future version of Rust: sqlx-core v0.6.3
[INFO] [stderr] note: to see what the problems were, use the option `--future-incompat-report`, or run `cargo report future-incompatibilities --id 2`
[INFO] running `Command { std: "docker" "inspect" "2ed66bc594d55fc922609650727c9546a7f3d6c9c65482e3700f3577de0c3399", kill_on_drop: false }`
[INFO] running `Command { std: "docker" "exec" "-e" "SOURCE_DIR=/opt/rustwide/workdir" "-e" "CARGO_HOME=/opt/rustwide/cargo-home" "-e" "RUSTUP_HOME=/opt/rustwide/rustup-home" "-e" "CARGO_TARGET_DIR=/opt/rustwide/target" "-e" "CARGO_INCREMENTAL=0" "-e" "RUST_BACKTRACE=full" "-e" "RUSTFLAGS=--cap-lints=warn" "-e" "RUSTDOCFLAGS=--cap-lints=warn" "-w" "/opt/rustwide/workdir" "--user" "0:0" "2ed66bc594d55fc922609650727c9546a7f3d6c9c65482e3700f3577de0c3399" "/opt/rustwide/cargo-home/bin/cargo" "+1.99.0-beta.8" "test" "--frozen" "--release", kill_on_drop: false }`
[INFO] [stderr] warning: hiding a lifetime that's elided elsewhere is confusing
[INFO] [stderr]    --> src/mem.rs:229:9
[INFO] [stderr]     |
[INFO] [stderr] 229 |   fn at(&self, time: Option<Instant>) -> MemUserSnapshot {
[INFO] [stderr]     |         ^^^^^                            ^^^^^^^^^^^^^^^ the same lifetime is hidden here
[INFO] [stderr]     |         |
[INFO] [stderr]     |         the lifetime is elided here
[INFO] [stderr]     |
[INFO] [stderr]     = help: the same lifetime is referred to in inconsistent ways, making the signature confusing
[INFO] [stderr]     = note: `#[warn(mismatched_lifetime_syntaxes)]` on by default
[INFO] [stderr] help: use `'_` for type paths
[INFO] [stderr]     |
[INFO] [stderr] 229 |   fn at(&self, time: Option<Instant>) -> MemUserSnapshot<'_> {
[INFO] [stderr]     |                                                         ++++
[INFO] [stderr] 
[INFO] [stderr] warning: `etwin_user_store` (lib) generated 1 warning (run `cargo fix --lib -p etwin_user_store` to apply 1 suggestion)
[INFO] [stderr] warning: `etwin_user_store` (lib test) generated 1 warning (1 duplicate)
[INFO] [stderr]     Finished `release` profile [optimized] target(s) in 0.24s
[INFO] [stderr] warning: the following packages contain code that will be rejected by a future version of Rust: sqlx-core v0.6.3
[INFO] [stderr] note: to see what the problems were, use the option `--future-incompat-report`, or run `cargo report future-incompatibilities --id 2`
[INFO] [stderr]      Running unittests src/lib.rs (/opt/rustwide/target/release/deps/etwin_user_store-433efddb885f6d1e)
[INFO] [stdout] 
[INFO] [stdout] running 22 tests
[INFO] [stdout] test mem::test::test_update_display_name_after_creation ... ok
[INFO] [stdout] test mem::test::test_update_display_name_afte_multiple_unlocks ... ok
[INFO] [stdout] test mem::test::test_register_the_admin_and_retrieve_complete ... ok
[INFO] [stdout] test mem::test::test_create_admin ... ok
[INFO] [stdout] test mem::test::test_update_display_after_unlock ... ok
[INFO] [stdout] test mem::test::test_hard_delete_user ... ok
[INFO] [stdout] test mem::test::test_register_the_admin_and_retrieve_short ... ok
[INFO] [stdout] test mem::test::test_update_locked_display_name_after_update ... ok
[INFO] [stdout] test mem::test::test_register_the_admin_and_retrieve_default ... ok
[INFO] [stdout] test mem::test::test_update_display_name_then_username ... ok
[INFO] [stdout] test mem::test::test_update_locked_display_name ... ok
[INFO] [stdout] test pg::test::test_register_the_admin_and_retrieve_complete ... FAILED
[INFO] [stdout] test pg::test::test_update_display_name_then_username ... FAILED
[INFO] [stdout] test pg::test::test_update_locked_display_name ... FAILED
[INFO] [stdout] test pg::test::test_hard_delete_user ... FAILED
[INFO] [stdout] test pg::test::test_register_the_admin_and_retrieve_default ... FAILED
[INFO] [stdout] test pg::test::test_register_the_admin_and_retrieve_short ... FAILED
[INFO] [stdout] test pg::test::test_update_display_after_unlock ... FAILED
[INFO] [stderr] error: test failed, to rerun pass `--lib`
[INFO] [stdout] test pg::test::test_update_locked_display_name_after_update ... FAILED
[INFO] [stdout] test pg::test::test_update_display_name_afte_multiple_unlocks ... FAILED
[INFO] [stdout] test pg::test::test_update_display_name_after_creation ... FAILED
[INFO] [stdout] test pg::test::test_create_admin ... FAILED
[INFO] [stdout] 
[INFO] [stdout] failures:
[INFO] [stdout] 
[INFO] [stdout] ---- pg::test::test_register_the_admin_and_retrieve_complete stdout ----
[INFO] [stdout] 
[INFO] [stdout] thread 'pg::test::test_register_the_admin_and_retrieve_complete' (4113) panicked at src/pg.rs:564:78:
[INFO] [stdout] called `Result::unwrap()` on an `Err` value: NotFound("/opt/rustwide/workdir")
[INFO] [stdout] stack backtrace:
[INFO] [stdout]    0:     0x60af0206b971 - <<std[70759c8f55707aa4]::sys::backtrace::BacktraceLock>::print::DisplayBacktrace as core[df12db4294e9bfd3]::fmt::Display>::fmt
[INFO] [stdout]    1:     0x60af02083a9a - core[df12db4294e9bfd3]::fmt::write
[INFO] [stdout]    2:     0x60af020703bc - <alloc[2182bb758b4b3781]::vec::Vec<u8> as core[df12db4294e9bfd3]::io::write::Write>::write_fmt
[INFO] [stdout]    3:     0x60af02046426 - std[70759c8f55707aa4]::panicking::default_hook::{closure#0}
[INFO] [stdout]    4:     0x60af02063209 - std[70759c8f55707aa4]::panicking::default_hook
[INFO] [stdout]    5:     0x60af01daa750 - test[9d35eded1c95d3be]::test_main_inner::<test[9d35eded1c95d3be]::test_main_static::{closure#0}>::{closure#0}
[INFO] [stdout]    6:     0x60af02063532 - std[70759c8f55707aa4]::panicking::panic_with_hook
[INFO] [stdout]    7:     0x60af020464d2 - std[70759c8f55707aa4]::panicking::panic_handler::{closure#0}
[INFO] [stdout]    8:     0x60af0203efe9 - std[70759c8f55707aa4]::sys::backtrace::__rust_end_short_backtrace::<std[70759c8f55707aa4]::panicking::panic_handler::{closure#0}, !>
[INFO] [stdout]    9:     0x60af020472bd - __rustc[8fa7c3cbc660c2b3]::rust_begin_unwind
[INFO] [stdout]   10:     0x60af0208427c - core[df12db4294e9bfd3]::panicking::panic_fmt
[INFO] [stdout]   11:     0x60af02084052 - core[df12db4294e9bfd3]::result::unwrap_failed
[INFO] [stdout]   12:     0x60af01ce3741 - etwin_user_store[762ff6a3f0f614cd]::pg::test::make_test_api::{closure#0}
[INFO] [stdout]   13:     0x60af01cdc115 - etwin_user_store[762ff6a3f0f614cd]::pg::test::test_register_the_admin_and_retrieve_complete::{closure#0}::{closure#0}
[INFO] [stdout]   14:     0x60af01d45dc3 - <tokio[10987dab376ccd59]::runtime::scheduler::current_thread::Context>::enter::<core[df12db4294e9bfd3]::task::poll::Poll<()>, <tokio[10987dab376ccd59]::runtime::scheduler::current_thread::CoreGuard>::block_on<core[df12db4294e9bfd3]::pin::Pin<&mut core[df12db4294e9bfd3]::pin::Pin<&mut dyn core[df12db4294e9bfd3]::future::future::Future<Output = ()>>>>::{closure#0}::{closure#0}>
[INFO] [stdout]   15:     0x60af01cfea2c - <tokio[10987dab376ccd59]::runtime::context::scoped::Scoped<tokio[10987dab376ccd59]::runtime::scheduler::Context>>::set::<<tokio[10987dab376ccd59]::runtime::scheduler::current_thread::CoreGuard>::enter<<tokio[10987dab376ccd59]::runtime::scheduler::current_thread::CoreGuard>::block_on<core[df12db4294e9bfd3]::pin::Pin<&mut core[df12db4294e9bfd3]::pin::Pin<&mut dyn core[df12db4294e9bfd3]::future::future::Future<Output = ()>>>>::{closure#0}, core[df12db4294e9bfd3]::option::Option<()>>::{closure#0}, (alloc[2182bb758b4b3781]::boxed::Box<tokio[10987dab376ccd59]::runtime::scheduler::current_thread::Core>, core[df12db4294e9bfd3]::option::Option<()>)>
[INFO] [stdout]   16:     0x60af01d46447 - <tokio[10987dab376ccd59]::runtime::scheduler::current_thread::CoreGuard>::block_on::<core[df12db4294e9bfd3]::pin::Pin<&mut core[df12db4294e9bfd3]::pin::Pin<&mut dyn core[df12db4294e9bfd3]::future::future::Future<Output = ()>>>>
[INFO] [stdout]   17:     0x60af01d3b67d - tokio[10987dab376ccd59]::runtime::context::runtime::enter_runtime::<<tokio[10987dab376ccd59]::runtime::scheduler::current_thread::CurrentThread>::block_on<core[df12db4294e9bfd3]::pin::Pin<&mut dyn core[df12db4294e9bfd3]::future::future::Future<Output = ()>>>::{closure#0}, ()>
[INFO] [stdout]   18:     0x60af01d383be - <tokio[10987dab376ccd59]::runtime::runtime::Runtime>::block_on::<core[df12db4294e9bfd3]::pin::Pin<&mut dyn core[df12db4294e9bfd3]::future::future::Future<Output = ()>>>
[INFO] [stdout]   19:     0x60af01ce784a - <etwin_user_store[762ff6a3f0f614cd]::pg::test::test_register_the_admin_and_retrieve_complete::{closure#0} as core[df12db4294e9bfd3]::ops::function::FnOnce<()>>::call_once
[INFO] [stdout]   20:     0x60af01ddf6eb - serial_test[a1a10237f3eaa085]::serial_code_lock::local_serial_core
[INFO] [stdout]   21:     0x60af01d380ad - <etwin_user_store[762ff6a3f0f614cd]::pg::test::test_register_the_admin_and_retrieve_complete::{closure#0} as core[df12db4294e9bfd3]::ops::function::FnOnce<()>>::call_once
[INFO] [stdout]   22:     0x60af01d9da3b - test[9d35eded1c95d3be]::__rust_begin_short_backtrace::<core[df12db4294e9bfd3]::result::Result<(), alloc[2182bb758b4b3781]::string::String>, fn() -> core[df12db4294e9bfd3]::result::Result<(), alloc[2182bb758b4b3781]::string::String>>
[INFO] [stdout]   23:     0x60af01dab0a5 - test[9d35eded1c95d3be]::run_test::{closure#0}
[INFO] [stdout]   24:     0x60af01da4964 - std[70759c8f55707aa4]::sys::backtrace::__rust_begin_short_backtrace::<test[9d35eded1c95d3be]::run_test::{closure#1}, ()>
[INFO] [stdout]   25:     0x60af01dae202 - <std[70759c8f55707aa4]::thread::lifecycle::spawn_unchecked<test[9d35eded1c95d3be]::run_test::{closure#1}, ()>::{closure#1} as core[df12db4294e9bfd3]::ops::function::FnOnce<()>>::call_once::{shim:vtable#0}
[INFO] [stdout]   26:     0x60af0206a809 - <std[70759c8f55707aa4]::sys::thread::unix::Thread>::new::thread_start
[INFO] [stdout]   27:     0x7a1f2589cdfa - <unknown>
[INFO] [stdout]   28:     0x7a1f259303d4 - clone
[INFO] [stdout]   29:                0x0 - <unknown>
[INFO] [stdout] 
[INFO] [stdout] ---- pg::test::test_update_display_name_then_username stdout ----
[INFO] [stdout] 
[INFO] [stdout] thread 'pg::test::test_update_display_name_then_username' (4119) panicked at src/pg.rs:564:78:
[INFO] [stdout] called `Result::unwrap()` on an `Err` value: NotFound("/opt/rustwide/workdir")
[INFO] [stdout] stack backtrace:
[INFO] [stdout]    0:     0x60af0206b971 - <<std[70759c8f55707aa4]::sys::backtrace::BacktraceLock>::print::DisplayBacktrace as core[df12db4294e9bfd3]::fmt::Display>::fmt
[INFO] [stdout]    1:     0x60af02083a9a - core[df12db4294e9bfd3]::fmt::write
[INFO] [stdout]    2:     0x60af020703bc - <alloc[2182bb758b4b3781]::vec::Vec<u8> as core[df12db4294e9bfd3]::io::write::Write>::write_fmt
[INFO] [stdout]    3:     0x60af02046426 - std[70759c8f55707aa4]::panicking::default_hook::{closure#0}
[INFO] [stdout]    4:     0x60af02063209 - std[70759c8f55707aa4]::panicking::default_hook
[INFO] [stdout]    5:     0x60af01daa750 - test[9d35eded1c95d3be]::test_main_inner::<test[9d35eded1c95d3be]::test_main_static::{closure#0}>::{closure#0}
[INFO] [stdout]    6:     0x60af02063532 - std[70759c8f55707aa4]::panicking::panic_with_hook
[INFO] [stdout]    7:     0x60af020464d2 - std[70759c8f55707aa4]::panicking::panic_handler::{closure#0}
[INFO] [stdout]    8:     0x60af0203efe9 - std[70759c8f55707aa4]::sys::backtrace::__rust_end_short_backtrace::<std[70759c8f55707aa4]::panicking::panic_handler::{closure#0}, !>
[INFO] [stdout]    9:     0x60af020472bd - __rustc[8fa7c3cbc660c2b3]::rust_begin_unwind
[INFO] [stdout]   10:     0x60af0208427c - core[df12db4294e9bfd3]::panicking::panic_fmt
[INFO] [stdout]   11:     0x60af02084052 - core[df12db4294e9bfd3]::result::unwrap_failed
[INFO] [stdout]   12:     0x60af01ce3741 - etwin_user_store[762ff6a3f0f614cd]::pg::test::make_test_api::{closure#0}
[INFO] [stdout]   13:     0x60af01cd7ca5 - etwin_user_store[762ff6a3f0f614cd]::pg::test::test_update_display_name_then_username::{closure#0}::{closure#0}
[INFO] [stdout]   14:     0x60af01d45dc3 - <tokio[10987dab376ccd59]::runtime::scheduler::current_thread::Context>::enter::<core[df12db4294e9bfd3]::task::poll::Poll<()>, <tokio[10987dab376ccd59]::runtime::scheduler::current_thread::CoreGuard>::block_on<core[df12db4294e9bfd3]::pin::Pin<&mut core[df12db4294e9bfd3]::pin::Pin<&mut dyn core[df12db4294e9bfd3]::future::future::Future<Output = ()>>>>::{closure#0}::{closure#0}>
[INFO] [stdout]   15:     0x60af01cfea2c - <tokio[10987dab376ccd59]::runtime::context::scoped::Scoped<tokio[10987dab376ccd59]::runtime::scheduler::Context>>::set::<<tokio[10987dab376ccd59]::runtime::scheduler::current_thread::CoreGuard>::enter<<tokio[10987dab376ccd59]::runtime::scheduler::current_thread::CoreGuard>::block_on<core[df12db4294e9bfd3]::pin::Pin<&mut core[df12db4294e9bfd3]::pin::Pin<&mut dyn core[df12db4294e9bfd3]::future::future::Future<Output = ()>>>>::{closure#0}, core[df12db4294e9bfd3]::option::Option<()>>::{closure#0}, (alloc[2182bb758b4b3781]::boxed::Box<tokio[10987dab376ccd59]::runtime::scheduler::current_thread::Core>, core[df12db4294e9bfd3]::option::Option<()>)>
[INFO] [stdout]   16:     0x60af01d46447 - <tokio[10987dab376ccd59]::runtime::scheduler::current_thread::CoreGuard>::block_on::<core[df12db4294e9bfd3]::pin::Pin<&mut core[df12db4294e9bfd3]::pin::Pin<&mut dyn core[df12db4294e9bfd3]::future::future::Future<Output = ()>>>>
[INFO] [stdout]   17:     0x60af01d3b67d - tokio[10987dab376ccd59]::runtime::context::runtime::enter_runtime::<<tokio[10987dab376ccd59]::runtime::scheduler::current_thread::CurrentThread>::block_on<core[df12db4294e9bfd3]::pin::Pin<&mut dyn core[df12db4294e9bfd3]::future::future::Future<Output = ()>>>::{closure#0}, ()>
[INFO] [stdout]   18:     0x60af01d383be - <tokio[10987dab376ccd59]::runtime::runtime::Runtime>::block_on::<core[df12db4294e9bfd3]::pin::Pin<&mut dyn core[df12db4294e9bfd3]::future::future::Future<Output = ()>>>
[INFO] [stdout]   19:     0x60af01ce70ca - <etwin_user_store[762ff6a3f0f614cd]::pg::test::test_update_display_name_then_username::{closure#0} as core[df12db4294e9bfd3]::ops::function::FnOnce<()>>::call_once
[INFO] [stdout]   20:     0x60af01ddf6eb - serial_test[a1a10237f3eaa085]::serial_code_lock::local_serial_core
[INFO] [stdout]   21:     0x60af01d37fbd - <etwin_user_store[762ff6a3f0f614cd]::pg::test::test_update_display_name_then_username::{closure#0} as core[df12db4294e9bfd3]::ops::function::FnOnce<()>>::call_once
[INFO] [stdout]   22:     0x60af01d9da3b - test[9d35eded1c95d3be]::__rust_begin_short_backtrace::<core[df12db4294e9bfd3]::result::Result<(), alloc[2182bb758b4b3781]::string::String>, fn() -> core[df12db4294e9bfd3]::result::Result<(), alloc[2182bb758b4b3781]::string::String>>
[INFO] [stdout]   23:     0x60af01dab0a5 - test[9d35eded1c95d3be]::run_test::{closure#0}
[INFO] [stdout]   24:     0x60af01da4964 - std[70759c8f55707aa4]::sys::backtrace::__rust_begin_short_backtrace::<test[9d35eded1c95d3be]::run_test::{closure#1}, ()>
[INFO] [stdout]   25:     0x60af01dae202 - <std[70759c8f55707aa4]::thread::lifecycle::spawn_unchecked<test[9d35eded1c95d3be]::run_test::{closure#1}, ()>::{closure#1} as core[df12db4294e9bfd3]::ops::function::FnOnce<()>>::call_once::{shim:vtable#0}
[INFO] [stdout]   26:     0x60af0206a809 - <std[70759c8f55707aa4]::sys::thread::unix::Thread>::new::thread_start
[INFO] [stdout]   27:     0x7a1f2589cdfa - <unknown>
[INFO] [stdout]   28:     0x7a1f259303d4 - clone
[INFO] [stdout]   29:                0x0 - <unknown>
[INFO] [stdout] 
[INFO] [stdout] ---- pg::test::test_update_locked_display_name stdout ----
[INFO] [stdout] 
[INFO] [stdout] thread 'pg::test::test_update_locked_display_name' (4120) panicked at src/pg.rs:564:78:
[INFO] [stdout] called `Result::unwrap()` on an `Err` value: NotFound("/opt/rustwide/workdir")
[INFO] [stdout] stack backtrace:
[INFO] [stdout]    0:     0x60af0206b971 - <<std[70759c8f55707aa4]::sys::backtrace::BacktraceLock>::print::DisplayBacktrace as core[df12db4294e9bfd3]::fmt::Display>::fmt
[INFO] [stdout]    1:     0x60af02083a9a - core[df12db4294e9bfd3]::fmt::write
[INFO] [stdout]    2:     0x60af020703bc - <alloc[2182bb758b4b3781]::vec::Vec<u8> as core[df12db4294e9bfd3]::io::write::Write>::write_fmt
[INFO] [stdout]    3:     0x60af02046426 - std[70759c8f55707aa4]::panicking::default_hook::{closure#0}
[INFO] [stdout]    4:     0x60af02063209 - std[70759c8f55707aa4]::panicking::default_hook
[INFO] [stdout]    5:     0x60af01daa750 - test[9d35eded1c95d3be]::test_main_inner::<test[9d35eded1c95d3be]::test_main_static::{closure#0}>::{closure#0}
[INFO] [stdout]    6:     0x60af02063532 - std[70759c8f55707aa4]::panicking::panic_with_hook
[INFO] [stdout]    7:     0x60af020464d2 - std[70759c8f55707aa4]::panicking::panic_handler::{closure#0}
[INFO] [stdout]    8:     0x60af0203efe9 - std[70759c8f55707aa4]::sys::backtrace::__rust_end_short_backtrace::<std[70759c8f55707aa4]::panicking::panic_handler::{closure#0}, !>
[INFO] [stdout]    9:     0x60af020472bd - __rustc[8fa7c3cbc660c2b3]::rust_begin_unwind
[INFO] [stdout]   10:     0x60af0208427c - core[df12db4294e9bfd3]::panicking::panic_fmt
[INFO] [stdout]   11:     0x60af02084052 - core[df12db4294e9bfd3]::result::unwrap_failed
[INFO] [stdout]   12:     0x60af01ce3741 - etwin_user_store[762ff6a3f0f614cd]::pg::test::make_test_api::{closure#0}
[INFO] [stdout]   13:     0x60af01cd5c55 - etwin_user_store[762ff6a3f0f614cd]::pg::test::test_update_locked_display_name::{closure#0}::{closure#0}
[INFO] [stdout]   14:     0x60af01d45dc3 - <tokio[10987dab376ccd59]::runtime::scheduler::current_thread::Context>::enter::<core[df12db4294e9bfd3]::task::poll::Poll<()>, <tokio[10987dab376ccd59]::runtime::scheduler::current_thread::CoreGuard>::block_on<core[df12db4294e9bfd3]::pin::Pin<&mut core[df12db4294e9bfd3]::pin::Pin<&mut dyn core[df12db4294e9bfd3]::future::future::Future<Output = ()>>>>::{closure#0}::{closure#0}>
[INFO] [stdout]   15:     0x60af01cfea2c - <tokio[10987dab376ccd59]::runtime::context::scoped::Scoped<tokio[10987dab376ccd59]::runtime::scheduler::Context>>::set::<<tokio[10987dab376ccd59]::runtime::scheduler::current_thread::CoreGuard>::enter<<tokio[10987dab376ccd59]::runtime::scheduler::current_thread::CoreGuard>::block_on<core[df12db4294e9bfd3]::pin::Pin<&mut core[df12db4294e9bfd3]::pin::Pin<&mut dyn core[df12db4294e9bfd3]::future::future::Future<Output = ()>>>>::{closure#0}, core[df12db4294e9bfd3]::option::Option<()>>::{closure#0}, (alloc[2182bb758b4b3781]::boxed::Box<tokio[10987dab376ccd59]::runtime::scheduler::current_thread::Core>, core[df12db4294e9bfd3]::option::Option<()>)>
[INFO] [stdout]   16:     0x60af01d46447 - <tokio[10987dab376ccd59]::runtime::scheduler::current_thread::CoreGuard>::block_on::<core[df12db4294e9bfd3]::pin::Pin<&mut core[df12db4294e9bfd3]::pin::Pin<&mut dyn core[df12db4294e9bfd3]::future::future::Future<Output = ()>>>>
[INFO] [stdout]   17:     0x60af01d3b67d - tokio[10987dab376ccd59]::runtime::context::runtime::enter_runtime::<<tokio[10987dab376ccd59]::runtime::scheduler::current_thread::CurrentThread>::block_on<core[df12db4294e9bfd3]::pin::Pin<&mut dyn core[df12db4294e9bfd3]::future::future::Future<Output = ()>>>::{closure#0}, ()>
[INFO] [stdout]   18:     0x60af01d383be - <tokio[10987dab376ccd59]::runtime::runtime::Runtime>::block_on::<core[df12db4294e9bfd3]::pin::Pin<&mut dyn core[df12db4294e9bfd3]::future::future::Future<Output = ()>>>
[INFO] [stdout]   19:     0x60af01ce6dca - <etwin_user_store[762ff6a3f0f614cd]::pg::test::test_update_locked_display_name::{closure#0} as core[df12db4294e9bfd3]::ops::function::FnOnce<()>>::call_once
[INFO] [stdout]   20:     0x60af01ddf6eb - serial_test[a1a10237f3eaa085]::serial_code_lock::local_serial_core
[INFO] [stdout]   21:     0x60af01d37f5d - <etwin_user_store[762ff6a3f0f614cd]::pg::test::test_update_locked_display_name::{closure#0} as core[df12db4294e9bfd3]::ops::function::FnOnce<()>>::call_once
[INFO] [stdout]   22:     0x60af01d9da3b - test[9d35eded1c95d3be]::__rust_begin_short_backtrace::<core[df12db4294e9bfd3]::result::Result<(), alloc[2182bb758b4b3781]::string::String>, fn() -> core[df12db4294e9bfd3]::result::Result<(), alloc[2182bb758b4b3781]::string::String>>
[INFO] [stdout]   23:     0x60af01dab0a5 - test[9d35eded1c95d3be]::run_test::{closure#0}
[INFO] [stdout]   24:     0x60af01da4964 - std[70759c8f55707aa4]::sys::backtrace::__rust_begin_short_backtrace::<test[9d35eded1c95d3be]::run_test::{closure#1}, ()>
[INFO] [stdout]   25:     0x60af01dae202 - <std[70759c8f55707aa4]::thread::lifecycle::spawn_unchecked<test[9d35eded1c95d3be]::run_test::{closure#1}, ()>::{closure#1} as core[df12db4294e9bfd3]::ops::function::FnOnce<()>>::call_once::{shim:vtable#0}
[INFO] [stdout]   26:     0x60af0206a809 - <std[70759c8f55707aa4]::sys::thread::unix::Thread>::new::thread_start
[INFO] [stdout]   27:     0x7a1f2589cdfa - <unknown>
[INFO] [stdout]   28:     0x7a1f259303d4 - clone
[INFO] [stdout]   29:                0x0 - <unknown>
[INFO] [stdout] 
[INFO] [stdout] ---- pg::test::test_hard_delete_user stdout ----
[INFO] [stdout] 
[INFO] [stdout] thread 'pg::test::test_hard_delete_user' (4112) panicked at src/pg.rs:564:78:
[INFO] [stdout] called `Result::unwrap()` on an `Err` value: NotFound("/opt/rustwide/workdir")
[INFO] [stdout] stack backtrace:
[INFO] [stdout]    0:     0x60af0206b971 - <<std[70759c8f55707aa4]::sys::backtrace::BacktraceLock>::print::DisplayBacktrace as core[df12db4294e9bfd3]::fmt::Display>::fmt
[INFO] [stdout]    1:     0x60af02083a9a - core[df12db4294e9bfd3]::fmt::write
[INFO] [stdout]    2:     0x60af020703bc - <alloc[2182bb758b4b3781]::vec::Vec<u8> as core[df12db4294e9bfd3]::io::write::Write>::write_fmt
[INFO] [stdout]    3:     0x60af02046426 - std[70759c8f55707aa4]::panicking::default_hook::{closure#0}
[INFO] [stdout]    4:     0x60af02063209 - std[70759c8f55707aa4]::panicking::default_hook
[INFO] [stdout]    5:     0x60af01daa750 - test[9d35eded1c95d3be]::test_main_inner::<test[9d35eded1c95d3be]::test_main_static::{closure#0}>::{closure#0}
[INFO] [stdout]    6:     0x60af02063532 - std[70759c8f55707aa4]::panicking::panic_with_hook
[INFO] [stdout]    7:     0x60af020464d2 - std[70759c8f55707aa4]::panicking::panic_handler::{closure#0}
[INFO] [stdout]    8:     0x60af0203efe9 - std[70759c8f55707aa4]::sys::backtrace::__rust_end_short_backtrace::<std[70759c8f55707aa4]::panicking::panic_handler::{closure#0}, !>
[INFO] [stdout]    9:     0x60af020472bd - __rustc[8fa7c3cbc660c2b3]::rust_begin_unwind
[INFO] [stdout]   10:     0x60af0208427c - core[df12db4294e9bfd3]::panicking::panic_fmt
[INFO] [stdout]   11:     0x60af02084052 - core[df12db4294e9bfd3]::result::unwrap_failed
[INFO] [stdout]   12:     0x60af01ce3741 - etwin_user_store[762ff6a3f0f614cd]::pg::test::make_test_api::{closure#0}
[INFO] [stdout]   13:     0x60af01cd5235 - etwin_user_store[762ff6a3f0f614cd]::pg::test::test_hard_delete_user::{closure#0}::{closure#0}
[INFO] [stdout]   14:     0x60af01d45dc3 - <tokio[10987dab376ccd59]::runtime::scheduler::current_thread::Context>::enter::<core[df12db4294e9bfd3]::task::poll::Poll<()>, <tokio[10987dab376ccd59]::runtime::scheduler::current_thread::CoreGuard>::block_on<core[df12db4294e9bfd3]::pin::Pin<&mut core[df12db4294e9bfd3]::pin::Pin<&mut dyn core[df12db4294e9bfd3]::future::future::Future<Output = ()>>>>::{closure#0}::{closure#0}>
[INFO] [stdout]   15:     0x60af01cfea2c - <tokio[10987dab376ccd59]::runtime::context::scoped::Scoped<tokio[10987dab376ccd59]::runtime::scheduler::Context>>::set::<<tokio[10987dab376ccd59]::runtime::scheduler::current_thread::CoreGuard>::enter<<tokio[10987dab376ccd59]::runtime::scheduler::current_thread::CoreGuard>::block_on<core[df12db4294e9bfd3]::pin::Pin<&mut core[df12db4294e9bfd3]::pin::Pin<&mut dyn core[df12db4294e9bfd3]::future::future::Future<Output = ()>>>>::{closure#0}, core[df12db4294e9bfd3]::option::Option<()>>::{closure#0}, (alloc[2182bb758b4b3781]::boxed::Box<tokio[10987dab376ccd59]::runtime::scheduler::current_thread::Core>, core[df12db4294e9bfd3]::option::Option<()>)>
[INFO] [stdout]   16:     0x60af01d46447 - <tokio[10987dab376ccd59]::runtime::scheduler::current_thread::CoreGuard>::block_on::<core[df12db4294e9bfd3]::pin::Pin<&mut core[df12db4294e9bfd3]::pin::Pin<&mut dyn core[df12db4294e9bfd3]::future::future::Future<Output = ()>>>>
[INFO] [stdout]   17:     0x60af01d3b67d - tokio[10987dab376ccd59]::runtime::context::runtime::enter_runtime::<<tokio[10987dab376ccd59]::runtime::scheduler::current_thread::CurrentThread>::block_on<core[df12db4294e9bfd3]::pin::Pin<&mut dyn core[df12db4294e9bfd3]::future::future::Future<Output = ()>>>::{closure#0}, ()>
[INFO] [stdout]   18:     0x60af01d383be - <tokio[10987dab376ccd59]::runtime::runtime::Runtime>::block_on::<core[df12db4294e9bfd3]::pin::Pin<&mut dyn core[df12db4294e9bfd3]::future::future::Future<Output = ()>>>
[INFO] [stdout]   19:     0x60af01ce6c4a - <etwin_user_store[762ff6a3f0f614cd]::pg::test::test_hard_delete_user::{closure#0} as core[df12db4294e9bfd3]::ops::function::FnOnce<()>>::call_once
[INFO] [stdout]   20:     0x60af01ddf6eb - serial_test[a1a10237f3eaa085]::serial_code_lock::local_serial_core
[INFO] [stdout]   21:     0x60af01d37f2d - <etwin_user_store[762ff6a3f0f614cd]::pg::test::test_hard_delete_user::{closure#0} as core[df12db4294e9bfd3]::ops::function::FnOnce<()>>::call_once
[INFO] [stdout]   22:     0x60af01d9da3b - test[9d35eded1c95d3be]::__rust_begin_short_backtrace::<core[df12db4294e9bfd3]::result::Result<(), alloc[2182bb758b4b3781]::string::String>, fn() -> core[df12db4294e9bfd3]::result::Result<(), alloc[2182bb758b4b3781]::string::String>>
[INFO] [stdout]   23:     0x60af01dab0a5 - test[9d35eded1c95d3be]::run_test::{closure#0}
[INFO] [stdout]   24:     0x60af01da4964 - std[70759c8f55707aa4]::sys::backtrace::__rust_begin_short_backtrace::<test[9d35eded1c95d3be]::run_test::{closure#1}, ()>
[INFO] [stdout]   25:     0x60af01dae202 - <std[70759c8f55707aa4]::thread::lifecycle::spawn_unchecked<test[9d35eded1c95d3be]::run_test::{closure#1}, ()>::{closure#1} as core[df12db4294e9bfd3]::ops::function::FnOnce<()>>::call_once::{shim:vtable#0}
[INFO] [stdout]   26:     0x60af0206a809 - <std[70759c8f55707aa4]::sys::thread::unix::Thread>::new::thread_start
[INFO] [stdout]   27:     0x7a1f2589cdfa - <unknown>
[INFO] [stdout]   28:     0x7a1f259303d4 - clone
[INFO] [stdout]   29:                0x0 - <unknown>
[INFO] [stdout] 
[INFO] [stdout] ---- pg::test::test_register_the_admin_and_retrieve_default stdout ----
[INFO] [stdout] 
[INFO] [stdout] thread 'pg::test::test_register_the_admin_and_retrieve_default' (4114) panicked at src/pg.rs:564:78:
[INFO] [stdout] called `Result::unwrap()` on an `Err` value: NotFound("/opt/rustwide/workdir")
[INFO] [stdout] stack backtrace:
[INFO] [stdout]    0:     0x60af0206b971 - <<std[70759c8f55707aa4]::sys::backtrace::BacktraceLock>::print::DisplayBacktrace as core[df12db4294e9bfd3]::fmt::Display>::fmt
[INFO] [stdout]    1:     0x60af02083a9a - core[df12db4294e9bfd3]::fmt::write
[INFO] [stdout]    2:     0x60af020703bc - <alloc[2182bb758b4b3781]::vec::Vec<u8> as core[df12db4294e9bfd3]::io::write::Write>::write_fmt
[INFO] [stdout]    3:     0x60af02046426 - std[70759c8f55707aa4]::panicking::default_hook::{closure#0}
[INFO] [stdout]    4:     0x60af02063209 - std[70759c8f55707aa4]::panicking::default_hook
[INFO] [stdout]    5:     0x60af01daa750 - test[9d35eded1c95d3be]::test_main_inner::<test[9d35eded1c95d3be]::test_main_static::{closure#0}>::{closure#0}
[INFO] [stdout]    6:     0x60af02063532 - std[70759c8f55707aa4]::panicking::panic_with_hook
[INFO] [stdout]    7:     0x60af020464d2 - std[70759c8f55707aa4]::panicking::panic_handler::{closure#0}
[INFO] [stdout]    8:     0x60af0203efe9 - std[70759c8f55707aa4]::sys::backtrace::__rust_end_short_backtrace::<std[70759c8f55707aa4]::panicking::panic_handler::{closure#0}, !>
[INFO] [stdout]    9:     0x60af020472bd - __rustc[8fa7c3cbc660c2b3]::rust_begin_unwind
[INFO] [stdout]   10:     0x60af0208427c - core[df12db4294e9bfd3]::panicking::panic_fmt
[INFO] [stdout]   11:     0x60af02084052 - core[df12db4294e9bfd3]::result::unwrap_failed
[INFO] [stdout]   12:     0x60af01ce3741 - etwin_user_store[762ff6a3f0f614cd]::pg::test::make_test_api::{closure#0}
[INFO] [stdout]   13:     0x60af01cda3d5 - etwin_user_store[762ff6a3f0f614cd]::pg::test::test_register_the_admin_and_retrieve_default::{closure#0}::{closure#0}
[INFO] [stdout]   14:     0x60af01d45dc3 - <tokio[10987dab376ccd59]::runtime::scheduler::current_thread::Context>::enter::<core[df12db4294e9bfd3]::task::poll::Poll<()>, <tokio[10987dab376ccd59]::runtime::scheduler::current_thread::CoreGuard>::block_on<core[df12db4294e9bfd3]::pin::Pin<&mut core[df12db4294e9bfd3]::pin::Pin<&mut dyn core[df12db4294e9bfd3]::future::future::Future<Output = ()>>>>::{closure#0}::{closure#0}>
[INFO] [stdout]   15:     0x60af01cfea2c - <tokio[10987dab376ccd59]::runtime::context::scoped::Scoped<tokio[10987dab376ccd59]::runtime::scheduler::Context>>::set::<<tokio[10987dab376ccd59]::runtime::scheduler::current_thread::CoreGuard>::enter<<tokio[10987dab376ccd59]::runtime::scheduler::current_thread::CoreGuard>::block_on<core[df12db4294e9bfd3]::pin::Pin<&mut core[df12db4294e9bfd3]::pin::Pin<&mut dyn core[df12db4294e9bfd3]::future::future::Future<Output = ()>>>>::{closure#0}, core[df12db4294e9bfd3]::option::Option<()>>::{closure#0}, (alloc[2182bb758b4b3781]::boxed::Box<tokio[10987dab376ccd59]::runtime::scheduler::current_thread::Core>, core[df12db4294e9bfd3]::option::Option<()>)>
[INFO] [stdout]   16:     0x60af01d46447 - <tokio[10987dab376ccd59]::runtime::scheduler::current_thread::CoreGuard>::block_on::<core[df12db4294e9bfd3]::pin::Pin<&mut core[df12db4294e9bfd3]::pin::Pin<&mut dyn core[df12db4294e9bfd3]::future::future::Future<Output = ()>>>>
[INFO] [stdout]   17:     0x60af01d3b67d - tokio[10987dab376ccd59]::runtime::context::runtime::enter_runtime::<<tokio[10987dab376ccd59]::runtime::scheduler::current_thread::CurrentThread>::block_on<core[df12db4294e9bfd3]::pin::Pin<&mut dyn core[df12db4294e9bfd3]::future::future::Future<Output = ()>>>::{closure#0}, ()>
[INFO] [stdout]   18:     0x60af01d383be - <tokio[10987dab376ccd59]::runtime::runtime::Runtime>::block_on::<core[df12db4294e9bfd3]::pin::Pin<&mut dyn core[df12db4294e9bfd3]::future::future::Future<Output = ()>>>
[INFO] [stdout]   19:     0x60af01ce754a - <etwin_user_store[762ff6a3f0f614cd]::pg::test::test_register_the_admin_and_retrieve_default::{closure#0} as core[df12db4294e9bfd3]::ops::function::FnOnce<()>>::call_once
[INFO] [stdout]   20:     0x60af01ddf6eb - serial_test[a1a10237f3eaa085]::serial_code_lock::local_serial_core
[INFO] [stdout]   21:     0x60af01d3804d - <etwin_user_store[762ff6a3f0f614cd]::pg::test::test_register_the_admin_and_retrieve_default::{closure#0} as core[df12db4294e9bfd3]::ops::function::FnOnce<()>>::call_once
[INFO] [stdout]   22:     0x60af01d9da3b - test[9d35eded1c95d3be]::__rust_begin_short_backtrace::<core[df12db4294e9bfd3]::result::Result<(), alloc[2182bb758b4b3781]::string::String>, fn() -> core[df12db4294e9bfd3]::result::Result<(), alloc[2182bb758b4b3781]::string::String>>
[INFO] [stdout]   23:     0x60af01dab0a5 - test[9d35eded1c95d3be]::run_test::{closure#0}
[INFO] [stdout]   24:     0x60af01da4964 - std[70759c8f55707aa4]::sys::backtrace::__rust_begin_short_backtrace::<test[9d35eded1c95d3be]::run_test::{closure#1}, ()>
[INFO] [stdout]   25:     0x60af01dae202 - <std[70759c8f55707aa4]::thread::lifecycle::spawn_unchecked<test[9d35eded1c95d3be]::run_test::{closure#1}, ()>::{closure#1} as core[df12db4294e9bfd3]::ops::function::FnOnce<()>>::call_once::{shim:vtable#0}
[INFO] [stdout]   26:     0x60af0206a809 - <std[70759c8f55707aa4]::sys::thread::unix::Thread>::new::thread_start
[INFO] [stdout]   27:     0x7a1f2589cdfa - <unknown>
[INFO] [stdout]   28:     0x7a1f259303d4 - clone
[INFO] [stdout]   29:                0x0 - <unknown>
[INFO] [stdout] 
[INFO] [stdout] ---- pg::test::test_register_the_admin_and_retrieve_short stdout ----
[INFO] [stdout] 
[INFO] [stdout] thread 'pg::test::test_register_the_admin_and_retrieve_short' (4115) panicked at src/pg.rs:564:78:
[INFO] [stdout] called `Result::unwrap()` on an `Err` value: NotFound("/opt/rustwide/workdir")
[INFO] [stdout] stack backtrace:
[INFO] [stdout]    0:     0x60af0206b971 - <<std[70759c8f55707aa4]::sys::backtrace::BacktraceLock>::print::DisplayBacktrace as core[df12db4294e9bfd3]::fmt::Display>::fmt
[INFO] [stdout]    1:     0x60af02083a9a - core[df12db4294e9bfd3]::fmt::write
[INFO] [stdout]    2:     0x60af020703bc - <alloc[2182bb758b4b3781]::vec::Vec<u8> as core[df12db4294e9bfd3]::io::write::Write>::write_fmt
[INFO] [stdout]    3:     0x60af02046426 - std[70759c8f55707aa4]::panicking::default_hook::{closure#0}
[INFO] [stdout]    4:     0x60af02063209 - std[70759c8f55707aa4]::panicking::default_hook
[INFO] [stdout]    5:     0x60af01daa750 - test[9d35eded1c95d3be]::test_main_inner::<test[9d35eded1c95d3be]::test_main_static::{closure#0}>::{closure#0}
[INFO] [stdout]    6:     0x60af02063532 - std[70759c8f55707aa4]::panicking::panic_with_hook
[INFO] [stdout]    7:     0x60af020464d2 - std[70759c8f55707aa4]::panicking::panic_handler::{closure#0}
[INFO] [stdout]    8:     0x60af0203efe9 - std[70759c8f55707aa4]::sys::backtrace::__rust_end_short_backtrace::<std[70759c8f55707aa4]::panicking::panic_handler::{closure#0}, !>
[INFO] [stdout]    9:     0x60af020472bd - __rustc[8fa7c3cbc660c2b3]::rust_begin_unwind
[INFO] [stdout]   10:     0x60af0208427c - core[df12db4294e9bfd3]::panicking::panic_fmt
[INFO] [stdout]   11:     0x60af02084052 - core[df12db4294e9bfd3]::result::unwrap_failed
[INFO] [stdout]   12:     0x60af01ce3741 - etwin_user_store[762ff6a3f0f614cd]::pg::test::make_test_api::{closure#0}
[INFO] [stdout]   13:     0x60af01cd9a15 - etwin_user_store[762ff6a3f0f614cd]::pg::test::test_register_the_admin_and_retrieve_short::{closure#0}::{closure#0}
[INFO] [stdout]   14:     0x60af01d45dc3 - <tokio[10987dab376ccd59]::runtime::scheduler::current_thread::Context>::enter::<core[df12db4294e9bfd3]::task::poll::Poll<()>, <tokio[10987dab376ccd59]::runtime::scheduler::current_thread::CoreGuard>::block_on<core[df12db4294e9bfd3]::pin::Pin<&mut core[df12db4294e9bfd3]::pin::Pin<&mut dyn core[df12db4294e9bfd3]::future::future::Future<Output = ()>>>>::{closure#0}::{closure#0}>
[INFO] [stdout]   15:     0x60af01cfea2c - <tokio[10987dab376ccd59]::runtime::context::scoped::Scoped<tokio[10987dab376ccd59]::runtime::scheduler::Context>>::set::<<tokio[10987dab376ccd59]::runtime::scheduler::current_thread::CoreGuard>::enter<<tokio[10987dab376ccd59]::runtime::scheduler::current_thread::CoreGuard>::block_on<core[df12db4294e9bfd3]::pin::Pin<&mut core[df12db4294e9bfd3]::pin::Pin<&mut dyn core[df12db4294e9bfd3]::future::future::Future<Output = ()>>>>::{closure#0}, core[df12db4294e9bfd3]::option::Option<()>>::{closure#0}, (alloc[2182bb758b4b3781]::boxed::Box<tokio[10987dab376ccd59]::runtime::scheduler::current_thread::Core>, core[df12db4294e9bfd3]::option::Option<()>)>
[INFO] [stdout]   16:     0x60af01d46447 - <tokio[10987dab376ccd59]::runtime::scheduler::current_thread::CoreGuard>::block_on::<core[df12db4294e9bfd3]::pin::Pin<&mut core[df12db4294e9bfd3]::pin::Pin<&mut dyn core[df12db4294e9bfd3]::future::future::Future<Output = ()>>>>
[INFO] [stdout]   17:     0x60af01d3b67d - tokio[10987dab376ccd59]::runtime::context::runtime::enter_runtime::<<tokio[10987dab376ccd59]::runtime::scheduler::current_thread::CurrentThread>::block_on<core[df12db4294e9bfd3]::pin::Pin<&mut dyn core[df12db4294e9bfd3]::future::future::Future<Output = ()>>>::{closure#0}, ()>
[INFO] [stdout]   18:     0x60af01d383be - <tokio[10987dab376ccd59]::runtime::runtime::Runtime>::block_on::<core[df12db4294e9bfd3]::pin::Pin<&mut dyn core[df12db4294e9bfd3]::future::future::Future<Output = ()>>>
[INFO] [stdout]   19:     0x60af01ce73ca - <etwin_user_store[762ff6a3f0f614cd]::pg::test::test_register_the_admin_and_retrieve_short::{closure#0} as core[df12db4294e9bfd3]::ops::function::FnOnce<()>>::call_once
[INFO] [stdout]   20:     0x60af01ddf6eb - serial_test[a1a10237f3eaa085]::serial_code_lock::local_serial_core
[INFO] [stdout]   21:     0x60af01d3801d - <etwin_user_store[762ff6a3f0f614cd]::pg::test::test_register_the_admin_and_retrieve_short::{closure#0} as core[df12db4294e9bfd3]::ops::function::FnOnce<()>>::call_once
[INFO] [stdout]   22:     0x60af01d9da3b - test[9d35eded1c95d3be]::__rust_begin_short_backtrace::<core[df12db4294e9bfd3]::result::Result<(), alloc[2182bb758b4b3781]::string::String>, fn() -> core[df12db4294e9bfd3]::result::Result<(), alloc[2182bb758b4b3781]::string::String>>
[INFO] [stdout]   23:     0x60af01dab0a5 - test[9d35eded1c95d3be]::run_test::{closure#0}
[INFO] [stdout]   24:     0x60af01da4964 - std[70759c8f55707aa4]::sys::backtrace::__rust_begin_short_backtrace::<test[9d35eded1c95d3be]::run_test::{closure#1}, ()>
[INFO] [stdout]   25:     0x60af01dae202 - <std[70759c8f55707aa4]::thread::lifecycle::spawn_unchecked<test[9d35eded1c95d3be]::run_test::{closure#1}, ()>::{closure#1} as core[df12db4294e9bfd3]::ops::function::FnOnce<()>>::call_once::{shim:vtable#0}
[INFO] [stdout]   26:     0x60af0206a809 - <std[70759c8f55707aa4]::sys::thread::unix::Thread>::new::thread_start
[INFO] [stdout]   27:     0x7a1f2589cdfa - <unknown>
[INFO] [stdout]   28:     0x7a1f259303d4 - clone
[INFO] [stdout]   29:                0x0 - <unknown>
[INFO] [stdout] 
[INFO] [stdout] ---- pg::test::test_update_display_after_unlock stdout ----
[INFO] [stdout] 
[INFO] [stdout] thread 'pg::test::test_update_display_after_unlock' (4116) panicked at src/pg.rs:564:78:
[INFO] [stdout] called `Result::unwrap()` on an `Err` value: NotFound("/opt/rustwide/workdir")
[INFO] [stdout] stack backtrace:
[INFO] [stdout]    0:     0x60af0206b971 - <<std[70759c8f55707aa4]::sys::backtrace::BacktraceLock>::print::DisplayBacktrace as core[df12db4294e9bfd3]::fmt::Display>::fmt
[INFO] [stdout]    1:     0x60af02083a9a - core[df12db4294e9bfd3]::fmt::write
[INFO] [stdout]    2:     0x60af020703bc - <alloc[2182bb758b4b3781]::vec::Vec<u8> as core[df12db4294e9bfd3]::io::write::Write>::write_fmt
[INFO] [stdout]    3:     0x60af02046426 - std[70759c8f55707aa4]::panicking::default_hook::{closure#0}
[INFO] [stdout]    4:     0x60af02063209 - std[70759c8f55707aa4]::panicking::default_hook
[INFO] [stdout]    5:     0x60af01daa750 - test[9d35eded1c95d3be]::test_main_inner::<test[9d35eded1c95d3be]::test_main_static::{closure#0}>::{closure#0}
[INFO] [stdout]    6:     0x60af02063532 - std[70759c8f55707aa4]::panicking::panic_with_hook
[INFO] [stdout]    7:     0x60af020464d2 - std[70759c8f55707aa4]::panicking::panic_handler::{closure#0}
[INFO] [stdout]    8:     0x60af0203efe9 - std[70759c8f55707aa4]::sys::backtrace::__rust_end_short_backtrace::<std[70759c8f55707aa4]::panicking::panic_handler::{closure#0}, !>
[INFO] [stdout]    9:     0x60af020472bd - __rustc[8fa7c3cbc660c2b3]::rust_begin_unwind
[INFO] [stdout]   10:     0x60af0208427c - core[df12db4294e9bfd3]::panicking::panic_fmt
[INFO] [stdout]   11:     0x60af02084052 - core[df12db4294e9bfd3]::result::unwrap_failed
[INFO] [stdout]   12:     0x60af01ce3741 - etwin_user_store[762ff6a3f0f614cd]::pg::test::make_test_api::{closure#0}
[INFO] [stdout]   13:     0x60af01cd6bc5 - etwin_user_store[762ff6a3f0f614cd]::pg::test::test_update_display_after_unlock::{closure#0}::{closure#0}
[INFO] [stdout]   14:     0x60af01d45dc3 - <tokio[10987dab376ccd59]::runtime::scheduler::current_thread::Context>::enter::<core[df12db4294e9bfd3]::task::poll::Poll<()>, <tokio[10987dab376ccd59]::runtime::scheduler::current_thread::CoreGuard>::block_on<core[df12db4294e9bfd3]::pin::Pin<&mut core[df12db4294e9bfd3]::pin::Pin<&mut dyn core[df12db4294e9bfd3]::future::future::Future<Output = ()>>>>::{closure#0}::{closure#0}>
[INFO] [stdout]   15:     0x60af01cfea2c - <tokio[10987dab376ccd59]::runtime::context::scoped::Scoped<tokio[10987dab376ccd59]::runtime::scheduler::Context>>::set::<<tokio[10987dab376ccd59]::runtime::scheduler::current_thread::CoreGuard>::enter<<tokio[10987dab376ccd59]::runtime::scheduler::current_thread::CoreGuard>::block_on<core[df12db4294e9bfd3]::pin::Pin<&mut core[df12db4294e9bfd3]::pin::Pin<&mut dyn core[df12db4294e9bfd3]::future::future::Future<Output = ()>>>>::{closure#0}, core[df12db4294e9bfd3]::option::Option<()>>::{closure#0}, (alloc[2182bb758b4b3781]::boxed::Box<tokio[10987dab376ccd59]::runtime::scheduler::current_thread::Core>, core[df12db4294e9bfd3]::option::Option<()>)>
[INFO] [stdout]   16:     0x60af01d46447 - <tokio[10987dab376ccd59]::runtime::scheduler::current_thread::CoreGuard>::block_on::<core[df12db4294e9bfd3]::pin::Pin<&mut core[df12db4294e9bfd3]::pin::Pin<&mut dyn core[df12db4294e9bfd3]::future::future::Future<Output = ()>>>>
[INFO] [stdout]   17:     0x60af01d3b67d - tokio[10987dab376ccd59]::runtime::context::runtime::enter_runtime::<<tokio[10987dab376ccd59]::runtime::scheduler::current_thread::CurrentThread>::block_on<core[df12db4294e9bfd3]::pin::Pin<&mut dyn core[df12db4294e9bfd3]::future::future::Future<Output = ()>>>::{closure#0}, ()>
[INFO] [stdout]   18:     0x60af01d383be - <tokio[10987dab376ccd59]::runtime::runtime::Runtime>::block_on::<core[df12db4294e9bfd3]::pin::Pin<&mut dyn core[df12db4294e9bfd3]::future::future::Future<Output = ()>>>
[INFO] [stdout]   19:     0x60af01ce6f4a - <etwin_user_store[762ff6a3f0f614cd]::pg::test::test_update_display_after_unlock::{closure#0} as core[df12db4294e9bfd3]::ops::function::FnOnce<()>>::call_once
[INFO] [stdout]   20:     0x60af01ddf6eb - serial_test[a1a10237f3eaa085]::serial_code_lock::local_serial_core
[INFO] [stdout]   21:     0x60af01d37f8d - <etwin_user_store[762ff6a3f0f614cd]::pg::test::test_update_display_after_unlock::{closure#0} as core[df12db4294e9bfd3]::ops::function::FnOnce<()>>::call_once
[INFO] [stdout]   22:     0x60af01d9da3b - test[9d35eded1c95d3be]::__rust_begin_short_backtrace::<core[df12db4294e9bfd3]::result::Result<(), alloc[2182bb758b4b3781]::string::String>, fn() -> core[df12db4294e9bfd3]::result::Result<(), alloc[2182bb758b4b3781]::string::String>>
[INFO] [stdout]   23:     0x60af01dab0a5 - test[9d35eded1c95d3be]::run_test::{closure#0}
[INFO] [stdout]   24:     0x60af01da4964 - std[70759c8f55707aa4]::sys::backtrace::__rust_begin_short_backtrace::<test[9d35eded1c95d3be]::run_test::{closure#1}, ()>
[INFO] [stdout]   25:     0x60af01dae202 - <std[70759c8f55707aa4]::thread::lifecycle::spawn_unchecked<test[9d35eded1c95d3be]::run_test::{closure#1}, ()>::{closure#1} as core[df12db4294e9bfd3]::ops::function::FnOnce<()>>::call_once::{shim:vtable#0}
[INFO] [stdout]   26:     0x60af0206a809 - <std[70759c8f55707aa4]::sys::thread::unix::Thread>::new::thread_start
[INFO] [stdout]   27:     0x7a1f2589cdfa - <unknown>
[INFO] [stdout]   28:     0x7a1f259303d4 - clone
[INFO] [stdout]   29:                0x0 - <unknown>
[INFO] [stdout] 
[INFO] [stdout] ---- pg::test::test_update_locked_display_name_after_update stdout ----
[INFO] [stdout] 
[INFO] [stdout] thread 'pg::test::test_update_locked_display_name_after_update' (4121) panicked at src/pg.rs:564:78:
[INFO] [stdout] called `Result::unwrap()` on an `Err` value: NotFound("/opt/rustwide/workdir")
[INFO] [stdout] stack backtrace:
[INFO] [stdout]    0:     0x60af0206b971 - <<std[70759c8f55707aa4]::sys::backtrace::BacktraceLock>::print::DisplayBacktrace as core[df12db4294e9bfd3]::fmt::Display>::fmt
[INFO] [stdout]    1:     0x60af02083a9a - core[df12db4294e9bfd3]::fmt::write
[INFO] [stdout]    2:     0x60af020703bc - <alloc[2182bb758b4b3781]::vec::Vec<u8> as core[df12db4294e9bfd3]::io::write::Write>::write_fmt
[INFO] [stdout]    3:     0x60af02046426 - std[70759c8f55707aa4]::panicking::default_hook::{closure#0}
[INFO] [stdout]    4:     0x60af02063209 - std[70759c8f55707aa4]::panicking::default_hook
[INFO] [stdout]    5:     0x60af01daa750 - test[9d35eded1c95d3be]::test_main_inner::<test[9d35eded1c95d3be]::test_main_static::{closure#0}>::{closure#0}
[INFO] [stdout]    6:     0x60af02063532 - std[70759c8f55707aa4]::panicking::panic_with_hook
[INFO] [stdout]    7:     0x60af020464d2 - std[70759c8f55707aa4]::panicking::panic_handler::{closure#0}
[INFO] [stdout]    8:     0x60af0203efe9 - std[70759c8f55707aa4]::sys::backtrace::__rust_end_short_backtrace::<std[70759c8f55707aa4]::panicking::panic_handler::{closure#0}, !>
[INFO] [stdout]    9:     0x60af020472bd - __rustc[8fa7c3cbc660c2b3]::rust_begin_unwind
[INFO] [stdout]   10:     0x60af0208427c - core[df12db4294e9bfd3]::panicking::panic_fmt
[INFO] [stdout]   11:     0x60af02084052 - core[df12db4294e9bfd3]::result::unwrap_failed
[INFO] [stdout]   12:     0x60af01ce3741 - etwin_user_store[762ff6a3f0f614cd]::pg::test::make_test_api::{closure#0}
[INFO] [stdout]   13:     0x60af01cdae05 - etwin_user_store[762ff6a3f0f614cd]::pg::test::test_update_locked_display_name_after_update::{closure#0}::{closure#0}
[INFO] [stdout]   14:     0x60af01d45dc3 - <tokio[10987dab376ccd59]::runtime::scheduler::current_thread::Context>::enter::<core[df12db4294e9bfd3]::task::poll::Poll<()>, <tokio[10987dab376ccd59]::runtime::scheduler::current_thread::CoreGuard>::block_on<core[df12db4294e9bfd3]::pin::Pin<&mut core[df12db4294e9bfd3]::pin::Pin<&mut dyn core[df12db4294e9bfd3]::future::future::Future<Output = ()>>>>::{closure#0}::{closure#0}>
[INFO] [stdout]   15:     0x60af01cfea2c - <tokio[10987dab376ccd59]::runtime::context::scoped::Scoped<tokio[10987dab376ccd59]::runtime::scheduler::Context>>::set::<<tokio[10987dab376ccd59]::runtime::scheduler::current_thread::CoreGuard>::enter<<tokio[10987dab376ccd59]::runtime::scheduler::current_thread::CoreGuard>::block_on<core[df12db4294e9bfd3]::pin::Pin<&mut core[df12db4294e9bfd3]::pin::Pin<&mut dyn core[df12db4294e9bfd3]::future::future::Future<Output = ()>>>>::{closure#0}, core[df12db4294e9bfd3]::option::Option<()>>::{closure#0}, (alloc[2182bb758b4b3781]::boxed::Box<tokio[10987dab376ccd59]::runtime::scheduler::current_thread::Core>, core[df12db4294e9bfd3]::option::Option<()>)>
[INFO] [stdout]   16:     0x60af01d46447 - <tokio[10987dab376ccd59]::runtime::scheduler::current_thread::CoreGuard>::block_on::<core[df12db4294e9bfd3]::pin::Pin<&mut core[df12db4294e9bfd3]::pin::Pin<&mut dyn core[df12db4294e9bfd3]::future::future::Future<Output = ()>>>>
[INFO] [stdout]   17:     0x60af01d3b67d - tokio[10987dab376ccd59]::runtime::context::runtime::enter_runtime::<<tokio[10987dab376ccd59]::runtime::scheduler::current_thread::CurrentThread>::block_on<core[df12db4294e9bfd3]::pin::Pin<&mut dyn core[df12db4294e9bfd3]::future::future::Future<Output = ()>>>::{closure#0}, ()>
[INFO] [stdout]   18:     0x60af01d383be - <tokio[10987dab376ccd59]::runtime::runtime::Runtime>::block_on::<core[df12db4294e9bfd3]::pin::Pin<&mut dyn core[df12db4294e9bfd3]::future::future::Future<Output = ()>>>
[INFO] [stdout]   19:     0x60af01ce76ca - <etwin_user_store[762ff6a3f0f614cd]::pg::test::test_update_locked_display_name_after_update::{closure#0} as core[df12db4294e9bfd3]::ops::function::FnOnce<()>>::call_once
[INFO] [stdout]   20:     0x60af01ddf6eb - serial_test[a1a10237f3eaa085]::serial_code_lock::local_serial_core
[INFO] [stdout]   21:     0x60af01d3807d - <etwin_user_store[762ff6a3f0f614cd]::pg::test::test_update_locked_display_name_after_update::{closure#0} as core[df12db4294e9bfd3]::ops::function::FnOnce<()>>::call_once
[INFO] [stdout]   22:     0x60af01d9da3b - test[9d35eded1c95d3be]::__rust_begin_short_backtrace::<core[df12db4294e9bfd3]::result::Result<(), alloc[2182bb758b4b3781]::string::String>, fn() -> core[df12db4294e9bfd3]::result::Result<(), alloc[2182bb758b4b3781]::string::String>>
[INFO] [stdout]   23:     0x60af01dab0a5 - test[9d35eded1c95d3be]::run_test::{closure#0}
[INFO] [stdout]   24:     0x60af01da4964 - std[70759c8f55707aa4]::sys::backtrace::__rust_begin_short_backtrace::<test[9d35eded1c95d3be]::run_test::{closure#1}, ()>
[INFO] [stdout]   25:     0x60af01dae202 - <std[70759c8f55707aa4]::thread::lifecycle::spawn_unchecked<test[9d35eded1c95d3be]::run_test::{closure#1}, ()>::{closure#1} as core[df12db4294e9bfd3]::ops::function::FnOnce<()>>::call_once::{shim:vtable#0}
[INFO] [stdout]   26:     0x60af0206a809 - <std[70759c8f55707aa4]::sys::thread::unix::Thread>::new::thread_start
[INFO] [stdout]   27:     0x7a1f2589cdfa - <unknown>
[INFO] [stdout]   28:     0x7a1f259303d4 - clone
[INFO] [stdout]   29:                0x0 - <unknown>
[INFO] [stdout] 
[INFO] [stdout] ---- pg::test::test_update_display_name_afte_multiple_unlocks stdout ----
[INFO] [stdout] 
[INFO] [stdout] thread 'pg::test::test_update_display_name_afte_multiple_unlocks' (4117) panicked at src/pg.rs:564:78:
[INFO] [stdout] called `Result::unwrap()` on an `Err` value: NotFound("/opt/rustwide/workdir")
[INFO] [stdout] stack backtrace:
[INFO] [stdout]    0:     0x60af0206b971 - <<std[70759c8f55707aa4]::sys::backtrace::BacktraceLock>::print::DisplayBacktrace as core[df12db4294e9bfd3]::fmt::Display>::fmt
[INFO] [stdout]    1:     0x60af02083a9a - core[df12db4294e9bfd3]::fmt::write
[INFO] [stdout]    2:     0x60af020703bc - <alloc[2182bb758b4b3781]::vec::Vec<u8> as core[df12db4294e9bfd3]::io::write::Write>::write_fmt
[INFO] [stdout]    3:     0x60af02046426 - std[70759c8f55707aa4]::panicking::default_hook::{closure#0}
[INFO] [stdout]    4:     0x60af02063209 - std[70759c8f55707aa4]::panicking::default_hook
[INFO] [stdout]    5:     0x60af01daa750 - test[9d35eded1c95d3be]::test_main_inner::<test[9d35eded1c95d3be]::test_main_static::{closure#0}>::{closure#0}
[INFO] [stdout]    6:     0x60af02063532 - std[70759c8f55707aa4]::panicking::panic_with_hook
[INFO] [stdout]    7:     0x60af020464d2 - std[70759c8f55707aa4]::panicking::panic_handler::{closure#0}
[INFO] [stdout]    8:     0x60af0203efe9 - std[70759c8f55707aa4]::sys::backtrace::__rust_end_short_backtrace::<std[70759c8f55707aa4]::panicking::panic_handler::{closure#0}, !>
[INFO] [stdout]    9:     0x60af020472bd - __rustc[8fa7c3cbc660c2b3]::rust_begin_unwind
[INFO] [stdout]   10:     0x60af0208427c - core[df12db4294e9bfd3]::panicking::panic_fmt
[INFO] [stdout]   11:     0x60af02084052 - core[df12db4294e9bfd3]::result::unwrap_failed
[INFO] [stdout]   12:     0x60af01ce3741 - etwin_user_store[762ff6a3f0f614cd]::pg::test::make_test_api::{closure#0}
[INFO] [stdout]   13:     0x60af01cdcbb5 - etwin_user_store[762ff6a3f0f614cd]::pg::test::test_update_display_name_afte_multiple_unlocks::{closure#0}::{closure#0}
[INFO] [stdout]   14:     0x60af01d45dc3 - <tokio[10987dab376ccd59]::runtime::scheduler::current_thread::Context>::enter::<core[df12db4294e9bfd3]::task::poll::Poll<()>, <tokio[10987dab376ccd59]::runtime::scheduler::current_thread::CoreGuard>::block_on<core[df12db4294e9bfd3]::pin::Pin<&mut core[df12db4294e9bfd3]::pin::Pin<&mut dyn core[df12db4294e9bfd3]::future::future::Future<Output = ()>>>>::{closure#0}::{closure#0}>
[INFO] [stdout]   15:     0x60af01cfea2c - <tokio[10987dab376ccd59]::runtime::context::scoped::Scoped<tokio[10987dab376ccd59]::runtime::scheduler::Context>>::set::<<tokio[10987dab376ccd59]::runtime::scheduler::current_thread::CoreGuard>::enter<<tokio[10987dab376ccd59]::runtime::scheduler::current_thread::CoreGuard>::block_on<core[df12db4294e9bfd3]::pin::Pin<&mut core[df12db4294e9bfd3]::pin::Pin<&mut dyn core[df12db4294e9bfd3]::future::future::Future<Output = ()>>>>::{closure#0}, core[df12db4294e9bfd3]::option::Option<()>>::{closure#0}, (alloc[2182bb758b4b3781]::boxed::Box<tokio[10987dab376ccd59]::runtime::scheduler::current_thread::Core>, core[df12db4294e9bfd3]::option::Option<()>)>
[INFO] [stdout]   16:     0x60af01d46447 - <tokio[10987dab376ccd59]::runtime::scheduler::current_thread::CoreGuard>::block_on::<core[df12db4294e9bfd3]::pin::Pin<&mut core[df12db4294e9bfd3]::pin::Pin<&mut dyn core[df12db4294e9bfd3]::future::future::Future<Output = ()>>>>
[INFO] [stdout]   17:     0x60af01d3b67d - tokio[10987dab376ccd59]::runtime::context::runtime::enter_runtime::<<tokio[10987dab376ccd59]::runtime::scheduler::current_thread::CurrentThread>::block_on<core[df12db4294e9bfd3]::pin::Pin<&mut dyn core[df12db4294e9bfd3]::future::future::Future<Output = ()>>>::{closure#0}, ()>
[INFO] [stdout]   18:     0x60af01d383be - <tokio[10987dab376ccd59]::runtime::runtime::Runtime>::block_on::<core[df12db4294e9bfd3]::pin::Pin<&mut dyn core[df12db4294e9bfd3]::future::future::Future<Output = ()>>>
[INFO] [stdout]   19:     0x60af01ce79ca - <etwin_user_store[762ff6a3f0f614cd]::pg::test::test_update_display_name_afte_multiple_unlocks::{closure#0} as core[df12db4294e9bfd3]::ops::function::FnOnce<()>>::call_once
[INFO] [stdout]   20:     0x60af01ddf6eb - serial_test[a1a10237f3eaa085]::serial_code_lock::local_serial_core
[INFO] [stdout]   21:     0x60af01d380dd - <etwin_user_store[762ff6a3f0f614cd]::pg::test::test_update_display_name_afte_multiple_unlocks::{closure#0} as core[df12db4294e9bfd3]::ops::function::FnOnce<()>>::call_once
[INFO] [stdout]   22:     0x60af01d9da3b - test[9d35eded1c95d3be]::__rust_begin_short_backtrace::<core[df12db4294e9bfd3]::result::Result<(), alloc[2182bb758b4b3781]::string::String>, fn() -> core[df12db4294e9bfd3]::result::Result<(), alloc[2182bb758b4b3781]::string::String>>
[INFO] [stdout]   23:     0x60af01dab0a5 - test[9d35eded1c95d3be]::run_test::{closure#0}
[INFO] [stdout]   24:     0x60af01da4964 - std[70759c8f55707aa4]::sys::backtrace::__rust_begin_short_backtrace::<test[9d35eded1c95d3be]::run_test::{closure#1}, ()>
[INFO] [stdout]   25:     0x60af01dae202 - <std[70759c8f55707aa4]::thread::lifecycle::spawn_unchecked<test[9d35eded1c95d3be]::run_test::{closure#1}, ()>::{closure#1} as core[df12db4294e9bfd3]::ops::function::FnOnce<()>>::call_once::{shim:vtable#0}
[INFO] [stdout]   26:     0x60af0206a809 - <std[70759c8f55707aa4]::sys::thread::unix::Thread>::new::thread_start
[INFO] [stdout]   27:     0x7a1f2589cdfa - <unknown>
[INFO] [stdout]   28:     0x7a1f259303d4 - clone
[INFO] [stdout]   29:                0x0 - <unknown>
[INFO] [stdout] 
[INFO] [stdout] ---- pg::test::test_update_display_name_after_creation stdout ----
[INFO] [stdout] 
[INFO] [stdout] thread 'pg::test::test_update_display_name_after_creation' (4118) panicked at src/pg.rs:564:78:
[INFO] [stdout] called `Result::unwrap()` on an `Err` value: NotFound("/opt/rustwide/workdir")
[INFO] [stdout] stack backtrace:
[INFO] [stdout]    0:     0x60af0206b971 - <<std[70759c8f55707aa4]::sys::backtrace::BacktraceLock>::print::DisplayBacktrace as core[df12db4294e9bfd3]::fmt::Display>::fmt
[INFO] [stdout]    1:     0x60af02083a9a - core[df12db4294e9bfd3]::fmt::write
[INFO] [stdout]    2:     0x60af020703bc - <alloc[2182bb758b4b3781]::vec::Vec<u8> as core[df12db4294e9bfd3]::io::write::Write>::write_fmt
[INFO] [stdout]    3:     0x60af02046426 - std[70759c8f55707aa4]::panicking::default_hook::{closure#0}
[INFO] [stdout]    4:     0x60af02063209 - std[70759c8f55707aa4]::panicking::default_hook
[INFO] [stdout]    5:     0x60af01daa750 - test[9d35eded1c95d3be]::test_main_inner::<test[9d35eded1c95d3be]::test_main_static::{closure#0}>::{closure#0}
[INFO] [stdout]    6:     0x60af02063532 - std[70759c8f55707aa4]::panicking::panic_with_hook
[INFO] [stdout]    7:     0x60af020464d2 - std[70759c8f55707aa4]::panicking::panic_handler::{closure#0}
[INFO] [stdout]    8:     0x60af0203efe9 - std[70759c8f55707aa4]::sys::backtrace::__rust_end_short_backtrace::<std[70759c8f55707aa4]::panicking::panic_handler::{closure#0}, !>
[INFO] [stdout]    9:     0x60af020472bd - __rustc[8fa7c3cbc660c2b3]::rust_begin_unwind
[INFO] [stdout]   10:     0x60af0208427c - core[df12db4294e9bfd3]::panicking::panic_fmt
[INFO] [stdout]   11:     0x60af02084052 - core[df12db4294e9bfd3]::result::unwrap_failed
[INFO] [stdout]   12:     0x60af01ce3741 - etwin_user_store[762ff6a3f0f614cd]::pg::test::make_test_api::{closure#0}
[INFO] [stdout]   13:     0x60af01cd8d05 - etwin_user_store[762ff6a3f0f614cd]::pg::test::test_update_display_name_after_creation::{closure#0}::{closure#0}
[INFO] [stdout]   14:     0x60af01d45dc3 - <tokio[10987dab376ccd59]::runtime::scheduler::current_thread::Context>::enter::<core[df12db4294e9bfd3]::task::poll::Poll<()>, <tokio[10987dab376ccd59]::runtime::scheduler::current_thread::CoreGuard>::block_on<core[df12db4294e9bfd3]::pin::Pin<&mut core[df12db4294e9bfd3]::pin::Pin<&mut dyn core[df12db4294e9bfd3]::future::future::Future<Output = ()>>>>::{closure#0}::{closure#0}>
[INFO] [stdout]   15:     0x60af01cfea2c - <tokio[10987dab376ccd59]::runtime::context::scoped::Scoped<tokio[10987dab376ccd59]::runtime::scheduler::Context>>::set::<<tokio[10987dab376ccd59]::runtime::scheduler::current_thread::CoreGuard>::enter<<tokio[10987dab376ccd59]::runtime::scheduler::current_thread::CoreGuard>::block_on<core[df12db4294e9bfd3]::pin::Pin<&mut core[df12db4294e9bfd3]::pin::Pin<&mut dyn core[df12db4294e9bfd3]::future::future::Future<Output = ()>>>>::{closure#0}, core[df12db4294e9bfd3]::option::Option<()>>::{closure#0}, (alloc[2182bb758b4b3781]::boxed::Box<tokio[10987dab376ccd59]::runtime::scheduler::current_thread::Core>, core[df12db4294e9bfd3]::option::Option<()>)>
[INFO] [stdout]   16:     0x60af01d46447 - <tokio[10987dab376ccd59]::runtime::scheduler::current_thread::CoreGuard>::block_on::<core[df12db4294e9bfd3]::pin::Pin<&mut core[df12db4294e9bfd3]::pin::Pin<&mut dyn core[df12db4294e9bfd3]::future::future::Future<Output = ()>>>>
[INFO] [stdout]   17:     0x60af01d3b67d - tokio[10987dab376ccd59]::runtime::context::runtime::enter_runtime::<<tokio[10987dab376ccd59]::runtime::scheduler::current_thread::CurrentThread>::block_on<core[df12db4294e9bfd3]::pin::Pin<&mut dyn core[df12db4294e9bfd3]::future::future::Future<Output = ()>>>::{closure#0}, ()>
[INFO] [stdout]   18:     0x60af01d383be - <tokio[10987dab376ccd59]::runtime::runtime::Runtime>::block_on::<core[df12db4294e9bfd3]::pin::Pin<&mut dyn core[df12db4294e9bfd3]::future::future::Future<Output = ()>>>
[INFO] [stdout]   19:     0x60af01ce724a - <etwin_user_store[762ff6a3f0f614cd]::pg::test::test_update_display_name_after_creation::{closure#0} as core[df12db4294e9bfd3]::ops::function::FnOnce<()>>::call_once
[INFO] [stdout]   20:     0x60af01ddf6eb - serial_test[a1a10237f3eaa085]::serial_code_lock::local_serial_core
[INFO] [stdout]   21:     0x60af01d37fed - <etwin_user_store[762ff6a3f0f614cd]::pg::test::test_update_display_name_after_creation::{closure#0} as core[df12db4294e9bfd3]::ops::function::FnOnce<()>>::call_once
[INFO] [stdout]   22:     0x60af01d9da3b - test[9d35eded1c95d3be]::__rust_begin_short_backtrace::<core[df12db4294e9bfd3]::result::Result<(), alloc[2182bb758b4b3781]::string::String>, fn() -> core[df12db4294e9bfd3]::result::Result<(), alloc[2182bb758b4b3781]::string::String>>
[INFO] [stdout]   23:     0x60af01dab0a5 - test[9d35eded1c95d3be]::run_test::{closure#0}
[INFO] [stdout]   24:     0x60af01da4964 - std[70759c8f55707aa4]::sys::backtrace::__rust_begin_short_backtrace::<test[9d35eded1c95d3be]::run_test::{closure#1}, ()>
[INFO] [stdout]   25:     0x60af01dae202 - <std[70759c8f55707aa4]::thread::lifecycle::spawn_unchecked<test[9d35eded1c95d3be]::run_test::{closure#1}, ()>::{closure#1} as core[df12db4294e9bfd3]::ops::function::FnOnce<()>>::call_once::{shim:vtable#0}
[INFO] [stdout]   26:     0x60af0206a809 - <std[70759c8f55707aa4]::sys::thread::unix::Thread>::new::thread_start
[INFO] [stdout]   27:     0x7a1f2589cdfa - <unknown>
[INFO] [stdout]   28:     0x7a1f259303d4 - clone
[INFO] [stdout]   29:                0x0 - <unknown>
[INFO] [stdout] 
[INFO] [stdout] ---- pg::test::test_create_admin stdout ----
[INFO] [stdout] 
[INFO] [stdout] thread 'pg::test::test_create_admin' (4111) panicked at src/pg.rs:564:78:
[INFO] [stdout] called `Result::unwrap()` on an `Err` value: NotFound("/opt/rustwide/workdir")
[INFO] [stdout] stack backtrace:
[INFO] [stdout]    0:     0x60af0206b971 - <<std[70759c8f55707aa4]::sys::backtrace::BacktraceLock>::print::DisplayBacktrace as core[df12db4294e9bfd3]::fmt::Display>::fmt
[INFO] [stdout]    1:     0x60af02083a9a - core[df12db4294e9bfd3]::fmt::write
[INFO] [stdout]    2:     0x60af020703bc - <alloc[2182bb758b4b3781]::vec::Vec<u8> as core[df12db4294e9bfd3]::io::write::Write>::write_fmt
[INFO] [stdout]    3:     0x60af02046426 - std[70759c8f55707aa4]::panicking::default_hook::{closure#0}
[INFO] [stdout]    4:     0x60af02063209 - std[70759c8f55707aa4]::panicking::default_hook
[INFO] [stdout]    5:     0x60af01daa750 - test[9d35eded1c95d3be]::test_main_inner::<test[9d35eded1c95d3be]::test_main_static::{closure#0}>::{closure#0}
[INFO] [stdout]    6:     0x60af02063532 - std[70759c8f55707aa4]::panicking::panic_with_hook
[INFO] [stdout]    7:     0x60af020464d2 - std[70759c8f55707aa4]::panicking::panic_handler::{closure#0}
[INFO] [stdout]    8:     0x60af0203efe9 - std[70759c8f55707aa4]::sys::backtrace::__rust_end_short_backtrace::<std[70759c8f55707aa4]::panicking::panic_handler::{closure#0}, !>
[INFO] [stdout]    9:     0x60af020472bd - __rustc[8fa7c3cbc660c2b3]::rust_begin_unwind
[INFO] [stdout]   10:     0x60af0208427c - core[df12db4294e9bfd3]::panicking::panic_fmt
[INFO] [stdout]   11:     0x60af02084052 - core[df12db4294e9bfd3]::result::unwrap_failed
[INFO] [stdout]   12:     0x60af01ce3741 - etwin_user_store[762ff6a3f0f614cd]::pg::test::make_test_api::{closure#0}
[INFO] [stdout]   13:     0x60af01cd4985 - etwin_user_store[762ff6a3f0f614cd]::pg::test::test_create_admin::{closure#0}::{closure#0}
[INFO] [stdout]   14:     0x60af01d45dc3 - <tokio[10987dab376ccd59]::runtime::scheduler::current_thread::Context>::enter::<core[df12db4294e9bfd3]::task::poll::Poll<()>, <tokio[10987dab376ccd59]::runtime::scheduler::current_thread::CoreGuard>::block_on<core[df12db4294e9bfd3]::pin::Pin<&mut core[df12db4294e9bfd3]::pin::Pin<&mut dyn core[df12db4294e9bfd3]::future::future::Future<Output = ()>>>>::{closure#0}::{closure#0}>
[INFO] [stdout]   15:     0x60af01cfea2c - <tokio[10987dab376ccd59]::runtime::context::scoped::Scoped<tokio[10987dab376ccd59]::runtime::scheduler::Context>>::set::<<tokio[10987dab376ccd59]::runtime::scheduler::current_thread::CoreGuard>::enter<<tokio[10987dab376ccd59]::runtime::scheduler::current_thread::CoreGuard>::block_on<core[df12db4294e9bfd3]::pin::Pin<&mut core[df12db4294e9bfd3]::pin::Pin<&mut dyn core[df12db4294e9bfd3]::future::future::Future<Output = ()>>>>::{closure#0}, core[df12db4294e9bfd3]::option::Option<()>>::{closure#0}, (alloc[2182bb758b4b3781]::boxed::Box<tokio[10987dab376ccd59]::runtime::scheduler::current_thread::Core>, core[df12db4294e9bfd3]::option::Option<()>)>
[INFO] [stdout]   16:     0x60af01d46447 - <tokio[10987dab376ccd59]::runtime::scheduler::current_thread::CoreGuard>::block_on::<core[df12db4294e9bfd3]::pin::Pin<&mut core[df12db4294e9bfd3]::pin::Pin<&mut dyn core[df12db4294e9bfd3]::future::future::Future<Output = ()>>>>
[INFO] [stdout]   17:     0x60af01d3b67d - tokio[10987dab376ccd59]::runtime::context::runtime::enter_runtime::<<tokio[10987dab376ccd59]::runtime::scheduler::current_thread::CurrentThread>::block_on<core[df12db4294e9bfd3]::pin::Pin<&mut dyn core[df12db4294e9bfd3]::future::future::Future<Output = ()>>>::{closure#0}, ()>
[INFO] [stdout]   18:     0x60af01d383be - <tokio[10987dab376ccd59]::runtime::runtime::Runtime>::block_on::<core[df12db4294e9bfd3]::pin::Pin<&mut dyn core[df12db4294e9bfd3]::future::future::Future<Output = ()>>>
[INFO] [stdout]   19:     0x60af01ce6aca - <etwin_user_store[762ff6a3f0f614cd]::pg::test::test_create_admin::{closure#0} as core[df12db4294e9bfd3]::ops::function::FnOnce<()>>::call_once
[INFO] [stdout]   20:     0x60af01ddf6eb - serial_test[a1a10237f3eaa085]::serial_code_lock::local_serial_core
[INFO] [stdout]   21:     0x60af01d37efd - <etwin_user_store[762ff6a3f0f614cd]::pg::test::test_create_admin::{closure#0} as core[df12db4294e9bfd3]::ops::function::FnOnce<()>>::call_once
[INFO] [stdout]   22:     0x60af01d9da3b - test[9d35eded1c95d3be]::__rust_begin_short_backtrace::<core[df12db4294e9bfd3]::result::Result<(), alloc[2182bb758b4b3781]::string::String>, fn() -> core[df12db4294e9bfd3]::result::Result<(), alloc[2182bb758b4b3781]::string::String>>
[INFO] [stdout]   23:     0x60af01dab0a5 - test[9d35eded1c95d3be]::run_test::{closure#0}
[INFO] [stdout]   24:     0x60af01da4964 - std[70759c8f55707aa4]::sys::backtrace::__rust_begin_short_backtrace::<test[9d35eded1c95d3be]::run_test::{closure#1}, ()>
[INFO] [stdout]   25:     0x60af01dae202 - <std[70759c8f55707aa4]::thread::lifecycle::spawn_unchecked<test[9d35eded1c95d3be]::run_test::{closure#1}, ()>::{closure#1} as core[df12db4294e9bfd3]::ops::function::FnOnce<()>>::call_once::{shim:vtable#0}
[INFO] [stdout]   26:     0x60af0206a809 - <std[70759c8f55707aa4]::sys::thread::unix::Thread>::new::thread_start
[INFO] [stdout]   27:     0x7a1f2589cdfa - <unknown>
[INFO] [stdout]   28:     0x7a1f259303d4 - clone
[INFO] [stdout]   29:                0x0 - <unknown>
[INFO] [stdout] 
[INFO] [stdout] 
[INFO] [stdout] failures:
[INFO] [stdout]     pg::test::test_create_admin
[INFO] [stdout]     pg::test::test_hard_delete_user
[INFO] [stdout]     pg::test::test_register_the_admin_and_retrieve_complete
[INFO] [stdout]     pg::test::test_register_the_admin_and_retrieve_default
[INFO] [stdout]     pg::test::test_register_the_admin_and_retrieve_short
[INFO] [stdout]     pg::test::test_update_display_after_unlock
[INFO] [stdout]     pg::test::test_update_display_name_afte_multiple_unlocks
[INFO] [stdout]     pg::test::test_update_display_name_after_creation
[INFO] [stdout]     pg::test::test_update_display_name_then_username
[INFO] [stdout]     pg::test::test_update_locked_display_name
[INFO] [stdout]     pg::test::test_update_locked_display_name_after_update
[INFO] [stdout] 
[INFO] [stdout] test result: FAILED. 11 passed; 11 failed; 0 ignored; 0 measured; 0 filtered out; finished in 0.03s
[INFO] [stdout] 
[INFO] running `Command { std: "docker" "inspect" "2ed66bc594d55fc922609650727c9546a7f3d6c9c65482e3700f3577de0c3399", kill_on_drop: false }`
[INFO] running `Command { std: "docker" "rm" "-f" "2ed66bc594d55fc922609650727c9546a7f3d6c9c65482e3700f3577de0c3399", kill_on_drop: false }`
[INFO] [stdout] 2ed66bc594d55fc922609650727c9546a7f3d6c9c65482e3700f3577de0c3399
