[INFO] fetching crate eternaltwin_twinoid_store 0.16.4...
[INFO] testing eternaltwin_twinoid_store-0.16.4 against 1.99.0-beta.8+cargoflags=--release for beta-release-1.100-2
[INFO] extracting crate eternaltwin_twinoid_store 0.16.4 into /workspace/builds/worker-4-tc1/source
[INFO] started tweaking crates.io crate eternaltwin_twinoid_store 0.16.4
[INFO] finished tweaking crates.io crate eternaltwin_twinoid_store 0.16.4
[INFO] tweaked toml for crates.io crate eternaltwin_twinoid_store 0.16.4 written to /workspace/builds/worker-4-tc1/source/Cargo.toml
[INFO] validating manifest of crates.io crate eternaltwin_twinoid_store 0.16.4 on toolchain 1.99.0-beta.8
[INFO] running `Command { std: CARGO_HOME="/workspace/cargo-home" RUSTUP_HOME="/workspace/rustup-home" "/workspace/cargo-home/bin/cargo" "+1.99.0-beta.8" "metadata" "--manifest-path" "Cargo.toml" "--no-deps", kill_on_drop: false }`
[INFO] crate crates.io crate eternaltwin_twinoid_store 0.16.4 already has a lockfile, it will not be regenerated
[INFO] running `Command { std: CARGO_HOME="/workspace/cargo-home" RUSTUP_HOME="/workspace/rustup-home" "/workspace/cargo-home/bin/cargo" "+1.99.0-beta.8" "fetch" "--manifest-path" "Cargo.toml", kill_on_drop: false }`
[INFO] [stderr]     Updating crates.io index
[INFO] [stderr]  Downloading crates ...
[INFO] [stderr]   Downloaded sqlx-macros v0.7.4
[INFO] [stderr]   Downloaded serial_test_derive v1.0.0
[INFO] [stderr]   Downloaded serial_test v1.0.0
[INFO] [stderr]   Downloaded redox_syscall v0.5.4
[INFO] [stderr]   Downloaded sqlx-macros-core v0.7.4
[INFO] [stderr]   Downloaded syn-mid v0.5.4
[INFO] [stderr]   Downloaded neon-build v0.10.1
[INFO] [stderr]   Downloaded neon-macros v0.10.1
[INFO] [stderr]   Downloaded eternaltwin_postgres_tools v0.16.4
[INFO] [stderr]   Downloaded frunk_proc_macro_helpers v0.1.3
[INFO] [stderr]   Downloaded include_dir v0.7.4
[INFO] [stderr]   Downloaded frunk_proc_macros v0.1.3
[INFO] [stderr]   Downloaded eternaltwin_serde_tools v0.16.4
[INFO] [stderr]   Downloaded frunk_derives v0.4.3
[INFO] [stderr]   Downloaded include_dir_macros v0.7.4
[INFO] [stderr]   Downloaded tokio-stream v0.1.16
[INFO] [stderr]   Downloaded sqlformat v0.2.6
[INFO] [stderr]   Downloaded addr2line v0.24.1
[INFO] [stderr]   Downloaded neon-runtime v0.10.1
[INFO] [stderr]   Downloaded bytes v1.7.2
[INFO] [stderr]   Downloaded eternaltwin_populate v0.16.4
[INFO] [stderr]   Downloaded eternaltwin_squirrel v0.16.4
[INFO] [stderr]   Downloaded eternaltwin_config v0.16.4
[INFO] [stderr]   Downloaded async-trait v0.1.82
[INFO] [stderr]   Downloaded sqlx-mysql v0.7.4
[INFO] [stderr]   Downloaded frunk_core v0.4.3
[INFO] [stderr]   Downloaded frunk v0.4.3
[INFO] [stderr]   Downloaded clap_derive v4.5.18
[INFO] [stderr]   Downloaded sqlx-sqlite v0.7.4
[INFO] [stderr]   Downloaded opentelemetry-semantic-conventions v0.25.0
[INFO] [stderr]   Downloaded eternaltwin_db_schema v0.16.4
[INFO] [stderr]   Downloaded clap v4.5.18
[INFO] [stderr]   Downloaded cc v1.1.21
[INFO] [stderr]   Downloaded opentelemetry v0.25.0
[INFO] [stderr]   Downloaded syn v2.0.77
[INFO] [stderr]   Downloaded sqlx-postgres v0.7.4
[INFO] [stderr]   Downloaded eternaltwin_core v0.16.4
[INFO] [stderr]   Downloaded sqlx-core v0.7.4
[INFO] [stderr]   Downloaded sqlx v0.7.4
[INFO] [stderr]   Downloaded toml_edit v0.22.21
[INFO] [stderr]   Downloaded serde_json v1.0.135
[INFO] [stderr]   Downloaded opentelemetry_sdk v0.25.0
[INFO] [stderr]   Downloaded clap_builder v4.5.18
[INFO] [stderr]   Downloaded gimli v0.31.0
[INFO] [stderr]   Downloaded neon v0.10.1
[INFO] [stderr]   Downloaded eternaltwin_constants v0.16.4
[INFO] [stderr]   Downloaded rustix v0.38.37
[INFO] [stderr]   Downloaded object v0.36.4
[INFO] [stderr]   Downloaded tokio v1.38.1
[INFO] [stderr]   Downloaded libsqlite3-sys v0.27.0
[INFO] running `Command { std: "docker" "create" "-v" "/var/lib/crater-agent-workspace/builds/worker-4-tc1/source:/opt/rustwide/workdir:ro,Z" "-v" "/var/lib/crater-agent-workspace/builds/worker-4-tc1/target:/opt/rustwide/target:rw,Z" "-v" "/var/lib/crater-agent-workspace/cargo-home:/opt/rustwide/cargo-home:ro,Z" "-v" "/var/lib/crater-agent-workspace/rustup-home:/opt/rustwide/rustup-home:ro,Z" "-m" "1610612736" "--network" "none" "ghcr.io/rust-lang/crates-build-env/linux@sha256:77db811e55d90add9212f6832c23229e3de5f1c1f9905e8cb07319ea15df73ac" "sleep" "infinity", kill_on_drop: false }`
[INFO] [stdout] e7b08568bdaec257060c046c6dd8891eb988d7f3165e2fa8e20bd0d6d39765b7
[INFO] running `Command { std: "docker" "start" "e7b08568bdaec257060c046c6dd8891eb988d7f3165e2fa8e20bd0d6d39765b7", kill_on_drop: false }`
[INFO] running `Command { std: "docker" "inspect" "e7b08568bdaec257060c046c6dd8891eb988d7f3165e2fa8e20bd0d6d39765b7", kill_on_drop: false }`
[INFO] running `Command { std: "docker" "exec" "-e" "SOURCE_DIR=/opt/rustwide/workdir" "-e" "CARGO_HOME=/opt/rustwide/cargo-home" "-e" "RUSTUP_HOME=/opt/rustwide/rustup-home" "-e" "CARGO_TARGET_DIR=/opt/rustwide/target" "-w" "/opt/rustwide/workdir" "--user" "0:0" "e7b08568bdaec257060c046c6dd8891eb988d7f3165e2fa8e20bd0d6d39765b7" "/opt/rustwide/cargo-home/bin/cargo" "+1.99.0-beta.8" "metadata" "--no-deps" "--format-version=1", kill_on_drop: false }`
[INFO] running `Command { std: "docker" "inspect" "e7b08568bdaec257060c046c6dd8891eb988d7f3165e2fa8e20bd0d6d39765b7", kill_on_drop: false }`
[INFO] running `Command { std: "docker" "exec" "-e" "SOURCE_DIR=/opt/rustwide/workdir" "-e" "CARGO_HOME=/opt/rustwide/cargo-home" "-e" "RUSTUP_HOME=/opt/rustwide/rustup-home" "-e" "CARGO_TARGET_DIR=/opt/rustwide/target" "-e" "CARGO_INCREMENTAL=0" "-e" "RUST_BACKTRACE=full" "-e" "RUSTFLAGS=--cap-lints=warn" "-e" "RUSTDOCFLAGS=--cap-lints=warn" "-w" "/opt/rustwide/workdir" "--user" "0:0" "e7b08568bdaec257060c046c6dd8891eb988d7f3165e2fa8e20bd0d6d39765b7" "/opt/rustwide/cargo-home/bin/cargo" "+1.99.0-beta.8" "build" "--frozen" "--message-format=json" "--release", kill_on_drop: false }`
[INFO] [stderr]    Compiling serde v1.0.210
[INFO] [stderr]    Compiling stable_deref_trait v1.2.0
[INFO] [stderr]    Compiling cc v1.1.21
[INFO] [stderr]    Compiling num-traits v0.2.19
[INFO] [stderr]    Compiling syn v2.0.77
[INFO] [stderr]    Compiling getrandom v0.2.15
[INFO] [stderr]    Compiling typenum v1.17.0
[INFO] [stderr]    Compiling generic-array v0.14.7
[INFO] [stderr]    Compiling byteorder v1.5.0
[INFO] [stderr]    Compiling crossbeam-utils v0.8.20
[INFO] [stderr]    Compiling litemap v0.7.3
[INFO] [stderr]    Compiling writeable v0.5.5
[INFO] [stderr]    Compiling smallvec v1.13.2
[INFO] [stderr]    Compiling serde_json v1.0.135
[INFO] [stderr]    Compiling rustls v0.21.12
[INFO] [stderr]    Compiling icu_locid_transform_data v1.5.0
[INFO] [stderr]    Compiling subtle v2.6.1
[INFO] [stderr]    Compiling icu_properties_data v1.5.0
[INFO] [stderr]    Compiling ahash v0.8.11
[INFO] [stderr]    Compiling spin v0.9.8
[INFO] [stderr]    Compiling utf16_iter v1.0.5
[INFO] [stderr]    Compiling utf8_iter v1.0.4
[INFO] [stderr]    Compiling untrusted v0.9.0
[INFO] [stderr]    Compiling futures-core v0.3.30
[INFO] [stderr]    Compiling icu_normalizer_data v1.5.0
[INFO] [stderr]    Compiling write16 v1.0.0
[INFO] [stderr]    Compiling parking_lot_core v0.9.10
[INFO] [stderr]    Compiling lock_api v0.4.12
[INFO] [stderr]    Compiling allocator-api2 v0.2.18
[INFO] [stderr]    Compiling mio v0.8.11
[INFO] [stderr]    Compiling slab v0.4.9
[INFO] [stderr]    Compiling bytes v1.7.2
[INFO] [stderr]    Compiling tinyvec_macros v0.1.1
[INFO] [stderr]    Compiling tinyvec v1.8.0
[INFO] [stderr]    Compiling nom v7.1.3
[INFO] [stderr]    Compiling tokio v1.38.1
[INFO] [stderr]    Compiling form_urlencoded v1.2.1
[INFO] [stderr]    Compiling parking_lot v0.12.3
[INFO] [stderr]    Compiling ring v0.17.8
[INFO] [stderr]    Compiling crypto-common v0.1.6
[INFO] [stderr]    Compiling block-buffer v0.10.4
[INFO] [stderr]    Compiling digest v0.10.7
[INFO] [stderr]    Compiling rand_core v0.6.4
[INFO] [stderr]    Compiling thiserror v1.0.64
[INFO] [stderr]    Compiling rustix v0.38.37
[INFO] [stderr]    Compiling unicode_categories v0.1.1
[INFO] [stderr]    Compiling base64 v0.21.7
[INFO] [stderr]    Compiling cpufeatures v0.2.14
[INFO] [stderr]    Compiling futures-io v0.3.30
[INFO] [stderr]    Compiling futures-task v0.3.30
[INFO] [stderr]    Compiling iana-time-zone v0.1.61
[INFO] [stderr]    Compiling crc-catalog v2.4.0
[INFO] [stderr]    Compiling ryu v1.0.18
[INFO] [stderr]    Compiling crc v3.2.1
[INFO] [stderr]    Compiling chrono v0.4.38
[INFO] [stderr]    Compiling futures-util v0.3.30
[INFO] [stderr]    Compiling rustls-pemfile v1.0.4
[INFO] [stderr]    Compiling sqlformat v0.2.6
[INFO] [stderr]    Compiling sha2 v0.10.8
[INFO] [stderr]    Compiling crossbeam-queue v0.3.11
[INFO] [stderr]    Compiling unicode-normalization v0.1.24
[INFO] [stderr]    Compiling synstructure v0.13.1
[INFO] [stderr]    Compiling hmac v0.12.1
[INFO] [stderr]    Compiling futures-intrusive v0.5.0
[INFO] [stderr]    Compiling atoi v2.0.0
[INFO] [stderr]    Compiling futures-channel v0.3.30
[INFO] [stderr]    Compiling hex v0.4.3
[INFO] [stderr]    Compiling webpki-roots v0.25.4
[INFO] [stderr]    Compiling syn v1.0.109
[INFO] [stderr]    Compiling unicode-properties v0.1.2
[INFO] [stderr]    Compiling unicode-bidi v0.3.15
[INFO] [stderr]    Compiling zerofrom-derive v0.1.4
[INFO] [stderr]    Compiling yoke-derive v0.7.4
[INFO] [stderr]    Compiling zerovec-derive v0.10.3
[INFO] [stderr]    Compiling displaydoc v0.2.5
[INFO] [stderr]    Compiling zerocopy-derive v0.7.35
[INFO] [stderr]    Compiling icu_provider_macros v1.5.0
[INFO] [stderr]    Compiling serde_derive v1.0.210
[INFO] [stderr]    Compiling thiserror-impl v1.0.64
[INFO] [stderr]    Compiling zerocopy v0.7.35
[INFO] [stderr]    Compiling zerofrom v0.1.4
[INFO] [stderr]    Compiling yoke v0.7.4
[INFO] [stderr]    Compiling zerovec v0.10.4
[INFO] [stderr]    Compiling tracing-attributes v0.1.27
[INFO] [stderr]    Compiling futures-macro v0.3.30
[INFO] [stderr]    Compiling hashbrown v0.14.5
[INFO] [stderr]    Compiling tinystr v0.7.6
[INFO] [stderr]    Compiling icu_collections v1.5.0
[INFO] [stderr]    Compiling icu_locid v1.5.0
[INFO] [stderr]    Compiling ppv-lite86 v0.2.20
[INFO] [stderr]    Compiling rustls-webpki v0.101.7
[INFO] [stderr]    Compiling icu_provider v1.5.0
[INFO] [stderr]    Compiling sct v0.7.1
[INFO] [stderr]    Compiling icu_locid_transform v1.5.0
[INFO] [stderr]    Compiling icu_properties v1.5.1
[INFO] [stderr]    Compiling rand_chacha v0.3.1
[INFO] [stderr]    Compiling indexmap v2.5.0
[INFO] [stderr]    Compiling hashlink v0.8.4
[INFO] [stderr]    Compiling icu_normalizer v1.5.0
[INFO] [stderr]    Compiling tracing v0.1.40
[INFO] [stderr]    Compiling tokio-stream v0.1.16
[INFO] [stderr]    Compiling tokio-macros v2.3.0
[INFO] [stderr]    Compiling idna_adapter v1.2.0
[INFO] [stderr]    Compiling idna v1.0.3
[INFO] [stderr]    Compiling event-listener v2.5.3
[INFO] [stderr]    Compiling uuid v1.10.0
[INFO] [stderr]    Compiling either v1.13.0
[INFO] [stderr]    Compiling url v2.5.3
[INFO] [stderr]    Compiling sqlx-core v0.7.4
[INFO] [stderr]    Compiling rand v0.8.5
[INFO] [stderr]    Compiling stringprep v0.1.5
[INFO] [stderr]    Compiling hkdf v0.12.4
[INFO] [stderr]    Compiling md-5 v0.10.6
[INFO] [stderr]    Compiling dotenvy v0.15.7
[INFO] [stderr]    Compiling frunk_core v0.4.3
[INFO] [stderr]    Compiling fastrand v2.1.1
[INFO] [stderr]    Compiling whoami v1.5.2
[INFO] [stderr]    Compiling tempfile v3.12.0
[INFO] [stderr]    Compiling sqlx-postgres v0.7.4
[INFO] [stderr]    Compiling heck v0.4.1
[INFO] [stderr]    Compiling frunk_proc_macro_helpers v0.1.3
[INFO] [stderr]    Compiling futures-executor v0.3.30
[INFO] [stderr]    Compiling aho-corasick v1.1.3
[INFO] [stderr]    Compiling sqlx-macros-core v0.7.4
[INFO] [stderr]    Compiling bitflags v2.6.0
[INFO] [stderr]    Compiling regex-syntax v0.8.4
[INFO] [stderr]    Compiling home v0.5.9
[INFO] [stderr]    Compiling sqlx-macros v0.7.4
[INFO] [stderr]    Compiling frunk_derives v0.4.3
[INFO] [stderr]    Compiling frunk_proc_macros v0.1.3
[INFO] [stderr]    Compiling opentelemetry v0.25.0
[INFO] [stderr]    Compiling async-trait v0.1.82
[INFO] [stderr]    Compiling glob v0.3.1
[INFO] [stderr]    Compiling keccak v0.1.5
[INFO] [stderr]    Compiling regex-automata v0.4.7
[INFO] [stderr]    Compiling frunk v0.4.3
[INFO] [stderr]    Compiling sha3 v0.10.8
[INFO] [stderr]    Compiling opentelemetry_sdk v0.25.0
[INFO] [stderr]    Compiling futures v0.3.30
[INFO] [stderr]    Compiling eternaltwin_serde_tools v0.16.4
[INFO] [stderr]    Compiling dashmap v5.5.3
[INFO] [stderr]    Compiling arrayvec v0.7.6
[INFO] [stderr]    Compiling humantime v2.1.0
[INFO] [stderr]    Compiling opentelemetry-semantic-conventions v0.25.0
[INFO] [stderr]    Compiling eternaltwin_postgres_tools v0.16.4
[INFO] [stderr]    Compiling regex v1.10.6
[INFO] [stderr]    Compiling sqlx v0.7.4
[INFO] [stderr]    Compiling eternaltwin_core v0.16.4
[INFO] [stderr]    Compiling eternaltwin_constants v0.16.4
[INFO] [stderr]    Compiling eternaltwin_populate v0.16.4
[INFO] [stderr]    Compiling eternaltwin_twinoid_store v0.16.4 (/opt/rustwide/workdir)
[INFO] [stderr]     Finished `release` profile [optimized] target(s) in 5m 05s
[INFO] [stderr] warning: the following packages contain code that will be rejected by a future version of Rust: sqlx-postgres v0.7.4
[INFO] [stderr] note: to see what the problems were, use the option `--future-incompat-report`, or run `cargo report future-incompatibilities --id 3`
[INFO] running `Command { std: "docker" "inspect" "e7b08568bdaec257060c046c6dd8891eb988d7f3165e2fa8e20bd0d6d39765b7", kill_on_drop: false }`
[INFO] running `Command { std: "docker" "exec" "-e" "SOURCE_DIR=/opt/rustwide/workdir" "-e" "CARGO_HOME=/opt/rustwide/cargo-home" "-e" "RUSTUP_HOME=/opt/rustwide/rustup-home" "-e" "CARGO_TARGET_DIR=/opt/rustwide/target" "-e" "CARGO_INCREMENTAL=0" "-e" "RUST_BACKTRACE=full" "-e" "RUSTFLAGS=--cap-lints=warn" "-e" "RUSTDOCFLAGS=--cap-lints=warn" "-w" "/opt/rustwide/workdir" "--user" "0:0" "e7b08568bdaec257060c046c6dd8891eb988d7f3165e2fa8e20bd0d6d39765b7" "/opt/rustwide/cargo-home/bin/cargo" "+1.99.0-beta.8" "test" "--frozen" "--no-run" "--message-format=json" "--release", kill_on_drop: false }`
[INFO] [stderr]    Compiling futures-util v0.3.30
[INFO] [stderr]    Compiling syn v1.0.109
[INFO] [stderr]    Compiling indexmap v2.5.0
[INFO] [stderr]    Compiling utf8parse v0.2.2
[INFO] [stderr]    Compiling anstyle-query v1.1.1
[INFO] [stderr]    Compiling anstyle v1.0.8
[INFO] [stderr]    Compiling is_terminal_polyfill v1.70.1
[INFO] [stderr]    Compiling colorchoice v1.0.2
[INFO] [stderr]    Compiling serde_spanned v0.6.7
[INFO] [stderr]    Compiling anstyle-parse v0.2.5
[INFO] [stderr]    Compiling toml_datetime v0.6.8
[INFO] [stderr]    Compiling clap_lex v0.7.2
[INFO] [stderr]    Compiling strsim v0.11.1
[INFO] [stderr]    Compiling clap_derive v4.5.18
[INFO] [stderr]    Compiling anstream v0.6.15
[INFO] [stderr]    Compiling include_dir_macros v0.7.4
[INFO] [stderr]    Compiling fixedbitset v0.4.2
[INFO] [stderr]    Compiling include_dir v0.7.4
[INFO] [stderr]    Compiling clap_builder v4.5.18
[INFO] [stderr]    Compiling toml_edit v0.22.21
[INFO] [stderr]    Compiling petgraph v0.6.5
[INFO] [stderr]    Compiling sqlx-macros-core v0.7.4
[INFO] [stderr]    Compiling serial_test_derive v1.0.0
[INFO] [stderr]    Compiling toml v0.8.19
[INFO] [stderr]    Compiling futures-executor v0.3.30
[INFO] [stderr]    Compiling sqlx-core v0.7.4
[INFO] [stderr]    Compiling futures v0.3.30
[INFO] [stderr]    Compiling opentelemetry_sdk v0.25.0
[INFO] [stderr]    Compiling sqlx-macros v0.7.4
[INFO] [stderr]    Compiling clap v4.5.18
[INFO] [stderr]    Compiling serial_test v1.0.0
[INFO] [stderr]    Compiling sqlx-postgres v0.7.4
[INFO] [stderr]    Compiling sqlx v0.7.4
[INFO] [stderr]    Compiling eternaltwin_core v0.16.4
[INFO] [stderr]    Compiling eternaltwin_squirrel v0.16.4
[INFO] [stderr]    Compiling eternaltwin_constants v0.16.4
[INFO] [stderr]    Compiling eternaltwin_config v0.16.4
[INFO] [stderr]    Compiling eternaltwin_populate v0.16.4
[INFO] [stderr]    Compiling eternaltwin_twinoid_store v0.16.4 (/opt/rustwide/workdir)
[INFO] [stderr]    Compiling eternaltwin_db_schema v0.16.4
[INFO] [stderr]     Finished `release` profile [optimized] target(s) in 2m 40s
[INFO] [stderr] warning: the following packages contain code that will be rejected by a future version of Rust: sqlx-postgres v0.7.4
[INFO] [stderr] note: to see what the problems were, use the option `--future-incompat-report`, or run `cargo report future-incompatibilities --id 3`
[INFO] running `Command { std: "docker" "inspect" "e7b08568bdaec257060c046c6dd8891eb988d7f3165e2fa8e20bd0d6d39765b7", kill_on_drop: false }`
[INFO] running `Command { std: "docker" "exec" "-e" "SOURCE_DIR=/opt/rustwide/workdir" "-e" "CARGO_HOME=/opt/rustwide/cargo-home" "-e" "RUSTUP_HOME=/opt/rustwide/rustup-home" "-e" "CARGO_TARGET_DIR=/opt/rustwide/target" "-e" "CARGO_INCREMENTAL=0" "-e" "RUST_BACKTRACE=full" "-e" "RUSTFLAGS=--cap-lints=warn" "-e" "RUSTDOCFLAGS=--cap-lints=warn" "-w" "/opt/rustwide/workdir" "--user" "0:0" "e7b08568bdaec257060c046c6dd8891eb988d7f3165e2fa8e20bd0d6d39765b7" "/opt/rustwide/cargo-home/bin/cargo" "+1.99.0-beta.8" "test" "--frozen" "--release", kill_on_drop: false }`
[INFO] [stderr]     Finished `release` profile [optimized] target(s) in 0.47s
[INFO] [stderr] warning: the following packages contain code that will be rejected by a future version of Rust: sqlx-postgres v0.7.4
[INFO] [stderr] note: to see what the problems were, use the option `--future-incompat-report`, or run `cargo report future-incompatibilities --id 3`
[INFO] [stderr]      Running unittests src/lib.rs (/opt/rustwide/target/release/deps/eternaltwin_twinoid_store-5350845c07e18c13)
[INFO] [stdout] 
[INFO] [stdout] running 9 tests
[INFO] [stdout] test mem::test::test_empty ... ok
[INFO] [stdout] test mem::test::test_get_missing_user ... ok
[INFO] [stdout] test mem::test::test_touch_user ... ok
[INFO] [stdout] test pg::test::test_empty ... FAILED
[INFO] [stdout] test pg::test::test_get_missing_user has been running for over 60 seconds
[INFO] [stdout] test pg::test::test_touch_all_full_users has been running for over 60 seconds
[INFO] [stdout] test pg::test::test_touch_all_safe_users has been running for over 60 seconds
[INFO] [stdout] test pg::test::test_touch_drpg_fr has been running for over 60 seconds
[INFO] [stdout] test pg::test::test_touch_user has been running for over 60 seconds
[INFO] [stdout] test pg::test::test_touch_all_safe_users ... FAILED
[INFO] [stdout] test pg::test::test_touch_drpg_fr ... FAILED
[INFO] [stdout] test pg::test::test_touch_user ... FAILED
[INFO] [stdout] test pg::test::test_touch_all_full_users ... FAILED
[INFO] [stderr] error: test failed, to rerun pass `--lib`
[INFO] [stdout] test pg::test::test_get_missing_user ... FAILED
[INFO] [stdout] 
[INFO] [stdout] failures:
[INFO] [stdout] 
[INFO] [stdout] ---- pg::test::test_empty stdout ----
[INFO] [stdout] 
[INFO] [stdout] thread 'pg::test::test_empty' (4126) panicked at src/pg.rs:1714:8:
[INFO] [stdout] called `Result::unwrap()` on an `Err` value: PoolTimedOut
[INFO] [stdout] stack backtrace:
[INFO] [stdout]    0:     0x5f40ca39ea21 - <<std[70759c8f55707aa4]::sys::backtrace::BacktraceLock>::print::DisplayBacktrace as core[df12db4294e9bfd3]::fmt::Display>::fmt
[INFO] [stdout]    1:     0x5f40ca3b75aa - core[df12db4294e9bfd3]::fmt::write
[INFO] [stdout]    2:     0x5f40ca3a36ac - <alloc[2182bb758b4b3781]::vec::Vec<u8> as core[df12db4294e9bfd3]::io::write::Write>::write_fmt
[INFO] [stdout]    3:     0x5f40ca379256 - std[70759c8f55707aa4]::panicking::default_hook::{closure#0}
[INFO] [stdout]    4:     0x5f40ca3961c9 - std[70759c8f55707aa4]::panicking::default_hook
[INFO] [stdout]    5:     0x5f40ca0dd880 - test[9d35eded1c95d3be]::test_main_inner::<test[9d35eded1c95d3be]::test_main_static::{closure#0}>::{closure#0}
[INFO] [stdout]    6:     0x5f40ca3964f2 - std[70759c8f55707aa4]::panicking::panic_with_hook
[INFO] [stdout]    7:     0x5f40ca379302 - std[70759c8f55707aa4]::panicking::panic_handler::{closure#0}
[INFO] [stdout]    8:     0x5f40ca371d79 - std[70759c8f55707aa4]::sys::backtrace::__rust_end_short_backtrace::<std[70759c8f55707aa4]::panicking::panic_handler::{closure#0}, !>
[INFO] [stdout]    9:     0x5f40ca37a0ed - __rustc[8fa7c3cbc660c2b3]::rust_begin_unwind
[INFO] [stdout]   10:     0x5f40ca3b7d8c - core[df12db4294e9bfd3]::panicking::panic_fmt
[INFO] [stdout]   11:     0x5f40ca3b7b62 - core[df12db4294e9bfd3]::result::unwrap_failed
[INFO] [stdout]   12:     0x5f40c9f7a36f - eternaltwin_twinoid_store[fa8f28ccf5c46637]::pg::test::make_test_api::{closure#0}
[INFO] [stdout]   13:     0x5f40c9f6a2a5 - eternaltwin_twinoid_store[fa8f28ccf5c46637]::pg::test::test_empty::{closure#0}::{closure#0}
[INFO] [stdout]   14:     0x5f40c9fb94da - <tokio[4f8df43210a8f63d]::runtime::scheduler::current_thread::CurrentThread>::block_on::<core[df12db4294e9bfd3]::pin::Pin<&mut dyn core[df12db4294e9bfd3]::future::future::Future<Output = ()>>>
[INFO] [stdout]   15:     0x5f40c9fc770d - <tokio[4f8df43210a8f63d]::runtime::runtime::Runtime>::block_on::<core[df12db4294e9bfd3]::pin::Pin<&mut dyn core[df12db4294e9bfd3]::future::future::Future<Output = ()>>>
[INFO] [stdout]   16:     0x5f40c9f7e1bb - <eternaltwin_twinoid_store[fa8f28ccf5c46637]::pg::test::test_empty::{closure#0} as core[df12db4294e9bfd3]::ops::function::FnOnce<()>>::call_once
[INFO] [stdout]   17:     0x5f40ca11297a - serial_test[f333bb0a53b590f9]::serial_code_lock::local_serial_core
[INFO] [stdout]   18:     0x5f40c9fe0cc8 - <eternaltwin_twinoid_store[fa8f28ccf5c46637]::pg::test::test_empty::{closure#0} as core[df12db4294e9bfd3]::ops::function::FnOnce<()>>::call_once
[INFO] [stdout]   19:     0x5f40ca0d0b6b - test[9d35eded1c95d3be]::__rust_begin_short_backtrace::<core[df12db4294e9bfd3]::result::Result<(), alloc[2182bb758b4b3781]::string::String>, fn() -> core[df12db4294e9bfd3]::result::Result<(), alloc[2182bb758b4b3781]::string::String>>
[INFO] [stdout]   20:     0x5f40ca0de1d5 - test[9d35eded1c95d3be]::run_test::{closure#0}
[INFO] [stdout]   21:     0x5f40ca0d7a94 - std[70759c8f55707aa4]::sys::backtrace::__rust_begin_short_backtrace::<test[9d35eded1c95d3be]::run_test::{closure#1}, ()>
[INFO] [stdout]   22:     0x5f40ca0e1332 - <std[70759c8f55707aa4]::thread::lifecycle::spawn_unchecked<test[9d35eded1c95d3be]::run_test::{closure#1}, ()>::{closure#1} as core[df12db4294e9bfd3]::ops::function::FnOnce<()>>::call_once::{shim:vtable#0}
[INFO] [stdout]   23:     0x5f40ca39d8b9 - <std[70759c8f55707aa4]::sys::thread::unix::Thread>::new::thread_start
[INFO] [stdout]   24:     0x779438ffedfa - <unknown>
[INFO] [stdout]   25:     0x7794390923d4 - clone
[INFO] [stdout]   26:                0x0 - <unknown>
[INFO] [stdout] 
[INFO] [stdout] ---- pg::test::test_touch_all_safe_users stdout ----
[INFO] [stdout] 
[INFO] [stdout] thread 'pg::test::test_touch_all_safe_users' (4129) panicked at src/pg.rs:1714:8:
[INFO] [stdout] called `Result::unwrap()` on an `Err` value: PoolTimedOut
[INFO] [stdout] stack backtrace:
[INFO] [stdout]    0:     0x5f40ca39ea21 - <<std[70759c8f55707aa4]::sys::backtrace::BacktraceLock>::print::DisplayBacktrace as core[df12db4294e9bfd3]::fmt::Display>::fmt
[INFO] [stdout]    1:     0x5f40ca3b75aa - core[df12db4294e9bfd3]::fmt::write
[INFO] [stdout]    2:     0x5f40ca3a36ac - <alloc[2182bb758b4b3781]::vec::Vec<u8> as core[df12db4294e9bfd3]::io::write::Write>::write_fmt
[INFO] [stdout]    3:     0x5f40ca379256 - std[70759c8f55707aa4]::panicking::default_hook::{closure#0}
[INFO] [stdout]    4:     0x5f40ca3961c9 - std[70759c8f55707aa4]::panicking::default_hook
[INFO] [stdout]    5:     0x5f40ca0dd880 - test[9d35eded1c95d3be]::test_main_inner::<test[9d35eded1c95d3be]::test_main_static::{closure#0}>::{closure#0}
[INFO] [stdout]    6:     0x5f40ca3964f2 - std[70759c8f55707aa4]::panicking::panic_with_hook
[INFO] [stdout]    7:     0x5f40ca379302 - std[70759c8f55707aa4]::panicking::panic_handler::{closure#0}
[INFO] [stdout]    8:     0x5f40ca371d79 - std[70759c8f55707aa4]::sys::backtrace::__rust_end_short_backtrace::<std[70759c8f55707aa4]::panicking::panic_handler::{closure#0}, !>
[INFO] [stdout]    9:     0x5f40ca37a0ed - __rustc[8fa7c3cbc660c2b3]::rust_begin_unwind
[INFO] [stdout]   10:     0x5f40ca3b7d8c - core[df12db4294e9bfd3]::panicking::panic_fmt
[INFO] [stdout]   11:     0x5f40ca3b7b62 - core[df12db4294e9bfd3]::result::unwrap_failed
[INFO] [stdout]   12:     0x5f40c9f7a36f - eternaltwin_twinoid_store[fa8f28ccf5c46637]::pg::test::make_test_api::{closure#0}
[INFO] [stdout]   13:     0x5f40c9f6c76e - eternaltwin_twinoid_store[fa8f28ccf5c46637]::pg::test::test_touch_all_safe_users::{closure#0}::{closure#0}
[INFO] [stdout]   14:     0x5f40c9fb94da - <tokio[4f8df43210a8f63d]::runtime::scheduler::current_thread::CurrentThread>::block_on::<core[df12db4294e9bfd3]::pin::Pin<&mut dyn core[df12db4294e9bfd3]::future::future::Future<Output = ()>>>
[INFO] [stdout]   15:     0x5f40c9fc770d - <tokio[4f8df43210a8f63d]::runtime::runtime::Runtime>::block_on::<core[df12db4294e9bfd3]::pin::Pin<&mut dyn core[df12db4294e9bfd3]::future::future::Future<Output = ()>>>
[INFO] [stdout]   16:     0x5f40c9f7e8eb - <eternaltwin_twinoid_store[fa8f28ccf5c46637]::pg::test::test_touch_all_safe_users::{closure#0} as core[df12db4294e9bfd3]::ops::function::FnOnce<()>>::call_once
[INFO] [stdout]   17:     0x5f40ca11297a - serial_test[f333bb0a53b590f9]::serial_code_lock::local_serial_core
[INFO] [stdout]   18:     0x5f40c9fe0db8 - <eternaltwin_twinoid_store[fa8f28ccf5c46637]::pg::test::test_touch_all_safe_users::{closure#0} as core[df12db4294e9bfd3]::ops::function::FnOnce<()>>::call_once
[INFO] [stdout]   19:     0x5f40ca0d0b6b - test[9d35eded1c95d3be]::__rust_begin_short_backtrace::<core[df12db4294e9bfd3]::result::Result<(), alloc[2182bb758b4b3781]::string::String>, fn() -> core[df12db4294e9bfd3]::result::Result<(), alloc[2182bb758b4b3781]::string::String>>
[INFO] [stdout]   20:     0x5f40ca0de1d5 - test[9d35eded1c95d3be]::run_test::{closure#0}
[INFO] [stdout]   21:     0x5f40ca0d7a94 - std[70759c8f55707aa4]::sys::backtrace::__rust_begin_short_backtrace::<test[9d35eded1c95d3be]::run_test::{closure#1}, ()>
[INFO] [stdout]   22:     0x5f40ca0e1332 - <std[70759c8f55707aa4]::thread::lifecycle::spawn_unchecked<test[9d35eded1c95d3be]::run_test::{closure#1}, ()>::{closure#1} as core[df12db4294e9bfd3]::ops::function::FnOnce<()>>::call_once::{shim:vtable#0}
[INFO] [stdout]   23:     0x5f40ca39d8b9 - <std[70759c8f55707aa4]::sys::thread::unix::Thread>::new::thread_start
[INFO] [stdout]   24:     0x779438ffedfa - <unknown>
[INFO] [stdout]   25:     0x7794390923d4 - clone
[INFO] [stdout]   26:                0x0 - <unknown>
[INFO] [stdout] 
[INFO] [stdout] ---- pg::test::test_touch_drpg_fr stdout ----
[INFO] [stdout] 
[INFO] [stdout] thread 'pg::test::test_touch_drpg_fr' (4130) panicked at src/pg.rs:1714:8:
[INFO] [stdout] called `Result::unwrap()` on an `Err` value: PoolTimedOut
[INFO] [stdout] stack backtrace:
[INFO] [stdout]    0:     0x5f40ca39ea21 - <<std[70759c8f55707aa4]::sys::backtrace::BacktraceLock>::print::DisplayBacktrace as core[df12db4294e9bfd3]::fmt::Display>::fmt
[INFO] [stdout]    1:     0x5f40ca3b75aa - core[df12db4294e9bfd3]::fmt::write
[INFO] [stdout]    2:     0x5f40ca3a36ac - <alloc[2182bb758b4b3781]::vec::Vec<u8> as core[df12db4294e9bfd3]::io::write::Write>::write_fmt
[INFO] [stdout]    3:     0x5f40ca379256 - std[70759c8f55707aa4]::panicking::default_hook::{closure#0}
[INFO] [stdout]    4:     0x5f40ca3961c9 - std[70759c8f55707aa4]::panicking::default_hook
[INFO] [stdout]    5:     0x5f40ca0dd880 - test[9d35eded1c95d3be]::test_main_inner::<test[9d35eded1c95d3be]::test_main_static::{closure#0}>::{closure#0}
[INFO] [stdout]    6:     0x5f40ca3964f2 - std[70759c8f55707aa4]::panicking::panic_with_hook
[INFO] [stdout]    7:     0x5f40ca379302 - std[70759c8f55707aa4]::panicking::panic_handler::{closure#0}
[INFO] [stdout]    8:     0x5f40ca371d79 - std[70759c8f55707aa4]::sys::backtrace::__rust_end_short_backtrace::<std[70759c8f55707aa4]::panicking::panic_handler::{closure#0}, !>
[INFO] [stdout]    9:     0x5f40ca37a0ed - __rustc[8fa7c3cbc660c2b3]::rust_begin_unwind
[INFO] [stdout]   10:     0x5f40ca3b7d8c - core[df12db4294e9bfd3]::panicking::panic_fmt
[INFO] [stdout]   11:     0x5f40ca3b7b62 - core[df12db4294e9bfd3]::result::unwrap_failed
[INFO] [stdout]   12:     0x5f40c9f7a36f - eternaltwin_twinoid_store[fa8f28ccf5c46637]::pg::test::make_test_api::{closure#0}
[INFO] [stdout]   13:     0x5f40c9f6b360 - eternaltwin_twinoid_store[fa8f28ccf5c46637]::pg::test::test_touch_drpg_fr::{closure#0}::{closure#0}
[INFO] [stdout]   14:     0x5f40c9fb94da - <tokio[4f8df43210a8f63d]::runtime::scheduler::current_thread::CurrentThread>::block_on::<core[df12db4294e9bfd3]::pin::Pin<&mut dyn core[df12db4294e9bfd3]::future::future::Future<Output = ()>>>
[INFO] [stdout]   15:     0x5f40c9fc770d - <tokio[4f8df43210a8f63d]::runtime::runtime::Runtime>::block_on::<core[df12db4294e9bfd3]::pin::Pin<&mut dyn core[df12db4294e9bfd3]::future::future::Future<Output = ()>>>
[INFO] [stdout]   16:     0x5f40c9f7e49b - <eternaltwin_twinoid_store[fa8f28ccf5c46637]::pg::test::test_touch_drpg_fr::{closure#0} as core[df12db4294e9bfd3]::ops::function::FnOnce<()>>::call_once
[INFO] [stdout]   17:     0x5f40ca11297a - serial_test[f333bb0a53b590f9]::serial_code_lock::local_serial_core
[INFO] [stdout]   18:     0x5f40c9fe0d28 - <eternaltwin_twinoid_store[fa8f28ccf5c46637]::pg::test::test_touch_drpg_fr::{closure#0} as core[df12db4294e9bfd3]::ops::function::FnOnce<()>>::call_once
[INFO] [stdout]   19:     0x5f40ca0d0b6b - test[9d35eded1c95d3be]::__rust_begin_short_backtrace::<core[df12db4294e9bfd3]::result::Result<(), alloc[2182bb758b4b3781]::string::String>, fn() -> core[df12db4294e9bfd3]::result::Result<(), alloc[2182bb758b4b3781]::string::String>>
[INFO] [stdout]   20:     0x5f40ca0de1d5 - test[9d35eded1c95d3be]::run_test::{closure#0}
[INFO] [stdout]   21:     0x5f40ca0d7a94 - std[70759c8f55707aa4]::sys::backtrace::__rust_begin_short_backtrace::<test[9d35eded1c95d3be]::run_test::{closure#1}, ()>
[INFO] [stdout]   22:     0x5f40ca0e1332 - <std[70759c8f55707aa4]::thread::lifecycle::spawn_unchecked<test[9d35eded1c95d3be]::run_test::{closure#1}, ()>::{closure#1} as core[df12db4294e9bfd3]::ops::function::FnOnce<()>>::call_once::{shim:vtable#0}
[INFO] [stdout]   23:     0x5f40ca39d8b9 - <std[70759c8f55707aa4]::sys::thread::unix::Thread>::new::thread_start
[INFO] [stdout]   24:     0x779438ffedfa - <unknown>
[INFO] [stdout]   25:     0x7794390923d4 - clone
[INFO] [stdout]   26:                0x0 - <unknown>
[INFO] [stdout] 
[INFO] [stdout] ---- pg::test::test_touch_user stdout ----
[INFO] [stdout] 
[INFO] [stdout] thread 'pg::test::test_touch_user' (4131) panicked at src/pg.rs:1714:8:
[INFO] [stdout] called `Result::unwrap()` on an `Err` value: PoolTimedOut
[INFO] [stdout] stack backtrace:
[INFO] [stdout]    0:     0x5f40ca39ea21 - <<std[70759c8f55707aa4]::sys::backtrace::BacktraceLock>::print::DisplayBacktrace as core[df12db4294e9bfd3]::fmt::Display>::fmt
[INFO] [stdout]    1:     0x5f40ca3b75aa - core[df12db4294e9bfd3]::fmt::write
[INFO] [stdout]    2:     0x5f40ca3a36ac - <alloc[2182bb758b4b3781]::vec::Vec<u8> as core[df12db4294e9bfd3]::io::write::Write>::write_fmt
[INFO] [stdout]    3:     0x5f40ca379256 - std[70759c8f55707aa4]::panicking::default_hook::{closure#0}
[INFO] [stdout]    4:     0x5f40ca3961c9 - std[70759c8f55707aa4]::panicking::default_hook
[INFO] [stdout]    5:     0x5f40ca0dd880 - test[9d35eded1c95d3be]::test_main_inner::<test[9d35eded1c95d3be]::test_main_static::{closure#0}>::{closure#0}
[INFO] [stdout]    6:     0x5f40ca3964f2 - std[70759c8f55707aa4]::panicking::panic_with_hook
[INFO] [stdout]    7:     0x5f40ca379302 - std[70759c8f55707aa4]::panicking::panic_handler::{closure#0}
[INFO] [stdout]    8:     0x5f40ca371d79 - std[70759c8f55707aa4]::sys::backtrace::__rust_end_short_backtrace::<std[70759c8f55707aa4]::panicking::panic_handler::{closure#0}, !>
[INFO] [stdout]    9:     0x5f40ca37a0ed - __rustc[8fa7c3cbc660c2b3]::rust_begin_unwind
[INFO] [stdout]   10:     0x5f40ca3b7d8c - core[df12db4294e9bfd3]::panicking::panic_fmt
[INFO] [stdout]   11:     0x5f40ca3b7b62 - core[df12db4294e9bfd3]::result::unwrap_failed
[INFO] [stdout]   12:     0x5f40c9f7a36f - eternaltwin_twinoid_store[fa8f28ccf5c46637]::pg::test::make_test_api::{closure#0}
[INFO] [stdout]   13:     0x5f40c9f6a675 - eternaltwin_twinoid_store[fa8f28ccf5c46637]::pg::test::test_touch_user::{closure#0}::{closure#0}
[INFO] [stdout]   14:     0x5f40c9fb94da - <tokio[4f8df43210a8f63d]::runtime::scheduler::current_thread::CurrentThread>::block_on::<core[df12db4294e9bfd3]::pin::Pin<&mut dyn core[df12db4294e9bfd3]::future::future::Future<Output = ()>>>
[INFO] [stdout]   15:     0x5f40c9fc770d - <tokio[4f8df43210a8f63d]::runtime::runtime::Runtime>::block_on::<core[df12db4294e9bfd3]::pin::Pin<&mut dyn core[df12db4294e9bfd3]::future::future::Future<Output = ()>>>
[INFO] [stdout]   16:     0x5f40c9f7e32b - <eternaltwin_twinoid_store[fa8f28ccf5c46637]::pg::test::test_touch_user::{closure#0} as core[df12db4294e9bfd3]::ops::function::FnOnce<()>>::call_once
[INFO] [stdout]   17:     0x5f40ca11297a - serial_test[f333bb0a53b590f9]::serial_code_lock::local_serial_core
[INFO] [stdout]   18:     0x5f40c9fe0cf8 - <eternaltwin_twinoid_store[fa8f28ccf5c46637]::pg::test::test_touch_user::{closure#0} as core[df12db4294e9bfd3]::ops::function::FnOnce<()>>::call_once
[INFO] [stdout]   19:     0x5f40ca0d0b6b - test[9d35eded1c95d3be]::__rust_begin_short_backtrace::<core[df12db4294e9bfd3]::result::Result<(), alloc[2182bb758b4b3781]::string::String>, fn() -> core[df12db4294e9bfd3]::result::Result<(), alloc[2182bb758b4b3781]::string::String>>
[INFO] [stdout]   20:     0x5f40ca0de1d5 - test[9d35eded1c95d3be]::run_test::{closure#0}
[INFO] [stdout]   21:     0x5f40ca0d7a94 - std[70759c8f55707aa4]::sys::backtrace::__rust_begin_short_backtrace::<test[9d35eded1c95d3be]::run_test::{closure#1}, ()>
[INFO] [stdout]   22:     0x5f40ca0e1332 - <std[70759c8f55707aa4]::thread::lifecycle::spawn_unchecked<test[9d35eded1c95d3be]::run_test::{closure#1}, ()>::{closure#1} as core[df12db4294e9bfd3]::ops::function::FnOnce<()>>::call_once::{shim:vtable#0}
[INFO] [stdout]   23:     0x5f40ca39d8b9 - <std[70759c8f55707aa4]::sys::thread::unix::Thread>::new::thread_start
[INFO] [stdout]   24:     0x779438ffedfa - <unknown>
[INFO] [stdout]   25:     0x7794390923d4 - clone
[INFO] [stdout]   26:                0x0 - <unknown>
[INFO] [stdout] 
[INFO] [stdout] ---- pg::test::test_touch_all_full_users stdout ----
[INFO] [stdout] 
[INFO] [stdout] thread 'pg::test::test_touch_all_full_users' (4128) panicked at src/pg.rs:1714:8:
[INFO] [stdout] called `Result::unwrap()` on an `Err` value: PoolTimedOut
[INFO] [stdout] stack backtrace:
[INFO] [stdout]    0:     0x5f40ca39ea21 - <<std[70759c8f55707aa4]::sys::backtrace::BacktraceLock>::print::DisplayBacktrace as core[df12db4294e9bfd3]::fmt::Display>::fmt
[INFO] [stdout]    1:     0x5f40ca3b75aa - core[df12db4294e9bfd3]::fmt::write
[INFO] [stdout]    2:     0x5f40ca3a36ac - <alloc[2182bb758b4b3781]::vec::Vec<u8> as core[df12db4294e9bfd3]::io::write::Write>::write_fmt
[INFO] [stdout]    3:     0x5f40ca379256 - std[70759c8f55707aa4]::panicking::default_hook::{closure#0}
[INFO] [stdout]    4:     0x5f40ca3961c9 - std[70759c8f55707aa4]::panicking::default_hook
[INFO] [stdout]    5:     0x5f40ca0dd880 - test[9d35eded1c95d3be]::test_main_inner::<test[9d35eded1c95d3be]::test_main_static::{closure#0}>::{closure#0}
[INFO] [stdout]    6:     0x5f40ca3964f2 - std[70759c8f55707aa4]::panicking::panic_with_hook
[INFO] [stdout]    7:     0x5f40ca379302 - std[70759c8f55707aa4]::panicking::panic_handler::{closure#0}
[INFO] [stdout]    8:     0x5f40ca371d79 - std[70759c8f55707aa4]::sys::backtrace::__rust_end_short_backtrace::<std[70759c8f55707aa4]::panicking::panic_handler::{closure#0}, !>
[INFO] [stdout]    9:     0x5f40ca37a0ed - __rustc[8fa7c3cbc660c2b3]::rust_begin_unwind
[INFO] [stdout]   10:     0x5f40ca3b7d8c - core[df12db4294e9bfd3]::panicking::panic_fmt
[INFO] [stdout]   11:     0x5f40ca3b7b62 - core[df12db4294e9bfd3]::result::unwrap_failed
[INFO] [stdout]   12:     0x5f40c9f7a36f - eternaltwin_twinoid_store[fa8f28ccf5c46637]::pg::test::make_test_api::{closure#0}
[INFO] [stdout]   13:     0x5f40c9f6babe - eternaltwin_twinoid_store[fa8f28ccf5c46637]::pg::test::test_touch_all_full_users::{closure#0}::{closure#0}
[INFO] [stdout]   14:     0x5f40c9fb94da - <tokio[4f8df43210a8f63d]::runtime::scheduler::current_thread::CurrentThread>::block_on::<core[df12db4294e9bfd3]::pin::Pin<&mut dyn core[df12db4294e9bfd3]::future::future::Future<Output = ()>>>
[INFO] [stdout]   15:     0x5f40c9fc770d - <tokio[4f8df43210a8f63d]::runtime::runtime::Runtime>::block_on::<core[df12db4294e9bfd3]::pin::Pin<&mut dyn core[df12db4294e9bfd3]::future::future::Future<Output = ()>>>
[INFO] [stdout]   16:     0x5f40c9f7e77b - <eternaltwin_twinoid_store[fa8f28ccf5c46637]::pg::test::test_touch_all_full_users::{closure#0} as core[df12db4294e9bfd3]::ops::function::FnOnce<()>>::call_once
[INFO] [stdout]   17:     0x5f40ca11297a - serial_test[f333bb0a53b590f9]::serial_code_lock::local_serial_core
[INFO] [stdout]   18:     0x5f40c9fe0d88 - <eternaltwin_twinoid_store[fa8f28ccf5c46637]::pg::test::test_touch_all_full_users::{closure#0} as core[df12db4294e9bfd3]::ops::function::FnOnce<()>>::call_once
[INFO] [stdout]   19:     0x5f40ca0d0b6b - test[9d35eded1c95d3be]::__rust_begin_short_backtrace::<core[df12db4294e9bfd3]::result::Result<(), alloc[2182bb758b4b3781]::string::String>, fn() -> core[df12db4294e9bfd3]::result::Result<(), alloc[2182bb758b4b3781]::string::String>>
[INFO] [stdout]   20:     0x5f40ca0de1d5 - test[9d35eded1c95d3be]::run_test::{closure#0}
[INFO] [stdout]   21:     0x5f40ca0d7a94 - std[70759c8f55707aa4]::sys::backtrace::__rust_begin_short_backtrace::<test[9d35eded1c95d3be]::run_test::{closure#1}, ()>
[INFO] [stdout]   22:     0x5f40ca0e1332 - <std[70759c8f55707aa4]::thread::lifecycle::spawn_unchecked<test[9d35eded1c95d3be]::run_test::{closure#1}, ()>::{closure#1} as core[df12db4294e9bfd3]::ops::function::FnOnce<()>>::call_once::{shim:vtable#0}
[INFO] [stdout]   23:     0x5f40ca39d8b9 - <std[70759c8f55707aa4]::sys::thread::unix::Thread>::new::thread_start
[INFO] [stdout]   24:     0x779438ffedfa - <unknown>
[INFO] [stdout]   25:     0x7794390923d4 - clone
[INFO] [stdout]   26:                0x0 - <unknown>
[INFO] [stdout] 
[INFO] [stdout] ---- pg::test::test_get_missing_user stdout ----
[INFO] [stdout] 
[INFO] [stdout] thread 'pg::test::test_get_missing_user' (4127) panicked at src/pg.rs:1714:8:
[INFO] [stdout] called `Result::unwrap()` on an `Err` value: PoolTimedOut
[INFO] [stdout] stack backtrace:
[INFO] [stdout]    0:     0x5f40ca39ea21 - <<std[70759c8f55707aa4]::sys::backtrace::BacktraceLock>::print::DisplayBacktrace as core[df12db4294e9bfd3]::fmt::Display>::fmt
[INFO] [stdout]    1:     0x5f40ca3b75aa - core[df12db4294e9bfd3]::fmt::write
[INFO] [stdout]    2:     0x5f40ca3a36ac - <alloc[2182bb758b4b3781]::vec::Vec<u8> as core[df12db4294e9bfd3]::io::write::Write>::write_fmt
[INFO] [stdout]    3:     0x5f40ca379256 - std[70759c8f55707aa4]::panicking::default_hook::{closure#0}
[INFO] [stdout]    4:     0x5f40ca3961c9 - std[70759c8f55707aa4]::panicking::default_hook
[INFO] [stdout]    5:     0x5f40ca0dd880 - test[9d35eded1c95d3be]::test_main_inner::<test[9d35eded1c95d3be]::test_main_static::{closure#0}>::{closure#0}
[INFO] [stdout]    6:     0x5f40ca3964f2 - std[70759c8f55707aa4]::panicking::panic_with_hook
[INFO] [stdout]    7:     0x5f40ca379302 - std[70759c8f55707aa4]::panicking::panic_handler::{closure#0}
[INFO] [stdout]    8:     0x5f40ca371d79 - std[70759c8f55707aa4]::sys::backtrace::__rust_end_short_backtrace::<std[70759c8f55707aa4]::panicking::panic_handler::{closure#0}, !>
[INFO] [stdout]    9:     0x5f40ca37a0ed - __rustc[8fa7c3cbc660c2b3]::rust_begin_unwind
[INFO] [stdout]   10:     0x5f40ca3b7d8c - core[df12db4294e9bfd3]::panicking::panic_fmt
[INFO] [stdout]   11:     0x5f40ca3b7b62 - core[df12db4294e9bfd3]::result::unwrap_failed
[INFO] [stdout]   12:     0x5f40c9f7a36f - eternaltwin_twinoid_store[fa8f28ccf5c46637]::pg::test::make_test_api::{closure#0}
[INFO] [stdout]   13:     0x5f40c9f6b4b5 - eternaltwin_twinoid_store[fa8f28ccf5c46637]::pg::test::test_get_missing_user::{closure#0}::{closure#0}
[INFO] [stdout]   14:     0x5f40c9fb94da - <tokio[4f8df43210a8f63d]::runtime::scheduler::current_thread::CurrentThread>::block_on::<core[df12db4294e9bfd3]::pin::Pin<&mut dyn core[df12db4294e9bfd3]::future::future::Future<Output = ()>>>
[INFO] [stdout]   15:     0x5f40c9fc770d - <tokio[4f8df43210a8f63d]::runtime::runtime::Runtime>::block_on::<core[df12db4294e9bfd3]::pin::Pin<&mut dyn core[df12db4294e9bfd3]::future::future::Future<Output = ()>>>
[INFO] [stdout]   16:     0x5f40c9f7e60b - <eternaltwin_twinoid_store[fa8f28ccf5c46637]::pg::test::test_get_missing_user::{closure#0} as core[df12db4294e9bfd3]::ops::function::FnOnce<()>>::call_once
[INFO] [stdout]   17:     0x5f40ca11297a - serial_test[f333bb0a53b590f9]::serial_code_lock::local_serial_core
[INFO] [stdout]   18:     0x5f40c9fe0d58 - <eternaltwin_twinoid_store[fa8f28ccf5c46637]::pg::test::test_get_missing_user::{closure#0} as core[df12db4294e9bfd3]::ops::function::FnOnce<()>>::call_once
[INFO] [stdout]   19:     0x5f40ca0d0b6b - test[9d35eded1c95d3be]::__rust_begin_short_backtrace::<core[df12db4294e9bfd3]::result::Result<(), alloc[2182bb758b4b3781]::string::String>, fn() -> core[df12db4294e9bfd3]::result::Result<(), alloc[2182bb758b4b3781]::string::String>>
[INFO] [stdout]   20:     0x5f40ca0de1d5 - test[9d35eded1c95d3be]::run_test::{closure#0}
[INFO] [stdout]   21:     0x5f40ca0d7a94 - std[70759c8f55707aa4]::sys::backtrace::__rust_begin_short_backtrace::<test[9d35eded1c95d3be]::run_test::{closure#1}, ()>
[INFO] [stdout]   22:     0x5f40ca0e1332 - <std[70759c8f55707aa4]::thread::lifecycle::spawn_unchecked<test[9d35eded1c95d3be]::run_test::{closure#1}, ()>::{closure#1} as core[df12db4294e9bfd3]::ops::function::FnOnce<()>>::call_once::{shim:vtable#0}
[INFO] [stdout]   23:     0x5f40ca39d8b9 - <std[70759c8f55707aa4]::sys::thread::unix::Thread>::new::thread_start
[INFO] [stdout]   24:     0x779438ffedfa - <unknown>
[INFO] [stdout]   25:     0x7794390923d4 - clone
[INFO] [stdout]   26:                0x0 - <unknown>
[INFO] [stdout] 
[INFO] [stdout] 
[INFO] [stdout] failures:
[INFO] [stdout]     pg::test::test_empty
[INFO] [stdout]     pg::test::test_get_missing_user
[INFO] [stdout]     pg::test::test_touch_all_full_users
[INFO] [stdout]     pg::test::test_touch_all_safe_users
[INFO] [stdout]     pg::test::test_touch_drpg_fr
[INFO] [stdout]     pg::test::test_touch_user
[INFO] [stdout] 
[INFO] [stdout] test result: FAILED. 3 passed; 6 failed; 0 ignored; 0 measured; 0 filtered out; finished in 180.03s
[INFO] [stdout] 
[INFO] running `Command { std: "docker" "inspect" "e7b08568bdaec257060c046c6dd8891eb988d7f3165e2fa8e20bd0d6d39765b7", kill_on_drop: false }`
[INFO] running `Command { std: "docker" "rm" "-f" "e7b08568bdaec257060c046c6dd8891eb988d7f3165e2fa8e20bd0d6d39765b7", kill_on_drop: false }`
[INFO] [stdout] e7b08568bdaec257060c046c6dd8891eb988d7f3165e2fa8e20bd0d6d39765b7
