[INFO] fetching crate eternaltwin_token_store 0.16.4...
[INFO] testing eternaltwin_token_store-0.16.4 against 1.99.0-beta.8+cargoflags=--release for beta-release-1.100-2
[INFO] extracting crate eternaltwin_token_store 0.16.4 into /workspace/builds/worker-4-tc1/source
[INFO] started tweaking crates.io crate eternaltwin_token_store 0.16.4
[INFO] finished tweaking crates.io crate eternaltwin_token_store 0.16.4
[INFO] tweaked toml for crates.io crate eternaltwin_token_store 0.16.4 written to /workspace/builds/worker-4-tc1/source/Cargo.toml
[INFO] validating manifest of crates.io crate eternaltwin_token_store 0.16.4 on toolchain 1.99.0-beta.8
[INFO] running `Command { std: CARGO_HOME="/workspace/cargo-home" RUSTUP_HOME="/workspace/rustup-home" "/workspace/cargo-home/bin/cargo" "+1.99.0-beta.8" "metadata" "--manifest-path" "Cargo.toml" "--no-deps", kill_on_drop: false }`
[INFO] crate crates.io crate eternaltwin_token_store 0.16.4 already has a lockfile, it will not be regenerated
[INFO] running `Command { std: CARGO_HOME="/workspace/cargo-home" RUSTUP_HOME="/workspace/rustup-home" "/workspace/cargo-home/bin/cargo" "+1.99.0-beta.8" "fetch" "--manifest-path" "Cargo.toml", kill_on_drop: false }`
[INFO] [stderr]     Updating crates.io index
[INFO] [stderr]  Downloading crates ...
[INFO] [stderr]   Downloaded whoami v1.5.2
[INFO] [stderr]   Downloaded unicode-properties v0.1.2
[INFO] [stderr]   Downloaded serial_test v1.0.0
[INFO] [stderr]   Downloaded serial_test_derive v1.0.0
[INFO] [stderr]   Downloaded neon-build v0.10.1
[INFO] [stderr]   Downloaded neon-macros v0.10.1
[INFO] [stderr]   Downloaded eternaltwin_postgres_tools v0.16.4
[INFO] [stderr]   Downloaded syn-mid v0.5.4
[INFO] [stderr]   Downloaded neon-runtime v0.10.1
[INFO] [stderr]   Downloaded frunk_proc_macro_helpers v0.1.3
[INFO] [stderr]   Downloaded frunk_derives v0.4.3
[INFO] [stderr]   Downloaded eternaltwin_twinoid_store v0.16.4
[INFO] [stderr]   Downloaded eternaltwin_populate v0.16.4
[INFO] [stderr]   Downloaded frunk_proc_macros v0.1.3
[INFO] [stderr]   Downloaded eternaltwin_serde_tools v0.16.4
[INFO] [stderr]   Downloaded eternaltwin_squirrel v0.16.4
[INFO] [stderr]   Downloaded eternaltwin_config v0.16.4
[INFO] [stderr]   Downloaded opentelemetry-semantic-conventions v0.25.0
[INFO] [stderr]   Downloaded opentelemetry v0.25.0
[INFO] [stderr]   Downloaded frunk v0.4.3
[INFO] [stderr]   Downloaded eternaltwin_hammerfest_store v0.16.4
[INFO] [stderr]   Downloaded frunk_core v0.4.3
[INFO] [stderr]   Downloaded eternaltwin_db_schema v0.16.4
[INFO] [stderr]   Downloaded eternaltwin_dinoparc_store v0.16.4
[INFO] [stderr]   Downloaded eternaltwin_core v0.16.4
[INFO] [stderr]   Downloaded toml_edit v0.22.21
[INFO] [stderr]   Downloaded opentelemetry_sdk v0.25.0
[INFO] [stderr]   Downloaded neon v0.10.1
[INFO] [stderr]   Downloaded eternaltwin_constants v0.16.4
[INFO] [stderr]   Downloaded tokio v1.38.1
[INFO] running `Command { std: "docker" "create" "-v" "/var/lib/crater-agent-workspace/builds/worker-4-tc1/source:/opt/rustwide/workdir:ro,Z" "-v" "/var/lib/crater-agent-workspace/builds/worker-4-tc1/target:/opt/rustwide/target:rw,Z" "-v" "/var/lib/crater-agent-workspace/cargo-home:/opt/rustwide/cargo-home:ro,Z" "-v" "/var/lib/crater-agent-workspace/rustup-home:/opt/rustwide/rustup-home:ro,Z" "-m" "1610612736" "--network" "none" "ghcr.io/rust-lang/crates-build-env/linux@sha256:77db811e55d90add9212f6832c23229e3de5f1c1f9905e8cb07319ea15df73ac" "sleep" "infinity", kill_on_drop: false }`
[INFO] [stdout] 21da54a1d763cb8922d4d282196ff1d7454055917751b88a4743e2bb57ea9223
[INFO] running `Command { std: "docker" "start" "21da54a1d763cb8922d4d282196ff1d7454055917751b88a4743e2bb57ea9223", kill_on_drop: false }`
[INFO] running `Command { std: "docker" "inspect" "21da54a1d763cb8922d4d282196ff1d7454055917751b88a4743e2bb57ea9223", kill_on_drop: false }`
[INFO] running `Command { std: "docker" "exec" "-e" "SOURCE_DIR=/opt/rustwide/workdir" "-e" "CARGO_HOME=/opt/rustwide/cargo-home" "-e" "RUSTUP_HOME=/opt/rustwide/rustup-home" "-e" "CARGO_TARGET_DIR=/opt/rustwide/target" "-w" "/opt/rustwide/workdir" "--user" "0:0" "21da54a1d763cb8922d4d282196ff1d7454055917751b88a4743e2bb57ea9223" "/opt/rustwide/cargo-home/bin/cargo" "+1.99.0-beta.8" "metadata" "--no-deps" "--format-version=1", kill_on_drop: false }`
[INFO] running `Command { std: "docker" "inspect" "21da54a1d763cb8922d4d282196ff1d7454055917751b88a4743e2bb57ea9223", kill_on_drop: false }`
[INFO] running `Command { std: "docker" "exec" "-e" "SOURCE_DIR=/opt/rustwide/workdir" "-e" "CARGO_HOME=/opt/rustwide/cargo-home" "-e" "RUSTUP_HOME=/opt/rustwide/rustup-home" "-e" "CARGO_TARGET_DIR=/opt/rustwide/target" "-e" "CARGO_INCREMENTAL=0" "-e" "RUST_BACKTRACE=full" "-e" "RUSTFLAGS=--cap-lints=warn" "-e" "RUSTDOCFLAGS=--cap-lints=warn" "-w" "/opt/rustwide/workdir" "--user" "0:0" "21da54a1d763cb8922d4d282196ff1d7454055917751b88a4743e2bb57ea9223" "/opt/rustwide/cargo-home/bin/cargo" "+1.99.0-beta.8" "build" "--frozen" "--message-format=json" "--release", kill_on_drop: false }`
[INFO] [stderr]    Compiling proc-macro2 v1.0.86
[INFO] [stderr]    Compiling libc v0.2.158
[INFO] [stderr]    Compiling serde v1.0.210
[INFO] [stderr]    Compiling ahash v0.8.11
[INFO] [stderr]    Compiling stable_deref_trait v1.2.0
[INFO] [stderr]    Compiling cc v1.1.21
[INFO] [stderr]    Compiling num-traits v0.2.19
[INFO] [stderr]    Compiling lock_api v0.4.12
[INFO] [stderr]    Compiling typenum v1.17.0
[INFO] [stderr]    Compiling crossbeam-utils v0.8.20
[INFO] [stderr]    Compiling thiserror v1.0.64
[INFO] [stderr]    Compiling litemap v0.7.3
[INFO] [stderr]    Compiling writeable v0.5.5
[INFO] [stderr]    Compiling byteorder v1.5.0
[INFO] [stderr]    Compiling serde_json v1.0.135
[INFO] [stderr]    Compiling smallvec v1.13.2
[INFO] [stderr]    Compiling icu_locid_transform_data v1.5.0
[INFO] [stderr]    Compiling rustls v0.21.12
[INFO] [stderr]    Compiling quote v1.0.37
[INFO] [stderr]    Compiling icu_properties_data v1.5.0
[INFO] [stderr]    Compiling getrandom v0.2.15
[INFO] [stderr]    Compiling generic-array v0.14.7
[INFO] [stderr]    Compiling icu_normalizer_data v1.5.0
[INFO] [stderr]    Compiling write16 v1.0.0
[INFO] [stderr]    Compiling pin-project-lite v0.2.14
[INFO] [stderr]    Compiling syn v2.0.77
[INFO] [stderr]    Compiling untrusted v0.9.0
[INFO] [stderr]    Compiling utf16_iter v1.0.5
[INFO] [stderr]    Compiling futures-core v0.3.30
[INFO] [stderr]    Compiling spin v0.9.8
[INFO] [stderr]    Compiling parking_lot_core v0.9.10
[INFO] [stderr]    Compiling allocator-api2 v0.2.18
[INFO] [stderr]    Compiling futures-channel v0.3.30
[INFO] [stderr]    Compiling socket2 v0.5.7
[INFO] [stderr]    Compiling block-buffer v0.10.4
[INFO] [stderr]    Compiling crypto-common v0.1.6
[INFO] [stderr]    Compiling ring v0.17.8
[INFO] [stderr]    Compiling mio v0.8.11
[INFO] [stderr]    Compiling digest v0.10.7
[INFO] [stderr]    Compiling slab v0.4.9
[INFO] [stderr]    Compiling futures-io v0.3.30
[INFO] [stderr]    Compiling futures-task v0.3.30
[INFO] [stderr]    Compiling bytes v1.7.2
[INFO] [stderr]    Compiling percent-encoding v2.3.1
[INFO] [stderr]    Compiling futures-sink v0.3.30
[INFO] [stderr]    Compiling form_urlencoded v1.2.1
[INFO] [stderr]    Compiling nom v7.1.3
[INFO] [stderr]    Compiling tinyvec v1.8.0
[INFO] [stderr]    Compiling tokio v1.38.1
[INFO] [stderr]    Compiling parking_lot v0.12.3
[INFO] [stderr]    Compiling rand_core v0.6.4
[INFO] [stderr]    Compiling tracing-core v0.1.32
[INFO] [stderr]    Compiling rustix v0.38.37
[INFO] [stderr]    Compiling ryu v1.0.18
[INFO] [stderr]    Compiling itoa v1.0.11
[INFO] [stderr]    Compiling equivalent v1.0.1
[INFO] [stderr]    Compiling pin-utils v0.1.0
[INFO] [stderr]    Compiling base64 v0.21.7
[INFO] [stderr]    Compiling bitflags v2.6.0
[INFO] [stderr]    Compiling cpufeatures v0.2.14
[INFO] [stderr]    Compiling iana-time-zone v0.1.61
[INFO] [stderr]    Compiling crc v3.2.1
[INFO] [stderr]    Compiling rustls-pemfile v1.0.4
[INFO] [stderr]    Compiling chrono v0.4.38
[INFO] [stderr]    Compiling futures-util v0.3.30
[INFO] [stderr]    Compiling sha2 v0.10.8
[INFO] [stderr]    Compiling sqlformat v0.2.6
[INFO] [stderr]    Compiling futures-intrusive v0.5.0
[INFO] [stderr]    Compiling crossbeam-queue v0.3.11
[INFO] [stderr]    Compiling synstructure v0.13.1
[INFO] [stderr]    Compiling unicode-normalization v0.1.24
[INFO] [stderr]    Compiling sct v0.7.1
[INFO] [stderr]    Compiling rustls-webpki v0.101.7
[INFO] [stderr]    Compiling atoi v2.0.0
[INFO] [stderr]    Compiling hmac v0.12.1
[INFO] [stderr]    Compiling tokio-stream v0.1.16
[INFO] [stderr]    Compiling zerofrom-derive v0.1.4
[INFO] [stderr]    Compiling yoke-derive v0.7.4
[INFO] [stderr]    Compiling zerovec-derive v0.10.3
[INFO] [stderr]    Compiling displaydoc v0.2.5
[INFO] [stderr]    Compiling zerocopy-derive v0.7.35
[INFO] [stderr]    Compiling icu_provider_macros v1.5.0
[INFO] [stderr]    Compiling serde_derive v1.0.210
[INFO] [stderr]    Compiling thiserror-impl v1.0.64
[INFO] [stderr]    Compiling tracing-attributes v0.1.27
[INFO] [stderr]    Compiling zerofrom v0.1.4
[INFO] [stderr]    Compiling yoke v0.7.4
[INFO] [stderr]    Compiling zerovec v0.10.4
[INFO] [stderr]    Compiling zerocopy v0.7.35
[INFO] [stderr]    Compiling futures-macro v0.3.30
[INFO] [stderr]    Compiling tracing v0.1.40
[INFO] [stderr]    Compiling tinystr v0.7.6
[INFO] [stderr]    Compiling icu_collections v1.5.0
[INFO] [stderr]    Compiling icu_locid v1.5.0
[INFO] [stderr]    Compiling hashbrown v0.14.5
[INFO] [stderr]    Compiling icu_provider v1.5.0
[INFO] [stderr]    Compiling icu_locid_transform v1.5.0
[INFO] [stderr]    Compiling ppv-lite86 v0.2.20
[INFO] [stderr]    Compiling hashlink v0.8.4
[INFO] [stderr]    Compiling icu_properties v1.5.1
[INFO] [stderr]    Compiling rand_chacha v0.3.1
[INFO] [stderr]    Compiling indexmap v2.5.0
[INFO] [stderr]    Compiling tokio-macros v2.3.0
[INFO] [stderr]    Compiling icu_normalizer v1.5.0
[INFO] [stderr]    Compiling uuid v1.10.0
[INFO] [stderr]    Compiling either v1.13.0
[INFO] [stderr]    Compiling idna_adapter v1.2.0
[INFO] [stderr]    Compiling idna v1.0.3
[INFO] [stderr]    Compiling webpki-roots v0.25.4
[INFO] [stderr]    Compiling url v2.5.3
[INFO] [stderr]    Compiling unicode-properties v0.1.2
[INFO] [stderr]    Compiling unicode-bidi v0.3.15
[INFO] [stderr]    Compiling linux-raw-sys v0.4.14
[INFO] [stderr]    Compiling stringprep v0.1.5
[INFO] [stderr]    Compiling sqlx-core v0.7.4
[INFO] [stderr]    Compiling rand v0.8.5
[INFO] [stderr]    Compiling hkdf v0.12.4
[INFO] [stderr]    Compiling md-5 v0.10.6
[INFO] [stderr]    Compiling unicode-segmentation v1.12.0
[INFO] [stderr]    Compiling frunk_core v0.4.3
[INFO] [stderr]    Compiling fastrand v2.1.1
[INFO] [stderr]    Compiling home v0.5.9
[INFO] [stderr]    Compiling whoami v1.5.2
[INFO] [stderr]    Compiling sqlx-postgres v0.7.4
[INFO] [stderr]    Compiling heck v0.4.1
[INFO] [stderr]    Compiling tempfile v3.12.0
[INFO] [stderr]    Compiling frunk_proc_macro_helpers v0.1.3
[INFO] [stderr]    Compiling syn v1.0.109
[INFO] [stderr]    Compiling futures-executor v0.3.30
[INFO] [stderr]    Compiling sqlx-macros-core v0.7.4
[INFO] [stderr]    Compiling regex-syntax v0.8.4
[INFO] [stderr]    Compiling frunk_derives v0.4.3
[INFO] [stderr]    Compiling frunk_proc_macros v0.1.3
[INFO] [stderr]    Compiling opentelemetry v0.25.0
[INFO] [stderr]    Compiling sqlx-macros v0.7.4
[INFO] [stderr]    Compiling async-trait v0.1.82
[INFO] [stderr]    Compiling glob v0.3.1
[INFO] [stderr]    Compiling keccak v0.1.5
[INFO] [stderr]    Compiling regex-automata v0.4.7
[INFO] [stderr]    Compiling opentelemetry_sdk v0.25.0
[INFO] [stderr]    Compiling sha3 v0.10.8
[INFO] [stderr]    Compiling futures v0.3.30
[INFO] [stderr]    Compiling eternaltwin_serde_tools v0.16.4
[INFO] [stderr]    Compiling dashmap v5.5.3
[INFO] [stderr]    Compiling sqlx v0.7.4
[INFO] [stderr]    Compiling frunk v0.4.3
[INFO] [stderr]    Compiling regex v1.10.6
[INFO] [stderr]    Compiling eternaltwin_core v0.16.4
[INFO] [stderr]    Compiling eternaltwin_constants v0.16.4
[INFO] [stderr]    Compiling eternaltwin_populate v0.16.4
[INFO] [stderr]    Compiling eternaltwin_token_store v0.16.4 (/opt/rustwide/workdir)
[INFO] [stderr]     Finished `release` profile [optimized] target(s) in 5m 08s
[INFO] [stderr] warning: the following packages contain code that will be rejected by a future version of Rust: sqlx-postgres v0.7.4
[INFO] [stderr] note: to see what the problems were, use the option `--future-incompat-report`, or run `cargo report future-incompatibilities --id 3`
[INFO] running `Command { std: "docker" "inspect" "21da54a1d763cb8922d4d282196ff1d7454055917751b88a4743e2bb57ea9223", kill_on_drop: false }`
[INFO] running `Command { std: "docker" "exec" "-e" "SOURCE_DIR=/opt/rustwide/workdir" "-e" "CARGO_HOME=/opt/rustwide/cargo-home" "-e" "RUSTUP_HOME=/opt/rustwide/rustup-home" "-e" "CARGO_TARGET_DIR=/opt/rustwide/target" "-e" "CARGO_INCREMENTAL=0" "-e" "RUST_BACKTRACE=full" "-e" "RUSTFLAGS=--cap-lints=warn" "-e" "RUSTDOCFLAGS=--cap-lints=warn" "-w" "/opt/rustwide/workdir" "--user" "0:0" "21da54a1d763cb8922d4d282196ff1d7454055917751b88a4743e2bb57ea9223" "/opt/rustwide/cargo-home/bin/cargo" "+1.99.0-beta.8" "test" "--frozen" "--no-run" "--message-format=json" "--release", kill_on_drop: false }`
[INFO] [stderr]    Compiling futures-util v0.3.30
[INFO] [stderr]    Compiling indexmap v2.5.0
[INFO] [stderr]    Compiling syn v1.0.109
[INFO] [stderr]    Compiling anstyle v1.0.8
[INFO] [stderr]    Compiling anstyle-query v1.1.1
[INFO] [stderr]    Compiling anstyle-parse v0.2.5
[INFO] [stderr]    Compiling colorchoice v1.0.2
[INFO] [stderr]    Compiling serde_spanned v0.6.7
[INFO] [stderr]    Compiling toml_datetime v0.6.8
[INFO] [stderr]    Compiling winnow v0.6.18
[INFO] [stderr]    Compiling clap_lex v0.7.2
[INFO] [stderr]    Compiling clap_derive v4.5.18
[INFO] [stderr]    Compiling anstream v0.6.15
[INFO] [stderr]    Compiling include_dir_macros v0.7.4
[INFO] [stderr]    Compiling eternaltwin_postgres_tools v0.16.4
[INFO] [stderr]    Compiling opentelemetry-semantic-conventions v0.25.0
[INFO] [stderr]    Compiling clap_builder v4.5.18
[INFO] [stderr]    Compiling include_dir v0.7.4
[INFO] [stderr]    Compiling petgraph v0.6.5
[INFO] [stderr]    Compiling toml_edit v0.22.21
[INFO] [stderr]    Compiling sqlx-macros-core v0.7.4
[INFO] [stderr]    Compiling serial_test_derive v1.0.0
[INFO] [stderr]    Compiling futures-executor v0.3.30
[INFO] [stderr]    Compiling sqlx-core v0.7.4
[INFO] [stderr]    Compiling futures v0.3.30
[INFO] [stderr]    Compiling opentelemetry_sdk v0.25.0
[INFO] [stderr]    Compiling serial_test v1.0.0
[INFO] [stderr]    Compiling clap v4.5.18
[INFO] [stderr]    Compiling sqlx-macros v0.7.4
[INFO] [stderr]    Compiling toml v0.8.19
[INFO] [stderr]    Compiling sqlx-postgres v0.7.4
[INFO] [stderr]    Compiling sqlx v0.7.4
[INFO] [stderr]    Compiling eternaltwin_core v0.16.4
[INFO] [stderr]    Compiling eternaltwin_squirrel v0.16.4
[INFO] [stderr]    Compiling eternaltwin_constants v0.16.4
[INFO] [stderr]    Compiling eternaltwin_config v0.16.4
[INFO] [stderr]    Compiling eternaltwin_populate v0.16.4
[INFO] [stderr]    Compiling eternaltwin_dinoparc_store v0.16.4
[INFO] [stderr]    Compiling eternaltwin_twinoid_store v0.16.4
[INFO] [stderr]    Compiling eternaltwin_token_store v0.16.4 (/opt/rustwide/workdir)
[INFO] [stderr]    Compiling eternaltwin_db_schema v0.16.4
[INFO] [stderr]    Compiling eternaltwin_hammerfest_store v0.16.4
[INFO] [stderr]     Finished `release` profile [optimized] target(s) in 3m 10s
[INFO] [stderr] warning: the following packages contain code that will be rejected by a future version of Rust: sqlx-postgres v0.7.4
[INFO] [stderr] note: to see what the problems were, use the option `--future-incompat-report`, or run `cargo report future-incompatibilities --id 3`
[INFO] running `Command { std: "docker" "inspect" "21da54a1d763cb8922d4d282196ff1d7454055917751b88a4743e2bb57ea9223", kill_on_drop: false }`
[INFO] running `Command { std: "docker" "exec" "-e" "SOURCE_DIR=/opt/rustwide/workdir" "-e" "CARGO_HOME=/opt/rustwide/cargo-home" "-e" "RUSTUP_HOME=/opt/rustwide/rustup-home" "-e" "CARGO_TARGET_DIR=/opt/rustwide/target" "-e" "CARGO_INCREMENTAL=0" "-e" "RUST_BACKTRACE=full" "-e" "RUSTFLAGS=--cap-lints=warn" "-e" "RUSTDOCFLAGS=--cap-lints=warn" "-w" "/opt/rustwide/workdir" "--user" "0:0" "21da54a1d763cb8922d4d282196ff1d7454055917751b88a4743e2bb57ea9223" "/opt/rustwide/cargo-home/bin/cargo" "+1.99.0-beta.8" "test" "--frozen" "--release", kill_on_drop: false }`
[INFO] [stderr]     Finished `release` profile [optimized] target(s) in 0.42s
[INFO] [stderr] warning: the following packages contain code that will be rejected by a future version of Rust: sqlx-postgres v0.7.4
[INFO] [stderr] note: to see what the problems were, use the option `--future-incompat-report`, or run `cargo report future-incompatibilities --id 3`
[INFO] [stderr]      Running unittests src/lib.rs (/opt/rustwide/target/release/deps/eternaltwin_token_store-1e3d55db10abb03a)
[INFO] [stdout] 
[INFO] [stdout] running 22 tests
[INFO] [stdout] test mem::test::test_touch_dinoparc_session ... ok
[INFO] [stdout] test mem::test::test_touch_dinoparc_session_and_retrieve_it_without_atime_change ... ok
[INFO] [stdout] test mem::test::test_touch_dinoparc_session_again_with_different_user_without_revoking_first ... ok
[INFO] [stdout] test mem::test::test_touch_dinoparc_session_causing_auto_revocation_of_both_other_key_and_user ... ok
[INFO] [stdout] test mem::test::test_touch_dinoparc_session_to_update_atime_but_not_ctime ... ok
[INFO] [stdout] test mem::test::test_touch_revoke_touch_dinoparc_session_same_user ... ok
[INFO] [stdout] test mem::test::test_returns_none_for_a_revoked_dinoparc_session ... ok
[INFO] [stdout] test mem::test::test_returns_none_for_session_with_a_known_unauthenticated_dinoparc_user ... ok
[INFO] [stdout] test mem::test::test_touch_multiple_dinoparc_sessions_with_same_user ... ok
[INFO] [stdout] test mem::test::test_touch_revoke_touch_dinoparc_session_different_user ... ok
[INFO] [stdout] test mem::test::test_returns_none_for_session_with_an_unknown_dinoparc_user ... ok
[INFO] [stdout] test pg::test::test_touch_dinoparc_session_causing_auto_revocation_of_both_other_key_and_user ... FAILED
[INFO] [stdout] test pg::test::test_returns_none_for_a_revoked_dinoparc_session has been running for over 60 seconds
[INFO] [stdout] test pg::test::test_returns_none_for_session_with_a_known_unauthenticated_dinoparc_user has been running for over 60 seconds
[INFO] [stdout] test pg::test::test_returns_none_for_session_with_an_unknown_dinoparc_user has been running for over 60 seconds
[INFO] [stdout] test pg::test::test_touch_dinoparc_session has been running for over 60 seconds
[INFO] [stdout] test pg::test::test_touch_dinoparc_session_again_with_different_user_without_revoking_first has been running for over 60 seconds
[INFO] [stdout] test pg::test::test_touch_dinoparc_session_and_retrieve_it_without_atime_change has been running for over 60 seconds
[INFO] [stdout] test pg::test::test_touch_dinoparc_session_to_update_atime_but_not_ctime has been running for over 60 seconds
[INFO] [stdout] test pg::test::test_touch_dinoparc_session_again_with_different_user_without_revoking_first ... FAILED
[INFO] [stdout] test pg::test::test_touch_multiple_dinoparc_sessions_with_same_user has been running for over 60 seconds
[INFO] [stdout] test pg::test::test_touch_multiple_dinoparc_sessions_with_same_user ... FAILED
[INFO] [stdout] test pg::test::test_touch_revoke_touch_dinoparc_session_different_user has been running for over 60 seconds
[INFO] [stdout] test pg::test::test_touch_revoke_touch_dinoparc_session_different_user ... FAILED
[INFO] [stdout] test pg::test::test_touch_revoke_touch_dinoparc_session_same_user has been running for over 60 seconds
[INFO] [stdout] test pg::test::test_touch_revoke_touch_dinoparc_session_same_user ... FAILED
[INFO] [stdout] test pg::test::test_returns_none_for_a_revoked_dinoparc_session ... FAILED
[INFO] [stdout] test pg::test::test_returns_none_for_session_with_a_known_unauthenticated_dinoparc_user ... FAILED
[INFO] [stdout] test pg::test::test_touch_dinoparc_session_and_retrieve_it_without_atime_change ... FAILED
[INFO] [stdout] test pg::test::test_touch_dinoparc_session ... FAILED
[INFO] [stdout] test pg::test::test_touch_dinoparc_session_to_update_atime_but_not_ctime ... FAILED
[INFO] [stdout] test pg::test::test_returns_none_for_session_with_an_unknown_dinoparc_user ... FAILED
[INFO] [stderr] error: test failed, to rerun pass `--lib`
[INFO] [stdout] 
[INFO] [stdout] failures:
[INFO] [stdout] 
[INFO] [stdout] ---- pg::test::test_touch_dinoparc_session_causing_auto_revocation_of_both_other_key_and_user stdout ----
[INFO] [stdout] 
[INFO] [stdout] thread 'pg::test::test_touch_dinoparc_session_causing_auto_revocation_of_both_other_key_and_user' (4151) panicked at src/pg.rs:239:8:
[INFO] [stdout] called `Result::unwrap()` on an `Err` value: PoolTimedOut
[INFO] [stdout] stack backtrace:
[INFO] [stdout]    0:     0x5f6f58cdd5c1 - <<std[70759c8f55707aa4]::sys::backtrace::BacktraceLock>::print::DisplayBacktrace as core[df12db4294e9bfd3]::fmt::Display>::fmt
[INFO] [stdout]    1:     0x5f6f58cf5e7a - core[df12db4294e9bfd3]::fmt::write
[INFO] [stdout]    2:     0x5f6f58ce1f7c - <alloc[2182bb758b4b3781]::vec::Vec<u8> as core[df12db4294e9bfd3]::io::write::Write>::write_fmt
[INFO] [stdout]    3:     0x5f6f58cb8266 - std[70759c8f55707aa4]::panicking::default_hook::{closure#0}
[INFO] [stdout]    4:     0x5f6f58cd4f79 - std[70759c8f55707aa4]::panicking::default_hook
[INFO] [stdout]    5:     0x5f6f58a01660 - test[9d35eded1c95d3be]::test_main_inner::<test[9d35eded1c95d3be]::test_main_static::{closure#0}>::{closure#0}
[INFO] [stdout]    6:     0x5f6f58cd52a2 - std[70759c8f55707aa4]::panicking::panic_with_hook
[INFO] [stdout]    7:     0x5f6f58cb8312 - std[70759c8f55707aa4]::panicking::panic_handler::{closure#0}
[INFO] [stdout]    8:     0x5f6f58cb0e29 - std[70759c8f55707aa4]::sys::backtrace::__rust_end_short_backtrace::<std[70759c8f55707aa4]::panicking::panic_handler::{closure#0}, !>
[INFO] [stdout]    9:     0x5f6f58cb90fd - __rustc[8fa7c3cbc660c2b3]::rust_begin_unwind
[INFO] [stdout]   10:     0x5f6f58cf665c - core[df12db4294e9bfd3]::panicking::panic_fmt
[INFO] [stdout]   11:     0x5f6f58cf6432 - core[df12db4294e9bfd3]::result::unwrap_failed
[INFO] [stdout]   12:     0x5f6f5886b70b - eternaltwin_token_store[8d031172f446f822]::pg::test::make_test_api::{closure#0}
[INFO] [stdout]   13:     0x5f6f58861cb5 - eternaltwin_token_store[8d031172f446f822]::pg::test::test_touch_dinoparc_session_causing_auto_revocation_of_both_other_key_and_user::{closure#0}::{closure#0}
[INFO] [stdout]   14:     0x5f6f588b32a3 - <tokio[4f8df43210a8f63d]::runtime::scheduler::current_thread::Context>::enter::<core[df12db4294e9bfd3]::task::poll::Poll<()>, <tokio[4f8df43210a8f63d]::runtime::scheduler::current_thread::CoreGuard>::block_on<core[df12db4294e9bfd3]::pin::Pin<&mut core[df12db4294e9bfd3]::pin::Pin<&mut dyn core[df12db4294e9bfd3]::future::future::Future<Output = ()>>>>::{closure#0}::{closure#0}>
[INFO] [stdout]   15:     0x5f6f588998c2 - <tokio[4f8df43210a8f63d]::runtime::context::scoped::Scoped<tokio[4f8df43210a8f63d]::runtime::scheduler::Context>>::set::<<tokio[4f8df43210a8f63d]::runtime::scheduler::current_thread::CoreGuard>::enter<<tokio[4f8df43210a8f63d]::runtime::scheduler::current_thread::CoreGuard>::block_on<core[df12db4294e9bfd3]::pin::Pin<&mut core[df12db4294e9bfd3]::pin::Pin<&mut dyn core[df12db4294e9bfd3]::future::future::Future<Output = ()>>>>::{closure#0}, core[df12db4294e9bfd3]::option::Option<()>>::{closure#0}, (alloc[2182bb758b4b3781]::boxed::Box<tokio[4f8df43210a8f63d]::runtime::scheduler::current_thread::Core>, core[df12db4294e9bfd3]::option::Option<()>)>
[INFO] [stdout]   16:     0x5f6f588b2fc8 - <tokio[4f8df43210a8f63d]::runtime::scheduler::current_thread::CurrentThread>::block_on::<core[df12db4294e9bfd3]::pin::Pin<&mut dyn core[df12db4294e9bfd3]::future::future::Future<Output = ()>>>
[INFO] [stdout]   17:     0x5f6f588e9b7d - <tokio[4f8df43210a8f63d]::runtime::runtime::Runtime>::block_on::<core[df12db4294e9bfd3]::pin::Pin<&mut dyn core[df12db4294e9bfd3]::future::future::Future<Output = ()>>>
[INFO] [stdout]   18:     0x5f6f5887382b - <eternaltwin_token_store[8d031172f446f822]::pg::test::test_touch_dinoparc_session_causing_auto_revocation_of_both_other_key_and_user::{closure#0} as core[df12db4294e9bfd3]::ops::function::FnOnce<()>>::call_once
[INFO] [stdout]   19:     0x5f6f58a3675a - serial_test[f333bb0a53b590f9]::serial_code_lock::local_serial_core
[INFO] [stdout]   20:     0x5f6f588d4b18 - <eternaltwin_token_store[8d031172f446f822]::pg::test::test_touch_dinoparc_session_causing_auto_revocation_of_both_other_key_and_user::{closure#0} as core[df12db4294e9bfd3]::ops::function::FnOnce<()>>::call_once
[INFO] [stdout]   21:     0x5f6f589f494b - test[9d35eded1c95d3be]::__rust_begin_short_backtrace::<core[df12db4294e9bfd3]::result::Result<(), alloc[2182bb758b4b3781]::string::String>, fn() -> core[df12db4294e9bfd3]::result::Result<(), alloc[2182bb758b4b3781]::string::String>>
[INFO] [stdout]   22:     0x5f6f58a01fb5 - test[9d35eded1c95d3be]::run_test::{closure#0}
[INFO] [stdout]   23:     0x5f6f589fb874 - std[70759c8f55707aa4]::sys::backtrace::__rust_begin_short_backtrace::<test[9d35eded1c95d3be]::run_test::{closure#1}, ()>
[INFO] [stdout]   24:     0x5f6f58a05112 - <std[70759c8f55707aa4]::thread::lifecycle::spawn_unchecked<test[9d35eded1c95d3be]::run_test::{closure#1}, ()>::{closure#1} as core[df12db4294e9bfd3]::ops::function::FnOnce<()>>::call_once::{shim:vtable#0}
[INFO] [stdout]   25:     0x5f6f58cdc459 - <std[70759c8f55707aa4]::sys::thread::unix::Thread>::new::thread_start
[INFO] [stdout]   26:     0x74cbbedd6dfa - <unknown>
[INFO] [stdout]   27:     0x74cbbee6a3d4 - clone
[INFO] [stdout]   28:                0x0 - <unknown>
[INFO] [stdout] 
[INFO] [stdout] ---- pg::test::test_touch_dinoparc_session_again_with_different_user_without_revoking_first stdout ----
[INFO] [stdout] 
[INFO] [stdout] thread 'pg::test::test_touch_dinoparc_session_again_with_different_user_without_revoking_first' (4149) panicked at src/pg.rs:239:8:
[INFO] [stdout] called `Result::unwrap()` on an `Err` value: PoolTimedOut
[INFO] [stdout] stack backtrace:
[INFO] [stdout]    0:     0x5f6f58cdd5c1 - <<std[70759c8f55707aa4]::sys::backtrace::BacktraceLock>::print::DisplayBacktrace as core[df12db4294e9bfd3]::fmt::Display>::fmt
[INFO] [stdout]    1:     0x5f6f58cf5e7a - core[df12db4294e9bfd3]::fmt::write
[INFO] [stdout]    2:     0x5f6f58ce1f7c - <alloc[2182bb758b4b3781]::vec::Vec<u8> as core[df12db4294e9bfd3]::io::write::Write>::write_fmt
[INFO] [stdout]    3:     0x5f6f58cb8266 - std[70759c8f55707aa4]::panicking::default_hook::{closure#0}
[INFO] [stdout]    4:     0x5f6f58cd4f79 - std[70759c8f55707aa4]::panicking::default_hook
[INFO] [stdout]    5:     0x5f6f58a01660 - test[9d35eded1c95d3be]::test_main_inner::<test[9d35eded1c95d3be]::test_main_static::{closure#0}>::{closure#0}
[INFO] [stdout]    6:     0x5f6f58cd52a2 - std[70759c8f55707aa4]::panicking::panic_with_hook
[INFO] [stdout]    7:     0x5f6f58cb8312 - std[70759c8f55707aa4]::panicking::panic_handler::{closure#0}
[INFO] [stdout]    8:     0x5f6f58cb0e29 - std[70759c8f55707aa4]::sys::backtrace::__rust_end_short_backtrace::<std[70759c8f55707aa4]::panicking::panic_handler::{closure#0}, !>
[INFO] [stdout]    9:     0x5f6f58cb90fd - __rustc[8fa7c3cbc660c2b3]::rust_begin_unwind
[INFO] [stdout]   10:     0x5f6f58cf665c - core[df12db4294e9bfd3]::panicking::panic_fmt
[INFO] [stdout]   11:     0x5f6f58cf6432 - core[df12db4294e9bfd3]::result::unwrap_failed
[INFO] [stdout]   12:     0x5f6f5886b70b - eternaltwin_token_store[8d031172f446f822]::pg::test::make_test_api::{closure#0}
[INFO] [stdout]   13:     0x5f6f58860595 - eternaltwin_token_store[8d031172f446f822]::pg::test::test_touch_dinoparc_session_again_with_different_user_without_revoking_first::{closure#0}::{closure#0}
[INFO] [stdout]   14:     0x5f6f588b32a3 - <tokio[4f8df43210a8f63d]::runtime::scheduler::current_thread::Context>::enter::<core[df12db4294e9bfd3]::task::poll::Poll<()>, <tokio[4f8df43210a8f63d]::runtime::scheduler::current_thread::CoreGuard>::block_on<core[df12db4294e9bfd3]::pin::Pin<&mut core[df12db4294e9bfd3]::pin::Pin<&mut dyn core[df12db4294e9bfd3]::future::future::Future<Output = ()>>>>::{closure#0}::{closure#0}>
[INFO] [stdout]   15:     0x5f6f588998c2 - <tokio[4f8df43210a8f63d]::runtime::context::scoped::Scoped<tokio[4f8df43210a8f63d]::runtime::scheduler::Context>>::set::<<tokio[4f8df43210a8f63d]::runtime::scheduler::current_thread::CoreGuard>::enter<<tokio[4f8df43210a8f63d]::runtime::scheduler::current_thread::CoreGuard>::block_on<core[df12db4294e9bfd3]::pin::Pin<&mut core[df12db4294e9bfd3]::pin::Pin<&mut dyn core[df12db4294e9bfd3]::future::future::Future<Output = ()>>>>::{closure#0}, core[df12db4294e9bfd3]::option::Option<()>>::{closure#0}, (alloc[2182bb758b4b3781]::boxed::Box<tokio[4f8df43210a8f63d]::runtime::scheduler::current_thread::Core>, core[df12db4294e9bfd3]::option::Option<()>)>
[INFO] [stdout]   16:     0x5f6f588b2fc8 - <tokio[4f8df43210a8f63d]::runtime::scheduler::current_thread::CurrentThread>::block_on::<core[df12db4294e9bfd3]::pin::Pin<&mut dyn core[df12db4294e9bfd3]::future::future::Future<Output = ()>>>
[INFO] [stdout]   17:     0x5f6f588e9b7d - <tokio[4f8df43210a8f63d]::runtime::runtime::Runtime>::block_on::<core[df12db4294e9bfd3]::pin::Pin<&mut dyn core[df12db4294e9bfd3]::future::future::Future<Output = ()>>>
[INFO] [stdout]   18:     0x5f6f588736bb - <eternaltwin_token_store[8d031172f446f822]::pg::test::test_touch_dinoparc_session_again_with_different_user_without_revoking_first::{closure#0} as core[df12db4294e9bfd3]::ops::function::FnOnce<()>>::call_once
[INFO] [stdout]   19:     0x5f6f58a3675a - serial_test[f333bb0a53b590f9]::serial_code_lock::local_serial_core
[INFO] [stdout]   20:     0x5f6f588d4ae8 - <eternaltwin_token_store[8d031172f446f822]::pg::test::test_touch_dinoparc_session_again_with_different_user_without_revoking_first::{closure#0} as core[df12db4294e9bfd3]::ops::function::FnOnce<()>>::call_once
[INFO] [stdout]   21:     0x5f6f589f494b - test[9d35eded1c95d3be]::__rust_begin_short_backtrace::<core[df12db4294e9bfd3]::result::Result<(), alloc[2182bb758b4b3781]::string::String>, fn() -> core[df12db4294e9bfd3]::result::Result<(), alloc[2182bb758b4b3781]::string::String>>
[INFO] [stdout]   22:     0x5f6f58a01fb5 - test[9d35eded1c95d3be]::run_test::{closure#0}
[INFO] [stdout]   23:     0x5f6f589fb874 - std[70759c8f55707aa4]::sys::backtrace::__rust_begin_short_backtrace::<test[9d35eded1c95d3be]::run_test::{closure#1}, ()>
[INFO] [stdout]   24:     0x5f6f58a05112 - <std[70759c8f55707aa4]::thread::lifecycle::spawn_unchecked<test[9d35eded1c95d3be]::run_test::{closure#1}, ()>::{closure#1} as core[df12db4294e9bfd3]::ops::function::FnOnce<()>>::call_once::{shim:vtable#0}
[INFO] [stdout]   25:     0x5f6f58cdc459 - <std[70759c8f55707aa4]::sys::thread::unix::Thread>::new::thread_start
[INFO] [stdout]   26:     0x74cbbedd6dfa - <unknown>
[INFO] [stdout]   27:     0x74cbbee6a3d4 - clone
[INFO] [stdout]   28:                0x0 - <unknown>
[INFO] [stdout] 
[INFO] [stdout] ---- pg::test::test_touch_multiple_dinoparc_sessions_with_same_user stdout ----
[INFO] [stdout] 
[INFO] [stdout] thread 'pg::test::test_touch_multiple_dinoparc_sessions_with_same_user' (4154) panicked at src/pg.rs:239:8:
[INFO] [stdout] called `Result::unwrap()` on an `Err` value: PoolTimedOut
[INFO] [stdout] stack backtrace:
[INFO] [stdout]    0:     0x5f6f58cdd5c1 - <<std[70759c8f55707aa4]::sys::backtrace::BacktraceLock>::print::DisplayBacktrace as core[df12db4294e9bfd3]::fmt::Display>::fmt
[INFO] [stdout]    1:     0x5f6f58cf5e7a - core[df12db4294e9bfd3]::fmt::write
[INFO] [stdout]    2:     0x5f6f58ce1f7c - <alloc[2182bb758b4b3781]::vec::Vec<u8> as core[df12db4294e9bfd3]::io::write::Write>::write_fmt
[INFO] [stdout]    3:     0x5f6f58cb8266 - std[70759c8f55707aa4]::panicking::default_hook::{closure#0}
[INFO] [stdout]    4:     0x5f6f58cd4f79 - std[70759c8f55707aa4]::panicking::default_hook
[INFO] [stdout]    5:     0x5f6f58a01660 - test[9d35eded1c95d3be]::test_main_inner::<test[9d35eded1c95d3be]::test_main_static::{closure#0}>::{closure#0}
[INFO] [stdout]    6:     0x5f6f58cd52a2 - std[70759c8f55707aa4]::panicking::panic_with_hook
[INFO] [stdout]    7:     0x5f6f58cb8312 - std[70759c8f55707aa4]::panicking::panic_handler::{closure#0}
[INFO] [stdout]    8:     0x5f6f58cb0e29 - std[70759c8f55707aa4]::sys::backtrace::__rust_end_short_backtrace::<std[70759c8f55707aa4]::panicking::panic_handler::{closure#0}, !>
[INFO] [stdout]    9:     0x5f6f58cb90fd - __rustc[8fa7c3cbc660c2b3]::rust_begin_unwind
[INFO] [stdout]   10:     0x5f6f58cf665c - core[df12db4294e9bfd3]::panicking::panic_fmt
[INFO] [stdout]   11:     0x5f6f58cf6432 - core[df12db4294e9bfd3]::result::unwrap_failed
[INFO] [stdout]   12:     0x5f6f5886b70b - eternaltwin_token_store[8d031172f446f822]::pg::test::make_test_api::{closure#0}
[INFO] [stdout]   13:     0x5f6f5885b385 - eternaltwin_token_store[8d031172f446f822]::pg::test::test_touch_multiple_dinoparc_sessions_with_same_user::{closure#0}::{closure#0}
[INFO] [stdout]   14:     0x5f6f588b32a3 - <tokio[4f8df43210a8f63d]::runtime::scheduler::current_thread::Context>::enter::<core[df12db4294e9bfd3]::task::poll::Poll<()>, <tokio[4f8df43210a8f63d]::runtime::scheduler::current_thread::CoreGuard>::block_on<core[df12db4294e9bfd3]::pin::Pin<&mut core[df12db4294e9bfd3]::pin::Pin<&mut dyn core[df12db4294e9bfd3]::future::future::Future<Output = ()>>>>::{closure#0}::{closure#0}>
[INFO] [stdout]   15:     0x5f6f588998c2 - <tokio[4f8df43210a8f63d]::runtime::context::scoped::Scoped<tokio[4f8df43210a8f63d]::runtime::scheduler::Context>>::set::<<tokio[4f8df43210a8f63d]::runtime::scheduler::current_thread::CoreGuard>::enter<<tokio[4f8df43210a8f63d]::runtime::scheduler::current_thread::CoreGuard>::block_on<core[df12db4294e9bfd3]::pin::Pin<&mut core[df12db4294e9bfd3]::pin::Pin<&mut dyn core[df12db4294e9bfd3]::future::future::Future<Output = ()>>>>::{closure#0}, core[df12db4294e9bfd3]::option::Option<()>>::{closure#0}, (alloc[2182bb758b4b3781]::boxed::Box<tokio[4f8df43210a8f63d]::runtime::scheduler::current_thread::Core>, core[df12db4294e9bfd3]::option::Option<()>)>
[INFO] [stdout]   16:     0x5f6f588b2fc8 - <tokio[4f8df43210a8f63d]::runtime::scheduler::current_thread::CurrentThread>::block_on::<core[df12db4294e9bfd3]::pin::Pin<&mut dyn core[df12db4294e9bfd3]::future::future::Future<Output = ()>>>
[INFO] [stdout]   17:     0x5f6f588e9b7d - <tokio[4f8df43210a8f63d]::runtime::runtime::Runtime>::block_on::<core[df12db4294e9bfd3]::pin::Pin<&mut dyn core[df12db4294e9bfd3]::future::future::Future<Output = ()>>>
[INFO] [stdout]   18:     0x5f6f58872e1b - <eternaltwin_token_store[8d031172f446f822]::pg::test::test_touch_multiple_dinoparc_sessions_with_same_user::{closure#0} as core[df12db4294e9bfd3]::ops::function::FnOnce<()>>::call_once
[INFO] [stdout]   19:     0x5f6f58a3675a - serial_test[f333bb0a53b590f9]::serial_code_lock::local_serial_core
[INFO] [stdout]   20:     0x5f6f588d49c8 - <eternaltwin_token_store[8d031172f446f822]::pg::test::test_touch_multiple_dinoparc_sessions_with_same_user::{closure#0} as core[df12db4294e9bfd3]::ops::function::FnOnce<()>>::call_once
[INFO] [stdout]   21:     0x5f6f589f494b - test[9d35eded1c95d3be]::__rust_begin_short_backtrace::<core[df12db4294e9bfd3]::result::Result<(), alloc[2182bb758b4b3781]::string::String>, fn() -> core[df12db4294e9bfd3]::result::Result<(), alloc[2182bb758b4b3781]::string::String>>
[INFO] [stdout]   22:     0x5f6f58a01fb5 - test[9d35eded1c95d3be]::run_test::{closure#0}
[INFO] [stdout]   23:     0x5f6f589fb874 - std[70759c8f55707aa4]::sys::backtrace::__rust_begin_short_backtrace::<test[9d35eded1c95d3be]::run_test::{closure#1}, ()>
[INFO] [stdout]   24:     0x5f6f58a05112 - <std[70759c8f55707aa4]::thread::lifecycle::spawn_unchecked<test[9d35eded1c95d3be]::run_test::{closure#1}, ()>::{closure#1} as core[df12db4294e9bfd3]::ops::function::FnOnce<()>>::call_once::{shim:vtable#0}
[INFO] [stdout]   25:     0x5f6f58cdc459 - <std[70759c8f55707aa4]::sys::thread::unix::Thread>::new::thread_start
[INFO] [stdout]   26:     0x74cbbedd6dfa - <unknown>
[INFO] [stdout]   27:     0x74cbbee6a3d4 - clone
[INFO] [stdout]   28:                0x0 - <unknown>
[INFO] [stdout] 
[INFO] [stdout] ---- pg::test::test_touch_revoke_touch_dinoparc_session_different_user stdout ----
[INFO] [stdout] 
[INFO] [stdout] thread 'pg::test::test_touch_revoke_touch_dinoparc_session_different_user' (4156) panicked at src/pg.rs:239:8:
[INFO] [stdout] called `Result::unwrap()` on an `Err` value: PoolTimedOut
[INFO] [stdout] stack backtrace:
[INFO] [stdout]    0:     0x5f6f58cdd5c1 - <<std[70759c8f55707aa4]::sys::backtrace::BacktraceLock>::print::DisplayBacktrace as core[df12db4294e9bfd3]::fmt::Display>::fmt
[INFO] [stdout]    1:     0x5f6f58cf5e7a - core[df12db4294e9bfd3]::fmt::write
[INFO] [stdout]    2:     0x5f6f58ce1f7c - <alloc[2182bb758b4b3781]::vec::Vec<u8> as core[df12db4294e9bfd3]::io::write::Write>::write_fmt
[INFO] [stdout]    3:     0x5f6f58cb8266 - std[70759c8f55707aa4]::panicking::default_hook::{closure#0}
[INFO] [stdout]    4:     0x5f6f58cd4f79 - std[70759c8f55707aa4]::panicking::default_hook
[INFO] [stdout]    5:     0x5f6f58a01660 - test[9d35eded1c95d3be]::test_main_inner::<test[9d35eded1c95d3be]::test_main_static::{closure#0}>::{closure#0}
[INFO] [stdout]    6:     0x5f6f58cd52a2 - std[70759c8f55707aa4]::panicking::panic_with_hook
[INFO] [stdout]    7:     0x5f6f58cb8312 - std[70759c8f55707aa4]::panicking::panic_handler::{closure#0}
[INFO] [stdout]    8:     0x5f6f58cb0e29 - std[70759c8f55707aa4]::sys::backtrace::__rust_end_short_backtrace::<std[70759c8f55707aa4]::panicking::panic_handler::{closure#0}, !>
[INFO] [stdout]    9:     0x5f6f58cb90fd - __rustc[8fa7c3cbc660c2b3]::rust_begin_unwind
[INFO] [stdout]   10:     0x5f6f58cf665c - core[df12db4294e9bfd3]::panicking::panic_fmt
[INFO] [stdout]   11:     0x5f6f58cf6432 - core[df12db4294e9bfd3]::result::unwrap_failed
[INFO] [stdout]   12:     0x5f6f5886b70b - eternaltwin_token_store[8d031172f446f822]::pg::test::make_test_api::{closure#0}
[INFO] [stdout]   13:     0x5f6f5885c595 - eternaltwin_token_store[8d031172f446f822]::pg::test::test_touch_revoke_touch_dinoparc_session_different_user::{closure#0}::{closure#0}
[INFO] [stdout]   14:     0x5f6f588b32a3 - <tokio[4f8df43210a8f63d]::runtime::scheduler::current_thread::Context>::enter::<core[df12db4294e9bfd3]::task::poll::Poll<()>, <tokio[4f8df43210a8f63d]::runtime::scheduler::current_thread::CoreGuard>::block_on<core[df12db4294e9bfd3]::pin::Pin<&mut core[df12db4294e9bfd3]::pin::Pin<&mut dyn core[df12db4294e9bfd3]::future::future::Future<Output = ()>>>>::{closure#0}::{closure#0}>
[INFO] [stdout]   15:     0x5f6f588998c2 - <tokio[4f8df43210a8f63d]::runtime::context::scoped::Scoped<tokio[4f8df43210a8f63d]::runtime::scheduler::Context>>::set::<<tokio[4f8df43210a8f63d]::runtime::scheduler::current_thread::CoreGuard>::enter<<tokio[4f8df43210a8f63d]::runtime::scheduler::current_thread::CoreGuard>::block_on<core[df12db4294e9bfd3]::pin::Pin<&mut core[df12db4294e9bfd3]::pin::Pin<&mut dyn core[df12db4294e9bfd3]::future::future::Future<Output = ()>>>>::{closure#0}, core[df12db4294e9bfd3]::option::Option<()>>::{closure#0}, (alloc[2182bb758b4b3781]::boxed::Box<tokio[4f8df43210a8f63d]::runtime::scheduler::current_thread::Core>, core[df12db4294e9bfd3]::option::Option<()>)>
[INFO] [stdout]   16:     0x5f6f588b2fc8 - <tokio[4f8df43210a8f63d]::runtime::scheduler::current_thread::CurrentThread>::block_on::<core[df12db4294e9bfd3]::pin::Pin<&mut dyn core[df12db4294e9bfd3]::future::future::Future<Output = ()>>>
[INFO] [stdout]   17:     0x5f6f588e9b7d - <tokio[4f8df43210a8f63d]::runtime::runtime::Runtime>::block_on::<core[df12db4294e9bfd3]::pin::Pin<&mut dyn core[df12db4294e9bfd3]::future::future::Future<Output = ()>>>
[INFO] [stdout]   18:     0x5f6f58872f8b - <eternaltwin_token_store[8d031172f446f822]::pg::test::test_touch_revoke_touch_dinoparc_session_different_user::{closure#0} as core[df12db4294e9bfd3]::ops::function::FnOnce<()>>::call_once
[INFO] [stdout]   19:     0x5f6f58a3675a - serial_test[f333bb0a53b590f9]::serial_code_lock::local_serial_core
[INFO] [stdout]   20:     0x5f6f588d49f8 - <eternaltwin_token_store[8d031172f446f822]::pg::test::test_touch_revoke_touch_dinoparc_session_different_user::{closure#0} as core[df12db4294e9bfd3]::ops::function::FnOnce<()>>::call_once
[INFO] [stdout]   21:     0x5f6f589f494b - test[9d35eded1c95d3be]::__rust_begin_short_backtrace::<core[df12db4294e9bfd3]::result::Result<(), alloc[2182bb758b4b3781]::string::String>, fn() -> core[df12db4294e9bfd3]::result::Result<(), alloc[2182bb758b4b3781]::string::String>>
[INFO] [stdout]   22:     0x5f6f58a01fb5 - test[9d35eded1c95d3be]::run_test::{closure#0}
[INFO] [stdout]   23:     0x5f6f589fb874 - std[70759c8f55707aa4]::sys::backtrace::__rust_begin_short_backtrace::<test[9d35eded1c95d3be]::run_test::{closure#1}, ()>
[INFO] [stdout]   24:     0x5f6f58a05112 - <std[70759c8f55707aa4]::thread::lifecycle::spawn_unchecked<test[9d35eded1c95d3be]::run_test::{closure#1}, ()>::{closure#1} as core[df12db4294e9bfd3]::ops::function::FnOnce<()>>::call_once::{shim:vtable#0}
[INFO] [stdout]   25:     0x5f6f58cdc459 - <std[70759c8f55707aa4]::sys::thread::unix::Thread>::new::thread_start
[INFO] [stdout]   26:     0x74cbbedd6dfa - <unknown>
[INFO] [stdout]   27:     0x74cbbee6a3d4 - clone
[INFO] [stdout]   28:                0x0 - <unknown>
[INFO] [stdout] 
[INFO] [stdout] ---- pg::test::test_touch_revoke_touch_dinoparc_session_same_user stdout ----
[INFO] [stdout] 
[INFO] [stdout] thread 'pg::test::test_touch_revoke_touch_dinoparc_session_same_user' (4158) panicked at src/pg.rs:239:8:
[INFO] [stdout] called `Result::unwrap()` on an `Err` value: PoolTimedOut
[INFO] [stdout] stack backtrace:
[INFO] [stdout]    0:     0x5f6f58cdd5c1 - <<std[70759c8f55707aa4]::sys::backtrace::BacktraceLock>::print::DisplayBacktrace as core[df12db4294e9bfd3]::fmt::Display>::fmt
[INFO] [stdout]    1:     0x5f6f58cf5e7a - core[df12db4294e9bfd3]::fmt::write
[INFO] [stdout]    2:     0x5f6f58ce1f7c - <alloc[2182bb758b4b3781]::vec::Vec<u8> as core[df12db4294e9bfd3]::io::write::Write>::write_fmt
[INFO] [stdout]    3:     0x5f6f58cb8266 - std[70759c8f55707aa4]::panicking::default_hook::{closure#0}
[INFO] [stdout]    4:     0x5f6f58cd4f79 - std[70759c8f55707aa4]::panicking::default_hook
[INFO] [stdout]    5:     0x5f6f58a01660 - test[9d35eded1c95d3be]::test_main_inner::<test[9d35eded1c95d3be]::test_main_static::{closure#0}>::{closure#0}
[INFO] [stdout]    6:     0x5f6f58cd52a2 - std[70759c8f55707aa4]::panicking::panic_with_hook
[INFO] [stdout]    7:     0x5f6f58cb8312 - std[70759c8f55707aa4]::panicking::panic_handler::{closure#0}
[INFO] [stdout]    8:     0x5f6f58cb0e29 - std[70759c8f55707aa4]::sys::backtrace::__rust_end_short_backtrace::<std[70759c8f55707aa4]::panicking::panic_handler::{closure#0}, !>
[INFO] [stdout]    9:     0x5f6f58cb90fd - __rustc[8fa7c3cbc660c2b3]::rust_begin_unwind
[INFO] [stdout]   10:     0x5f6f58cf665c - core[df12db4294e9bfd3]::panicking::panic_fmt
[INFO] [stdout]   11:     0x5f6f58cf6432 - core[df12db4294e9bfd3]::result::unwrap_failed
[INFO] [stdout]   12:     0x5f6f5886b70b - eternaltwin_token_store[8d031172f446f822]::pg::test::make_test_api::{closure#0}
[INFO] [stdout]   13:     0x5f6f58859fba - eternaltwin_token_store[8d031172f446f822]::pg::test::test_touch_revoke_touch_dinoparc_session_same_user::{closure#0}::{closure#0}
[INFO] [stdout]   14:     0x5f6f588b32a3 - <tokio[4f8df43210a8f63d]::runtime::scheduler::current_thread::Context>::enter::<core[df12db4294e9bfd3]::task::poll::Poll<()>, <tokio[4f8df43210a8f63d]::runtime::scheduler::current_thread::CoreGuard>::block_on<core[df12db4294e9bfd3]::pin::Pin<&mut core[df12db4294e9bfd3]::pin::Pin<&mut dyn core[df12db4294e9bfd3]::future::future::Future<Output = ()>>>>::{closure#0}::{closure#0}>
[INFO] [stdout]   15:     0x5f6f588998c2 - <tokio[4f8df43210a8f63d]::runtime::context::scoped::Scoped<tokio[4f8df43210a8f63d]::runtime::scheduler::Context>>::set::<<tokio[4f8df43210a8f63d]::runtime::scheduler::current_thread::CoreGuard>::enter<<tokio[4f8df43210a8f63d]::runtime::scheduler::current_thread::CoreGuard>::block_on<core[df12db4294e9bfd3]::pin::Pin<&mut core[df12db4294e9bfd3]::pin::Pin<&mut dyn core[df12db4294e9bfd3]::future::future::Future<Output = ()>>>>::{closure#0}, core[df12db4294e9bfd3]::option::Option<()>>::{closure#0}, (alloc[2182bb758b4b3781]::boxed::Box<tokio[4f8df43210a8f63d]::runtime::scheduler::current_thread::Core>, core[df12db4294e9bfd3]::option::Option<()>)>
[INFO] [stdout]   16:     0x5f6f588b2fc8 - <tokio[4f8df43210a8f63d]::runtime::scheduler::current_thread::CurrentThread>::block_on::<core[df12db4294e9bfd3]::pin::Pin<&mut dyn core[df12db4294e9bfd3]::future::future::Future<Output = ()>>>
[INFO] [stdout]   17:     0x5f6f588e9b7d - <tokio[4f8df43210a8f63d]::runtime::runtime::Runtime>::block_on::<core[df12db4294e9bfd3]::pin::Pin<&mut dyn core[df12db4294e9bfd3]::future::future::Future<Output = ()>>>
[INFO] [stdout]   18:     0x5f6f58872cab - <eternaltwin_token_store[8d031172f446f822]::pg::test::test_touch_revoke_touch_dinoparc_session_same_user::{closure#0} as core[df12db4294e9bfd3]::ops::function::FnOnce<()>>::call_once
[INFO] [stdout]   19:     0x5f6f58a3675a - serial_test[f333bb0a53b590f9]::serial_code_lock::local_serial_core
[INFO] [stdout]   20:     0x5f6f588d4998 - <eternaltwin_token_store[8d031172f446f822]::pg::test::test_touch_revoke_touch_dinoparc_session_same_user::{closure#0} as core[df12db4294e9bfd3]::ops::function::FnOnce<()>>::call_once
[INFO] [stdout]   21:     0x5f6f589f494b - test[9d35eded1c95d3be]::__rust_begin_short_backtrace::<core[df12db4294e9bfd3]::result::Result<(), alloc[2182bb758b4b3781]::string::String>, fn() -> core[df12db4294e9bfd3]::result::Result<(), alloc[2182bb758b4b3781]::string::String>>
[INFO] [stdout]   22:     0x5f6f58a01fb5 - test[9d35eded1c95d3be]::run_test::{closure#0}
[INFO] [stdout]   23:     0x5f6f589fb874 - std[70759c8f55707aa4]::sys::backtrace::__rust_begin_short_backtrace::<test[9d35eded1c95d3be]::run_test::{closure#1}, ()>
[INFO] [stdout]   24:     0x5f6f58a05112 - <std[70759c8f55707aa4]::thread::lifecycle::spawn_unchecked<test[9d35eded1c95d3be]::run_test::{closure#1}, ()>::{closure#1} as core[df12db4294e9bfd3]::ops::function::FnOnce<()>>::call_once::{shim:vtable#0}
[INFO] [stdout]   25:     0x5f6f58cdc459 - <std[70759c8f55707aa4]::sys::thread::unix::Thread>::new::thread_start
[INFO] [stdout]   26:     0x74cbbedd6dfa - <unknown>
[INFO] [stdout]   27:     0x74cbbee6a3d4 - clone
[INFO] [stdout]   28:                0x0 - <unknown>
[INFO] [stdout] 
[INFO] [stdout] ---- pg::test::test_returns_none_for_a_revoked_dinoparc_session stdout ----
[INFO] [stdout] 
[INFO] [stdout] thread 'pg::test::test_returns_none_for_a_revoked_dinoparc_session' (4145) panicked at src/pg.rs:239:8:
[INFO] [stdout] called `Result::unwrap()` on an `Err` value: PoolTimedOut
[INFO] [stdout] stack backtrace:
[INFO] [stdout]    0:     0x5f6f58cdd5c1 - <<std[70759c8f55707aa4]::sys::backtrace::BacktraceLock>::print::DisplayBacktrace as core[df12db4294e9bfd3]::fmt::Display>::fmt
[INFO] [stdout]    1:     0x5f6f58cf5e7a - core[df12db4294e9bfd3]::fmt::write
[INFO] [stdout]    2:     0x5f6f58ce1f7c - <alloc[2182bb758b4b3781]::vec::Vec<u8> as core[df12db4294e9bfd3]::io::write::Write>::write_fmt
[INFO] [stdout]    3:     0x5f6f58cb8266 - std[70759c8f55707aa4]::panicking::default_hook::{closure#0}
[INFO] [stdout]    4:     0x5f6f58cd4f79 - std[70759c8f55707aa4]::panicking::default_hook
[INFO] [stdout]    5:     0x5f6f58a01660 - test[9d35eded1c95d3be]::test_main_inner::<test[9d35eded1c95d3be]::test_main_static::{closure#0}>::{closure#0}
[INFO] [stdout]    6:     0x5f6f58cd52a2 - std[70759c8f55707aa4]::panicking::panic_with_hook
[INFO] [stdout]    7:     0x5f6f58cb8312 - std[70759c8f55707aa4]::panicking::panic_handler::{closure#0}
[INFO] [stdout]    8:     0x5f6f58cb0e29 - std[70759c8f55707aa4]::sys::backtrace::__rust_end_short_backtrace::<std[70759c8f55707aa4]::panicking::panic_handler::{closure#0}, !>
[INFO] [stdout]    9:     0x5f6f58cb90fd - __rustc[8fa7c3cbc660c2b3]::rust_begin_unwind
[INFO] [stdout]   10:     0x5f6f58cf665c - core[df12db4294e9bfd3]::panicking::panic_fmt
[INFO] [stdout]   11:     0x5f6f58cf6432 - core[df12db4294e9bfd3]::result::unwrap_failed
[INFO] [stdout]   12:     0x5f6f5886b70b - eternaltwin_token_store[8d031172f446f822]::pg::test::make_test_api::{closure#0}
[INFO] [stdout]   13:     0x5f6f588592b8 - eternaltwin_token_store[8d031172f446f822]::pg::test::test_returns_none_for_a_revoked_dinoparc_session::{closure#0}::{closure#0}
[INFO] [stdout]   14:     0x5f6f588b32a3 - <tokio[4f8df43210a8f63d]::runtime::scheduler::current_thread::Context>::enter::<core[df12db4294e9bfd3]::task::poll::Poll<()>, <tokio[4f8df43210a8f63d]::runtime::scheduler::current_thread::CoreGuard>::block_on<core[df12db4294e9bfd3]::pin::Pin<&mut core[df12db4294e9bfd3]::pin::Pin<&mut dyn core[df12db4294e9bfd3]::future::future::Future<Output = ()>>>>::{closure#0}::{closure#0}>
[INFO] [stdout]   15:     0x5f6f588998c2 - <tokio[4f8df43210a8f63d]::runtime::context::scoped::Scoped<tokio[4f8df43210a8f63d]::runtime::scheduler::Context>>::set::<<tokio[4f8df43210a8f63d]::runtime::scheduler::current_thread::CoreGuard>::enter<<tokio[4f8df43210a8f63d]::runtime::scheduler::current_thread::CoreGuard>::block_on<core[df12db4294e9bfd3]::pin::Pin<&mut core[df12db4294e9bfd3]::pin::Pin<&mut dyn core[df12db4294e9bfd3]::future::future::Future<Output = ()>>>>::{closure#0}, core[df12db4294e9bfd3]::option::Option<()>>::{closure#0}, (alloc[2182bb758b4b3781]::boxed::Box<tokio[4f8df43210a8f63d]::runtime::scheduler::current_thread::Core>, core[df12db4294e9bfd3]::option::Option<()>)>
[INFO] [stdout]   16:     0x5f6f588b2fc8 - <tokio[4f8df43210a8f63d]::runtime::scheduler::current_thread::CurrentThread>::block_on::<core[df12db4294e9bfd3]::pin::Pin<&mut dyn core[df12db4294e9bfd3]::future::future::Future<Output = ()>>>
[INFO] [stdout]   17:     0x5f6f588e9b7d - <tokio[4f8df43210a8f63d]::runtime::runtime::Runtime>::block_on::<core[df12db4294e9bfd3]::pin::Pin<&mut dyn core[df12db4294e9bfd3]::future::future::Future<Output = ()>>>
[INFO] [stdout]   18:     0x5f6f58872b3b - <eternaltwin_token_store[8d031172f446f822]::pg::test::test_returns_none_for_a_revoked_dinoparc_session::{closure#0} as core[df12db4294e9bfd3]::ops::function::FnOnce<()>>::call_once
[INFO] [stdout]   19:     0x5f6f58a3675a - serial_test[f333bb0a53b590f9]::serial_code_lock::local_serial_core
[INFO] [stdout]   20:     0x5f6f588d4968 - <eternaltwin_token_store[8d031172f446f822]::pg::test::test_returns_none_for_a_revoked_dinoparc_session::{closure#0} as core[df12db4294e9bfd3]::ops::function::FnOnce<()>>::call_once
[INFO] [stdout]   21:     0x5f6f589f494b - test[9d35eded1c95d3be]::__rust_begin_short_backtrace::<core[df12db4294e9bfd3]::result::Result<(), alloc[2182bb758b4b3781]::string::String>, fn() -> core[df12db4294e9bfd3]::result::Result<(), alloc[2182bb758b4b3781]::string::String>>
[INFO] [stdout]   22:     0x5f6f58a01fb5 - test[9d35eded1c95d3be]::run_test::{closure#0}
[INFO] [stdout]   23:     0x5f6f589fb874 - std[70759c8f55707aa4]::sys::backtrace::__rust_begin_short_backtrace::<test[9d35eded1c95d3be]::run_test::{closure#1}, ()>
[INFO] [stdout]   24:     0x5f6f58a05112 - <std[70759c8f55707aa4]::thread::lifecycle::spawn_unchecked<test[9d35eded1c95d3be]::run_test::{closure#1}, ()>::{closure#1} as core[df12db4294e9bfd3]::ops::function::FnOnce<()>>::call_once::{shim:vtable#0}
[INFO] [stdout]   25:     0x5f6f58cdc459 - <std[70759c8f55707aa4]::sys::thread::unix::Thread>::new::thread_start
[INFO] [stdout]   26:     0x74cbbedd6dfa - <unknown>
[INFO] [stdout]   27:     0x74cbbee6a3d4 - clone
[INFO] [stdout]   28:                0x0 - <unknown>
[INFO] [stdout] 
[INFO] [stdout] ---- pg::test::test_returns_none_for_session_with_a_known_unauthenticated_dinoparc_user stdout ----
[INFO] [stdout] 
[INFO] [stdout] thread 'pg::test::test_returns_none_for_session_with_a_known_unauthenticated_dinoparc_user' (4146) panicked at src/pg.rs:239:8:
[INFO] [stdout] called `Result::unwrap()` on an `Err` value: PoolTimedOut
[INFO] [stdout] stack backtrace:
[INFO] [stdout]    0:     0x5f6f58cdd5c1 - <<std[70759c8f55707aa4]::sys::backtrace::BacktraceLock>::print::DisplayBacktrace as core[df12db4294e9bfd3]::fmt::Display>::fmt
[INFO] [stdout]    1:     0x5f6f58cf5e7a - core[df12db4294e9bfd3]::fmt::write
[INFO] [stdout]    2:     0x5f6f58ce1f7c - <alloc[2182bb758b4b3781]::vec::Vec<u8> as core[df12db4294e9bfd3]::io::write::Write>::write_fmt
[INFO] [stdout]    3:     0x5f6f58cb8266 - std[70759c8f55707aa4]::panicking::default_hook::{closure#0}
[INFO] [stdout]    4:     0x5f6f58cd4f79 - std[70759c8f55707aa4]::panicking::default_hook
[INFO] [stdout]    5:     0x5f6f58a01660 - test[9d35eded1c95d3be]::test_main_inner::<test[9d35eded1c95d3be]::test_main_static::{closure#0}>::{closure#0}
[INFO] [stdout]    6:     0x5f6f58cd52a2 - std[70759c8f55707aa4]::panicking::panic_with_hook
[INFO] [stdout]    7:     0x5f6f58cb8312 - std[70759c8f55707aa4]::panicking::panic_handler::{closure#0}
[INFO] [stdout]    8:     0x5f6f58cb0e29 - std[70759c8f55707aa4]::sys::backtrace::__rust_end_short_backtrace::<std[70759c8f55707aa4]::panicking::panic_handler::{closure#0}, !>
[INFO] [stdout]    9:     0x5f6f58cb90fd - __rustc[8fa7c3cbc660c2b3]::rust_begin_unwind
[INFO] [stdout]   10:     0x5f6f58cf665c - core[df12db4294e9bfd3]::panicking::panic_fmt
[INFO] [stdout]   11:     0x5f6f58cf6432 - core[df12db4294e9bfd3]::result::unwrap_failed
[INFO] [stdout]   12:     0x5f6f5886b70b - eternaltwin_token_store[8d031172f446f822]::pg::test::make_test_api::{closure#0}
[INFO] [stdout]   13:     0x5f6f5885fe08 - eternaltwin_token_store[8d031172f446f822]::pg::test::test_returns_none_for_session_with_a_known_unauthenticated_dinoparc_user::{closure#0}::{closure#0}
[INFO] [stdout]   14:     0x5f6f588b32a3 - <tokio[4f8df43210a8f63d]::runtime::scheduler::current_thread::Context>::enter::<core[df12db4294e9bfd3]::task::poll::Poll<()>, <tokio[4f8df43210a8f63d]::runtime::scheduler::current_thread::CoreGuard>::block_on<core[df12db4294e9bfd3]::pin::Pin<&mut core[df12db4294e9bfd3]::pin::Pin<&mut dyn core[df12db4294e9bfd3]::future::future::Future<Output = ()>>>>::{closure#0}::{closure#0}>
[INFO] [stdout]   15:     0x5f6f588998c2 - <tokio[4f8df43210a8f63d]::runtime::context::scoped::Scoped<tokio[4f8df43210a8f63d]::runtime::scheduler::Context>>::set::<<tokio[4f8df43210a8f63d]::runtime::scheduler::current_thread::CoreGuard>::enter<<tokio[4f8df43210a8f63d]::runtime::scheduler::current_thread::CoreGuard>::block_on<core[df12db4294e9bfd3]::pin::Pin<&mut core[df12db4294e9bfd3]::pin::Pin<&mut dyn core[df12db4294e9bfd3]::future::future::Future<Output = ()>>>>::{closure#0}, core[df12db4294e9bfd3]::option::Option<()>>::{closure#0}, (alloc[2182bb758b4b3781]::boxed::Box<tokio[4f8df43210a8f63d]::runtime::scheduler::current_thread::Core>, core[df12db4294e9bfd3]::option::Option<()>)>
[INFO] [stdout]   16:     0x5f6f588b2fc8 - <tokio[4f8df43210a8f63d]::runtime::scheduler::current_thread::CurrentThread>::block_on::<core[df12db4294e9bfd3]::pin::Pin<&mut dyn core[df12db4294e9bfd3]::future::future::Future<Output = ()>>>
[INFO] [stdout]   17:     0x5f6f588e9b7d - <tokio[4f8df43210a8f63d]::runtime::runtime::Runtime>::block_on::<core[df12db4294e9bfd3]::pin::Pin<&mut dyn core[df12db4294e9bfd3]::future::future::Future<Output = ()>>>
[INFO] [stdout]   18:     0x5f6f5887354b - <eternaltwin_token_store[8d031172f446f822]::pg::test::test_returns_none_for_session_with_a_known_unauthenticated_dinoparc_user::{closure#0} as core[df12db4294e9bfd3]::ops::function::FnOnce<()>>::call_once
[INFO] [stdout]   19:     0x5f6f58a3675a - serial_test[f333bb0a53b590f9]::serial_code_lock::local_serial_core
[INFO] [stdout]   20:     0x5f6f588d4ab8 - <eternaltwin_token_store[8d031172f446f822]::pg::test::test_returns_none_for_session_with_a_known_unauthenticated_dinoparc_user::{closure#0} as core[df12db4294e9bfd3]::ops::function::FnOnce<()>>::call_once
[INFO] [stdout]   21:     0x5f6f589f494b - test[9d35eded1c95d3be]::__rust_begin_short_backtrace::<core[df12db4294e9bfd3]::result::Result<(), alloc[2182bb758b4b3781]::string::String>, fn() -> core[df12db4294e9bfd3]::result::Result<(), alloc[2182bb758b4b3781]::string::String>>
[INFO] [stdout]   22:     0x5f6f58a01fb5 - test[9d35eded1c95d3be]::run_test::{closure#0}
[INFO] [stdout]   23:     0x5f6f589fb874 - std[70759c8f55707aa4]::sys::backtrace::__rust_begin_short_backtrace::<test[9d35eded1c95d3be]::run_test::{closure#1}, ()>
[INFO] [stdout]   24:     0x5f6f58a05112 - <std[70759c8f55707aa4]::thread::lifecycle::spawn_unchecked<test[9d35eded1c95d3be]::run_test::{closure#1}, ()>::{closure#1} as core[df12db4294e9bfd3]::ops::function::FnOnce<()>>::call_once::{shim:vtable#0}
[INFO] [stdout]   25:     0x5f6f58cdc459 - <std[70759c8f55707aa4]::sys::thread::unix::Thread>::new::thread_start
[INFO] [stdout]   26:     0x74cbbedd6dfa - <unknown>
[INFO] [stdout]   27:     0x74cbbee6a3d4 - clone
[INFO] [stdout]   28:                0x0 - <unknown>
[INFO] [stdout] 
[INFO] [stdout] ---- pg::test::test_touch_dinoparc_session_and_retrieve_it_without_atime_change stdout ----
[INFO] [stdout] 
[INFO] [stdout] thread 'pg::test::test_touch_dinoparc_session_and_retrieve_it_without_atime_change' (4150) panicked at src/pg.rs:239:8:
[INFO] [stdout] called `Result::unwrap()` on an `Err` value: PoolTimedOut
[INFO] [stdout] stack backtrace:
[INFO] [stdout]    0:     0x5f6f58cdd5c1 - <<std[70759c8f55707aa4]::sys::backtrace::BacktraceLock>::print::DisplayBacktrace as core[df12db4294e9bfd3]::fmt::Display>::fmt
[INFO] [stdout]    1:     0x5f6f58cf5e7a - core[df12db4294e9bfd3]::fmt::write
[INFO] [stdout]    2:     0x5f6f58ce1f7c - <alloc[2182bb758b4b3781]::vec::Vec<u8> as core[df12db4294e9bfd3]::io::write::Write>::write_fmt
[INFO] [stdout]    3:     0x5f6f58cb8266 - std[70759c8f55707aa4]::panicking::default_hook::{closure#0}
[INFO] [stdout]    4:     0x5f6f58cd4f79 - std[70759c8f55707aa4]::panicking::default_hook
[INFO] [stdout]    5:     0x5f6f58a01660 - test[9d35eded1c95d3be]::test_main_inner::<test[9d35eded1c95d3be]::test_main_static::{closure#0}>::{closure#0}
[INFO] [stdout]    6:     0x5f6f58cd52a2 - std[70759c8f55707aa4]::panicking::panic_with_hook
[INFO] [stdout]    7:     0x5f6f58cb8312 - std[70759c8f55707aa4]::panicking::panic_handler::{closure#0}
[INFO] [stdout]    8:     0x5f6f58cb0e29 - std[70759c8f55707aa4]::sys::backtrace::__rust_end_short_backtrace::<std[70759c8f55707aa4]::panicking::panic_handler::{closure#0}, !>
[INFO] [stdout]    9:     0x5f6f58cb90fd - __rustc[8fa7c3cbc660c2b3]::rust_begin_unwind
[INFO] [stdout]   10:     0x5f6f58cf665c - core[df12db4294e9bfd3]::panicking::panic_fmt
[INFO] [stdout]   11:     0x5f6f58cf6432 - core[df12db4294e9bfd3]::result::unwrap_failed
[INFO] [stdout]   12:     0x5f6f5886b70b - eternaltwin_token_store[8d031172f446f822]::pg::test::make_test_api::{closure#0}
[INFO] [stdout]   13:     0x5f6f5885f138 - eternaltwin_token_store[8d031172f446f822]::pg::test::test_touch_dinoparc_session_and_retrieve_it_without_atime_change::{closure#0}::{closure#0}
[INFO] [stdout]   14:     0x5f6f588b32a3 - <tokio[4f8df43210a8f63d]::runtime::scheduler::current_thread::Context>::enter::<core[df12db4294e9bfd3]::task::poll::Poll<()>, <tokio[4f8df43210a8f63d]::runtime::scheduler::current_thread::CoreGuard>::block_on<core[df12db4294e9bfd3]::pin::Pin<&mut core[df12db4294e9bfd3]::pin::Pin<&mut dyn core[df12db4294e9bfd3]::future::future::Future<Output = ()>>>>::{closure#0}::{closure#0}>
[INFO] [stdout]   15:     0x5f6f588998c2 - <tokio[4f8df43210a8f63d]::runtime::context::scoped::Scoped<tokio[4f8df43210a8f63d]::runtime::scheduler::Context>>::set::<<tokio[4f8df43210a8f63d]::runtime::scheduler::current_thread::CoreGuard>::enter<<tokio[4f8df43210a8f63d]::runtime::scheduler::current_thread::CoreGuard>::block_on<core[df12db4294e9bfd3]::pin::Pin<&mut core[df12db4294e9bfd3]::pin::Pin<&mut dyn core[df12db4294e9bfd3]::future::future::Future<Output = ()>>>>::{closure#0}, core[df12db4294e9bfd3]::option::Option<()>>::{closure#0}, (alloc[2182bb758b4b3781]::boxed::Box<tokio[4f8df43210a8f63d]::runtime::scheduler::current_thread::Core>, core[df12db4294e9bfd3]::option::Option<()>)>
[INFO] [stdout]   16:     0x5f6f588b2fc8 - <tokio[4f8df43210a8f63d]::runtime::scheduler::current_thread::CurrentThread>::block_on::<core[df12db4294e9bfd3]::pin::Pin<&mut dyn core[df12db4294e9bfd3]::future::future::Future<Output = ()>>>
[INFO] [stdout]   17:     0x5f6f588e9b7d - <tokio[4f8df43210a8f63d]::runtime::runtime::Runtime>::block_on::<core[df12db4294e9bfd3]::pin::Pin<&mut dyn core[df12db4294e9bfd3]::future::future::Future<Output = ()>>>
[INFO] [stdout]   18:     0x5f6f588733db - <eternaltwin_token_store[8d031172f446f822]::pg::test::test_touch_dinoparc_session_and_retrieve_it_without_atime_change::{closure#0} as core[df12db4294e9bfd3]::ops::function::FnOnce<()>>::call_once
[INFO] [stdout]   19:     0x5f6f58a3675a - serial_test[f333bb0a53b590f9]::serial_code_lock::local_serial_core
[INFO] [stdout]   20:     0x5f6f588d4a88 - <eternaltwin_token_store[8d031172f446f822]::pg::test::test_touch_dinoparc_session_and_retrieve_it_without_atime_change::{closure#0} as core[df12db4294e9bfd3]::ops::function::FnOnce<()>>::call_once
[INFO] [stdout]   21:     0x5f6f589f494b - test[9d35eded1c95d3be]::__rust_begin_short_backtrace::<core[df12db4294e9bfd3]::result::Result<(), alloc[2182bb758b4b3781]::string::String>, fn() -> core[df12db4294e9bfd3]::result::Result<(), alloc[2182bb758b4b3781]::string::String>>
[INFO] [stdout]   22:     0x5f6f58a01fb5 - test[9d35eded1c95d3be]::run_test::{closure#0}
[INFO] [stdout]   23:     0x5f6f589fb874 - std[70759c8f55707aa4]::sys::backtrace::__rust_begin_short_backtrace::<test[9d35eded1c95d3be]::run_test::{closure#1}, ()>
[INFO] [stdout]   24:     0x5f6f58a05112 - <std[70759c8f55707aa4]::thread::lifecycle::spawn_unchecked<test[9d35eded1c95d3be]::run_test::{closure#1}, ()>::{closure#1} as core[df12db4294e9bfd3]::ops::function::FnOnce<()>>::call_once::{shim:vtable#0}
[INFO] [stdout]   25:     0x5f6f58cdc459 - <std[70759c8f55707aa4]::sys::thread::unix::Thread>::new::thread_start
[INFO] [stdout]   26:     0x74cbbedd6dfa - <unknown>
[INFO] [stdout]   27:     0x74cbbee6a3d4 - clone
[INFO] [stdout]   28:                0x0 - <unknown>
[INFO] [stdout] 
[INFO] [stdout] ---- pg::test::test_touch_dinoparc_session stdout ----
[INFO] [stdout] 
[INFO] [stdout] thread 'pg::test::test_touch_dinoparc_session' (4148) panicked at src/pg.rs:239:8:
[INFO] [stdout] called `Result::unwrap()` on an `Err` value: PoolTimedOut
[INFO] [stdout] stack backtrace:
[INFO] [stdout]    0:     0x5f6f58cdd5c1 - <<std[70759c8f55707aa4]::sys::backtrace::BacktraceLock>::print::DisplayBacktrace as core[df12db4294e9bfd3]::fmt::Display>::fmt
[INFO] [stdout]    1:     0x5f6f58cf5e7a - core[df12db4294e9bfd3]::fmt::write
[INFO] [stdout]    2:     0x5f6f58ce1f7c - <alloc[2182bb758b4b3781]::vec::Vec<u8> as core[df12db4294e9bfd3]::io::write::Write>::write_fmt
[INFO] [stdout]    3:     0x5f6f58cb8266 - std[70759c8f55707aa4]::panicking::default_hook::{closure#0}
[INFO] [stdout]    4:     0x5f6f58cd4f79 - std[70759c8f55707aa4]::panicking::default_hook
[INFO] [stdout]    5:     0x5f6f58a01660 - test[9d35eded1c95d3be]::test_main_inner::<test[9d35eded1c95d3be]::test_main_static::{closure#0}>::{closure#0}
[INFO] [stdout]    6:     0x5f6f58cd52a2 - std[70759c8f55707aa4]::panicking::panic_with_hook
[INFO] [stdout]    7:     0x5f6f58cb8312 - std[70759c8f55707aa4]::panicking::panic_handler::{closure#0}
[INFO] [stdout]    8:     0x5f6f58cb0e29 - std[70759c8f55707aa4]::sys::backtrace::__rust_end_short_backtrace::<std[70759c8f55707aa4]::panicking::panic_handler::{closure#0}, !>
[INFO] [stdout]    9:     0x5f6f58cb90fd - __rustc[8fa7c3cbc660c2b3]::rust_begin_unwind
[INFO] [stdout]   10:     0x5f6f58cf665c - core[df12db4294e9bfd3]::panicking::panic_fmt
[INFO] [stdout]   11:     0x5f6f58cf6432 - core[df12db4294e9bfd3]::result::unwrap_failed
[INFO] [stdout]   12:     0x5f6f5886b70b - eternaltwin_token_store[8d031172f446f822]::pg::test::make_test_api::{closure#0}
[INFO] [stdout]   13:     0x5f6f58858768 - eternaltwin_token_store[8d031172f446f822]::pg::test::test_touch_dinoparc_session::{closure#0}::{closure#0}
[INFO] [stdout]   14:     0x5f6f588b32a3 - <tokio[4f8df43210a8f63d]::runtime::scheduler::current_thread::Context>::enter::<core[df12db4294e9bfd3]::task::poll::Poll<()>, <tokio[4f8df43210a8f63d]::runtime::scheduler::current_thread::CoreGuard>::block_on<core[df12db4294e9bfd3]::pin::Pin<&mut core[df12db4294e9bfd3]::pin::Pin<&mut dyn core[df12db4294e9bfd3]::future::future::Future<Output = ()>>>>::{closure#0}::{closure#0}>
[INFO] [stdout]   15:     0x5f6f588998c2 - <tokio[4f8df43210a8f63d]::runtime::context::scoped::Scoped<tokio[4f8df43210a8f63d]::runtime::scheduler::Context>>::set::<<tokio[4f8df43210a8f63d]::runtime::scheduler::current_thread::CoreGuard>::enter<<tokio[4f8df43210a8f63d]::runtime::scheduler::current_thread::CoreGuard>::block_on<core[df12db4294e9bfd3]::pin::Pin<&mut core[df12db4294e9bfd3]::pin::Pin<&mut dyn core[df12db4294e9bfd3]::future::future::Future<Output = ()>>>>::{closure#0}, core[df12db4294e9bfd3]::option::Option<()>>::{closure#0}, (alloc[2182bb758b4b3781]::boxed::Box<tokio[4f8df43210a8f63d]::runtime::scheduler::current_thread::Core>, core[df12db4294e9bfd3]::option::Option<()>)>
[INFO] [stdout]   16:     0x5f6f588b2fc8 - <tokio[4f8df43210a8f63d]::runtime::scheduler::current_thread::CurrentThread>::block_on::<core[df12db4294e9bfd3]::pin::Pin<&mut dyn core[df12db4294e9bfd3]::future::future::Future<Output = ()>>>
[INFO] [stdout]   17:     0x5f6f588e9b7d - <tokio[4f8df43210a8f63d]::runtime::runtime::Runtime>::block_on::<core[df12db4294e9bfd3]::pin::Pin<&mut dyn core[df12db4294e9bfd3]::future::future::Future<Output = ()>>>
[INFO] [stdout]   18:     0x5f6f588729cb - <eternaltwin_token_store[8d031172f446f822]::pg::test::test_touch_dinoparc_session::{closure#0} as core[df12db4294e9bfd3]::ops::function::FnOnce<()>>::call_once
[INFO] [stdout]   19:     0x5f6f58a3675a - serial_test[f333bb0a53b590f9]::serial_code_lock::local_serial_core
[INFO] [stdout]   20:     0x5f6f588d4938 - <eternaltwin_token_store[8d031172f446f822]::pg::test::test_touch_dinoparc_session::{closure#0} as core[df12db4294e9bfd3]::ops::function::FnOnce<()>>::call_once
[INFO] [stdout]   21:     0x5f6f589f494b - test[9d35eded1c95d3be]::__rust_begin_short_backtrace::<core[df12db4294e9bfd3]::result::Result<(), alloc[2182bb758b4b3781]::string::String>, fn() -> core[df12db4294e9bfd3]::result::Result<(), alloc[2182bb758b4b3781]::string::String>>
[INFO] [stdout]   22:     0x5f6f58a01fb5 - test[9d35eded1c95d3be]::run_test::{closure#0}
[INFO] [stdout]   23:     0x5f6f589fb874 - std[70759c8f55707aa4]::sys::backtrace::__rust_begin_short_backtrace::<test[9d35eded1c95d3be]::run_test::{closure#1}, ()>
[INFO] [stdout]   24:     0x5f6f58a05112 - <std[70759c8f55707aa4]::thread::lifecycle::spawn_unchecked<test[9d35eded1c95d3be]::run_test::{closure#1}, ()>::{closure#1} as core[df12db4294e9bfd3]::ops::function::FnOnce<()>>::call_once::{shim:vtable#0}
[INFO] [stdout]   25:     0x5f6f58cdc459 - <std[70759c8f55707aa4]::sys::thread::unix::Thread>::new::thread_start
[INFO] [stdout]   26:     0x74cbbedd6dfa - <unknown>
[INFO] [stdout]   27:     0x74cbbee6a3d4 - clone
[INFO] [stdout]   28:                0x0 - <unknown>
[INFO] [stdout] 
[INFO] [stdout] ---- pg::test::test_touch_dinoparc_session_to_update_atime_but_not_ctime stdout ----
[INFO] [stdout] 
[INFO] [stdout] thread 'pg::test::test_touch_dinoparc_session_to_update_atime_but_not_ctime' (4152) panicked at src/pg.rs:239:8:
[INFO] [stdout] called `Result::unwrap()` on an `Err` value: PoolTimedOut
[INFO] [stdout] stack backtrace:
[INFO] [stdout]    0:     0x5f6f58cdd5c1 - <<std[70759c8f55707aa4]::sys::backtrace::BacktraceLock>::print::DisplayBacktrace as core[df12db4294e9bfd3]::fmt::Display>::fmt
[INFO] [stdout]    1:     0x5f6f58cf5e7a - core[df12db4294e9bfd3]::fmt::write
[INFO] [stdout]    2:     0x5f6f58ce1f7c - <alloc[2182bb758b4b3781]::vec::Vec<u8> as core[df12db4294e9bfd3]::io::write::Write>::write_fmt
[INFO] [stdout]    3:     0x5f6f58cb8266 - std[70759c8f55707aa4]::panicking::default_hook::{closure#0}
[INFO] [stdout]    4:     0x5f6f58cd4f79 - std[70759c8f55707aa4]::panicking::default_hook
[INFO] [stdout]    5:     0x5f6f58a01660 - test[9d35eded1c95d3be]::test_main_inner::<test[9d35eded1c95d3be]::test_main_static::{closure#0}>::{closure#0}
[INFO] [stdout]    6:     0x5f6f58cd52a2 - std[70759c8f55707aa4]::panicking::panic_with_hook
[INFO] [stdout]    7:     0x5f6f58cb8312 - std[70759c8f55707aa4]::panicking::panic_handler::{closure#0}
[INFO] [stdout]    8:     0x5f6f58cb0e29 - std[70759c8f55707aa4]::sys::backtrace::__rust_end_short_backtrace::<std[70759c8f55707aa4]::panicking::panic_handler::{closure#0}, !>
[INFO] [stdout]    9:     0x5f6f58cb90fd - __rustc[8fa7c3cbc660c2b3]::rust_begin_unwind
[INFO] [stdout]   10:     0x5f6f58cf665c - core[df12db4294e9bfd3]::panicking::panic_fmt
[INFO] [stdout]   11:     0x5f6f58cf6432 - core[df12db4294e9bfd3]::result::unwrap_failed
[INFO] [stdout]   12:     0x5f6f5886b70b - eternaltwin_token_store[8d031172f446f822]::pg::test::make_test_api::{closure#0}
[INFO] [stdout]   13:     0x5f6f5885dee8 - eternaltwin_token_store[8d031172f446f822]::pg::test::test_touch_dinoparc_session_to_update_atime_but_not_ctime::{closure#0}::{closure#0}
[INFO] [stdout]   14:     0x5f6f588b32a3 - <tokio[4f8df43210a8f63d]::runtime::scheduler::current_thread::Context>::enter::<core[df12db4294e9bfd3]::task::poll::Poll<()>, <tokio[4f8df43210a8f63d]::runtime::scheduler::current_thread::CoreGuard>::block_on<core[df12db4294e9bfd3]::pin::Pin<&mut core[df12db4294e9bfd3]::pin::Pin<&mut dyn core[df12db4294e9bfd3]::future::future::Future<Output = ()>>>>::{closure#0}::{closure#0}>
[INFO] [stdout]   15:     0x5f6f588998c2 - <tokio[4f8df43210a8f63d]::runtime::context::scoped::Scoped<tokio[4f8df43210a8f63d]::runtime::scheduler::Context>>::set::<<tokio[4f8df43210a8f63d]::runtime::scheduler::current_thread::CoreGuard>::enter<<tokio[4f8df43210a8f63d]::runtime::scheduler::current_thread::CoreGuard>::block_on<core[df12db4294e9bfd3]::pin::Pin<&mut core[df12db4294e9bfd3]::pin::Pin<&mut dyn core[df12db4294e9bfd3]::future::future::Future<Output = ()>>>>::{closure#0}, core[df12db4294e9bfd3]::option::Option<()>>::{closure#0}, (alloc[2182bb758b4b3781]::boxed::Box<tokio[4f8df43210a8f63d]::runtime::scheduler::current_thread::Core>, core[df12db4294e9bfd3]::option::Option<()>)>
[INFO] [stdout]   16:     0x5f6f588b2fc8 - <tokio[4f8df43210a8f63d]::runtime::scheduler::current_thread::CurrentThread>::block_on::<core[df12db4294e9bfd3]::pin::Pin<&mut dyn core[df12db4294e9bfd3]::future::future::Future<Output = ()>>>
[INFO] [stdout]   17:     0x5f6f588e9b7d - <tokio[4f8df43210a8f63d]::runtime::runtime::Runtime>::block_on::<core[df12db4294e9bfd3]::pin::Pin<&mut dyn core[df12db4294e9bfd3]::future::future::Future<Output = ()>>>
[INFO] [stdout]   18:     0x5f6f588730fb - <eternaltwin_token_store[8d031172f446f822]::pg::test::test_touch_dinoparc_session_to_update_atime_but_not_ctime::{closure#0} as core[df12db4294e9bfd3]::ops::function::FnOnce<()>>::call_once
[INFO] [stdout]   19:     0x5f6f58a3675a - serial_test[f333bb0a53b590f9]::serial_code_lock::local_serial_core
[INFO] [stdout]   20:     0x5f6f588d4a28 - <eternaltwin_token_store[8d031172f446f822]::pg::test::test_touch_dinoparc_session_to_update_atime_but_not_ctime::{closure#0} as core[df12db4294e9bfd3]::ops::function::FnOnce<()>>::call_once
[INFO] [stdout]   21:     0x5f6f589f494b - test[9d35eded1c95d3be]::__rust_begin_short_backtrace::<core[df12db4294e9bfd3]::result::Result<(), alloc[2182bb758b4b3781]::string::String>, fn() -> core[df12db4294e9bfd3]::result::Result<(), alloc[2182bb758b4b3781]::string::String>>
[INFO] [stdout]   22:     0x5f6f58a01fb5 - test[9d35eded1c95d3be]::run_test::{closure#0}
[INFO] [stdout]   23:     0x5f6f589fb874 - std[70759c8f55707aa4]::sys::backtrace::__rust_begin_short_backtrace::<test[9d35eded1c95d3be]::run_test::{closure#1}, ()>
[INFO] [stdout]   24:     0x5f6f58a05112 - <std[70759c8f55707aa4]::thread::lifecycle::spawn_unchecked<test[9d35eded1c95d3be]::run_test::{closure#1}, ()>::{closure#1} as core[df12db4294e9bfd3]::ops::function::FnOnce<()>>::call_once::{shim:vtable#0}
[INFO] [stdout]   25:     0x5f6f58cdc459 - <std[70759c8f55707aa4]::sys::thread::unix::Thread>::new::thread_start
[INFO] [stdout]   26:     0x74cbbedd6dfa - <unknown>
[INFO] [stdout]   27:     0x74cbbee6a3d4 - clone
[INFO] [stdout]   28:                0x0 - <unknown>
[INFO] [stdout] 
[INFO] [stdout] ---- pg::test::test_returns_none_for_session_with_an_unknown_dinoparc_user stdout ----
[INFO] [stdout] 
[INFO] [stdout] thread 'pg::test::test_returns_none_for_session_with_an_unknown_dinoparc_user' (4147) panicked at src/pg.rs:239:8:
[INFO] [stdout] called `Result::unwrap()` on an `Err` value: PoolTimedOut
[INFO] [stdout] stack backtrace:
[INFO] [stdout]    0:     0x5f6f58cdd5c1 - <<std[70759c8f55707aa4]::sys::backtrace::BacktraceLock>::print::DisplayBacktrace as core[df12db4294e9bfd3]::fmt::Display>::fmt
[INFO] [stdout]    1:     0x5f6f58cf5e7a - core[df12db4294e9bfd3]::fmt::write
[INFO] [stdout]    2:     0x5f6f58ce1f7c - <alloc[2182bb758b4b3781]::vec::Vec<u8> as core[df12db4294e9bfd3]::io::write::Write>::write_fmt
[INFO] [stdout]    3:     0x5f6f58cb8266 - std[70759c8f55707aa4]::panicking::default_hook::{closure#0}
[INFO] [stdout]    4:     0x5f6f58cd4f79 - std[70759c8f55707aa4]::panicking::default_hook
[INFO] [stdout]    5:     0x5f6f58a01660 - test[9d35eded1c95d3be]::test_main_inner::<test[9d35eded1c95d3be]::test_main_static::{closure#0}>::{closure#0}
[INFO] [stdout]    6:     0x5f6f58cd52a2 - std[70759c8f55707aa4]::panicking::panic_with_hook
[INFO] [stdout]    7:     0x5f6f58cb8312 - std[70759c8f55707aa4]::panicking::panic_handler::{closure#0}
[INFO] [stdout]    8:     0x5f6f58cb0e29 - std[70759c8f55707aa4]::sys::backtrace::__rust_end_short_backtrace::<std[70759c8f55707aa4]::panicking::panic_handler::{closure#0}, !>
[INFO] [stdout]    9:     0x5f6f58cb90fd - __rustc[8fa7c3cbc660c2b3]::rust_begin_unwind
[INFO] [stdout]   10:     0x5f6f58cf665c - core[df12db4294e9bfd3]::panicking::panic_fmt
[INFO] [stdout]   11:     0x5f6f58cf6432 - core[df12db4294e9bfd3]::result::unwrap_failed
[INFO] [stdout]   12:     0x5f6f5886b70b - eternaltwin_token_store[8d031172f446f822]::pg::test::make_test_api::{closure#0}
[INFO] [stdout]   13:     0x5f6f5885eca5 - eternaltwin_token_store[8d031172f446f822]::pg::test::test_returns_none_for_session_with_an_unknown_dinoparc_user::{closure#0}::{closure#0}
[INFO] [stdout]   14:     0x5f6f588b32a3 - <tokio[4f8df43210a8f63d]::runtime::scheduler::current_thread::Context>::enter::<core[df12db4294e9bfd3]::task::poll::Poll<()>, <tokio[4f8df43210a8f63d]::runtime::scheduler::current_thread::CoreGuard>::block_on<core[df12db4294e9bfd3]::pin::Pin<&mut core[df12db4294e9bfd3]::pin::Pin<&mut dyn core[df12db4294e9bfd3]::future::future::Future<Output = ()>>>>::{closure#0}::{closure#0}>
[INFO] [stdout]   15:     0x5f6f588998c2 - <tokio[4f8df43210a8f63d]::runtime::context::scoped::Scoped<tokio[4f8df43210a8f63d]::runtime::scheduler::Context>>::set::<<tokio[4f8df43210a8f63d]::runtime::scheduler::current_thread::CoreGuard>::enter<<tokio[4f8df43210a8f63d]::runtime::scheduler::current_thread::CoreGuard>::block_on<core[df12db4294e9bfd3]::pin::Pin<&mut core[df12db4294e9bfd3]::pin::Pin<&mut dyn core[df12db4294e9bfd3]::future::future::Future<Output = ()>>>>::{closure#0}, core[df12db4294e9bfd3]::option::Option<()>>::{closure#0}, (alloc[2182bb758b4b3781]::boxed::Box<tokio[4f8df43210a8f63d]::runtime::scheduler::current_thread::Core>, core[df12db4294e9bfd3]::option::Option<()>)>
[INFO] [stdout]   16:     0x5f6f588b2fc8 - <tokio[4f8df43210a8f63d]::runtime::scheduler::current_thread::CurrentThread>::block_on::<core[df12db4294e9bfd3]::pin::Pin<&mut dyn core[df12db4294e9bfd3]::future::future::Future<Output = ()>>>
[INFO] [stdout]   17:     0x5f6f588e9b7d - <tokio[4f8df43210a8f63d]::runtime::runtime::Runtime>::block_on::<core[df12db4294e9bfd3]::pin::Pin<&mut dyn core[df12db4294e9bfd3]::future::future::Future<Output = ()>>>
[INFO] [stdout]   18:     0x5f6f5887326b - <eternaltwin_token_store[8d031172f446f822]::pg::test::test_returns_none_for_session_with_an_unknown_dinoparc_user::{closure#0} as core[df12db4294e9bfd3]::ops::function::FnOnce<()>>::call_once
[INFO] [stdout]   19:     0x5f6f58a3675a - serial_test[f333bb0a53b590f9]::serial_code_lock::local_serial_core
[INFO] [stdout]   20:     0x5f6f588d4a58 - <eternaltwin_token_store[8d031172f446f822]::pg::test::test_returns_none_for_session_with_an_unknown_dinoparc_user::{closure#0} as core[df12db4294e9bfd3]::ops::function::FnOnce<()>>::call_once
[INFO] [stdout]   21:     0x5f6f589f494b - test[9d35eded1c95d3be]::__rust_begin_short_backtrace::<core[df12db4294e9bfd3]::result::Result<(), alloc[2182bb758b4b3781]::string::String>, fn() -> core[df12db4294e9bfd3]::result::Result<(), alloc[2182bb758b4b3781]::string::String>>
[INFO] [stdout]   22:     0x5f6f58a01fb5 - test[9d35eded1c95d3be]::run_test::{closure#0}
[INFO] [stdout]   23:     0x5f6f589fb874 - std[70759c8f55707aa4]::sys::backtrace::__rust_begin_short_backtrace::<test[9d35eded1c95d3be]::run_test::{closure#1}, ()>
[INFO] [stdout]   24:     0x5f6f58a05112 - <std[70759c8f55707aa4]::thread::lifecycle::spawn_unchecked<test[9d35eded1c95d3be]::run_test::{closure#1}, ()>::{closure#1} as core[df12db4294e9bfd3]::ops::function::FnOnce<()>>::call_once::{shim:vtable#0}
[INFO] [stdout]   25:     0x5f6f58cdc459 - <std[70759c8f55707aa4]::sys::thread::unix::Thread>::new::thread_start
[INFO] [stdout]   26:     0x74cbbedd6dfa - <unknown>
[INFO] [stdout]   27:     0x74cbbee6a3d4 - clone
[INFO] [stdout]   28:                0x0 - <unknown>
[INFO] [stdout] 
[INFO] [stdout] 
[INFO] [stdout] failures:
[INFO] [stdout]     pg::test::test_returns_none_for_a_revoked_dinoparc_session
[INFO] [stdout]     pg::test::test_returns_none_for_session_with_a_known_unauthenticated_dinoparc_user
[INFO] [stdout]     pg::test::test_returns_none_for_session_with_an_unknown_dinoparc_user
[INFO] [stdout]     pg::test::test_touch_dinoparc_session
[INFO] [stdout]     pg::test::test_touch_dinoparc_session_again_with_different_user_without_revoking_first
[INFO] [stdout]     pg::test::test_touch_dinoparc_session_and_retrieve_it_without_atime_change
[INFO] [stdout]     pg::test::test_touch_dinoparc_session_causing_auto_revocation_of_both_other_key_and_user
[INFO] [stdout]     pg::test::test_touch_dinoparc_session_to_update_atime_but_not_ctime
[INFO] [stdout]     pg::test::test_touch_multiple_dinoparc_sessions_with_same_user
[INFO] [stdout]     pg::test::test_touch_revoke_touch_dinoparc_session_different_user
[INFO] [stdout]     pg::test::test_touch_revoke_touch_dinoparc_session_same_user
[INFO] [stdout] 
[INFO] [stdout] test result: FAILED. 11 passed; 11 failed; 0 ignored; 0 measured; 0 filtered out; finished in 330.12s
[INFO] [stdout] 
[INFO] running `Command { std: "docker" "inspect" "21da54a1d763cb8922d4d282196ff1d7454055917751b88a4743e2bb57ea9223", kill_on_drop: false }`
[INFO] running `Command { std: "docker" "rm" "-f" "21da54a1d763cb8922d4d282196ff1d7454055917751b88a4743e2bb57ea9223", kill_on_drop: false }`
[INFO] [stdout] 21da54a1d763cb8922d4d282196ff1d7454055917751b88a4743e2bb57ea9223
