[INFO] fetching crate eternalfest_services 0.18.2...
[INFO] testing eternalfest_services-0.18.2 against 1.99.0-beta.8+cargoflags=--release for beta-release-1.100-2
[INFO] extracting crate eternalfest_services 0.18.2 into /workspace/builds/worker-2-tc1/source
[INFO] started tweaking crates.io crate eternalfest_services 0.18.2
[INFO] finished tweaking crates.io crate eternalfest_services 0.18.2
[INFO] tweaked toml for crates.io crate eternalfest_services 0.18.2 written to /workspace/builds/worker-2-tc1/source/Cargo.toml
[INFO] validating manifest of crates.io crate eternalfest_services 0.18.2 on toolchain 1.99.0-beta.8
[INFO] running `Command { std: CARGO_HOME="/workspace/cargo-home" RUSTUP_HOME="/workspace/rustup-home" "/workspace/cargo-home/bin/cargo" "+1.99.0-beta.8" "metadata" "--manifest-path" "Cargo.toml" "--no-deps", kill_on_drop: false }`
[INFO] running `Command { std: CARGO_HOME="/workspace/cargo-home" RUSTUP_HOME="/workspace/rustup-home" "/workspace/cargo-home/bin/cargo" "+1.99.0-beta.8" "generate-lockfile" "--manifest-path" "Cargo.toml", kill_on_drop: false }`
[INFO] [stderr]     Updating crates.io index
[INFO] [stderr]      Locking 348 packages to highest compatible versions
[INFO] [stderr]       Adding etwin_client v0.11.0 (available: v0.12.3)
[INFO] [stderr]       Adding etwin_core v0.11.0 (available: v0.12.3)
[INFO] [stderr]       Adding generic-array v0.14.7 (available: v0.14.9)
[INFO] [stderr]       Adding headers v0.3.9 (available: v0.4.2)
[INFO] [stderr]       Adding neon v0.10.1 (available: v1.1.2)
[INFO] [stderr]       Adding serial_test v0.9.0 (available: v4.0.1)
[INFO] [stderr]       Adding sqlx v0.6.3 (available: v0.9.0)
[INFO] running `Command { std: CARGO_HOME="/workspace/cargo-home" RUSTUP_HOME="/workspace/rustup-home" "/workspace/cargo-home/bin/cargo" "+1.99.0-beta.8" "fetch" "--manifest-path" "Cargo.toml", kill_on_drop: false }`
[INFO] [stderr]  Downloading crates ...
[INFO] [stderr]   Downloaded serial_test v0.9.0
[INFO] [stderr]   Downloaded neon-macros v0.10.1
[INFO] [stderr]   Downloaded serial_test_derive v0.9.0
[INFO] [stderr]   Downloaded neon-build v0.10.1
[INFO] [stderr]   Downloaded syn-mid v0.5.4
[INFO] [stderr]   Downloaded etwin_serde_tools v0.11.0
[INFO] [stderr]   Downloaded etwin_client v0.11.0
[INFO] [stderr]   Downloaded eternalfest_config v0.18.2
[INFO] [stderr]   Downloaded neon-runtime v0.10.1
[INFO] [stderr]   Downloaded cookie_store v0.20.0
[INFO] [stderr]   Downloaded scraper v0.13.0
[INFO] [stderr]   Downloaded etwin_scraper_tools v0.11.0
[INFO] [stderr]   Downloaded etwin_log v0.11.0
[INFO] [stderr]   Downloaded eternalfest_user_store v0.18.2
[INFO] [stderr]   Downloaded eternalfest_buffer_store v0.18.2
[INFO] [stderr]   Downloaded etwin_postgres_tools v0.11.0
[INFO] [stderr]   Downloaded cookie v0.17.0
[INFO] [stderr]   Downloaded etwin_constants v0.11.0
[INFO] [stderr]   Downloaded eternalfest_db_schema v0.18.2
[INFO] [stderr]   Downloaded etwin_squirrel v0.11.0
[INFO] [stderr]   Downloaded eternalfest_core v0.18.2
[INFO] [stderr]   Downloaded eternalfest_game_store v0.18.2
[INFO] [stderr]   Downloaded eternalfest_file_store v0.18.2
[INFO] [stderr]   Downloaded eternalfest_blob_store v0.18.2
[INFO] [stderr]   Downloaded eternalfest_auth_store v0.18.2
[INFO] [stderr]   Downloaded etwin_core v0.11.0
[INFO] [stderr]   Downloaded neon v0.10.1
[INFO] running `Command { std: "docker" "create" "-v" "/var/lib/crater-agent-workspace/builds/worker-2-tc1/source:/opt/rustwide/workdir:ro,Z" "-v" "/var/lib/crater-agent-workspace/builds/worker-2-tc1/target:/opt/rustwide/target:rw,Z" "-v" "/var/lib/crater-agent-workspace/cargo-home:/opt/rustwide/cargo-home:ro,Z" "-v" "/var/lib/crater-agent-workspace/rustup-home:/opt/rustwide/rustup-home:ro,Z" "-m" "1610612736" "--network" "none" "ghcr.io/rust-lang/crates-build-env/linux@sha256:77db811e55d90add9212f6832c23229e3de5f1c1f9905e8cb07319ea15df73ac" "sleep" "infinity", kill_on_drop: false }`
[INFO] [stdout] fd023fcdabc2bce06176d58107e8d8de2ccd36404f44410d2451642c2a8af928
[INFO] running `Command { std: "docker" "start" "fd023fcdabc2bce06176d58107e8d8de2ccd36404f44410d2451642c2a8af928", kill_on_drop: false }`
[INFO] running `Command { std: "docker" "inspect" "fd023fcdabc2bce06176d58107e8d8de2ccd36404f44410d2451642c2a8af928", kill_on_drop: false }`
[INFO] running `Command { std: "docker" "exec" "-e" "SOURCE_DIR=/opt/rustwide/workdir" "-e" "CARGO_HOME=/opt/rustwide/cargo-home" "-e" "RUSTUP_HOME=/opt/rustwide/rustup-home" "-e" "CARGO_TARGET_DIR=/opt/rustwide/target" "-w" "/opt/rustwide/workdir" "--user" "0:0" "fd023fcdabc2bce06176d58107e8d8de2ccd36404f44410d2451642c2a8af928" "/opt/rustwide/cargo-home/bin/cargo" "+1.99.0-beta.8" "metadata" "--no-deps" "--format-version=1", kill_on_drop: false }`
[INFO] running `Command { std: "docker" "inspect" "fd023fcdabc2bce06176d58107e8d8de2ccd36404f44410d2451642c2a8af928", kill_on_drop: false }`
[INFO] running `Command { std: "docker" "exec" "-e" "SOURCE_DIR=/opt/rustwide/workdir" "-e" "CARGO_HOME=/opt/rustwide/cargo-home" "-e" "RUSTUP_HOME=/opt/rustwide/rustup-home" "-e" "CARGO_TARGET_DIR=/opt/rustwide/target" "-e" "CARGO_INCREMENTAL=0" "-e" "RUST_BACKTRACE=full" "-e" "RUSTFLAGS=--cap-lints=warn" "-e" "RUSTDOCFLAGS=--cap-lints=warn" "-w" "/opt/rustwide/workdir" "--user" "0:0" "fd023fcdabc2bce06176d58107e8d8de2ccd36404f44410d2451642c2a8af928" "/opt/rustwide/cargo-home/bin/cargo" "+1.99.0-beta.8" "build" "--frozen" "--message-format=json" "--release", kill_on_drop: false }`
[INFO] [stderr]    Compiling syn v3.0.9
[INFO] [stderr]    Compiling zerocopy v0.8.63
[INFO] [stderr]    Compiling libc v0.2.191
[INFO] [stderr]    Compiling stable_deref_trait v1.2.1
[INFO] [stderr]    Compiling smallvec v1.16.3
[INFO] [stderr]    Compiling getrandom v0.1.16
[INFO] [stderr]    Compiling getrandom v0.2.17
[INFO] [stderr]    Compiling writeable v0.6.4
[INFO] [stderr]    Compiling litemap v0.8.3
[INFO] [stderr]    Compiling ring v0.17.14
[INFO] [stderr]    Compiling syn v2.0.119
[INFO] [stderr]    Compiling icu_properties_data v2.3.0
[INFO] [stderr]    Compiling icu_normalizer_data v2.3.0
[INFO] [stderr]    Compiling http v0.2.12
[INFO] [stderr]    Compiling syn v1.0.109
[INFO] [stderr]    Compiling mio v1.2.4
[INFO] [stderr]    Compiling socket2 v0.6.5
[INFO] [stderr]    Compiling rand_core v0.5.1
[INFO] [stderr]    Compiling rand_pcg v0.2.1
[INFO] [stderr]    Compiling rand_core v0.6.4
[INFO] [stderr]    Compiling futures-core v0.3.34
[INFO] [stderr]    Compiling tokio v1.53.3
[INFO] [stderr]    Compiling phf_shared v0.8.0
[INFO] [stderr]    Compiling equivalent v1.0.3
[INFO] [stderr]    Compiling num-conv v0.2.2
[INFO] [stderr]    Compiling time-core v0.1.9
[INFO] [stderr]    Compiling futures-task v0.3.34
[INFO] [stderr]    Compiling futures-sink v0.3.34
[INFO] [stderr]    Compiling siphasher v1.0.4
[INFO] [stderr]    Compiling indexmap v2.14.2
[INFO] [stderr]    Compiling phf_shared v0.11.3
[INFO] [stderr]    Compiling futures-util v0.3.34
[INFO] [stderr]    Compiling time-macros v0.2.32
[INFO] [stderr]    Compiling synstructure v0.14.0
[INFO] [stderr]    Compiling ppv-lite86 v0.2.21
[INFO] [stderr]    Compiling tracing v0.1.44
[INFO] [stderr]    Compiling cookie v0.17.0
[INFO] [stderr]    Compiling rand_chacha v0.2.2
[INFO] [stderr]    Compiling rand_chacha v0.3.1
[INFO] [stderr]    Compiling proc-macro-hack v0.5.20+deprecated
[INFO] [stderr]    Compiling rand v0.7.3
[INFO] [stderr]    Compiling deranged v0.5.9
[INFO] [stderr]    Compiling powerfmt v0.2.1
[INFO] [stderr]    Compiling rand v0.8.8
[INFO] [stderr]    Compiling want v0.3.2
[INFO] [stderr]    Compiling unicode-normalization v0.1.26
[INFO] [stderr]    Compiling zerofrom-derive v0.1.8
[INFO] [stderr]    Compiling yoke-derive v0.8.4
[INFO] [stderr]    Compiling zerovec-derive v0.11.6
[INFO] [stderr]    Compiling displaydoc v0.2.7
[INFO] [stderr]    Compiling serde_derive v1.0.229
[INFO] [stderr]    Compiling phf_generator v0.8.0
[INFO] [stderr]    Compiling tokio-util v0.7.20
[INFO] [stderr]    Compiling time v0.3.55
[INFO] [stderr]    Compiling zerofrom v0.1.8
[INFO] [stderr]    Compiling phf_generator v0.11.3
[INFO] [stderr]    Compiling yoke v0.8.3
[INFO] [stderr]    Compiling phf_generator v0.10.0
[INFO] [stderr]    Compiling futures-channel v0.3.34
[INFO] [stderr]    Compiling http-body v0.4.6
[INFO] [stderr]    Compiling zerovec v0.11.8
[INFO] [stderr]    Compiling zerotrie v0.2.5
[INFO] [stderr]    Compiling h2 v0.3.27
[INFO] [stderr]    Compiling socket2 v0.5.10
[INFO] [stderr]    Compiling psl-types v2.0.11
[INFO] [stderr]    Compiling tinystr v0.8.4
[INFO] [stderr]    Compiling potential_utf v0.1.6
[INFO] [stderr]    Compiling icu_collections v2.3.0
[INFO] [stderr]    Compiling icu_locale_core v2.3.0
[INFO] [stderr]    Compiling unicode-bidi v0.3.18
[INFO] [stderr]    Compiling serde_json v1.0.154
[INFO] [stderr]    Compiling serde v1.0.229
[INFO] [stderr]    Compiling icu_provider v2.3.1
[INFO] [stderr]    Compiling icu_normalizer v2.3.0
[INFO] [stderr]    Compiling icu_properties v2.3.0
[INFO] [stderr]    Compiling rustls v0.21.12
[INFO] [stderr]    Compiling hyper v0.14.32
[INFO] [stderr]    Compiling idna v0.3.0
[INFO] [stderr]    Compiling phf_codegen v0.10.0
[INFO] [stderr]    Compiling string_cache_codegen v0.5.4
[INFO] [stderr]    Compiling parking_lot_core v0.9.12
[INFO] [stderr]    Compiling idna_adapter v1.2.2
[INFO] [stderr]    Compiling idna v1.1.0
[INFO] [stderr]    Compiling serde_urlencoded v0.7.1
[INFO] [stderr]    Compiling rustls-webpki v0.101.7
[INFO] [stderr]    Compiling sct v0.7.1
[INFO] [stderr]    Compiling url v2.5.8
[INFO] [stderr]    Compiling publicsuffix v2.3.0
[INFO] [stderr]    Compiling cookie_store v0.20.0
[INFO] [stderr]    Compiling parking_lot v0.12.5
[INFO] [stderr]    Compiling phf_macros v0.8.0
[INFO] [stderr]    Compiling markup5ever v0.11.0
[INFO] [stderr]    Compiling phf_codegen v0.8.0
[INFO] [stderr]    Compiling cssparser v0.27.2
[INFO] [stderr]    Compiling thiserror-impl v1.0.69
[INFO] [stderr]    Compiling aho-corasick v1.1.5
[INFO] [stderr]    Compiling ipnet v2.12.2
[INFO] [stderr]    Compiling dtoa v1.0.11
[INFO] [stderr]    Compiling chrono v0.4.45
[INFO] [stderr]    Compiling tokio-rustls v0.24.1
[INFO] [stderr]    Compiling hyper-rustls v0.24.2
[INFO] [stderr]    Compiling reqwest v0.11.27
[INFO] [stderr]    Compiling thiserror v1.0.69
[INFO] [stderr]    Compiling dtoa-short v0.3.5
[INFO] [stderr]    Compiling phf v0.8.0
[INFO] [stderr]    Compiling selectors v0.22.0
[INFO] [stderr]    Compiling string_cache v0.8.9
[INFO] [stderr]    Compiling getrandom v0.4.3
[INFO] [stderr]    Compiling html5ever v0.26.0
[INFO] [stderr]    Compiling cssparser-macros v0.6.1
[INFO] [stderr]    Compiling regex-automata v0.4.18
[INFO] [stderr]    Compiling nodrop v0.1.14
[INFO] [stderr]    Compiling derive_more v0.99.20
[INFO] [stderr]    Compiling etwin_serde_tools v0.11.0
[INFO] [stderr]    Compiling servo_arc v0.1.1
[INFO] [stderr]    Compiling uuid v1.28.0
[INFO] [stderr]    Compiling regex v1.13.1
[INFO] [stderr]    Compiling auto_impl v1.4.0
[INFO] [stderr]    Compiling async-trait v0.1.92
[INFO] [stderr]    Compiling thin-slice v0.1.1
[INFO] [stderr]    Compiling etwin_core v0.11.0
[INFO] [stderr]    Compiling getopts v0.2.24
[INFO] [stderr]    Compiling indexmap v1.9.3
[INFO] [stderr]    Compiling sha2 v0.10.9
[INFO] [stderr]    Compiling enum-iterator-derive v1.5.0
[INFO] [stderr]    Compiling scraper v0.13.0
[INFO] [stderr]    Compiling etwin_scraper_tools v0.11.0
[INFO] [stderr]    Compiling sha3 v0.10.9
[INFO] [stderr]    Compiling enum-iterator v1.5.0
[INFO] [stderr]    Compiling sha1 v0.10.7
[INFO] [stderr]    Compiling erased-serde v0.3.31
[INFO] [stderr]    Compiling headers-core v0.2.0
[INFO] [stderr]    Compiling semver v1.0.28
[INFO] [stderr]    Compiling arrayvec v0.7.8
[INFO] [stderr]    Compiling etwin_log v0.11.0
[INFO] [stderr]    Compiling headers v0.3.9
[INFO] [stderr]    Compiling etwin_constants v0.11.0
[INFO] [stderr]    Compiling eternalfest_core v0.18.2
[INFO] [stderr]    Compiling etwin_client v0.11.0
[INFO] [stderr]    Compiling eternalfest_services v0.18.2 (/opt/rustwide/workdir)
[INFO] [stdout] warning: unused `ControlFlow` that must be used
[INFO] [stdout]   --> src/game.rs:93:5
[INFO] [stdout]    |
[INFO] [stdout] 93 | /     game.for_each_blob(|blob| {
[INFO] [stdout] 94 | |       blobs.insert(blob.id);
[INFO] [stdout] 95 | |       ControlFlow::<()>::Continue(())
[INFO] [stdout] 96 | |     });
[INFO] [stdout]    | |______^
[INFO] [stdout]    |
[INFO] [stdout]    = note: `#[warn(unused_must_use)]` (part of `#[warn(unused)]`) on by default
[INFO] [stdout] help: use `let _ = ...` to ignore the resulting value
[INFO] [stdout]    |
[INFO] [stdout] 93 |     let _ = game.for_each_blob(|blob| {
[INFO] [stdout]    |     +++++++
[INFO] [stdout] 
[INFO] [stdout] 
[INFO] [stdout] warning: unused `ControlFlow` that must be used
[INFO] [stdout]    --> src/game.rs:266:5
[INFO] [stdout]     |
[INFO] [stdout] 266 | /     store_build.for_each_blob(|blob| {
[INFO] [stdout] 267 | |       blobs.insert(blob.id);
[INFO] [stdout] 268 | |       ControlFlow::<()>::Continue(())
[INFO] [stdout] 269 | |     });
[INFO] [stdout]     | |______^
[INFO] [stdout]     |
[INFO] [stdout] help: use `let _ = ...` to ignore the resulting value
[INFO] [stdout]     |
[INFO] [stdout] 266 |     let _ = store_build.for_each_blob(|blob| {
[INFO] [stdout]     |     +++++++
[INFO] [stdout] 
[INFO] [stdout] 
[INFO] [stdout] warning: unused `ControlFlow` that must be used
[INFO] [stdout]    --> src/game.rs:376:5
[INFO] [stdout]     |
[INFO] [stdout] 376 | /     store_channel.for_each_blob(|blob| {
[INFO] [stdout] 377 | |       blobs.insert(blob.id);
[INFO] [stdout] 378 | |       ControlFlow::<()>::Continue(())
[INFO] [stdout] 379 | |     });
[INFO] [stdout]     | |______^
[INFO] [stdout]     |
[INFO] [stdout] help: use `let _ = ...` to ignore the resulting value
[INFO] [stdout]     |
[INFO] [stdout] 376 |     let _ = store_channel.for_each_blob(|blob| {
[INFO] [stdout]     |     +++++++
[INFO] [stdout] 
[INFO] [stdout] 
[INFO] [stdout] warning: unused `ControlFlow` that must be used
[INFO] [stdout]    --> src/game.rs:502:5
[INFO] [stdout]     |
[INFO] [stdout] 502 | /     store_game.for_each_blob(|blob| {
[INFO] [stdout] 503 | |       blobs.insert(blob.id);
[INFO] [stdout] 504 | |       ControlFlow::<()>::Continue(())
[INFO] [stdout] 505 | |     });
[INFO] [stdout]     | |______^
[INFO] [stdout]     |
[INFO] [stdout] help: use `let _ = ...` to ignore the resulting value
[INFO] [stdout]     |
[INFO] [stdout] 502 |     let _ = store_game.for_each_blob(|blob| {
[INFO] [stdout]     |     +++++++
[INFO] [stdout] 
[INFO] [stdout] 
[INFO] [stdout] warning: unused `ControlFlow` that must be used
[INFO] [stdout]    --> src/game.rs:641:7
[INFO] [stdout]     |
[INFO] [stdout] 641 | /       store_game.for_each_blob(|blob| {
[INFO] [stdout] 642 | |         blobs.insert(blob.id);
[INFO] [stdout] 643 | |         ControlFlow::<()>::Continue(())
[INFO] [stdout] 644 | |       });
[INFO] [stdout]     | |________^
[INFO] [stdout]     |
[INFO] [stdout] help: use `let _ = ...` to ignore the resulting value
[INFO] [stdout]     |
[INFO] [stdout] 641 |       let _ = store_game.for_each_blob(|blob| {
[INFO] [stdout]     |       +++++++
[INFO] [stdout] 
[INFO] [stdout] 
[INFO] [stderr]     Finished `release` profile [optimized] target(s) in 4m 04s
[INFO] running `Command { std: "docker" "inspect" "fd023fcdabc2bce06176d58107e8d8de2ccd36404f44410d2451642c2a8af928", kill_on_drop: false }`
[INFO] running `Command { std: "docker" "exec" "-e" "SOURCE_DIR=/opt/rustwide/workdir" "-e" "CARGO_HOME=/opt/rustwide/cargo-home" "-e" "RUSTUP_HOME=/opt/rustwide/rustup-home" "-e" "CARGO_TARGET_DIR=/opt/rustwide/target" "-e" "CARGO_INCREMENTAL=0" "-e" "RUST_BACKTRACE=full" "-e" "RUSTFLAGS=--cap-lints=warn" "-e" "RUSTDOCFLAGS=--cap-lints=warn" "-w" "/opt/rustwide/workdir" "--user" "0:0" "fd023fcdabc2bce06176d58107e8d8de2ccd36404f44410d2451642c2a8af928" "/opt/rustwide/cargo-home/bin/cargo" "+1.99.0-beta.8" "test" "--frozen" "--no-run" "--message-format=json" "--release", kill_on_drop: false }`
[INFO] [stderr]    Compiling getrandom v0.2.17
[INFO] [stderr]    Compiling serde v1.0.229
[INFO] [stderr]    Compiling zerofrom v0.1.8
[INFO] [stderr]    Compiling ring v0.16.20
[INFO] [stderr]    Compiling tokio-macros v2.7.2
[INFO] [stderr]    Compiling rustls v0.20.9
[INFO] [stderr]    Compiling futures-channel v0.3.34
[INFO] [stderr]    Compiling futures-macro v0.3.34
[INFO] [stderr]    Compiling serde_json v1.0.154
[INFO] [stderr]    Compiling yoke v0.8.3
[INFO] [stderr]    Compiling rand_core v0.6.4
[INFO] [stderr]    Compiling ring v0.17.14
[INFO] [stderr]    Compiling litemap v0.8.3
[INFO] [stderr]    Compiling zerovec v0.11.8
[INFO] [stderr]    Compiling rand_chacha v0.3.1
[INFO] [stderr]    Compiling writeable v0.6.4
[INFO] [stderr]    Compiling smallvec v1.16.3
[INFO] [stderr]    Compiling tokio v1.53.3
[INFO] [stderr]    Compiling rand v0.8.8
[INFO] [stderr]    Compiling crossbeam-utils v0.8.23
[INFO] [stderr]    Compiling futures-util v0.3.34
[INFO] [stderr]    Compiling untrusted v0.9.0
[INFO] [stderr]    Compiling zerotrie v0.2.5
[INFO] [stderr]    Compiling digest v0.10.7
[INFO] [stderr]    Compiling tinystr v0.8.4
[INFO] [stderr]    Compiling potential_utf v0.1.6
[INFO] [stderr]    Compiling subtle v2.6.1
[INFO] [stderr]    Compiling icu_collections v2.3.0
[INFO] [stderr]    Compiling icu_locale_core v2.3.0
[INFO] [stderr]    Compiling icu_properties_data v2.3.0
[INFO] [stderr]    Compiling icu_normalizer_data v2.3.0
[INFO] [stderr]    Compiling ahash v0.7.8
[INFO] [stderr]    Compiling socket2 v0.6.5
[INFO] [stderr]    Compiling mio v1.2.4
[INFO] [stderr]    Compiling futures-core v0.3.34
[INFO] [stderr]    Compiling ahash v0.8.12
[INFO] [stderr]    Compiling url v2.5.8
[INFO] [stderr]    Compiling icu_provider v2.3.1
[INFO] [stderr]    Compiling icu_normalizer v2.3.0
[INFO] [stderr]    Compiling icu_properties v2.3.0
[INFO] [stderr]    Compiling webpki v0.22.4
[INFO] [stderr]    Compiling sct v0.7.1
[INFO] [stderr]    Compiling num-traits v0.2.19
[INFO] [stderr]    Compiling instant v0.1.13
[INFO] [stderr]    Compiling hashbrown v0.14.5
[INFO] [stderr]    Compiling idna_adapter v1.2.2
[INFO] [stderr]    Compiling parking_lot_core v0.8.6
[INFO] [stderr]    Compiling tinyvec v1.13.3
[INFO] [stderr]    Compiling futures-sink v0.3.34
[INFO] [stderr]    Compiling nom v7.1.3
[INFO] [stderr]    Compiling unicode-normalization v0.1.26
[INFO] [stderr]    Compiling form_urlencoded v1.2.2
[INFO] [stderr]    Compiling indexmap v1.9.3
[INFO] [stderr]    Compiling tokio-rustls v0.23.4
[INFO] [stderr]    Compiling parking_lot v0.11.2
[INFO] [stderr]    Compiling idna v1.1.0
[INFO] [stderr]    Compiling paste v1.0.15
[INFO] [stderr]    Compiling hmac v0.12.1
[INFO] [stderr]    Compiling dirs-sys v0.3.7
[INFO] [stderr]    Compiling futures-task v0.3.34
[INFO] [stderr]    Compiling unicode-properties v0.1.4
[INFO] [stderr]    Compiling base64 v0.21.7
[INFO] [stderr]    Compiling hashbrown v0.12.3
[INFO] [stderr]    Compiling slab v0.4.12
[INFO] [stderr]    Compiling unicode-bidi v0.3.18
[INFO] [stderr]    Compiling rustls-pemfile v1.0.4
[INFO] [stderr]    Compiling chrono v0.4.45
[INFO] [stderr]    Compiling dirs v4.0.0
[INFO] [stderr]    Compiling stringprep v0.1.5
[INFO] [stderr]    Compiling sqlformat v0.2.6
[INFO] [stderr]    Compiling thiserror v1.0.69
[INFO] [stderr]    Compiling hkdf v0.12.4
[INFO] [stderr]    Compiling futures-intrusive v0.4.2
[INFO] [stderr]    Compiling sqlx-rt v0.6.3
[INFO] [stderr]    Compiling crossbeam-queue v0.3.14
[INFO] [stderr]    Compiling either v1.19.0
[INFO] [stderr]    Compiling tokio-stream v0.1.19
[INFO] [stderr]    Compiling hashlink v0.8.4
[INFO] [stderr]    Compiling tokio-util v0.7.20
[INFO] [stderr]    Compiling getrandom v0.1.16
[INFO] [stderr]    Compiling atoi v1.0.0
[INFO] [stderr]    Compiling sha2 v0.10.9
[INFO] [stderr]    Compiling sha1 v0.10.7
[INFO] [stderr]    Compiling webpki-roots v0.22.6
[INFO] [stderr]    Compiling md-5 v0.10.6
[INFO] [stderr]    Compiling whoami v1.6.1
[INFO] [stderr]    Compiling byteorder v1.5.0
[INFO] [stderr]    Compiling base64 v0.13.1
[INFO] [stderr]    Compiling uuid v1.28.0
[INFO] [stderr]    Compiling unicode-segmentation v1.13.3
[INFO] [stderr]    Compiling sqlx-core v0.6.3
[INFO] [stderr]    Compiling heck v0.4.1
[INFO] [stderr]    Compiling h2 v0.3.27
[INFO] [stderr]    Compiling rand_core v0.5.1
[INFO] [stderr]    Compiling aho-corasick v1.1.5
[INFO] [stderr]    Compiling tokio-rustls v0.24.1
[INFO] [stderr]    Compiling serde_urlencoded v0.7.1
[INFO] [stderr]    Compiling cookie_store v0.20.0
[INFO] [stderr]    Compiling rand_pcg v0.2.1
[INFO] [stderr]    Compiling rand_chacha v0.2.2
[INFO] [stderr]    Compiling rand v0.7.3
[INFO] [stderr]    Compiling regex-automata v0.4.18
[INFO] [stderr]    Compiling phf_generator v0.8.0
[INFO] [stderr]    Compiling phf_generator v0.10.0
[INFO] [stderr]    Compiling hyper v0.14.32
[INFO] [stderr]    Compiling sqlx-macros v0.6.3
[INFO] [stderr]    Compiling hyper-rustls v0.24.2
[INFO] [stderr]    Compiling regex v1.13.1
[INFO] [stderr]    Compiling reqwest v0.11.27
[INFO] [stderr]    Compiling phf_generator v0.11.3
[INFO] [stderr]    Compiling include_dir_macros v0.7.4
[INFO] [stderr]    Compiling sha3 v0.10.9
[INFO] [stderr]    Compiling include_dir v0.7.4
[INFO] [stderr]    Compiling petgraph v0.6.5
[INFO] [stderr]    Compiling string_cache_codegen v0.5.4
[INFO] [stderr]    Compiling phf_codegen v0.10.0
[INFO] [stderr]    Compiling arrayvec v0.7.8
[INFO] [stderr]    Compiling toml v0.5.11
[INFO] [stderr]    Compiling semver v1.0.28
[INFO] [stderr]    Compiling lazy_static v1.5.1
[INFO] [stderr]    Compiling markup5ever v0.11.0
[INFO] [stderr]    Compiling sqlx v0.6.3
[INFO] [stderr]    Compiling phf_macros v0.8.0
[INFO] [stderr]    Compiling phf_codegen v0.8.0
[INFO] [stderr]    Compiling selectors v0.22.0
[INFO] [stderr]    Compiling etwin_serde_tools v0.11.0
[INFO] [stderr]    Compiling eternalfest_config v0.18.2
[INFO] [stderr]    Compiling etwin_core v0.11.0
[INFO] [stderr]    Compiling phf v0.8.0
[INFO] [stderr]    Compiling string_cache v0.8.9
[INFO] [stderr]    Compiling cssparser v0.27.2
[INFO] [stderr]    Compiling etwin_squirrel v0.11.0
[INFO] [stderr]    Compiling eternalfest_db_schema v0.18.2
[INFO] [stderr]    Compiling proc-macro-error-attr v1.0.4
[INFO] [stderr]    Compiling html5ever v0.26.0
[INFO] [stderr]    Compiling futures-executor v0.3.34
[INFO] [stderr]    Compiling proc-macro-error v1.0.4
[INFO] [stderr]    Compiling futures v0.3.34
[INFO] [stderr]    Compiling itertools v0.10.5
[INFO] [stderr]    Compiling scraper v0.13.0
[INFO] [stderr]    Compiling erased-serde v0.3.31
[INFO] [stderr]    Compiling etwin_scraper_tools v0.11.0
[INFO] [stderr]    Compiling headers v0.3.9
[INFO] [stderr]    Compiling serial_test_derive v0.9.0
[INFO] [stderr]    Compiling dashmap v5.5.3
[INFO] [stderr]    Compiling etwin_postgres_tools v0.11.0
[INFO] [stderr]    Compiling serial_test v0.9.0
[INFO] [stderr]    Compiling eternalfest_core v0.18.2
[INFO] [stderr]    Compiling etwin_constants v0.11.0
[INFO] [stderr]    Compiling etwin_client v0.11.0
[INFO] [stderr]    Compiling eternalfest_game_store v0.18.2
[INFO] [stderr]    Compiling eternalfest_user_store v0.18.2
[INFO] [stderr]    Compiling eternalfest_auth_store v0.18.2
[INFO] [stderr]    Compiling eternalfest_blob_store v0.18.2
[INFO] [stderr]    Compiling eternalfest_buffer_store v0.18.2
[INFO] [stderr]    Compiling eternalfest_file_store v0.18.2
[INFO] [stderr]    Compiling eternalfest_services v0.18.2 (/opt/rustwide/workdir)
[INFO] [stdout] warning: unused `ControlFlow` that must be used
[INFO] [stdout]   --> src/game.rs:93:5
[INFO] [stdout]    |
[INFO] [stdout] 93 | /     game.for_each_blob(|blob| {
[INFO] [stdout] 94 | |       blobs.insert(blob.id);
[INFO] [stdout] 95 | |       ControlFlow::<()>::Continue(())
[INFO] [stdout] 96 | |     });
[INFO] [stdout]    | |______^
[INFO] [stdout]    |
[INFO] [stdout]    = note: `#[warn(unused_must_use)]` (part of `#[warn(unused)]`) on by default
[INFO] [stdout] help: use `let _ = ...` to ignore the resulting value
[INFO] [stdout]    |
[INFO] [stdout] 93 |     let _ = game.for_each_blob(|blob| {
[INFO] [stdout]    |     +++++++
[INFO] [stdout] 
[INFO] [stdout] 
[INFO] [stdout] warning: unused `ControlFlow` that must be used
[INFO] [stdout]    --> src/game.rs:266:5
[INFO] [stdout]     |
[INFO] [stdout] 266 | /     store_build.for_each_blob(|blob| {
[INFO] [stdout] 267 | |       blobs.insert(blob.id);
[INFO] [stdout] 268 | |       ControlFlow::<()>::Continue(())
[INFO] [stdout] 269 | |     });
[INFO] [stdout]     | |______^
[INFO] [stdout]     |
[INFO] [stdout] help: use `let _ = ...` to ignore the resulting value
[INFO] [stdout]     |
[INFO] [stdout] 266 |     let _ = store_build.for_each_blob(|blob| {
[INFO] [stdout]     |     +++++++
[INFO] [stdout] 
[INFO] [stdout] 
[INFO] [stdout] warning: unused `ControlFlow` that must be used
[INFO] [stdout]    --> src/game.rs:376:5
[INFO] [stdout]     |
[INFO] [stdout] 376 | /     store_channel.for_each_blob(|blob| {
[INFO] [stdout] 377 | |       blobs.insert(blob.id);
[INFO] [stdout] 378 | |       ControlFlow::<()>::Continue(())
[INFO] [stdout] 379 | |     });
[INFO] [stdout]     | |______^
[INFO] [stdout]     |
[INFO] [stdout] help: use `let _ = ...` to ignore the resulting value
[INFO] [stdout]     |
[INFO] [stdout] 376 |     let _ = store_channel.for_each_blob(|blob| {
[INFO] [stdout]     |     +++++++
[INFO] [stdout] 
[INFO] [stdout] 
[INFO] [stdout] warning: unused `ControlFlow` that must be used
[INFO] [stdout]    --> src/game.rs:502:5
[INFO] [stdout]     |
[INFO] [stdout] 502 | /     store_game.for_each_blob(|blob| {
[INFO] [stdout] 503 | |       blobs.insert(blob.id);
[INFO] [stdout] 504 | |       ControlFlow::<()>::Continue(())
[INFO] [stdout] 505 | |     });
[INFO] [stdout]     | |______^
[INFO] [stdout]     |
[INFO] [stdout] help: use `let _ = ...` to ignore the resulting value
[INFO] [stdout]     |
[INFO] [stdout] 502 |     let _ = store_game.for_each_blob(|blob| {
[INFO] [stdout]     |     +++++++
[INFO] [stdout] 
[INFO] [stdout] 
[INFO] [stdout] warning: unused `ControlFlow` that must be used
[INFO] [stdout]    --> src/game.rs:641:7
[INFO] [stdout]     |
[INFO] [stdout] 641 | /       store_game.for_each_blob(|blob| {
[INFO] [stdout] 642 | |         blobs.insert(blob.id);
[INFO] [stdout] 643 | |         ControlFlow::<()>::Continue(())
[INFO] [stdout] 644 | |       });
[INFO] [stdout]     | |________^
[INFO] [stdout]     |
[INFO] [stdout] help: use `let _ = ...` to ignore the resulting value
[INFO] [stdout]     |
[INFO] [stdout] 641 |       let _ = store_game.for_each_blob(|blob| {
[INFO] [stdout]     |       +++++++
[INFO] [stdout] 
[INFO] [stdout] 
[INFO] [stdout] warning: unused `ControlFlow` that must be used
[INFO] [stdout]   --> src/game.rs:93:5
[INFO] [stdout]    |
[INFO] [stdout] 93 | /     game.for_each_blob(|blob| {
[INFO] [stdout] 94 | |       blobs.insert(blob.id);
[INFO] [stdout] 95 | |       ControlFlow::<()>::Continue(())
[INFO] [stdout] 96 | |     });
[INFO] [stdout]    | |______^
[INFO] [stdout]    |
[INFO] [stdout]    = note: `#[warn(unused_must_use)]` (part of `#[warn(unused)]`) on by default
[INFO] [stdout] help: use `let _ = ...` to ignore the resulting value
[INFO] [stdout]    |
[INFO] [stdout] 93 |     let _ = game.for_each_blob(|blob| {
[INFO] [stdout]    |     +++++++
[INFO] [stdout] 
[INFO] [stdout] 
[INFO] [stdout] warning: unused `ControlFlow` that must be used
[INFO] [stdout]    --> src/game.rs:266:5
[INFO] [stdout]     |
[INFO] [stdout] 266 | /     store_build.for_each_blob(|blob| {
[INFO] [stdout] 267 | |       blobs.insert(blob.id);
[INFO] [stdout] 268 | |       ControlFlow::<()>::Continue(())
[INFO] [stdout] 269 | |     });
[INFO] [stdout]     | |______^
[INFO] [stdout]     |
[INFO] [stdout] help: use `let _ = ...` to ignore the resulting value
[INFO] [stdout]     |
[INFO] [stdout] 266 |     let _ = store_build.for_each_blob(|blob| {
[INFO] [stdout]     |     +++++++
[INFO] [stdout] 
[INFO] [stdout] 
[INFO] [stdout] warning: unused `ControlFlow` that must be used
[INFO] [stdout]    --> src/game.rs:376:5
[INFO] [stdout]     |
[INFO] [stdout] 376 | /     store_channel.for_each_blob(|blob| {
[INFO] [stdout] 377 | |       blobs.insert(blob.id);
[INFO] [stdout] 378 | |       ControlFlow::<()>::Continue(())
[INFO] [stdout] 379 | |     });
[INFO] [stdout]     | |______^
[INFO] [stdout]     |
[INFO] [stdout] help: use `let _ = ...` to ignore the resulting value
[INFO] [stdout]     |
[INFO] [stdout] 376 |     let _ = store_channel.for_each_blob(|blob| {
[INFO] [stdout]     |     +++++++
[INFO] [stdout] 
[INFO] [stdout] 
[INFO] [stdout] warning: unused `ControlFlow` that must be used
[INFO] [stdout]    --> src/game.rs:502:5
[INFO] [stdout]     |
[INFO] [stdout] 502 | /     store_game.for_each_blob(|blob| {
[INFO] [stdout] 503 | |       blobs.insert(blob.id);
[INFO] [stdout] 504 | |       ControlFlow::<()>::Continue(())
[INFO] [stdout] 505 | |     });
[INFO] [stdout]     | |______^
[INFO] [stdout]     |
[INFO] [stdout] help: use `let _ = ...` to ignore the resulting value
[INFO] [stdout]     |
[INFO] [stdout] 502 |     let _ = store_game.for_each_blob(|blob| {
[INFO] [stdout]     |     +++++++
[INFO] [stdout] 
[INFO] [stdout] 
[INFO] [stdout] warning: unused `ControlFlow` that must be used
[INFO] [stdout]    --> src/game.rs:641:7
[INFO] [stdout]     |
[INFO] [stdout] 641 | /       store_game.for_each_blob(|blob| {
[INFO] [stdout] 642 | |         blobs.insert(blob.id);
[INFO] [stdout] 643 | |         ControlFlow::<()>::Continue(())
[INFO] [stdout] 644 | |       });
[INFO] [stdout]     | |________^
[INFO] [stdout]     |
[INFO] [stdout] help: use `let _ = ...` to ignore the resulting value
[INFO] [stdout]     |
[INFO] [stdout] 641 |       let _ = store_game.for_each_blob(|blob| {
[INFO] [stdout]     |       +++++++
[INFO] [stdout] 
[INFO] [stdout] 
[INFO] [stderr]     Finished `release` profile [optimized] target(s) in 5m 27s
[INFO] [stderr] warning: the following packages contain code that will be rejected by a future version of Rust: sqlx-core v0.6.3
[INFO] [stderr] note: to see what the problems were, use the option `--future-incompat-report`, or run `cargo report future-incompatibilities --id 12`
[INFO] running `Command { std: "docker" "inspect" "fd023fcdabc2bce06176d58107e8d8de2ccd36404f44410d2451642c2a8af928", kill_on_drop: false }`
[INFO] running `Command { std: "docker" "exec" "-e" "SOURCE_DIR=/opt/rustwide/workdir" "-e" "CARGO_HOME=/opt/rustwide/cargo-home" "-e" "RUSTUP_HOME=/opt/rustwide/rustup-home" "-e" "CARGO_TARGET_DIR=/opt/rustwide/target" "-e" "CARGO_INCREMENTAL=0" "-e" "RUST_BACKTRACE=full" "-e" "RUSTFLAGS=--cap-lints=warn" "-e" "RUSTDOCFLAGS=--cap-lints=warn" "-w" "/opt/rustwide/workdir" "--user" "0:0" "fd023fcdabc2bce06176d58107e8d8de2ccd36404f44410d2451642c2a8af928" "/opt/rustwide/cargo-home/bin/cargo" "+1.99.0-beta.8" "test" "--frozen" "--release", kill_on_drop: false }`
[INFO] [stderr] warning: unused `ControlFlow` that must be used
[INFO] [stderr]   --> src/game.rs:93:5
[INFO] [stderr]    |
[INFO] [stderr] 93 | /     game.for_each_blob(|blob| {
[INFO] [stderr] 94 | |       blobs.insert(blob.id);
[INFO] [stderr] 95 | |       ControlFlow::<()>::Continue(())
[INFO] [stderr] 96 | |     });
[INFO] [stderr]    | |______^
[INFO] [stderr]    |
[INFO] [stderr]    = note: `#[warn(unused_must_use)]` (part of `#[warn(unused)]`) on by default
[INFO] [stderr] help: use `let _ = ...` to ignore the resulting value
[INFO] [stderr]    |
[INFO] [stderr] 93 |     let _ = game.for_each_blob(|blob| {
[INFO] [stderr]    |     +++++++
[INFO] [stderr] 
[INFO] [stderr] warning: unused `ControlFlow` that must be used
[INFO] [stderr]    --> src/game.rs:266:5
[INFO] [stderr]     |
[INFO] [stderr] 266 | /     store_build.for_each_blob(|blob| {
[INFO] [stderr] 267 | |       blobs.insert(blob.id);
[INFO] [stderr] 268 | |       ControlFlow::<()>::Continue(())
[INFO] [stderr] 269 | |     });
[INFO] [stderr]     | |______^
[INFO] [stderr]     |
[INFO] [stderr] help: use `let _ = ...` to ignore the resulting value
[INFO] [stderr]     |
[INFO] [stderr] 266 |     let _ = store_build.for_each_blob(|blob| {
[INFO] [stderr]     |     +++++++
[INFO] [stderr] 
[INFO] [stderr] warning: unused `ControlFlow` that must be used
[INFO] [stderr]    --> src/game.rs:376:5
[INFO] [stderr]     |
[INFO] [stderr] 376 | /     store_channel.for_each_blob(|blob| {
[INFO] [stderr] 377 | |       blobs.insert(blob.id);
[INFO] [stderr] 378 | |       ControlFlow::<()>::Continue(())
[INFO] [stderr] 379 | |     });
[INFO] [stderr]     | |______^
[INFO] [stderr]     |
[INFO] [stderr] help: use `let _ = ...` to ignore the resulting value
[INFO] [stderr]     |
[INFO] [stderr] 376 |     let _ = store_channel.for_each_blob(|blob| {
[INFO] [stderr]     |     +++++++
[INFO] [stderr] 
[INFO] [stderr] warning: unused `ControlFlow` that must be used
[INFO] [stderr]    --> src/game.rs:502:5
[INFO] [stderr]     |
[INFO] [stderr] 502 | /     store_game.for_each_blob(|blob| {
[INFO] [stderr] 503 | |       blobs.insert(blob.id);
[INFO] [stderr] 504 | |       ControlFlow::<()>::Continue(())
[INFO] [stderr] 505 | |     });
[INFO] [stderr]     | |______^
[INFO] [stderr]     |
[INFO] [stderr] help: use `let _ = ...` to ignore the resulting value
[INFO] [stderr]     |
[INFO] [stderr] 502 |     let _ = store_game.for_each_blob(|blob| {
[INFO] [stderr]     |     +++++++
[INFO] [stderr] 
[INFO] [stderr] warning: unused `ControlFlow` that must be used
[INFO] [stderr]    --> src/game.rs:641:7
[INFO] [stderr]     |
[INFO] [stderr] 641 | /       store_game.for_each_blob(|blob| {
[INFO] [stderr] 642 | |         blobs.insert(blob.id);
[INFO] [stderr] 643 | |         ControlFlow::<()>::Continue(())
[INFO] [stderr] 644 | |       });
[INFO] [stderr]     | |________^
[INFO] [stderr]     |
[INFO] [stderr] help: use `let _ = ...` to ignore the resulting value
[INFO] [stderr]     |
[INFO] [stderr] 641 |       let _ = store_game.for_each_blob(|blob| {
[INFO] [stderr]     |       +++++++
[INFO] [stderr] 
[INFO] [stderr] warning: `eternalfest_services` (lib) generated 5 warnings
[INFO] [stderr] warning: `eternalfest_services` (lib test) generated 5 warnings (5 duplicates)
[INFO] [stderr]     Finished `release` profile [optimized] target(s) in 0.55s
[INFO] [stderr] warning: the following packages contain code that will be rejected by a future version of Rust: sqlx-core v0.6.3
[INFO] [stderr] note: to see what the problems were, use the option `--future-incompat-report`, or run `cargo report future-incompatibilities --id 12`
[INFO] [stderr]      Running unittests src/lib.rs (/opt/rustwide/target/release/deps/eternalfest_services-a91d2fe7d7b7b35a)
[INFO] [stdout] 
[INFO] [stdout] running 0 tests
[INFO] [stdout] 
[INFO] [stdout] test result: ok. 0 passed; 0 failed; 0 ignored; 0 measured; 0 filtered out; finished in 0.00s
[INFO] [stdout] 
[INFO] [stderr]      Running tests/game.rs (/opt/rustwide/target/release/deps/game-ac1e4157170d790a)
[INFO] [stdout] 
[INFO] [stdout] running 3 tests
[INFO] [stdout] test test_update_game ... FAILED
[INFO] [stdout] test test_create_game ... FAILED
[INFO] [stdout] test test_read_empty ... FAILED
[INFO] [stdout] 
[INFO] [stdout] failures:
[INFO] [stdout] 
[INFO] [stdout] ---- test_update_game stdout ----
[INFO] [stdout] 
[INFO] [stdout] thread 'test_update_game' (5737) panicked at tests/game.rs:43:82:
[INFO] [stdout] called `Result::unwrap()` on an `Err` value: NotFound("/opt/rustwide/workdir")
[INFO] [stdout] stack backtrace:
[INFO] [stdout]    0:     0x595e1db56cf1 - <<std[70759c8f55707aa4]::sys::backtrace::BacktraceLock>::print::DisplayBacktrace as core[df12db4294e9bfd3]::fmt::Display>::fmt
[INFO] [stdout]    1:     0x595e1db6f1ba - core[df12db4294e9bfd3]::fmt::write
[INFO] [stdout]    2:     0x595e1db5b9ac - <alloc[2182bb758b4b3781]::vec::Vec<u8> as core[df12db4294e9bfd3]::io::write::Write>::write_fmt
[INFO] [stdout]    3:     0x595e1db305a6 - std[70759c8f55707aa4]::panicking::default_hook::{closure#0}
[INFO] [stdout]    4:     0x595e1db4e339 - std[70759c8f55707aa4]::panicking::default_hook
[INFO] [stdout]    5:     0x595e1d6f1470 - test[9d35eded1c95d3be]::test_main_inner::<test[9d35eded1c95d3be]::test_main_static::{closure#0}>::{closure#0}
[INFO] [stdout]    6:     0x595e1db4e662 - std[70759c8f55707aa4]::panicking::panic_with_hook
[INFO] [stdout]    7:     0x595e1db30652 - std[70759c8f55707aa4]::panicking::panic_handler::{closure#0}
[INFO] [stdout]    8:     0x595e1db28fd9 - std[70759c8f55707aa4]::sys::backtrace::__rust_end_short_backtrace::<std[70759c8f55707aa4]::panicking::panic_handler::{closure#0}, !>
[INFO] [stdout]    9:     0x595e1db3152d - __rustc[8fa7c3cbc660c2b3]::rust_begin_unwind
[INFO] [stdout]   10:     0x595e1db6f99c - core[df12db4294e9bfd3]::panicking::panic_fmt
[INFO] [stdout]   11:     0x595e1db6f772 - core[df12db4294e9bfd3]::result::unwrap_failed
[INFO] [stdout]   12:     0x595e1d5b048e - game[6f7f0993799b0e4a]::make_test_api::{closure#0}
[INFO] [stdout]   13:     0x595e1d5ae6e0 - game[6f7f0993799b0e4a]::test_update_game::{closure#0}::{closure#0}
[INFO] [stdout]   14:     0x595e1d6904e8 - <tokio[10987dab376ccd59]::runtime::runtime::Runtime>::block_on::<core[df12db4294e9bfd3]::pin::Pin<&mut dyn core[df12db4294e9bfd3]::future::future::Future<Output = ()>>>
[INFO] [stdout]   15:     0x595e1d5d2a2a - <game[6f7f0993799b0e4a]::test_update_game::{closure#0} as core[df12db4294e9bfd3]::ops::function::FnOnce<()>>::call_once
[INFO] [stdout]   16:     0x595e1d73ef4b - serial_test[57b56db120287299]::serial_code_lock::local_serial_core
[INFO] [stdout]   17:     0x595e1d5d266d - <game[6f7f0993799b0e4a]::test_update_game::{closure#0} as core[df12db4294e9bfd3]::ops::function::FnOnce<()>>::call_once
[INFO] [stdout]   18:     0x595e1d6e475b - test[9d35eded1c95d3be]::__rust_begin_short_backtrace::<core[df12db4294e9bfd3]::result::Result<(), alloc[2182bb758b4b3781]::string::String>, fn() -> core[df12db4294e9bfd3]::result::Result<(), alloc[2182bb758b4b3781]::string::String>>
[INFO] [stdout]   19:     0x595e1d6f1dc5 - test[9d35eded1c95d3be]::run_test::{closure#0}
[INFO] [stdout]   20:     0x595e1d6eb684 - std[70759c8f55707aa4]::sys::backtrace::__rust_begin_short_backtrace::<test[9d35eded1c95d3be]::run_test::{closure#1}, ()>
[INFO] [stdout]   21:     0x595e1d6f4f22 - <std[70759c8f55707aa4]::thread::lifecycle::spawn_unchecked<test[9d35eded1c95d3be]::run_test::{closure#1}, ()>::{closure#1} as core[df12db4294e9bfd3]::ops::function::FnOnce<()>>::call_once::{shim:vtable#0}
[INFO] [stdout]   22:     0x595e1db55b89 - <std[70759c8f55707aa4]::sys::thread::unix::Thread>::new::thread_start
[INFO] [stdout]   23:     0x79cbf87e6dfa - <unknown>
[INFO] [stdout]   24:     0x79cbf887a3d4 - clone
[INFO] [stdout]   25:                0x0 - <unknown>
[INFO] [stdout] 
[INFO] [stdout] ---- test_create_game stdout ----
[INFO] [stdout] 
[INFO] [stdout] thread 'test_create_game' (5735) panicked at tests/game.rs:43:82:
[INFO] [stdout] called `Result::unwrap()` on an `Err` value: NotFound("/opt/rustwide/workdir")
[INFO] [stdout] stack backtrace:
[INFO] [stdout]    0:     0x595e1db56cf1 - <<std[70759c8f55707aa4]::sys::backtrace::BacktraceLock>::print::DisplayBacktrace as core[df12db4294e9bfd3]::fmt::Display>::fmt
[INFO] [stdout]    1:     0x595e1db6f1ba - core[df12db4294e9bfd3]::fmt::write
[INFO] [stdout]    2:     0x595e1db5b9ac - <alloc[2182bb758b4b3781]::vec::Vec<u8> as core[df12db4294e9bfd3]::io::write::Write>::write_fmt
[INFO] [stdout]    3:     0x595e1db305a6 - std[70759c8f55707aa4]::panicking::default_hook::{closure#0}
[INFO] [stdout]    4:     0x595e1db4e339 - std[70759c8f55707aa4]::panicking::default_hook
[INFO] [stdout]    5:     0x595e1d6f1470 - test[9d35eded1c95d3be]::test_main_inner::<test[9d35eded1c95d3be]::test_main_static::{closure#0}>::{closure#0}
[INFO] [stdout]    6:     0x595e1db4e662 - std[70759c8f55707aa4]::panicking::panic_with_hook
[INFO] [stdout]    7:     0x595e1db30652 - std[70759c8f55707aa4]::panicking::panic_handler::{closure#0}
[INFO] [stdout]    8:     0x595e1db28fd9 - std[70759c8f55707aa4]::sys::backtrace::__rust_end_short_backtrace::<std[70759c8f55707aa4]::panicking::panic_handler::{closure#0}, !>
[INFO] [stdout]    9:     0x595e1db3152d - __rustc[8fa7c3cbc660c2b3]::rust_begin_unwind
[INFO] [stdout]   10:     0x595e1db6f99c - core[df12db4294e9bfd3]::panicking::panic_fmt
[INFO] [stdout]   11:     0x595e1db6f772 - core[df12db4294e9bfd3]::result::unwrap_failed
[INFO] [stdout]   12:     0x595e1d5b048e - game[6f7f0993799b0e4a]::make_test_api::{closure#0}
[INFO] [stdout]   13:     0x595e1d5ae5c0 - game[6f7f0993799b0e4a]::test_create_game::{closure#0}::{closure#0}
[INFO] [stdout]   14:     0x595e1d6904e8 - <tokio[10987dab376ccd59]::runtime::runtime::Runtime>::block_on::<core[df12db4294e9bfd3]::pin::Pin<&mut dyn core[df12db4294e9bfd3]::future::future::Future<Output = ()>>>
[INFO] [stdout]   15:     0x595e1d5d28aa - <game[6f7f0993799b0e4a]::test_create_game::{closure#0} as core[df12db4294e9bfd3]::ops::function::FnOnce<()>>::call_once
[INFO] [stdout]   16:     0x595e1d73ef4b - serial_test[57b56db120287299]::serial_code_lock::local_serial_core
[INFO] [stdout]   17:     0x595e1d5d263d - <game[6f7f0993799b0e4a]::test_create_game::{closure#0} as core[df12db4294e9bfd3]::ops::function::FnOnce<()>>::call_once
[INFO] [stdout]   18:     0x595e1d6e475b - test[9d35eded1c95d3be]::__rust_begin_short_backtrace::<core[df12db4294e9bfd3]::result::Result<(), alloc[2182bb758b4b3781]::string::String>, fn() -> core[df12db4294e9bfd3]::result::Result<(), alloc[2182bb758b4b3781]::string::String>>
[INFO] [stdout]   19:     0x595e1d6f1dc5 - test[9d35eded1c95d3be]::run_test::{closure#0}
[INFO] [stdout]   20:     0x595e1d6eb684 - std[70759c8f55707aa4]::sys::backtrace::__rust_begin_short_backtrace::<test[9d35eded1c95d3be]::run_test::{closure#1}, ()>
[INFO] [stdout]   21:     0x595e1d6f4f22 - <std[70759c8f55707aa4]::thread::lifecycle::spawn_unchecked<test[9d35eded1c95d3be]::run_test::{closure#1}, ()>::{closure#1} as core[df12db4294e9bfd3]::ops::function::FnOnce<()>>::call_once::{shim:vtable#0}
[INFO] [stdout]   22:     0x595e1db55b89 - <std[70759c8f55707aa4]::sys::thread::unix::Thread>::new::thread_start
[INFO] [stdout]   23:     0x79cbf87e6dfa - <unknown>
[INFO] [stdout]   24:     0x79cbf887a3d4 - clone
[INFO] [stdout]   25:                0x0 - <unknown>
[INFO] [stdout] 
[INFO] [stdout] ---- test_read_empty stdout ----
[INFO] [stdout] 
[INFO] [stdout] thread 'test_read_empty' (5736) panicked at tests/game.rs:43:82:
[INFO] [stdout] called `Result::unwrap()` on an `Err` value: NotFound("/opt/rustwide/workdir")
[INFO] [stdout] stack backtrace:
[INFO] [stdout]    0:     0x595e1db56cf1 - <<std[70759c8f55707aa4]::sys::backtrace::BacktraceLock>::print::DisplayBacktrace as core[df12db4294e9bfd3]::fmt::Display>::fmt
[INFO] [stdout]    1:     0x595e1db6f1ba - core[df12db4294e9bfd3]::fmt::write
[INFO] [stdout]    2:     0x595e1db5b9ac - <alloc[2182bb758b4b3781]::vec::Vec<u8> as core[df12db4294e9bfd3]::io::write::Write>::write_fmt
[INFO] [stdout]    3:     0x595e1db305a6 - std[70759c8f55707aa4]::panicking::default_hook::{closure#0}
[INFO] [stdout]    4:     0x595e1db4e339 - std[70759c8f55707aa4]::panicking::default_hook
[INFO] [stdout]    5:     0x595e1d6f1470 - test[9d35eded1c95d3be]::test_main_inner::<test[9d35eded1c95d3be]::test_main_static::{closure#0}>::{closure#0}
[INFO] [stdout]    6:     0x595e1db4e662 - std[70759c8f55707aa4]::panicking::panic_with_hook
[INFO] [stdout]    7:     0x595e1db30652 - std[70759c8f55707aa4]::panicking::panic_handler::{closure#0}
[INFO] [stdout]    8:     0x595e1db28fd9 - std[70759c8f55707aa4]::sys::backtrace::__rust_end_short_backtrace::<std[70759c8f55707aa4]::panicking::panic_handler::{closure#0}, !>
[INFO] [stdout]    9:     0x595e1db3152d - __rustc[8fa7c3cbc660c2b3]::rust_begin_unwind
[INFO] [stdout]   10:     0x595e1db6f99c - core[df12db4294e9bfd3]::panicking::panic_fmt
[INFO] [stdout]   11:     0x595e1db6f772 - core[df12db4294e9bfd3]::result::unwrap_failed
[INFO] [stdout]   12:     0x595e1d5b048e - game[6f7f0993799b0e4a]::make_test_api::{closure#0}
[INFO] [stdout]   13:     0x595e1d5ae115 - game[6f7f0993799b0e4a]::test_read_empty::{closure#0}::{closure#0}
[INFO] [stdout]   14:     0x595e1d6904e8 - <tokio[10987dab376ccd59]::runtime::runtime::Runtime>::block_on::<core[df12db4294e9bfd3]::pin::Pin<&mut dyn core[df12db4294e9bfd3]::future::future::Future<Output = ()>>>
[INFO] [stdout]   15:     0x595e1d5d272a - <game[6f7f0993799b0e4a]::test_read_empty::{closure#0} as core[df12db4294e9bfd3]::ops::function::FnOnce<()>>::call_once
[INFO] [stdout]   16:     0x595e1d73ef4b - serial_test[57b56db120287299]::serial_code_lock::local_serial_core
[INFO] [stdout]   17:     0x595e1d5d260d - <game[6f7f0993799b0e4a]::test_read_empty::{closure#0} as core[df12db4294e9bfd3]::ops::function::FnOnce<()>>::call_once
[INFO] [stdout]   18:     0x595e1d6e475b - test[9d35eded1c95d3be]::__rust_begin_short_backtrace::<core[df12db4294e9bfd3]::result::Result<(), alloc[2182bb758b4b3781]::string::String>, fn() -> core[df12db4294e9bfd3]::result::Result<(), alloc[2182bb758b4b3781]::string::String>>
[INFO] [stdout]   19:     0x595e1d6f1dc5 - test[9d35eded1c95d3be]::run_test::{closure#0}
[INFO] [stdout]   20:     0x595e1d6eb684 - std[70759c8f55707aa4]::sys::backtrace::__rust_begin_short_backtrace::<test[9d35eded1c95d3be]::run_test::{closure#1}, ()>
[INFO] [stderr] error: test failed, to rerun pass `--test game`
[INFO] [stdout]   21:     0x595e1d6f4f22 - <std[70759c8f55707aa4]::thread::lifecycle::spawn_unchecked<test[9d35eded1c95d3be]::run_test::{closure#1}, ()>::{closure#1} as core[df12db4294e9bfd3]::ops::function::FnOnce<()>>::call_once::{shim:vtable#0}
[INFO] [stdout]   22:     0x595e1db55b89 - <std[70759c8f55707aa4]::sys::thread::unix::Thread>::new::thread_start
[INFO] [stdout]   23:     0x79cbf87e6dfa - <unknown>
[INFO] [stdout]   24:     0x79cbf887a3d4 - clone
[INFO] [stdout]   25:                0x0 - <unknown>
[INFO] [stdout] 
[INFO] [stdout] 
[INFO] [stdout] failures:
[INFO] [stdout]     test_create_game
[INFO] [stdout]     test_read_empty
[INFO] [stdout]     test_update_game
[INFO] [stdout] 
[INFO] [stdout] test result: FAILED. 0 passed; 3 failed; 0 ignored; 0 measured; 0 filtered out; finished in 0.02s
[INFO] [stdout] 
[INFO] running `Command { std: "docker" "inspect" "fd023fcdabc2bce06176d58107e8d8de2ccd36404f44410d2451642c2a8af928", kill_on_drop: false }`
[INFO] running `Command { std: "docker" "rm" "-f" "fd023fcdabc2bce06176d58107e8d8de2ccd36404f44410d2451642c2a8af928", kill_on_drop: false }`
[INFO] [stdout] fd023fcdabc2bce06176d58107e8d8de2ccd36404f44410d2451642c2a8af928
