[INFO] fetching crate eternalfest_file_store 0.18.2...
[INFO] testing eternalfest_file_store-0.18.2 against 1.99.0-beta.8+cargoflags=--release for beta-release-1.100-2
[INFO] extracting crate eternalfest_file_store 0.18.2 into /workspace/builds/worker-7-tc1/source
[INFO] started tweaking crates.io crate eternalfest_file_store 0.18.2
[INFO] finished tweaking crates.io crate eternalfest_file_store 0.18.2
[INFO] tweaked toml for crates.io crate eternalfest_file_store 0.18.2 written to /workspace/builds/worker-7-tc1/source/Cargo.toml
[INFO] validating manifest of crates.io crate eternalfest_file_store 0.18.2 on toolchain 1.99.0-beta.8
[INFO] running `Command { std: CARGO_HOME="/workspace/cargo-home" RUSTUP_HOME="/workspace/rustup-home" "/workspace/cargo-home/bin/cargo" "+1.99.0-beta.8" "metadata" "--manifest-path" "Cargo.toml" "--no-deps", kill_on_drop: false }`
[INFO] running `Command { std: CARGO_HOME="/workspace/cargo-home" RUSTUP_HOME="/workspace/rustup-home" "/workspace/cargo-home/bin/cargo" "+1.99.0-beta.8" "generate-lockfile" "--manifest-path" "Cargo.toml", kill_on_drop: false }`
[INFO] [stderr]     Updating crates.io index
[INFO] [stderr]      Locking 232 packages to highest compatible versions
[INFO] [stderr]       Adding generic-array v0.14.7 (available: v0.14.9)
[INFO] [stderr]       Adding neon v0.10.1 (available: v1.1.2)
[INFO] [stderr]       Adding serial_test v0.9.0 (available: v4.0.1)
[INFO] [stderr]       Adding sqlx v0.6.3 (available: v0.9.0)
[INFO] [stderr]       Adding thiserror v1.0.69 (available: v2.0.21)
[INFO] running `Command { std: CARGO_HOME="/workspace/cargo-home" RUSTUP_HOME="/workspace/rustup-home" "/workspace/cargo-home/bin/cargo" "+1.99.0-beta.8" "fetch" "--manifest-path" "Cargo.toml", kill_on_drop: false }`
[INFO] [stderr]  Downloading crates ...
[INFO] [stderr]   Downloaded eternalfest_config v0.18.2
[INFO] [stderr]   Downloaded eternalfest_db_schema v0.18.2
[INFO] [stderr]   Downloaded eternalfest_user_store v0.18.2
[INFO] [stderr]   Downloaded eternalfest_core v0.18.2
[INFO] [stderr]   Downloaded etwin_squirrel v0.11.0
[INFO] [stderr]   Downloaded eternalfest_buffer_store v0.18.2
[INFO] [stderr]   Downloaded eternalfest_blob_store v0.18.2
[INFO] [stderr]   Downloaded etwin_core v0.11.0
[INFO] running `Command { std: "docker" "create" "-v" "/var/lib/crater-agent-workspace/builds/worker-7-tc1/source:/opt/rustwide/workdir:ro,Z" "-v" "/var/lib/crater-agent-workspace/builds/worker-7-tc1/target:/opt/rustwide/target:rw,Z" "-v" "/var/lib/crater-agent-workspace/cargo-home:/opt/rustwide/cargo-home:ro,Z" "-v" "/var/lib/crater-agent-workspace/rustup-home:/opt/rustwide/rustup-home:ro,Z" "-m" "1610612736" "--network" "none" "ghcr.io/rust-lang/crates-build-env/linux@sha256:77db811e55d90add9212f6832c23229e3de5f1c1f9905e8cb07319ea15df73ac" "sleep" "infinity", kill_on_drop: false }`
[INFO] [stdout] d30ada67b29f9ec14999da419cd839705cabbfd364b0116515807b1e5bcbe07d
[INFO] running `Command { std: "docker" "start" "d30ada67b29f9ec14999da419cd839705cabbfd364b0116515807b1e5bcbe07d", kill_on_drop: false }`
[INFO] running `Command { std: "docker" "inspect" "d30ada67b29f9ec14999da419cd839705cabbfd364b0116515807b1e5bcbe07d", kill_on_drop: false }`
[INFO] running `Command { std: "docker" "exec" "-e" "SOURCE_DIR=/opt/rustwide/workdir" "-e" "CARGO_HOME=/opt/rustwide/cargo-home" "-e" "RUSTUP_HOME=/opt/rustwide/rustup-home" "-e" "CARGO_TARGET_DIR=/opt/rustwide/target" "-w" "/opt/rustwide/workdir" "--user" "0:0" "d30ada67b29f9ec14999da419cd839705cabbfd364b0116515807b1e5bcbe07d" "/opt/rustwide/cargo-home/bin/cargo" "+1.99.0-beta.8" "metadata" "--no-deps" "--format-version=1", kill_on_drop: false }`
[INFO] running `Command { std: "docker" "inspect" "d30ada67b29f9ec14999da419cd839705cabbfd364b0116515807b1e5bcbe07d", kill_on_drop: false }`
[INFO] running `Command { std: "docker" "exec" "-e" "SOURCE_DIR=/opt/rustwide/workdir" "-e" "CARGO_HOME=/opt/rustwide/cargo-home" "-e" "RUSTUP_HOME=/opt/rustwide/rustup-home" "-e" "CARGO_TARGET_DIR=/opt/rustwide/target" "-e" "CARGO_INCREMENTAL=0" "-e" "RUST_BACKTRACE=full" "-e" "RUSTFLAGS=--cap-lints=warn" "-e" "RUSTDOCFLAGS=--cap-lints=warn" "-w" "/opt/rustwide/workdir" "--user" "0:0" "d30ada67b29f9ec14999da419cd839705cabbfd364b0116515807b1e5bcbe07d" "/opt/rustwide/cargo-home/bin/cargo" "+1.99.0-beta.8" "build" "--frozen" "--message-format=json" "--release", kill_on_drop: false }`
[INFO] [stderr]    Compiling syn v2.0.119
[INFO] [stderr]    Compiling crypto-common v0.1.7
[INFO] [stderr]    Compiling indexmap v1.9.3
[INFO] [stderr]    Compiling keccak v0.1.6
[INFO] [stderr]    Compiling semver v1.0.28
[INFO] [stderr]    Compiling arrayvec v0.7.8
[INFO] [stderr]    Compiling digest v0.10.7
[INFO] [stderr]    Compiling hmac v0.12.1
[INFO] [stderr]    Compiling sha1 v0.10.7
[INFO] [stderr]    Compiling md-5 v0.10.6
[INFO] [stderr]    Compiling hkdf v0.12.4
[INFO] [stderr]    Compiling sha2 v0.10.9
[INFO] [stderr]    Compiling sha3 v0.10.9
[INFO] [stderr]    Compiling thiserror-impl v1.0.69
[INFO] [stderr]    Compiling enum-iterator-derive v1.5.0
[INFO] [stderr]    Compiling enum-iterator v1.5.0
[INFO] [stderr]    Compiling thiserror v1.0.69
[INFO] [stderr]    Compiling sqlx-core v0.6.3
[INFO] [stderr]    Compiling eternalfest_config v0.18.2
[INFO] [stderr]    Compiling sqlx-macros v0.6.3
[INFO] [stderr]    Compiling sqlx v0.6.3
[INFO] [stderr]    Compiling etwin_squirrel v0.11.0
[INFO] [stderr]    Compiling etwin_core v0.11.0
[INFO] [stderr]    Compiling eternalfest_db_schema v0.18.2
[INFO] [stderr]    Compiling eternalfest_core v0.18.2
[INFO] [stderr]    Compiling eternalfest_file_store v0.18.2 (/opt/rustwide/workdir)
[INFO] [stderr]     Finished `release` profile [optimized] target(s) in 49.38s
[INFO] [stderr] warning: the following packages contain code that will be rejected by a future version of Rust: sqlx-core v0.6.3
[INFO] [stderr] note: to see what the problems were, use the option `--future-incompat-report`, or run `cargo report future-incompatibilities --id 2`
[INFO] running `Command { std: "docker" "inspect" "d30ada67b29f9ec14999da419cd839705cabbfd364b0116515807b1e5bcbe07d", kill_on_drop: false }`
[INFO] running `Command { std: "docker" "exec" "-e" "SOURCE_DIR=/opt/rustwide/workdir" "-e" "CARGO_HOME=/opt/rustwide/cargo-home" "-e" "RUSTUP_HOME=/opt/rustwide/rustup-home" "-e" "CARGO_TARGET_DIR=/opt/rustwide/target" "-e" "CARGO_INCREMENTAL=0" "-e" "RUST_BACKTRACE=full" "-e" "RUSTFLAGS=--cap-lints=warn" "-e" "RUSTDOCFLAGS=--cap-lints=warn" "-w" "/opt/rustwide/workdir" "--user" "0:0" "d30ada67b29f9ec14999da419cd839705cabbfd364b0116515807b1e5bcbe07d" "/opt/rustwide/cargo-home/bin/cargo" "+1.99.0-beta.8" "test" "--frozen" "--no-run" "--message-format=json" "--release", kill_on_drop: false }`
[INFO] [stderr]    Compiling sqlx-core v0.6.3
[INFO] [stderr]    Compiling sqlx-macros v0.6.3
[INFO] [stderr]    Compiling futures v0.3.34
[INFO] [stderr]    Compiling serial_test v0.9.0
[INFO] [stderr]    Compiling sqlx v0.6.3
[INFO] [stderr]    Compiling etwin_core v0.11.0
[INFO] [stderr]    Compiling etwin_squirrel v0.11.0
[INFO] [stderr]    Compiling eternalfest_db_schema v0.18.2
[INFO] [stderr]    Compiling eternalfest_core v0.18.2
[INFO] [stderr]    Compiling eternalfest_blob_store v0.18.2
[INFO] [stderr]    Compiling eternalfest_buffer_store v0.18.2
[INFO] [stderr]    Compiling eternalfest_user_store v0.18.2
[INFO] [stderr]    Compiling eternalfest_file_store v0.18.2 (/opt/rustwide/workdir)
[INFO] [stderr]     Finished `release` profile [optimized] target(s) in 45.05s
[INFO] [stderr] warning: the following packages contain code that will be rejected by a future version of Rust: sqlx-core v0.6.3
[INFO] [stderr] note: to see what the problems were, use the option `--future-incompat-report`, or run `cargo report future-incompatibilities --id 2`
[INFO] running `Command { std: "docker" "inspect" "d30ada67b29f9ec14999da419cd839705cabbfd364b0116515807b1e5bcbe07d", kill_on_drop: false }`
[INFO] running `Command { std: "docker" "exec" "-e" "SOURCE_DIR=/opt/rustwide/workdir" "-e" "CARGO_HOME=/opt/rustwide/cargo-home" "-e" "RUSTUP_HOME=/opt/rustwide/rustup-home" "-e" "CARGO_TARGET_DIR=/opt/rustwide/target" "-e" "CARGO_INCREMENTAL=0" "-e" "RUST_BACKTRACE=full" "-e" "RUSTFLAGS=--cap-lints=warn" "-e" "RUSTDOCFLAGS=--cap-lints=warn" "-w" "/opt/rustwide/workdir" "--user" "0:0" "d30ada67b29f9ec14999da419cd839705cabbfd364b0116515807b1e5bcbe07d" "/opt/rustwide/cargo-home/bin/cargo" "+1.99.0-beta.8" "test" "--frozen" "--release", kill_on_drop: false }`
[INFO] [stderr]     Finished `release` profile [optimized] target(s) in 0.37s
[INFO] [stderr] warning: the following packages contain code that will be rejected by a future version of Rust: sqlx-core v0.6.3
[INFO] [stderr] note: to see what the problems were, use the option `--future-incompat-report`, or run `cargo report future-incompatibilities --id 2`
[INFO] [stderr]      Running unittests src/lib.rs (/opt/rustwide/target/release/deps/eternalfest_file_store-f0112360a6e4c360)
[INFO] [stdout] 
[INFO] [stdout] running 2 tests
[INFO] [stdout] test pg::test::test_get_user_own_drive ... FAILED
[INFO] [stdout] test pg::test::test_prevent_file_in_a_file ... FAILED
[INFO] [stdout] 
[INFO] [stdout] failures:
[INFO] [stdout] 
[INFO] [stdout] ---- pg::test::test_get_user_own_drive stdout ----
[INFO] [stdout] 
[INFO] [stdout] thread 'pg::test::test_get_user_own_drive' (894) panicked at src/pg.rs:541:84:
[INFO] [stdout] called `Result::unwrap()` on an `Err` value: NotFound("/opt/rustwide/workdir")
[INFO] [stdout] stack backtrace:
[INFO] [stdout]    0:     0x60cd5a20ddb1 - <<std[70759c8f55707aa4]::sys::backtrace::BacktraceLock>::print::DisplayBacktrace as core[df12db4294e9bfd3]::fmt::Display>::fmt
[INFO] [stdout]    1:     0x60cd5a22605a - core[df12db4294e9bfd3]::fmt::write
[INFO] [stdout]    2:     0x60cd5a2128ec - <alloc[2182bb758b4b3781]::vec::Vec<u8> as core[df12db4294e9bfd3]::io::write::Write>::write_fmt
[INFO] [stdout]    3:     0x60cd5a1e7ad6 - std[70759c8f55707aa4]::panicking::default_hook::{closure#0}
[INFO] [stdout]    4:     0x60cd5a2053f9 - std[70759c8f55707aa4]::panicking::default_hook
[INFO] [stdout]    5:     0x60cd59f41d70 - test[9d35eded1c95d3be]::test_main_inner::<test[9d35eded1c95d3be]::test_main_static::{closure#0}>::{closure#0}
[INFO] [stdout]    6:     0x60cd5a205722 - std[70759c8f55707aa4]::panicking::panic_with_hook
[INFO] [stdout]    7:     0x60cd5a1e7b82 - std[70759c8f55707aa4]::panicking::panic_handler::{closure#0}
[INFO] [stdout]    8:     0x60cd5a1e0509 - std[70759c8f55707aa4]::sys::backtrace::__rust_end_short_backtrace::<std[70759c8f55707aa4]::panicking::panic_handler::{closure#0}, !>
[INFO] [stdout]    9:     0x60cd5a1e8a5d - __rustc[8fa7c3cbc660c2b3]::rust_begin_unwind
[INFO] [stdout]   10:     0x60cd5a22683c - core[df12db4294e9bfd3]::panicking::panic_fmt
[INFO] [stdout]   11:     0x60cd5a226612 - core[df12db4294e9bfd3]::result::unwrap_failed
[INFO] [stdout]   12:     0x60cd59e8d187 - eternalfest_file_store[9e3a6242d529c921]::pg::test::make_test_api::{closure#0}
[INFO] [stdout]   13:     0x60cd59e85e95 - eternalfest_file_store[9e3a6242d529c921]::pg::test::test_get_user_own_drive::{closure#0}::{closure#0}
[INFO] [stdout]   14:     0x60cd59ed8223 - <tokio[10987dab376ccd59]::runtime::scheduler::current_thread::Context>::enter::<core[df12db4294e9bfd3]::task::poll::Poll<()>, <tokio[10987dab376ccd59]::runtime::scheduler::current_thread::CoreGuard>::block_on<core[df12db4294e9bfd3]::pin::Pin<&mut core[df12db4294e9bfd3]::pin::Pin<&mut dyn core[df12db4294e9bfd3]::future::future::Future<Output = ()>>>>::{closure#0}::{closure#0}>
[INFO] [stdout]   15:     0x60cd59f0c39c - <tokio[10987dab376ccd59]::runtime::context::scoped::Scoped<tokio[10987dab376ccd59]::runtime::scheduler::Context>>::set::<<tokio[10987dab376ccd59]::runtime::scheduler::current_thread::CoreGuard>::enter<<tokio[10987dab376ccd59]::runtime::scheduler::current_thread::CoreGuard>::block_on<core[df12db4294e9bfd3]::pin::Pin<&mut core[df12db4294e9bfd3]::pin::Pin<&mut dyn core[df12db4294e9bfd3]::future::future::Future<Output = ()>>>>::{closure#0}, core[df12db4294e9bfd3]::option::Option<()>>::{closure#0}, (alloc[2182bb758b4b3781]::boxed::Box<tokio[10987dab376ccd59]::runtime::scheduler::current_thread::Core>, core[df12db4294e9bfd3]::option::Option<()>)>
[INFO] [stdout]   16:     0x60cd59ed8997 - <tokio[10987dab376ccd59]::runtime::scheduler::current_thread::CoreGuard>::block_on::<core[df12db4294e9bfd3]::pin::Pin<&mut core[df12db4294e9bfd3]::pin::Pin<&mut dyn core[df12db4294e9bfd3]::future::future::Future<Output = ()>>>>
[INFO] [stdout]   17:     0x60cd59ea7906 - tokio[10987dab376ccd59]::runtime::context::runtime::enter_runtime::<<tokio[10987dab376ccd59]::runtime::scheduler::current_thread::CurrentThread>::block_on<core[df12db4294e9bfd3]::pin::Pin<&mut dyn core[df12db4294e9bfd3]::future::future::Future<Output = ()>>>::{closure#0}, ()>
[INFO] [stdout]   18:     0x60cd59efa825 - <tokio[10987dab376ccd59]::runtime::runtime::Runtime>::block_on::<core[df12db4294e9bfd3]::pin::Pin<&mut dyn core[df12db4294e9bfd3]::future::future::Future<Output = ()>>>
[INFO] [stdout]   19:     0x60cd59e9096a - <eternalfest_file_store[9e3a6242d529c921]::pg::test::test_get_user_own_drive::{closure#0} as core[df12db4294e9bfd3]::ops::function::FnOnce<()>>::call_once
[INFO] [stdout]   20:     0x60cd59f76d0b - serial_test[546039bfaa5cf8ab]::serial_code_lock::local_serial_core
[INFO] [stdout]   21:     0x60cd59efa32d - <eternalfest_file_store[9e3a6242d529c921]::pg::test::test_get_user_own_drive::{closure#0} as core[df12db4294e9bfd3]::ops::function::FnOnce<()>>::call_once
[INFO] [stdout]   22:     0x60cd59f3505b - test[9d35eded1c95d3be]::__rust_begin_short_backtrace::<core[df12db4294e9bfd3]::result::Result<(), alloc[2182bb758b4b3781]::string::String>, fn() -> core[df12db4294e9bfd3]::result::Result<(), alloc[2182bb758b4b3781]::string::String>>
[INFO] [stdout]   23:     0x60cd59f426c5 - test[9d35eded1c95d3be]::run_test::{closure#0}
[INFO] [stdout]   24:     0x60cd59f3bf84 - std[70759c8f55707aa4]::sys::backtrace::__rust_begin_short_backtrace::<test[9d35eded1c95d3be]::run_test::{closure#1}, ()>
[INFO] [stdout]   25:     0x60cd59f45822 - <std[70759c8f55707aa4]::thread::lifecycle::spawn_unchecked<test[9d35eded1c95d3be]::run_test::{closure#1}, ()>::{closure#1} as core[df12db4294e9bfd3]::ops::function::FnOnce<()>>::call_once::{shim:vtable#0}
[INFO] [stdout]   26:     0x60cd5a20cc49 - <std[70759c8f55707aa4]::sys::thread::unix::Thread>::new::thread_start
[INFO] [stdout]   27:     0x70808a0dbdfa - <unknown>
[INFO] [stdout]   28:     0x70808a16f3d4 - clone
[INFO] [stdout]   29:                0x0 - <unknown>
[INFO] [stdout] 
[INFO] [stdout] ---- pg::test::test_prevent_file_in_a_file stdout ----
[INFO] [stdout] 
[INFO] [stdout] thread 'pg::test::test_prevent_file_in_a_file' (895) panicked at src/pg.rs:541:84:
[INFO] [stdout] called `Result::unwrap()` on an `Err` value: NotFound("/opt/rustwide/workdir")
[INFO] [stdout] stack backtrace:
[INFO] [stdout]    0:     0x60cd5a20ddb1 - <<std[70759c8f55707aa4]::sys::backtrace::BacktraceLock>::print::DisplayBacktrace as core[df12db4294e9bfd3]::fmt::Display>::fmt
[INFO] [stdout]    1:     0x60cd5a22605a - core[df12db4294e9bfd3]::fmt::write
[INFO] [stdout]    2:     0x60cd5a2128ec - <alloc[2182bb758b4b3781]::vec::Vec<u8> as core[df12db4294e9bfd3]::io::write::Write>::write_fmt
[INFO] [stdout]    3:     0x60cd5a1e7ad6 - std[70759c8f55707aa4]::panicking::default_hook::{closure#0}
[INFO] [stdout]    4:     0x60cd5a2053f9 - std[70759c8f55707aa4]::panicking::default_hook
[INFO] [stdout]    5:     0x60cd59f41d70 - test[9d35eded1c95d3be]::test_main_inner::<test[9d35eded1c95d3be]::test_main_static::{closure#0}>::{closure#0}
[INFO] [stdout]    6:     0x60cd5a205722 - std[70759c8f55707aa4]::panicking::panic_with_hook
[INFO] [stdout]    7:     0x60cd5a1e7b82 - std[70759c8f55707aa4]::panicking::panic_handler::{closure#0}
[INFO] [stdout]    8:     0x60cd5a1e0509 - std[70759c8f55707aa4]::sys::backtrace::__rust_end_short_backtrace::<std[70759c8f55707aa4]::panicking::panic_handler::{closure#0}, !>
[INFO] [stdout]    9:     0x60cd5a1e8a5d - __rustc[8fa7c3cbc660c2b3]::rust_begin_unwind
[INFO] [stdout]   10:     0x60cd5a22683c - core[df12db4294e9bfd3]::panicking::panic_fmt
[INFO] [stdout]   11:     0x60cd5a226612 - core[df12db4294e9bfd3]::result::unwrap_failed
[INFO] [stdout]   12:     0x60cd59e8d187 - eternalfest_file_store[9e3a6242d529c921]::pg::test::make_test_api::{closure#0}
[INFO] [stdout]   13:     0x60cd59e86805 - eternalfest_file_store[9e3a6242d529c921]::pg::test::test_prevent_file_in_a_file::{closure#0}::{closure#0}
[INFO] [stdout]   14:     0x60cd59ed8223 - <tokio[10987dab376ccd59]::runtime::scheduler::current_thread::Context>::enter::<core[df12db4294e9bfd3]::task::poll::Poll<()>, <tokio[10987dab376ccd59]::runtime::scheduler::current_thread::CoreGuard>::block_on<core[df12db4294e9bfd3]::pin::Pin<&mut core[df12db4294e9bfd3]::pin::Pin<&mut dyn core[df12db4294e9bfd3]::future::future::Future<Output = ()>>>>::{closure#0}::{closure#0}>
[INFO] [stdout]   15:     0x60cd59f0c39c - <tokio[10987dab376ccd59]::runtime::context::scoped::Scoped<tokio[10987dab376ccd59]::runtime::scheduler::Context>>::set::<<tokio[10987dab376ccd59]::runtime::scheduler::current_thread::CoreGuard>::enter<<tokio[10987dab376ccd59]::runtime::scheduler::current_thread::CoreGuard>::block_on<core[df12db4294e9bfd3]::pin::Pin<&mut core[df12db4294e9bfd3]::pin::Pin<&mut dyn core[df12db4294e9bfd3]::future::future::Future<Output = ()>>>>::{closure#0}, core[df12db4294e9bfd3]::option::Option<()>>::{closure#0}, (alloc[2182bb758b4b3781]::boxed::Box<tokio[10987dab376ccd59]::runtime::scheduler::current_thread::Core>, core[df12db4294e9bfd3]::option::Option<()>)>
[INFO] [stdout]   16:     0x60cd59ed8997 - <tokio[10987dab376ccd59]::runtime::scheduler::current_thread::CoreGuard>::block_on::<core[df12db4294e9bfd3]::pin::Pin<&mut core[df12db4294e9bfd3]::pin::Pin<&mut dyn core[df12db4294e9bfd3]::future::future::Future<Output = ()>>>>
[INFO] [stdout]   17:     0x60cd59ea7906 - tokio[10987dab376ccd59]::runtime::context::runtime::enter_runtime::<<tokio[10987dab376ccd59]::runtime::scheduler::current_thread::CurrentThread>::block_on<core[df12db4294e9bfd3]::pin::Pin<&mut dyn core[df12db4294e9bfd3]::future::future::Future<Output = ()>>>::{closure#0}, ()>
[INFO] [stdout]   18:     0x60cd59efa825 - <tokio[10987dab376ccd59]::runtime::runtime::Runtime>::block_on::<core[df12db4294e9bfd3]::pin::Pin<&mut dyn core[df12db4294e9bfd3]::future::future::Future<Output = ()>>>
[INFO] [stdout]   19:     0x60cd59e90aea - <eternalfest_file_store[9e3a6242d529c921]::pg::test::test_prevent_file_in_a_file::{closure#0} as core[df12db4294e9bfd3]::ops::function::FnOnce<()>>::call_once
[INFO] [stdout]   20:     0x60cd59f76d0b - serial_test[546039bfaa5cf8ab]::serial_code_lock::local_serial_core
[INFO] [stdout]   21:     0x60cd59efa35d - <eternalfest_file_store[9e3a6242d529c921]::pg::test::test_prevent_file_in_a_file::{closure#0} as core[df12db4294e9bfd3]::ops::function::FnOnce<()>>::call_once
[INFO] [stdout]   22:     0x60cd59f3505b - test[9d35eded1c95d3be]::__rust_begin_short_backtrace::<core[df12db4294e9bfd3]::result::Result<(), alloc[2182bb758b4b3781]::string::String>, fn() -> core[df12db4294e9bfd3]::result::Result<(), alloc[2182bb758b4b3781]::string::String>>
[INFO] [stdout]   23:     0x60cd59f426c5 - test[9d35eded1c95d3be]::run_test::{closure#0}
[INFO] [stdout]   24:     0x60cd59f3bf84 - std[70759c8f55707aa4]::sys::backtrace::__rust_begin_short_backtrace::<test[9d35eded1c95d3be]::run_test::{closure#1}, ()>
[INFO] [stdout]   25:     0x60cd59f45822 - <std[70759c8f55707aa4]::thread::lifecycle::spawn_unchecked<test[9d35eded1c95d3be]::run_test::{closure#1}, ()>::{closure#1} as core[df12db4294e9bfd3]::ops::function::FnOnce<()>>::call_once::{shim:vtable#0}
[INFO] [stdout]   26:     0x60cd5a20cc49 - <std[70759c8f55707aa4]::sys::thread::unix::Thread>::new::thread_start
[INFO] [stdout]   27:     0x70808a0dbdfa - <unknown>
[INFO] [stdout]   28:     0x70808a16f3d4 - clone
[INFO] [stdout]   29:                0x0 - <unknown>
[INFO] [stdout] 
[INFO] [stdout] 
[INFO] [stdout] failures:
[INFO] [stdout]     pg::test::test_get_user_own_drive
[INFO] [stdout]     pg::test::test_prevent_file_in_a_file
[INFO] [stdout] 
[INFO] [stdout] test result: FAILED. 0 passed; 2 failed; 0 ignored; 0 measured; 0 filtered out; finished in 0.01s
[INFO] [stdout] 
[INFO] [stderr] error: test failed, to rerun pass `--lib`
[INFO] running `Command { std: "docker" "inspect" "d30ada67b29f9ec14999da419cd839705cabbfd364b0116515807b1e5bcbe07d", kill_on_drop: false }`
[INFO] running `Command { std: "docker" "rm" "-f" "d30ada67b29f9ec14999da419cd839705cabbfd364b0116515807b1e5bcbe07d", kill_on_drop: false }`
[INFO] [stdout] d30ada67b29f9ec14999da419cd839705cabbfd364b0116515807b1e5bcbe07d
