[INFO] fetching crate escapade 0.0.3...
[INFO] testing escapade-0.0.3 against 1.100.0-beta.1+cargoflags=--release for beta-release-1.100-2
[INFO] extracting crate escapade 0.0.3 into /workspace/builds/worker-4-tc2/source
[INFO] started tweaking crates.io crate escapade 0.0.3
[INFO] finished tweaking crates.io crate escapade 0.0.3
[INFO] tweaked toml for crates.io crate escapade 0.0.3 written to /workspace/builds/worker-4-tc2/source/Cargo.toml
[INFO] validating manifest of crates.io crate escapade 0.0.3 on toolchain 1.100.0-beta.1
[INFO] running `Command { std: CARGO_HOME="/workspace/cargo-home" RUSTUP_HOME="/workspace/rustup-home" "/workspace/cargo-home/bin/cargo" "+1.100.0-beta.1" "metadata" "--manifest-path" "Cargo.toml" "--no-deps", kill_on_drop: false }`
[INFO] running `Command { std: CARGO_HOME="/workspace/cargo-home" RUSTUP_HOME="/workspace/rustup-home" "/workspace/cargo-home/bin/cargo" "+1.100.0-beta.1" "generate-lockfile" "--manifest-path" "Cargo.toml", kill_on_drop: false }`
[INFO] [stderr]     Updating crates.io index
[INFO] [stderr]      Locking 15 packages to highest compatible versions
[INFO] [stderr]       Adding skeptic v0.6.1 (available: v0.14.1)
[INFO] running `Command { std: CARGO_HOME="/workspace/cargo-home" RUSTUP_HOME="/workspace/rustup-home" "/workspace/cargo-home/bin/cargo" "+1.100.0-beta.1" "fetch" "--manifest-path" "Cargo.toml", kill_on_drop: false }`
[INFO] [stderr] warning: Cargo.toml: `package.edition` is unspecified, defaulting to `2015` while the latest is `2024`
[INFO] [stderr] warning: `escapade` (manifest) generated 1 warning
[INFO] running `Command { std: "docker" "create" "-v" "/var/lib/crater-agent-workspace/builds/worker-4-tc2/source:/opt/rustwide/workdir:ro,Z" "-v" "/var/lib/crater-agent-workspace/builds/worker-4-tc2/target:/opt/rustwide/target:rw,Z" "-v" "/var/lib/crater-agent-workspace/cargo-home:/opt/rustwide/cargo-home:ro,Z" "-v" "/var/lib/crater-agent-workspace/rustup-home:/opt/rustwide/rustup-home:ro,Z" "-m" "1610612736" "--network" "none" "ghcr.io/rust-lang/crates-build-env/linux@sha256:77db811e55d90add9212f6832c23229e3de5f1c1f9905e8cb07319ea15df73ac" "sleep" "infinity", kill_on_drop: false }`
[INFO] [stdout] 28b43e12054c052edf0105981a04f5d2707d13834f821a231711621712dfdbf4
[INFO] running `Command { std: "docker" "start" "28b43e12054c052edf0105981a04f5d2707d13834f821a231711621712dfdbf4", kill_on_drop: false }`
[INFO] running `Command { std: "docker" "inspect" "28b43e12054c052edf0105981a04f5d2707d13834f821a231711621712dfdbf4", kill_on_drop: false }`
[INFO] running `Command { std: "docker" "exec" "-e" "SOURCE_DIR=/opt/rustwide/workdir" "-e" "CARGO_HOME=/opt/rustwide/cargo-home" "-e" "RUSTUP_HOME=/opt/rustwide/rustup-home" "-e" "CARGO_TARGET_DIR=/opt/rustwide/target" "-w" "/opt/rustwide/workdir" "--user" "0:0" "28b43e12054c052edf0105981a04f5d2707d13834f821a231711621712dfdbf4" "/opt/rustwide/cargo-home/bin/cargo" "+1.100.0-beta.1" "metadata" "--no-deps" "--format-version=1", kill_on_drop: false }`
[INFO] running `Command { std: "docker" "inspect" "28b43e12054c052edf0105981a04f5d2707d13834f821a231711621712dfdbf4", kill_on_drop: false }`
[INFO] running `Command { std: "docker" "exec" "-e" "SOURCE_DIR=/opt/rustwide/workdir" "-e" "CARGO_HOME=/opt/rustwide/cargo-home" "-e" "RUSTUP_HOME=/opt/rustwide/rustup-home" "-e" "CARGO_TARGET_DIR=/opt/rustwide/target" "-e" "CARGO_INCREMENTAL=0" "-e" "RUST_BACKTRACE=full" "-e" "RUSTFLAGS=--cap-lints=warn" "-e" "RUSTDOCFLAGS=--cap-lints=warn" "-w" "/opt/rustwide/workdir" "--user" "0:0" "28b43e12054c052edf0105981a04f5d2707d13834f821a231711621712dfdbf4" "/opt/rustwide/cargo-home/bin/cargo" "+1.100.0-beta.1" "build" "--frozen" "--message-format=json" "--release", kill_on_drop: false }`
[INFO] [stderr] warning: Cargo.toml: `package.edition` is unspecified, defaulting to `2015` while the latest is `2024`
[INFO] [stderr] warning: `escapade` (manifest) generated 1 warning
[INFO] [stderr]    Compiling libc v0.2.191
[INFO] [stderr]    Compiling unicode-width v0.2.2
[INFO] [stderr]    Compiling remove_dir_all v0.5.3
[INFO] [stderr]    Compiling getopts v0.2.24
[INFO] [stderr]    Compiling pulldown-cmark v0.0.3
[INFO] [stderr]    Compiling rand v0.4.6
[INFO] [stderr]    Compiling tempdir v0.3.7
[INFO] [stderr]    Compiling skeptic v0.6.1
[INFO] [stderr]    Compiling escapade v0.0.3 (/opt/rustwide/workdir)
[INFO] [stdout] warning: use of deprecated macro `try`: use the `?` operator instead
[INFO] [stdout]   --> src/encode.rs:52:17
[INFO] [stdout]    |
[INFO] [stdout] 52 |                 try!(flush(s, marker, pos, writer));
[INFO] [stdout]    |                 ^^^
[INFO] [stdout]    |
[INFO] [stdout]    = note: `#[warn(deprecated)]` on by default
[INFO] [stdout] 
[INFO] [stdout] 
[INFO] [stdout] warning: use of deprecated macro `try`: use the `?` operator instead
[INFO] [stdout]   --> src/encode.rs:54:17
[INFO] [stdout]    |
[INFO] [stdout] 54 |                 try!(writer.write_all(entity.as_bytes()))
[INFO] [stdout]    |                 ^^^
[INFO] [stdout] 
[INFO] [stdout] 
[INFO] [stdout] warning: use of deprecated macro `try`: use the `?` operator instead
[INFO] [stdout]   --> src/encode.rs:58:21
[INFO] [stdout]    |
[INFO] [stdout] 58 |                     try!(flush(s, marker, pos, writer));
[INFO] [stdout]    |                     ^^^
[INFO] [stdout] 
[INFO] [stdout] 
[INFO] [stdout] warning: use of deprecated macro `try`: use the `?` operator instead
[INFO] [stdout]   --> src/encode.rs:60:21
[INFO] [stdout]    |
[INFO] [stdout] 60 |                     try!(write_hex(writer, c))
[INFO] [stdout]    |                     ^^^
[INFO] [stdout] 
[INFO] [stdout] 
[INFO] [stdout] warning: use of deprecated macro `try`: use the `?` operator instead
[INFO] [stdout]   --> src/encode.rs:65:9
[INFO] [stdout]    |
[INFO] [stdout] 65 |         try!(writer.write_all(&s[marker..].as_bytes()));
[INFO] [stdout]    |         ^^^
[INFO] [stdout] 
[INFO] [stdout] 
[INFO] [stdout] warning: use of deprecated macro `try`: use the `?` operator instead
[INFO] [stdout]   --> src/encode.rs:87:5
[INFO] [stdout]    |
[INFO] [stdout] 87 |     try!(writer.write(b"&#x"));
[INFO] [stdout]    |     ^^^
[INFO] [stdout] 
[INFO] [stdout] 
[INFO] [stderr]     Finished `release` profile [optimized] target(s) in 2.81s
[INFO] running `Command { std: "docker" "inspect" "28b43e12054c052edf0105981a04f5d2707d13834f821a231711621712dfdbf4", kill_on_drop: false }`
[INFO] running `Command { std: "docker" "exec" "-e" "SOURCE_DIR=/opt/rustwide/workdir" "-e" "CARGO_HOME=/opt/rustwide/cargo-home" "-e" "RUSTUP_HOME=/opt/rustwide/rustup-home" "-e" "CARGO_TARGET_DIR=/opt/rustwide/target" "-e" "CARGO_INCREMENTAL=0" "-e" "RUST_BACKTRACE=full" "-e" "RUSTFLAGS=--cap-lints=warn" "-e" "RUSTDOCFLAGS=--cap-lints=warn" "-w" "/opt/rustwide/workdir" "--user" "0:0" "28b43e12054c052edf0105981a04f5d2707d13834f821a231711621712dfdbf4" "/opt/rustwide/cargo-home/bin/cargo" "+1.100.0-beta.1" "test" "--frozen" "--no-run" "--message-format=json" "--release", kill_on_drop: false }`
[INFO] [stderr] warning: Cargo.toml: `package.edition` is unspecified, defaulting to `2015` while the latest is `2024`
[INFO] [stderr] warning: `escapade` (manifest) generated 1 warning
[INFO] [stderr]    Compiling libc v0.2.191
[INFO] [stderr]    Compiling remove_dir_all v0.5.3
[INFO] [stdout] warning: use of deprecated macro `try`: use the `?` operator instead
[INFO] [stdout]   --> src/encode.rs:52:17
[INFO] [stdout]    |
[INFO] [stdout] 52 |                 try!(flush(s, marker, pos, writer));
[INFO] [stdout]    |                 ^^^
[INFO] [stdout]    |
[INFO] [stdout]    = note: `#[warn(deprecated)]` on by default
[INFO] [stdout] 
[INFO] [stdout] 
[INFO] [stdout] warning: use of deprecated macro `try`: use the `?` operator instead
[INFO] [stdout]   --> src/encode.rs:54:17
[INFO] [stdout]    |
[INFO] [stdout] 54 |                 try!(writer.write_all(entity.as_bytes()))
[INFO] [stdout]    |                 ^^^
[INFO] [stdout] 
[INFO] [stdout] 
[INFO] [stdout] warning: use of deprecated macro `try`: use the `?` operator instead
[INFO] [stdout]   --> src/encode.rs:58:21
[INFO] [stdout]    |
[INFO] [stdout] 58 |                     try!(flush(s, marker, pos, writer));
[INFO] [stdout]    |                     ^^^
[INFO] [stdout] 
[INFO] [stdout] 
[INFO] [stdout] warning: use of deprecated macro `try`: use the `?` operator instead
[INFO] [stdout]   --> src/encode.rs:60:21
[INFO] [stdout]    |
[INFO] [stdout] 60 |                     try!(write_hex(writer, c))
[INFO] [stdout]    |                     ^^^
[INFO] [stdout] 
[INFO] [stdout] 
[INFO] [stdout] warning: use of deprecated macro `try`: use the `?` operator instead
[INFO] [stdout]   --> src/encode.rs:65:9
[INFO] [stdout]    |
[INFO] [stdout] 65 |         try!(writer.write_all(&s[marker..].as_bytes()));
[INFO] [stdout]    |         ^^^
[INFO] [stdout] 
[INFO] [stdout] 
[INFO] [stdout] warning: use of deprecated macro `try`: use the `?` operator instead
[INFO] [stdout]   --> src/encode.rs:87:5
[INFO] [stdout]    |
[INFO] [stdout] 87 |     try!(writer.write(b"&#x"));
[INFO] [stdout]    |     ^^^
[INFO] [stdout] 
[INFO] [stdout] 
[INFO] [stderr]    Compiling pulldown-cmark v0.0.3
[INFO] [stderr]    Compiling rand v0.4.6
[INFO] [stderr]    Compiling tempdir v0.3.7
[INFO] [stderr]    Compiling skeptic v0.6.1
[INFO] [stderr]    Compiling escapade v0.0.3 (/opt/rustwide/workdir)
[INFO] [stdout] warning: use of deprecated macro `try`: use the `?` operator instead
[INFO] [stdout]   --> src/encode.rs:52:17
[INFO] [stdout]    |
[INFO] [stdout] 52 |                 try!(flush(s, marker, pos, writer));
[INFO] [stdout]    |                 ^^^
[INFO] [stdout]    |
[INFO] [stdout]    = note: `#[warn(deprecated)]` on by default
[INFO] [stdout] 
[INFO] [stdout] 
[INFO] [stdout] warning: use of deprecated macro `try`: use the `?` operator instead
[INFO] [stdout]   --> src/encode.rs:54:17
[INFO] [stdout]    |
[INFO] [stdout] 54 |                 try!(writer.write_all(entity.as_bytes()))
[INFO] [stdout]    |                 ^^^
[INFO] [stdout] 
[INFO] [stdout] 
[INFO] [stdout] warning: use of deprecated macro `try`: use the `?` operator instead
[INFO] [stdout]   --> src/encode.rs:58:21
[INFO] [stdout]    |
[INFO] [stdout] 58 |                     try!(flush(s, marker, pos, writer));
[INFO] [stdout]    |                     ^^^
[INFO] [stdout] 
[INFO] [stdout] 
[INFO] [stdout] warning: use of deprecated macro `try`: use the `?` operator instead
[INFO] [stdout]   --> src/encode.rs:60:21
[INFO] [stdout]    |
[INFO] [stdout] 60 |                     try!(write_hex(writer, c))
[INFO] [stdout]    |                     ^^^
[INFO] [stdout] 
[INFO] [stdout] 
[INFO] [stdout] warning: use of deprecated macro `try`: use the `?` operator instead
[INFO] [stdout]   --> src/encode.rs:65:9
[INFO] [stdout]    |
[INFO] [stdout] 65 |         try!(writer.write_all(&s[marker..].as_bytes()));
[INFO] [stdout]    |         ^^^
[INFO] [stdout] 
[INFO] [stdout] 
[INFO] [stdout] warning: use of deprecated macro `try`: use the `?` operator instead
[INFO] [stdout]   --> src/encode.rs:87:5
[INFO] [stdout]    |
[INFO] [stdout] 87 |     try!(writer.write(b"&#x"));
[INFO] [stdout]    |     ^^^
[INFO] [stdout] 
[INFO] [stdout] 
[INFO] [stderr]     Finished `release` profile [optimized] target(s) in 4.50s
[INFO] running `Command { std: "docker" "inspect" "28b43e12054c052edf0105981a04f5d2707d13834f821a231711621712dfdbf4", kill_on_drop: false }`
[INFO] running `Command { std: "docker" "exec" "-e" "SOURCE_DIR=/opt/rustwide/workdir" "-e" "CARGO_HOME=/opt/rustwide/cargo-home" "-e" "RUSTUP_HOME=/opt/rustwide/rustup-home" "-e" "CARGO_TARGET_DIR=/opt/rustwide/target" "-e" "CARGO_INCREMENTAL=0" "-e" "RUST_BACKTRACE=full" "-e" "RUSTFLAGS=--cap-lints=warn" "-e" "RUSTDOCFLAGS=--cap-lints=warn" "-w" "/opt/rustwide/workdir" "--user" "0:0" "28b43e12054c052edf0105981a04f5d2707d13834f821a231711621712dfdbf4" "/opt/rustwide/cargo-home/bin/cargo" "+1.100.0-beta.1" "test" "--frozen" "--release", kill_on_drop: false }`
[INFO] [stderr] warning: Cargo.toml: `package.edition` is unspecified, defaulting to `2015` while the latest is `2024`
[INFO] [stderr] warning: `escapade` (manifest) generated 1 warning
[INFO] [stderr] warning: use of deprecated macro `try`: use the `?` operator instead
[INFO] [stderr]   --> src/encode.rs:52:17
[INFO] [stderr]    |
[INFO] [stderr] 52 |                 try!(flush(s, marker, pos, writer));
[INFO] [stderr]    |                 ^^^
[INFO] [stderr]    |
[INFO] [stderr]    = note: `#[warn(deprecated)]` on by default
[INFO] [stderr] 
[INFO] [stderr] warning: use of deprecated macro `try`: use the `?` operator instead
[INFO] [stderr]   --> src/encode.rs:54:17
[INFO] [stderr]    |
[INFO] [stderr] 54 |                 try!(writer.write_all(entity.as_bytes()))
[INFO] [stderr]    |                 ^^^
[INFO] [stderr] 
[INFO] [stderr] warning: use of deprecated macro `try`: use the `?` operator instead
[INFO] [stderr]   --> src/encode.rs:58:21
[INFO] [stderr]    |
[INFO] [stderr] 58 |                     try!(flush(s, marker, pos, writer));
[INFO] [stderr]    |                     ^^^
[INFO] [stderr] 
[INFO] [stderr] warning: use of deprecated macro `try`: use the `?` operator instead
[INFO] [stderr]   --> src/encode.rs:60:21
[INFO] [stderr]    |
[INFO] [stderr] 60 |                     try!(write_hex(writer, c))
[INFO] [stderr]    |                     ^^^
[INFO] [stderr] 
[INFO] [stderr] warning: use of deprecated macro `try`: use the `?` operator instead
[INFO] [stderr]   --> src/encode.rs:65:9
[INFO] [stderr]    |
[INFO] [stderr] 65 |         try!(writer.write_all(&s[marker..].as_bytes()));
[INFO] [stderr]    |         ^^^
[INFO] [stderr] 
[INFO] [stderr] warning: use of deprecated macro `try`: use the `?` operator instead
[INFO] [stderr]   --> src/encode.rs:87:5
[INFO] [stderr]    |
[INFO] [stderr] 87 |     try!(writer.write(b"&#x"));
[INFO] [stderr]    |     ^^^
[INFO] [stderr] 
[INFO] [stderr] warning: `escapade` (lib) generated 6 warnings
[INFO] [stderr] warning: `escapade` (lib test) generated 6 warnings (6 duplicates)
[INFO] [stderr]     Finished `release` profile [optimized] target(s) in 0.04s
[INFO] [stderr]      Running unittests src/lib.rs (/opt/rustwide/target/release/build/escapade/8eea4886c21d6a6a/out/escapade-8eea4886c21d6a6a)
[INFO] [stderr]      Running tests/skeptic.rs (/opt/rustwide/target/release/build/escapade/0b7aeaef6f26d318/out/skeptic-0b7aeaef6f26d318)
[INFO] [stdout] 
[INFO] [stdout] running 0 tests
[INFO] [stdout] 
[INFO] [stdout] test result: ok. 0 passed; 0 failed; 0 ignored; 0 measured; 0 filtered out; finished in 0.00s
[INFO] [stdout] 
[INFO] [stdout] 
[INFO] [stdout] running 3 tests
[INFO] [stdout] test readme_2 ... FAILED
[INFO] [stderr] error: test failed, to rerun pass `--test skeptic`
[INFO] [stdout] test readme_0 ... FAILED
[INFO] [stdout] test readme_1 ... FAILED
[INFO] [stdout] 
[INFO] [stdout] failures:
[INFO] [stdout] 
[INFO] [stdout] ---- readme_2 stdout ----
[INFO] [stdout] 
[INFO] [stdout] thread 'readme_2' (428) panicked at /opt/rustwide/cargo-home/registry/src/index.crates.io-1949cf8c6b5b557f/skeptic-0.6.1/lib.rs:357:43:
[INFO] [stdout] failed to access target/*/deps: Os { code: 2, kind: NotFound, message: "No such file or directory" }
[INFO] [stdout] stack backtrace:
[INFO] [stdout]    0:     0x647bdb35d8b1 - <<std[617be2ca0a6fd877]::sys::backtrace::BacktraceLock>::print::DisplayBacktrace as core[a373ad73a504971]::fmt::Display>::fmt
[INFO] [stdout]    1:     0x647bdb371b6a - core[a373ad73a504971]::fmt::write
[INFO] [stdout]    2:     0x647bdb361dbc - <alloc[2e1b2a31b91974c5]::vec::Vec<u8> as core[a373ad73a504971]::io::write::Write>::write_fmt
[INFO] [stdout]    3:     0x647bdb338676 - std[617be2ca0a6fd877]::panicking::default_hook::{closure#0}
[INFO] [stdout]    4:     0x647bdb355659 - std[617be2ca0a6fd877]::panicking::default_hook
[INFO] [stdout]    5:     0x647bdb2ec6b0 - test[aada8e7e76ba119b]::test_main_inner::{closure#0}
[INFO] [stdout]    6:     0x647bdb355812 - std[617be2ca0a6fd877]::panicking::panic_with_hook
[INFO] [stdout]    7:     0x647bdb338722 - std[617be2ca0a6fd877]::panicking::panic_handler::{closure#0}
[INFO] [stdout]    8:     0x647bdb331279 - std[617be2ca0a6fd877]::sys::backtrace::__rust_end_short_backtrace::<std[617be2ca0a6fd877]::panicking::panic_handler::{closure#0}, !>
[INFO] [stdout]    9:     0x647bdb33932d - __rustc[ea4f61d10b84890b]::rust_begin_unwind
[INFO] [stdout]   10:     0x647bdb37229c - core[a373ad73a504971]::panicking::panic_fmt
[INFO] [stdout]   11:     0x647bdb372072 - core[a373ad73a504971]::result::unwrap_failed
[INFO] [stdout]   12:     0x647bdb32146b - skeptic[e8bfe78322058338]::rt::compile_test_case
[INFO] [stdout]   13:     0x647bdb321820 - skeptic[e8bfe78322058338]::rt::run_test
[INFO] [stdout]   14:     0x647bdb2dfa44 - <skeptic[33a8945f95e2fd5a]::readme_2::{closure#0} as core[a373ad73a504971]::ops::function::FnOnce<()>>::call_once
[INFO] [stdout]   15:     0x647bdb2dfafb - test[aada8e7e76ba119b]::__rust_begin_short_backtrace::<core[a373ad73a504971]::result::Result<(), alloc[2e1b2a31b91974c5]::string::String>, fn() -> core[a373ad73a504971]::result::Result<(), alloc[2e1b2a31b91974c5]::string::String>>
[INFO] [stdout]   16:     0x647bdb2eccd5 - test[aada8e7e76ba119b]::run_test::{closure#0}
[INFO] [stdout]   17:     0x647bdb2e65c4 - std[617be2ca0a6fd877]::sys::backtrace::__rust_begin_short_backtrace::<test[aada8e7e76ba119b]::run_test::{closure#1}, ()>
[INFO] [stdout]   18:     0x647bdb2efd62 - <std[617be2ca0a6fd877]::thread::lifecycle::spawn_unchecked<test[aada8e7e76ba119b]::run_test::{closure#1}, ()>::{closure#1} as core[a373ad73a504971]::ops::function::FnOnce<()>>::call_once::{shim:vtable#0}
[INFO] [stdout]   19:     0x647bdb35d10f - <std[617be2ca0a6fd877]::sys::thread::unix::Thread>::new::thread_start
[INFO] [stdout]   20:     0x77b8c7a69dfa - <unknown>
[INFO] [stdout]   21:     0x77b8c7afd3d4 - clone
[INFO] [stdout]   22:                0x0 - <unknown>
[INFO] [stdout] 
[INFO] [stdout] ---- readme_0 stdout ----
[INFO] [stdout] 
[INFO] [stdout] thread 'readme_0' (426) panicked at /opt/rustwide/cargo-home/registry/src/index.crates.io-1949cf8c6b5b557f/skeptic-0.6.1/lib.rs:357:43:
[INFO] [stdout] failed to access target/*/deps: Os { code: 2, kind: NotFound, message: "No such file or directory" }
[INFO] [stdout] stack backtrace:
[INFO] [stdout]    0:     0x647bdb35d8b1 - <<std[617be2ca0a6fd877]::sys::backtrace::BacktraceLock>::print::DisplayBacktrace as core[a373ad73a504971]::fmt::Display>::fmt
[INFO] [stdout]    1:     0x647bdb371b6a - core[a373ad73a504971]::fmt::write
[INFO] [stdout]    2:     0x647bdb361dbc - <alloc[2e1b2a31b91974c5]::vec::Vec<u8> as core[a373ad73a504971]::io::write::Write>::write_fmt
[INFO] [stdout]    3:     0x647bdb338676 - std[617be2ca0a6fd877]::panicking::default_hook::{closure#0}
[INFO] [stdout]    4:     0x647bdb355659 - std[617be2ca0a6fd877]::panicking::default_hook
[INFO] [stdout]    5:     0x647bdb2ec6b0 - test[aada8e7e76ba119b]::test_main_inner::{closure#0}
[INFO] [stdout]    6:     0x647bdb355812 - std[617be2ca0a6fd877]::panicking::panic_with_hook
[INFO] [stdout]    7:     0x647bdb338722 - std[617be2ca0a6fd877]::panicking::panic_handler::{closure#0}
[INFO] [stdout]    8:     0x647bdb331279 - std[617be2ca0a6fd877]::sys::backtrace::__rust_end_short_backtrace::<std[617be2ca0a6fd877]::panicking::panic_handler::{closure#0}, !>
[INFO] [stdout]    9:     0x647bdb33932d - __rustc[ea4f61d10b84890b]::rust_begin_unwind
[INFO] [stdout]   10:     0x647bdb37229c - core[a373ad73a504971]::panicking::panic_fmt
[INFO] [stdout]   11:     0x647bdb372072 - core[a373ad73a504971]::result::unwrap_failed
[INFO] [stdout]   12:     0x647bdb32146b - skeptic[e8bfe78322058338]::rt::compile_test_case
[INFO] [stdout]   13:     0x647bdb321820 - skeptic[e8bfe78322058338]::rt::run_test
[INFO] [stdout]   14:     0x647bdb2df8e4 - <skeptic[33a8945f95e2fd5a]::readme_0::{closure#0} as core[a373ad73a504971]::ops::function::FnOnce<()>>::call_once
[INFO] [stdout]   15:     0x647bdb2dfafb - test[aada8e7e76ba119b]::__rust_begin_short_backtrace::<core[a373ad73a504971]::result::Result<(), alloc[2e1b2a31b91974c5]::string::String>, fn() -> core[a373ad73a504971]::result::Result<(), alloc[2e1b2a31b91974c5]::string::String>>
[INFO] [stdout]   16:     0x647bdb2eccd5 - test[aada8e7e76ba119b]::run_test::{closure#0}
[INFO] [stdout]   17:     0x647bdb2e65c4 - std[617be2ca0a6fd877]::sys::backtrace::__rust_begin_short_backtrace::<test[aada8e7e76ba119b]::run_test::{closure#1}, ()>
[INFO] [stdout]   18:     0x647bdb2efd62 - <std[617be2ca0a6fd877]::thread::lifecycle::spawn_unchecked<test[aada8e7e76ba119b]::run_test::{closure#1}, ()>::{closure#1} as core[a373ad73a504971]::ops::function::FnOnce<()>>::call_once::{shim:vtable#0}
[INFO] [stdout]   19:     0x647bdb35d10f - <std[617be2ca0a6fd877]::sys::thread::unix::Thread>::new::thread_start
[INFO] [stdout]   20:     0x77b8c7a69dfa - <unknown>
[INFO] [stdout]   21:     0x77b8c7afd3d4 - clone
[INFO] [stdout]   22:                0x0 - <unknown>
[INFO] [stdout] 
[INFO] [stdout] ---- readme_1 stdout ----
[INFO] [stdout] 
[INFO] [stdout] thread 'readme_1' (427) panicked at /opt/rustwide/cargo-home/registry/src/index.crates.io-1949cf8c6b5b557f/skeptic-0.6.1/lib.rs:357:43:
[INFO] [stdout] failed to access target/*/deps: Os { code: 2, kind: NotFound, message: "No such file or directory" }
[INFO] [stdout] stack backtrace:
[INFO] [stdout]    0:     0x647bdb35d8b1 - <<std[617be2ca0a6fd877]::sys::backtrace::BacktraceLock>::print::DisplayBacktrace as core[a373ad73a504971]::fmt::Display>::fmt
[INFO] [stdout]    1:     0x647bdb371b6a - core[a373ad73a504971]::fmt::write
[INFO] [stdout]    2:     0x647bdb361dbc - <alloc[2e1b2a31b91974c5]::vec::Vec<u8> as core[a373ad73a504971]::io::write::Write>::write_fmt
[INFO] [stdout]    3:     0x647bdb338676 - std[617be2ca0a6fd877]::panicking::default_hook::{closure#0}
[INFO] [stdout]    4:     0x647bdb355659 - std[617be2ca0a6fd877]::panicking::default_hook
[INFO] [stdout]    5:     0x647bdb2ec6b0 - test[aada8e7e76ba119b]::test_main_inner::{closure#0}
[INFO] [stdout]    6:     0x647bdb355812 - std[617be2ca0a6fd877]::panicking::panic_with_hook
[INFO] [stdout]    7:     0x647bdb338722 - std[617be2ca0a6fd877]::panicking::panic_handler::{closure#0}
[INFO] [stdout]    8:     0x647bdb331279 - std[617be2ca0a6fd877]::sys::backtrace::__rust_end_short_backtrace::<std[617be2ca0a6fd877]::panicking::panic_handler::{closure#0}, !>
[INFO] [stdout]    9:     0x647bdb33932d - __rustc[ea4f61d10b84890b]::rust_begin_unwind
[INFO] [stdout]   10:     0x647bdb37229c - core[a373ad73a504971]::panicking::panic_fmt
[INFO] [stdout]   11:     0x647bdb372072 - core[a373ad73a504971]::result::unwrap_failed
[INFO] [stdout]   12:     0x647bdb32146b - skeptic[e8bfe78322058338]::rt::compile_test_case
[INFO] [stdout]   13:     0x647bdb321820 - skeptic[e8bfe78322058338]::rt::run_test
[INFO] [stdout]   14:     0x647bdb2df994 - <skeptic[33a8945f95e2fd5a]::readme_1::{closure#0} as core[a373ad73a504971]::ops::function::FnOnce<()>>::call_once
[INFO] [stdout]   15:     0x647bdb2dfafb - test[aada8e7e76ba119b]::__rust_begin_short_backtrace::<core[a373ad73a504971]::result::Result<(), alloc[2e1b2a31b91974c5]::string::String>, fn() -> core[a373ad73a504971]::result::Result<(), alloc[2e1b2a31b91974c5]::string::String>>
[INFO] [stdout]   16:     0x647bdb2eccd5 - test[aada8e7e76ba119b]::run_test::{closure#0}
[INFO] [stdout]   17:     0x647bdb2e65c4 - std[617be2ca0a6fd877]::sys::backtrace::__rust_begin_short_backtrace::<test[aada8e7e76ba119b]::run_test::{closure#1}, ()>
[INFO] [stdout]   18:     0x647bdb2efd62 - <std[617be2ca0a6fd877]::thread::lifecycle::spawn_unchecked<test[aada8e7e76ba119b]::run_test::{closure#1}, ()>::{closure#1} as core[a373ad73a504971]::ops::function::FnOnce<()>>::call_once::{shim:vtable#0}
[INFO] [stdout]   19:     0x647bdb35d10f - <std[617be2ca0a6fd877]::sys::thread::unix::Thread>::new::thread_start
[INFO] [stdout]   20:     0x77b8c7a69dfa - <unknown>
[INFO] [stdout]   21:     0x77b8c7afd3d4 - clone
[INFO] [stdout]   22:                0x0 - <unknown>
[INFO] [stdout] 
[INFO] [stdout] 
[INFO] [stdout] failures:
[INFO] [stdout]     readme_0
[INFO] [stdout]     readme_1
[INFO] [stdout]     readme_2
[INFO] [stdout] 
[INFO] [stdout] test result: FAILED. 0 passed; 3 failed; 0 ignored; 0 measured; 0 filtered out; finished in 0.01s
[INFO] [stdout] 
[INFO] running `Command { std: "docker" "inspect" "28b43e12054c052edf0105981a04f5d2707d13834f821a231711621712dfdbf4", kill_on_drop: false }`
[INFO] running `Command { std: "docker" "rm" "-f" "28b43e12054c052edf0105981a04f5d2707d13834f821a231711621712dfdbf4", kill_on_drop: false }`
[INFO] [stdout] 28b43e12054c052edf0105981a04f5d2707d13834f821a231711621712dfdbf4
