[INFO] fetching crate ensc-testsuite 0.1.7...
[INFO] testing ensc-testsuite-0.1.7 against 1.99.0-beta.8+cargoflags=--release for beta-release-1.100-2
[INFO] extracting crate ensc-testsuite 0.1.7 into /workspace/builds/worker-0-tc1/source
[INFO] started tweaking crates.io crate ensc-testsuite 0.1.7
[INFO] finished tweaking crates.io crate ensc-testsuite 0.1.7
[INFO] tweaked toml for crates.io crate ensc-testsuite 0.1.7 written to /workspace/builds/worker-0-tc1/source/Cargo.toml
[INFO] validating manifest of crates.io crate ensc-testsuite 0.1.7 on toolchain 1.99.0-beta.8
[INFO] running `Command { std: CARGO_HOME="/workspace/cargo-home" RUSTUP_HOME="/workspace/rustup-home" "/workspace/cargo-home/bin/cargo" "+1.99.0-beta.8" "metadata" "--manifest-path" "Cargo.toml" "--no-deps", kill_on_drop: false }`
[INFO] running `Command { std: CARGO_HOME="/workspace/cargo-home" RUSTUP_HOME="/workspace/rustup-home" "/workspace/cargo-home/bin/cargo" "+1.99.0-beta.8" "generate-lockfile" "--manifest-path" "Cargo.toml", kill_on_drop: false }`
[INFO] [stderr]     Updating crates.io index
[INFO] [stderr]      Locking 77 packages to highest compatible versions
[INFO] [stderr]       Adding static_init v0.5.2 (available: v1.0.4)
[INFO] [stderr]       Adding xml-rs v0.8.29 (available: v1.0.0)
[INFO] running `Command { std: CARGO_HOME="/workspace/cargo-home" RUSTUP_HOME="/workspace/rustup-home" "/workspace/cargo-home/bin/cargo" "+1.99.0-beta.8" "fetch" "--manifest-path" "Cargo.toml", kill_on_drop: false }`
[INFO] [stderr]  Downloading crates ...
[INFO] [stderr]   Downloaded static_init_macro v0.5.0
[INFO] [stderr]   Downloaded static_init v0.5.2
[INFO] running `Command { std: "docker" "create" "-v" "/var/lib/crater-agent-workspace/builds/worker-0-tc1/source:/opt/rustwide/workdir:ro,Z" "-v" "/var/lib/crater-agent-workspace/builds/worker-0-tc1/target:/opt/rustwide/target:rw,Z" "-v" "/var/lib/crater-agent-workspace/cargo-home:/opt/rustwide/cargo-home:ro,Z" "-v" "/var/lib/crater-agent-workspace/rustup-home:/opt/rustwide/rustup-home:ro,Z" "-m" "1610612736" "--network" "none" "ghcr.io/rust-lang/crates-build-env/linux@sha256:77db811e55d90add9212f6832c23229e3de5f1c1f9905e8cb07319ea15df73ac" "sleep" "infinity", kill_on_drop: false }`
[INFO] [stdout] 7f01a78a9d0e3a4aebdbef818480164c3f1301d77ceb37359d57aa5798c2e0d4
[INFO] running `Command { std: "docker" "start" "7f01a78a9d0e3a4aebdbef818480164c3f1301d77ceb37359d57aa5798c2e0d4", kill_on_drop: false }`
[INFO] running `Command { std: "docker" "inspect" "7f01a78a9d0e3a4aebdbef818480164c3f1301d77ceb37359d57aa5798c2e0d4", kill_on_drop: false }`
[INFO] running `Command { std: "docker" "exec" "-e" "SOURCE_DIR=/opt/rustwide/workdir" "-e" "CARGO_HOME=/opt/rustwide/cargo-home" "-e" "RUSTUP_HOME=/opt/rustwide/rustup-home" "-e" "CARGO_TARGET_DIR=/opt/rustwide/target" "-w" "/opt/rustwide/workdir" "--user" "0:0" "7f01a78a9d0e3a4aebdbef818480164c3f1301d77ceb37359d57aa5798c2e0d4" "/opt/rustwide/cargo-home/bin/cargo" "+1.99.0-beta.8" "metadata" "--no-deps" "--format-version=1", kill_on_drop: false }`
[INFO] running `Command { std: "docker" "inspect" "7f01a78a9d0e3a4aebdbef818480164c3f1301d77ceb37359d57aa5798c2e0d4", kill_on_drop: false }`
[INFO] running `Command { std: "docker" "exec" "-e" "SOURCE_DIR=/opt/rustwide/workdir" "-e" "CARGO_HOME=/opt/rustwide/cargo-home" "-e" "RUSTUP_HOME=/opt/rustwide/rustup-home" "-e" "CARGO_TARGET_DIR=/opt/rustwide/target" "-e" "CARGO_INCREMENTAL=0" "-e" "RUST_BACKTRACE=full" "-e" "RUSTFLAGS=--cap-lints=warn" "-e" "RUSTDOCFLAGS=--cap-lints=warn" "-w" "/opt/rustwide/workdir" "--user" "0:0" "7f01a78a9d0e3a4aebdbef818480164c3f1301d77ceb37359d57aa5798c2e0d4" "/opt/rustwide/cargo-home/bin/cargo" "+1.99.0-beta.8" "build" "--frozen" "--message-format=json" "--release", kill_on_drop: false }`
[INFO] [stderr]    Compiling parking_lot_core v0.8.6
[INFO] [stderr]    Compiling instant v0.1.13
[INFO] [stderr]    Compiling static_init_macro v0.5.0
[INFO] [stderr]    Compiling static_init v0.5.2
[INFO] [stderr]    Compiling memchr v2.8.3
[INFO] [stderr]    Compiling getrandom v0.4.3
[INFO] [stderr]    Compiling xml-rs v0.8.29
[INFO] [stderr]    Compiling serde_yaml v0.9.34+deprecated
[INFO] [stderr]    Compiling tempfile v3.27.0
[INFO] [stderr]    Compiling parking_lot v0.11.2
[INFO] [stderr]    Compiling ensc-testsuite v0.1.7 (/opt/rustwide/workdir)
[INFO] [stdout] warning: use of deprecated type alias `std::panic::PanicInfo`: use `PanicHookInfo` instead
[INFO] [stdout]   --> src/engine/case/case.rs:89:57
[INFO] [stdout]    |
[INFO] [stdout] 89 |         } else if let Some(s) = e.downcast_ref::<&std::panic::PanicInfo>() {
[INFO] [stdout]    |                                                               ^^^^^^^^^
[INFO] [stdout]    |
[INFO] [stdout]    = note: `#[warn(deprecated)]` on by default
[INFO] [stdout] 
[INFO] [stdout] 
[INFO] [stdout] warning: creating a shared reference to mutable static
[INFO] [stdout]    --> src/report/emit.rs:135:31
[INFO] [stdout]     |
[INFO] [stdout] 135 |     let files_lock = unsafe { g::OUTPUT_FILES.lock().unwrap() };
[INFO] [stdout]     |                               ^^^^^^^^^^^^^^^^^^^^^^ shared reference to mutable static
[INFO] [stdout]     |
[INFO] [stdout]     = note: shared references to mutable statics are dangerous; it's undefined behavior if the static is mutated or if a mutable reference is created for it while the shared reference lives
[INFO] [stdout]     = note: for more information, see <https://doc.rust-lang.org/edition-guide/rust-2024/static-mut-references.html>
[INFO] [stdout]     = note: `#[warn(static_mut_refs)]` (part of `#[warn(rust_2024_compatibility)]`) on by default
[INFO] [stdout] help: this type already provides "interior mutability", so its binding doesn't need to be declared as mutable when borrowed with a shared reference
[INFO] [stdout]     |
[INFO] [stdout]  18 -     pub(super) static mut OUTPUT_FILES: Mutex<RefCell<HashMap<&'static str, Arc<GlobalFile>>>> = Mutex::default();
[INFO] [stdout]  18 +     pub(super) static OUTPUT_FILES: Mutex<RefCell<HashMap<&'static str, Arc<GlobalFile>>>> = Mutex::default();
[INFO] [stdout]     |
[INFO] [stdout] 
[INFO] [stdout] 
[INFO] [stdout] warning: creating a shared reference to mutable static
[INFO] [stdout]   --> src/report/emit.rs:18:27
[INFO] [stdout]    |
[INFO] [stdout] 18 |     pub(super) static mut OUTPUT_FILES: Mutex<RefCell<HashMap<&'static str, Arc<GlobalFile>>>> = Mutex::default();
[INFO] [stdout]    |                           ^^^^^^^^^^^^ shared reference to mutable static
[INFO] [stdout]    |
[INFO] [stdout]    = note: shared references to mutable statics are dangerous; it's undefined behavior if the static is mutated or if a mutable reference is created for it while the shared reference lives
[INFO] [stdout]    = note: for more information, see <https://doc.rust-lang.org/edition-guide/rust-2024/static-mut-references.html>
[INFO] [stdout] help: this type already provides "interior mutability", so its binding doesn't need to be declared as mutable when borrowed with a shared reference
[INFO] [stdout]    |
[INFO] [stdout] 18 -     pub(super) static mut OUTPUT_FILES: Mutex<RefCell<HashMap<&'static str, Arc<GlobalFile>>>> = Mutex::default();
[INFO] [stdout] 18 +     pub(super) static OUTPUT_FILES: Mutex<RefCell<HashMap<&'static str, Arc<GlobalFile>>>> = Mutex::default();
[INFO] [stdout]    |
[INFO] [stdout] 
[INFO] [stdout] 
[INFO] [stdout] warning: hiding a lifetime that's elided elsewhere is confusing
[INFO] [stdout]    --> src/runners/plan.rs:132:21
[INFO] [stdout]     |
[INFO] [stdout] 132 |     pub fn new_case(&self, name: &str) -> CaseProxy {
[INFO] [stdout]     |                     ^^^^^                 ^^^^^^^^^ the same lifetime is hidden here
[INFO] [stdout]     |                     |
[INFO] [stdout]     |                     the lifetime is elided here
[INFO] [stdout]     |
[INFO] [stdout]     = help: the same lifetime is referred to in inconsistent ways, making the signature confusing
[INFO] [stdout]     = note: `#[warn(mismatched_lifetime_syntaxes)]` on by default
[INFO] [stdout] help: use `'_` for type paths
[INFO] [stdout]     |
[INFO] [stdout] 132 |     pub fn new_case(&self, name: &str) -> CaseProxy<'_> {
[INFO] [stdout]     |                                                    ++++
[INFO] [stdout] 
[INFO] [stdout] 
[INFO] [stdout] warning: specialization is experimental
[INFO] [stdout]    --> src/util/status.rs:198:5
[INFO] [stdout]     |
[INFO] [stdout] 198 |     default impl <T,E> AsStatus for Result<T, E> {
[INFO] [stdout]     |     ^^^^^^^
[INFO] [stdout]     |
[INFO] [stdout]     = note: see issue #31844 <https://github.com/rust-lang/rust/issues/31844> for more information
[INFO] [stdout]     = warning: unstable syntax can change at any point in the future, causing a hard error!
[INFO] [stdout]     = note: for more information, see issue #154045 <https://github.com/rust-lang/rust/issues/154045>
[INFO] [stdout] 
[INFO] [stdout] 
[INFO] [stderr]     Finished `release` profile [optimized] target(s) in 8.42s
[INFO] running `Command { std: "docker" "inspect" "7f01a78a9d0e3a4aebdbef818480164c3f1301d77ceb37359d57aa5798c2e0d4", kill_on_drop: false }`
[INFO] running `Command { std: "docker" "exec" "-e" "SOURCE_DIR=/opt/rustwide/workdir" "-e" "CARGO_HOME=/opt/rustwide/cargo-home" "-e" "RUSTUP_HOME=/opt/rustwide/rustup-home" "-e" "CARGO_TARGET_DIR=/opt/rustwide/target" "-e" "CARGO_INCREMENTAL=0" "-e" "RUST_BACKTRACE=full" "-e" "RUSTFLAGS=--cap-lints=warn" "-e" "RUSTDOCFLAGS=--cap-lints=warn" "-w" "/opt/rustwide/workdir" "--user" "0:0" "7f01a78a9d0e3a4aebdbef818480164c3f1301d77ceb37359d57aa5798c2e0d4" "/opt/rustwide/cargo-home/bin/cargo" "+1.99.0-beta.8" "test" "--frozen" "--no-run" "--message-format=json" "--release", kill_on_drop: false }`
[INFO] [stderr]    Compiling ensc-testsuite v0.1.7 (/opt/rustwide/workdir)
[INFO] [stdout] warning: use of deprecated type alias `std::panic::PanicInfo`: use `PanicHookInfo` instead
[INFO] [stdout]   --> src/engine/case/case.rs:89:57
[INFO] [stdout]    |
[INFO] [stdout] 89 |         } else if let Some(s) = e.downcast_ref::<&std::panic::PanicInfo>() {
[INFO] [stdout]    |                                                               ^^^^^^^^^
[INFO] [stdout]    |
[INFO] [stdout]    = note: `#[warn(deprecated)]` on by default
[INFO] [stdout] 
[INFO] [stdout] 
[INFO] [stdout] warning: creating a shared reference to mutable static
[INFO] [stdout]    --> src/report/emit.rs:135:31
[INFO] [stdout]     |
[INFO] [stdout] 135 |     let files_lock = unsafe { g::OUTPUT_FILES.lock().unwrap() };
[INFO] [stdout]     |                               ^^^^^^^^^^^^^^^^^^^^^^ shared reference to mutable static
[INFO] [stdout]     |
[INFO] [stdout]     = note: shared references to mutable statics are dangerous; it's undefined behavior if the static is mutated or if a mutable reference is created for it while the shared reference lives
[INFO] [stdout]     = note: for more information, see <https://doc.rust-lang.org/edition-guide/rust-2024/static-mut-references.html>
[INFO] [stdout]     = note: `#[warn(static_mut_refs)]` (part of `#[warn(rust_2024_compatibility)]`) on by default
[INFO] [stdout] help: this type already provides "interior mutability", so its binding doesn't need to be declared as mutable when borrowed with a shared reference
[INFO] [stdout]     |
[INFO] [stdout]  18 -     pub(super) static mut OUTPUT_FILES: Mutex<RefCell<HashMap<&'static str, Arc<GlobalFile>>>> = Mutex::default();
[INFO] [stdout]  18 +     pub(super) static OUTPUT_FILES: Mutex<RefCell<HashMap<&'static str, Arc<GlobalFile>>>> = Mutex::default();
[INFO] [stdout]     |
[INFO] [stdout] 
[INFO] [stdout] 
[INFO] [stdout] warning: creating a shared reference to mutable static
[INFO] [stdout]   --> src/report/emit.rs:18:27
[INFO] [stdout]    |
[INFO] [stdout] 18 |     pub(super) static mut OUTPUT_FILES: Mutex<RefCell<HashMap<&'static str, Arc<GlobalFile>>>> = Mutex::default();
[INFO] [stdout]    |                           ^^^^^^^^^^^^ shared reference to mutable static
[INFO] [stdout]    |
[INFO] [stdout]    = note: shared references to mutable statics are dangerous; it's undefined behavior if the static is mutated or if a mutable reference is created for it while the shared reference lives
[INFO] [stdout]    = note: for more information, see <https://doc.rust-lang.org/edition-guide/rust-2024/static-mut-references.html>
[INFO] [stdout] help: this type already provides "interior mutability", so its binding doesn't need to be declared as mutable when borrowed with a shared reference
[INFO] [stdout]    |
[INFO] [stdout] 18 -     pub(super) static mut OUTPUT_FILES: Mutex<RefCell<HashMap<&'static str, Arc<GlobalFile>>>> = Mutex::default();
[INFO] [stdout] 18 +     pub(super) static OUTPUT_FILES: Mutex<RefCell<HashMap<&'static str, Arc<GlobalFile>>>> = Mutex::default();
[INFO] [stdout]    |
[INFO] [stdout] 
[INFO] [stdout] 
[INFO] [stdout] warning: hiding a lifetime that's elided elsewhere is confusing
[INFO] [stdout]    --> src/runners/plan.rs:132:21
[INFO] [stdout]     |
[INFO] [stdout] 132 |     pub fn new_case(&self, name: &str) -> CaseProxy {
[INFO] [stdout]     |                     ^^^^^                 ^^^^^^^^^ the same lifetime is hidden here
[INFO] [stdout]     |                     |
[INFO] [stdout]     |                     the lifetime is elided here
[INFO] [stdout]     |
[INFO] [stdout]     = help: the same lifetime is referred to in inconsistent ways, making the signature confusing
[INFO] [stdout]     = note: `#[warn(mismatched_lifetime_syntaxes)]` on by default
[INFO] [stdout] help: use `'_` for type paths
[INFO] [stdout]     |
[INFO] [stdout] 132 |     pub fn new_case(&self, name: &str) -> CaseProxy<'_> {
[INFO] [stdout]     |                                                    ++++
[INFO] [stdout] 
[INFO] [stdout] 
[INFO] [stdout] warning: specialization is experimental
[INFO] [stdout]    --> src/util/status.rs:198:5
[INFO] [stdout]     |
[INFO] [stdout] 198 |     default impl <T,E> AsStatus for Result<T, E> {
[INFO] [stdout]     |     ^^^^^^^
[INFO] [stdout]     |
[INFO] [stdout]     = note: see issue #31844 <https://github.com/rust-lang/rust/issues/31844> for more information
[INFO] [stdout]     = warning: unstable syntax can change at any point in the future, causing a hard error!
[INFO] [stdout]     = note: for more information, see issue #154045 <https://github.com/rust-lang/rust/issues/154045>
[INFO] [stdout] 
[INFO] [stdout] 
[INFO] [stdout] warning: use of deprecated type alias `std::panic::PanicInfo`: use `PanicHookInfo` instead
[INFO] [stdout]   --> src/engine/case/case.rs:89:57
[INFO] [stdout]    |
[INFO] [stdout] 89 |         } else if let Some(s) = e.downcast_ref::<&std::panic::PanicInfo>() {
[INFO] [stdout]    |                                                               ^^^^^^^^^
[INFO] [stdout]    |
[INFO] [stdout]    = note: `#[warn(deprecated)]` on by default
[INFO] [stdout] 
[INFO] [stdout] 
[INFO] [stdout] warning: this function depends on never type fallback being `()`
[INFO] [stdout]   --> src/tests/test_00.rs:30:1
[INFO] [stdout]    |
[INFO] [stdout] 30 | fn test_01() {
[INFO] [stdout]    | ^^^^^^^^^^^^
[INFO] [stdout]    |
[INFO] [stdout]    = help: specify the types explicitly
[INFO] [stdout] note: in edition 2024, the requirement `!: status::AsStatus` will fail
[INFO] [stdout]   --> src/tests/test_00.rs:71:8
[INFO] [stdout]    |
[INFO] [stdout] 71 |             .run(|| panic!("should never be executed")), status => TestStatus::Skip);
[INFO] [stdout]    |              ^^^
[INFO] [stdout]    = warning: this was previously accepted by the compiler but is being phased out; it will become a hard error in Rust 2024 and in a future release in all editions!
[INFO] [stdout]    = note: for more information, see <https://doc.rust-lang.org/edition-guide/rust-2024/never-type-fallback.html>
[INFO] [stdout]    = note: `#[warn(dependency_on_unit_never_type_fallback)]` (part of `#[warn(rust_2024_compatibility)]`) on by default
[INFO] [stdout] help: use `()` annotations to avoid fallback changes
[INFO] [stdout]    |
[INFO] [stdout] 71 |             .run::<_, ()>(|| panic!("should never be executed")), status => TestStatus::Skip);
[INFO] [stdout]    |                 +++++++++
[INFO] [stdout] 
[INFO] [stdout] 
[INFO] [stdout] warning: this function depends on never type fallback being `()`
[INFO] [stdout]    --> src/tests/test_00.rs:101:1
[INFO] [stdout]     |
[INFO] [stdout] 101 | fn test_02() {
[INFO] [stdout]     | ^^^^^^^^^^^^
[INFO] [stdout]     |
[INFO] [stdout]     = help: specify the types explicitly
[INFO] [stdout] note: in edition 2024, the requirement `!: status::AsStatus` will fail
[INFO] [stdout]    --> src/tests/test_00.rs:112:8
[INFO] [stdout]     |
[INFO] [stdout] 112 |         p.ok("panic-1", || panic!("panic! call with plain text"));
[INFO] [stdout]     |           ^^
[INFO] [stdout]     = warning: this was previously accepted by the compiler but is being phased out; it will become a hard error in Rust 2024 and in a future release in all editions!
[INFO] [stdout]     = note: for more information, see <https://doc.rust-lang.org/edition-guide/rust-2024/never-type-fallback.html>
[INFO] [stdout] help: use `()` annotations to avoid fallback changes
[INFO] [stdout]     |
[INFO] [stdout] 112 ~         p.ok::<_, _, ()>("panic-1", || panic!("panic! call with plain text"));
[INFO] [stdout] 113 ~         p.ok::<_, _, ()>("panic-2", || panic!("panic! {} with fmt", "called"));
[INFO] [stdout]     |
[INFO] [stdout] 
[INFO] [stdout] 
[INFO] [stdout] warning: creating a shared reference to mutable static
[INFO] [stdout]    --> src/report/emit.rs:135:31
[INFO] [stdout]     |
[INFO] [stdout] 135 |     let files_lock = unsafe { g::OUTPUT_FILES.lock().unwrap() };
[INFO] [stdout]     |                               ^^^^^^^^^^^^^^^^^^^^^^ shared reference to mutable static
[INFO] [stdout]     |
[INFO] [stdout]     = note: shared references to mutable statics are dangerous; it's undefined behavior if the static is mutated or if a mutable reference is created for it while the shared reference lives
[INFO] [stdout]     = note: for more information, see <https://doc.rust-lang.org/edition-guide/rust-2024/static-mut-references.html>
[INFO] [stdout]     = note: `#[warn(static_mut_refs)]` (part of `#[warn(rust_2024_compatibility)]`) on by default
[INFO] [stdout] help: this type already provides "interior mutability", so its binding doesn't need to be declared as mutable when borrowed with a shared reference
[INFO] [stdout]     |
[INFO] [stdout]  18 -     pub(super) static mut OUTPUT_FILES: Mutex<RefCell<HashMap<&'static str, Arc<GlobalFile>>>> = Mutex::default();
[INFO] [stdout]  18 +     pub(super) static OUTPUT_FILES: Mutex<RefCell<HashMap<&'static str, Arc<GlobalFile>>>> = Mutex::default();
[INFO] [stdout]     |
[INFO] [stdout] 
[INFO] [stdout] 
[INFO] [stdout] warning: creating a shared reference to mutable static
[INFO] [stdout]   --> src/report/emit.rs:18:27
[INFO] [stdout]    |
[INFO] [stdout] 18 |     pub(super) static mut OUTPUT_FILES: Mutex<RefCell<HashMap<&'static str, Arc<GlobalFile>>>> = Mutex::default();
[INFO] [stdout]    |                           ^^^^^^^^^^^^ shared reference to mutable static
[INFO] [stdout]    |
[INFO] [stdout]    = note: shared references to mutable statics are dangerous; it's undefined behavior if the static is mutated or if a mutable reference is created for it while the shared reference lives
[INFO] [stdout]    = note: for more information, see <https://doc.rust-lang.org/edition-guide/rust-2024/static-mut-references.html>
[INFO] [stdout] help: this type already provides "interior mutability", so its binding doesn't need to be declared as mutable when borrowed with a shared reference
[INFO] [stdout]    |
[INFO] [stdout] 18 -     pub(super) static mut OUTPUT_FILES: Mutex<RefCell<HashMap<&'static str, Arc<GlobalFile>>>> = Mutex::default();
[INFO] [stdout] 18 +     pub(super) static OUTPUT_FILES: Mutex<RefCell<HashMap<&'static str, Arc<GlobalFile>>>> = Mutex::default();
[INFO] [stdout]    |
[INFO] [stdout] 
[INFO] [stdout] 
[INFO] [stdout] warning: hiding a lifetime that's elided elsewhere is confusing
[INFO] [stdout]    --> src/runners/plan.rs:132:21
[INFO] [stdout]     |
[INFO] [stdout] 132 |     pub fn new_case(&self, name: &str) -> CaseProxy {
[INFO] [stdout]     |                     ^^^^^                 ^^^^^^^^^ the same lifetime is hidden here
[INFO] [stdout]     |                     |
[INFO] [stdout]     |                     the lifetime is elided here
[INFO] [stdout]     |
[INFO] [stdout]     = help: the same lifetime is referred to in inconsistent ways, making the signature confusing
[INFO] [stdout]     = note: `#[warn(mismatched_lifetime_syntaxes)]` on by default
[INFO] [stdout] help: use `'_` for type paths
[INFO] [stdout]     |
[INFO] [stdout] 132 |     pub fn new_case(&self, name: &str) -> CaseProxy<'_> {
[INFO] [stdout]     |                                                    ++++
[INFO] [stdout] 
[INFO] [stdout] 
[INFO] [stdout] warning: specialization is experimental
[INFO] [stdout]    --> src/util/status.rs:198:5
[INFO] [stdout]     |
[INFO] [stdout] 198 |     default impl <T,E> AsStatus for Result<T, E> {
[INFO] [stdout]     |     ^^^^^^^
[INFO] [stdout]     |
[INFO] [stdout]     = note: see issue #31844 <https://github.com/rust-lang/rust/issues/31844> for more information
[INFO] [stdout]     = warning: unstable syntax can change at any point in the future, causing a hard error!
[INFO] [stdout]     = note: for more information, see issue #154045 <https://github.com/rust-lang/rust/issues/154045>
[INFO] [stdout] 
[INFO] [stdout] 
[INFO] [stderr]     Finished `release` profile [optimized] target(s) in 4.14s
[INFO] [stderr] warning: the following packages contain code that will be rejected by a future version of Rust: ensc-testsuite v0.1.7 (/opt/rustwide/workdir)
[INFO] [stderr] note: to see what the problems were, use the option `--future-incompat-report`, or run `cargo report future-incompatibilities --id 7`
[INFO] running `Command { std: "docker" "inspect" "7f01a78a9d0e3a4aebdbef818480164c3f1301d77ceb37359d57aa5798c2e0d4", kill_on_drop: false }`
[INFO] running `Command { std: "docker" "exec" "-e" "SOURCE_DIR=/opt/rustwide/workdir" "-e" "CARGO_HOME=/opt/rustwide/cargo-home" "-e" "RUSTUP_HOME=/opt/rustwide/rustup-home" "-e" "CARGO_TARGET_DIR=/opt/rustwide/target" "-e" "CARGO_INCREMENTAL=0" "-e" "RUST_BACKTRACE=full" "-e" "RUSTFLAGS=--cap-lints=warn" "-e" "RUSTDOCFLAGS=--cap-lints=warn" "-w" "/opt/rustwide/workdir" "--user" "0:0" "7f01a78a9d0e3a4aebdbef818480164c3f1301d77ceb37359d57aa5798c2e0d4" "/opt/rustwide/cargo-home/bin/cargo" "+1.99.0-beta.8" "test" "--frozen" "--release", kill_on_drop: false }`
[INFO] [stderr] warning: use of deprecated type alias `std::panic::PanicInfo`: use `PanicHookInfo` instead
[INFO] [stderr]   --> src/engine/case/case.rs:89:57
[INFO] [stderr]    |
[INFO] [stderr] 89 |         } else if let Some(s) = e.downcast_ref::<&std::panic::PanicInfo>() {
[INFO] [stderr]    |                                                               ^^^^^^^^^
[INFO] [stderr]    |
[INFO] [stderr]    = note: `#[warn(deprecated)]` on by default
[INFO] [stderr] 
[INFO] [stderr] warning: creating a shared reference to mutable static
[INFO] [stderr]    --> src/report/emit.rs:135:31
[INFO] [stderr]     |
[INFO] [stderr] 135 |     let files_lock = unsafe { g::OUTPUT_FILES.lock().unwrap() };
[INFO] [stderr]     |                               ^^^^^^^^^^^^^^^^^^^^^^ shared reference to mutable static
[INFO] [stderr]     |
[INFO] [stderr]     = note: shared references to mutable statics are dangerous; it's undefined behavior if the static is mutated or if a mutable reference is created for it while the shared reference lives
[INFO] [stderr]     = note: for more information, see <https://doc.rust-lang.org/edition-guide/rust-2024/static-mut-references.html>
[INFO] [stderr]     = note: `#[warn(static_mut_refs)]` (part of `#[warn(rust_2024_compatibility)]`) on by default
[INFO] [stderr] help: this type already provides "interior mutability", so its binding doesn't need to be declared as mutable when borrowed with a shared reference
[INFO] [stderr]     |
[INFO] [stderr]  18 -     pub(super) static mut OUTPUT_FILES: Mutex<RefCell<HashMap<&'static str, Arc<GlobalFile>>>> = Mutex::default();
[INFO] [stderr]  18 +     pub(super) static OUTPUT_FILES: Mutex<RefCell<HashMap<&'static str, Arc<GlobalFile>>>> = Mutex::default();
[INFO] [stderr]     |
[INFO] [stderr] 
[INFO] [stderr] warning: creating a shared reference to mutable static
[INFO] [stderr]   --> src/report/emit.rs:18:27
[INFO] [stderr]    |
[INFO] [stderr] 18 |     pub(super) static mut OUTPUT_FILES: Mutex<RefCell<HashMap<&'static str, Arc<GlobalFile>>>> = Mutex::default();
[INFO] [stderr]    |                           ^^^^^^^^^^^^ shared reference to mutable static
[INFO] [stderr]    |
[INFO] [stderr]    = note: shared references to mutable statics are dangerous; it's undefined behavior if the static is mutated or if a mutable reference is created for it while the shared reference lives
[INFO] [stderr]    = note: for more information, see <https://doc.rust-lang.org/edition-guide/rust-2024/static-mut-references.html>
[INFO] [stderr] help: this type already provides "interior mutability", so its binding doesn't need to be declared as mutable when borrowed with a shared reference
[INFO] [stderr]    |
[INFO] [stderr] 18 -     pub(super) static mut OUTPUT_FILES: Mutex<RefCell<HashMap<&'static str, Arc<GlobalFile>>>> = Mutex::default();
[INFO] [stderr] 18 +     pub(super) static OUTPUT_FILES: Mutex<RefCell<HashMap<&'static str, Arc<GlobalFile>>>> = Mutex::default();
[INFO] [stderr]    |
[INFO] [stderr] 
[INFO] [stderr] warning: hiding a lifetime that's elided elsewhere is confusing
[INFO] [stderr]    --> src/runners/plan.rs:132:21
[INFO] [stderr]     |
[INFO] [stderr] 132 |     pub fn new_case(&self, name: &str) -> CaseProxy {
[INFO] [stderr]     |                     ^^^^^                 ^^^^^^^^^ the same lifetime is hidden here
[INFO] [stderr]     |                     |
[INFO] [stderr]     |                     the lifetime is elided here
[INFO] [stderr]     |
[INFO] [stderr]     = help: the same lifetime is referred to in inconsistent ways, making the signature confusing
[INFO] [stderr]     = note: `#[warn(mismatched_lifetime_syntaxes)]` on by default
[INFO] [stderr] help: use `'_` for type paths
[INFO] [stderr]     |
[INFO] [stderr] 132 |     pub fn new_case(&self, name: &str) -> CaseProxy<'_> {
[INFO] [stderr]     |                                                    ++++
[INFO] [stderr] 
[INFO] [stderr] warning: specialization is experimental
[INFO] [stderr]    --> src/util/status.rs:198:5
[INFO] [stderr]     |
[INFO] [stderr] 198 |     default impl <T,E> AsStatus for Result<T, E> {
[INFO] [stderr]     |     ^^^^^^^
[INFO] [stderr]     |
[INFO] [stderr]     = note: see issue #31844 <https://github.com/rust-lang/rust/issues/31844> for more information
[INFO] [stderr]     = warning: unstable syntax can change at any point in the future, causing a hard error!
[INFO] [stderr]     = note: for more information, see issue #154045 <https://github.com/rust-lang/rust/issues/154045>
[INFO] [stderr] 
[INFO] [stderr] warning: this function depends on never type fallback being `()`
[INFO] [stderr]   --> src/tests/test_00.rs:30:1
[INFO] [stderr]    |
[INFO] [stderr] 30 | fn test_01() {
[INFO] [stderr]    | ^^^^^^^^^^^^
[INFO] [stderr]    |
[INFO] [stderr]    = help: specify the types explicitly
[INFO] [stderr] note: in edition 2024, the requirement `!: status::AsStatus` will fail
[INFO] [stderr]   --> src/tests/test_00.rs:71:8
[INFO] [stderr]    |
[INFO] [stderr] 71 |             .run(|| panic!("should never be executed")), status => TestStatus::Skip);
[INFO] [stderr]    |              ^^^
[INFO] [stderr]    = warning: this was previously accepted by the compiler but is being phased out; it will become a hard error in Rust 2024 and in a future release in all editions!
[INFO] [stderr]    = note: for more information, see <https://doc.rust-lang.org/edition-guide/rust-2024/never-type-fallback.html>
[INFO] [stderr]    = note: `#[warn(dependency_on_unit_never_type_fallback)]` (part of `#[warn(rust_2024_compatibility)]`) on by default
[INFO] [stderr] help: use `()` annotations to avoid fallback changes
[INFO] [stderr]    |
[INFO] [stderr] 71 |             .run::<_, ()>(|| panic!("should never be executed")), status => TestStatus::Skip);
[INFO] [stderr]    |                 +++++++++
[INFO] [stderr] 
[INFO] [stderr] warning: this function depends on never type fallback being `()`
[INFO] [stderr]    --> src/tests/test_00.rs:101:1
[INFO] [stderr]     |
[INFO] [stderr] 101 | fn test_02() {
[INFO] [stderr]     | ^^^^^^^^^^^^
[INFO] [stderr]     |
[INFO] [stderr]     = help: specify the types explicitly
[INFO] [stderr] note: in edition 2024, the requirement `!: status::AsStatus` will fail
[INFO] [stderr]    --> src/tests/test_00.rs:112:8
[INFO] [stderr]     |
[INFO] [stderr] 112 |         p.ok("panic-1", || panic!("panic! call with plain text"));
[INFO] [stderr]     |           ^^
[INFO] [stderr]     = warning: this was previously accepted by the compiler but is being phased out; it will become a hard error in Rust 2024 and in a future release in all editions!
[INFO] [stderr]     = note: for more information, see <https://doc.rust-lang.org/edition-guide/rust-2024/never-type-fallback.html>
[INFO] [stderr] help: use `()` annotations to avoid fallback changes
[INFO] [stderr]     |
[INFO] [stderr] 112 ~         p.ok::<_, _, ()>("panic-1", || panic!("panic! call with plain text"));
[INFO] [stderr] 113 ~         p.ok::<_, _, ()>("panic-2", || panic!("panic! {} with fmt", "called"));
[INFO] [stderr]     |
[INFO] [stderr] 
[INFO] [stderr] warning: `ensc-testsuite` (lib) generated 5 warnings (run `cargo fix --lib -p ensc-testsuite` to apply 1 suggestion)
[INFO] [stderr] warning: `ensc-testsuite` (lib test) generated 7 warnings (5 duplicates) (run `cargo fix --lib -p ensc-testsuite --tests` to apply 2 suggestions)
[INFO] [stderr]     Finished `release` profile [optimized] target(s) in 0.09s
[INFO] [stderr] warning: the following packages contain code that will be rejected by a future version of Rust: ensc-testsuite v0.1.7 (/opt/rustwide/workdir)
[INFO] [stderr] note: to see what the problems were, use the option `--future-incompat-report`, or run `cargo report future-incompatibilities --id 7`
[INFO] [stderr]      Running unittests src/lib.rs (/opt/rustwide/target/release/deps/ensc_testsuite-20b684e8dfe08788)
[INFO] [stderr] 
[INFO] [stdout] 
[INFO] [stderr] thread 'tests::test_00::test_02' (448) panicked at /rustc/dfb0accb7f508ae8be965d8629557221c889dd98/library/core/src/panicking.rs:233:5:
[INFO] [stdout] running 9 tests
[INFO] [stderr] panic in a destructor during cleanup
[INFO] [stdout] test util::status::test_as_status ... ok
[INFO] [stderr] thread caused non-unwinding panic. aborting.
[INFO] [stdout] 
[INFO] [stdout] thread 'tests::test_00::test_02' (448) panicked at src/tests/test_00.rs:111:31:
[INFO] [stdout] assertion failed: false
[INFO] [stdout] stack backtrace:
[INFO] [stdout]    0:     0x59a47cfb2381 - <<std[70759c8f55707aa4]::sys::backtrace::BacktraceLock>::print::DisplayBacktrace as core[df12db4294e9bfd3]::fmt::Display>::fmt
[INFO] [stdout]    1:     0x59a47cfc723a - core[df12db4294e9bfd3]::fmt::write
[INFO] [stdout]    2:     0x59a47cfb694c - <alloc[2182bb758b4b3781]::vec::Vec<u8> as core[df12db4294e9bfd3]::io::write::Write>::write_fmt
[INFO] [stdout]    3:     0x59a47cf8d5e6 - std[70759c8f55707aa4]::panicking::default_hook::{closure#0}
[INFO] [stdout]    4:     0x59a47cfa9db9 - std[70759c8f55707aa4]::panicking::default_hook
[INFO] [stdout]    5:     0x59a47cf3ae50 - test[9d35eded1c95d3be]::test_main_inner::<test[9d35eded1c95d3be]::test_main_static::{closure#0}>::{closure#0}
[INFO] [stdout]    6:     0x59a47cfa9f72 - std[70759c8f55707aa4]::panicking::panic_with_hook
[INFO] [stdout]    7:     0x59a47cf8d6c4 - std[70759c8f55707aa4]::panicking::panic_handler::{closure#0}
[INFO] [stdout]    8:     0x59a47cf86139 - std[70759c8f55707aa4]::sys::backtrace::__rust_end_short_backtrace::<std[70759c8f55707aa4]::panicking::panic_handler::{closure#0}, !>
[INFO] [stdout]    9:     0x59a47cf8e43d - __rustc[8fa7c3cbc660c2b3]::rust_begin_unwind
[INFO] [stdout]   10:     0x59a47cfc799c - core[df12db4294e9bfd3]::panicking::panic_fmt
[INFO] [stdout]   11:     0x59a47cfc7962 - core[df12db4294e9bfd3]::panicking::panic
[INFO] [stdout]   12:     0x59a47cefd532 - <ensc_testsuite[3061d4b14995d7da]::runners::plan::Plan>::panic::<&str, ensc_testsuite[3061d4b14995d7da]::tests::test_00::test_02::{closure#0}::{closure#0}::{closure#2}, ()>
[INFO] [stdout]   13:     0x59a47cf02815 - <ensc_testsuite[3061d4b14995d7da]::engine::plan::plan::Plan>::run_internal::<ensc_testsuite[3061d4b14995d7da]::tests::test_00::test_02::{closure#0}::{closure#0}>
[INFO] [stdout]   14:     0x59a47cf05698 - <ensc_testsuite[3061d4b14995d7da]::engine::plan::plan::Plan>::run_internal::<ensc_testsuite[3061d4b14995d7da]::tests::test_00::test_02::{closure#0}>
[INFO] [stdout]   15:     0x59a47cf16e3b - ensc_testsuite[3061d4b14995d7da]::tests::test_00::test_02
[INFO] [stdout]   16:     0x59a47cf1b259 - <ensc_testsuite[3061d4b14995d7da]::tests::test_00::test_02::{closure#0} as core[df12db4294e9bfd3]::ops::function::FnOnce<()>>::call_once
[INFO] [stdout]   17:     0x59a47cf2e13b - test[9d35eded1c95d3be]::__rust_begin_short_backtrace::<core[df12db4294e9bfd3]::result::Result<(), alloc[2182bb758b4b3781]::string::String>, fn() -> core[df12db4294e9bfd3]::result::Result<(), alloc[2182bb758b4b3781]::string::String>>
[INFO] [stdout]   18:     0x59a47cf3b7a5 - test[9d35eded1c95d3be]::run_test::{closure#0}
[INFO] [stdout]   19:     0x59a47cf35064 - std[70759c8f55707aa4]::sys::backtrace::__rust_begin_short_backtrace::<test[9d35eded1c95d3be]::run_test::{closure#1}, ()>
[INFO] [stdout]   20:     0x59a47cf3e902 - <std[70759c8f55707aa4]::thread::lifecycle::spawn_unchecked<test[9d35eded1c95d3be]::run_test::{closure#1}, ()>::{closure#1} as core[df12db4294e9bfd3]::ops::function::FnOnce<()>>::call_once::{shim:vtable#0}
[INFO] [stdout]   21:     0x59a47cfb15c9 - <std[70759c8f55707aa4]::sys::thread::unix::Thread>::new::thread_start
[INFO] [stdout]   22:     0x7bc769564dfa - <unknown>
[INFO] [stdout]   23:     0x7bc7695f83d4 - clone
[INFO] [stdout]   24:                0x0 - <unknown>
[INFO] [stdout] 
[INFO] [stdout] thread 'tests::test_00::test_02' (448) panicked at src/tests/test_00.rs:112:28:
[INFO] [stdout] panic! call with plain text
[INFO] [stdout] stack backtrace:
[INFO] [stdout]    0:     0x59a47cfb2381 - <<std[70759c8f55707aa4]::sys::backtrace::BacktraceLock>::print::DisplayBacktrace as core[df12db4294e9bfd3]::fmt::Display>::fmt
[INFO] [stdout]    1:     0x59a47cfc723a - core[df12db4294e9bfd3]::fmt::write
[INFO] [stdout]    2:     0x59a47cfb694c - <alloc[2182bb758b4b3781]::vec::Vec<u8> as core[df12db4294e9bfd3]::io::write::Write>::write_fmt
[INFO] [stdout]    3:     0x59a47cf8d5e6 - std[70759c8f55707aa4]::panicking::default_hook::{closure#0}
[INFO] [stdout]    4:     0x59a47cfa9db9 - std[70759c8f55707aa4]::panicking::default_hook
[INFO] [stdout]    5:     0x59a47cf3ae50 - test[9d35eded1c95d3be]::test_main_inner::<test[9d35eded1c95d3be]::test_main_static::{closure#0}>::{closure#0}
[INFO] [stdout]    6:     0x59a47cfa9f72 - std[70759c8f55707aa4]::panicking::panic_with_hook
[INFO] [stdout]    7:     0x59a47cf8d6c4 - std[70759c8f55707aa4]::panicking::panic_handler::{closure#0}
[INFO] [stdout]    8:     0x59a47cf86139 - std[70759c8f55707aa4]::sys::backtrace::__rust_end_short_backtrace::<std[70759c8f55707aa4]::panicking::panic_handler::{closure#0}, !>
[INFO] [stdout]    9:     0x59a47cf8e43d - __rustc[8fa7c3cbc660c2b3]::rust_begin_unwind
[INFO] [stdout]   10:     0x59a47cfc799c - core[df12db4294e9bfd3]::panicking::panic_fmt
[INFO] [stdout]   11:     0x59a47cefa602 - <ensc_testsuite[3061d4b14995d7da]::runners::plan::Plan>::ok::<&str, ensc_testsuite[3061d4b14995d7da]::tests::test_00::test_02::{closure#0}::{closure#0}::{closure#3}, ()>
[INFO] [stdout]   12:     0x59a47cf0283a - <ensc_testsuite[3061d4b14995d7da]::engine::plan::plan::Plan>::run_internal::<ensc_testsuite[3061d4b14995d7da]::tests::test_00::test_02::{closure#0}::{closure#0}>
[INFO] [stdout]   13:     0x59a47cf05698 - <ensc_testsuite[3061d4b14995d7da]::engine::plan::plan::Plan>::run_internal::<ensc_testsuite[3061d4b14995d7da]::tests::test_00::test_02::{closure#0}>
[INFO] [stdout]   14:     0x59a47cf16e3b - ensc_testsuite[3061d4b14995d7da]::tests::test_00::test_02
[INFO] [stdout]   15:     0x59a47cf1b259 - <ensc_testsuite[3061d4b14995d7da]::tests::test_00::test_02::{closure#0} as core[df12db4294e9bfd3]::ops::function::FnOnce<()>>::call_once
[INFO] [stdout]   16:     0x59a47cf2e13b - test[9d35eded1c95d3be]::__rust_begin_short_backtrace::<core[df12db4294e9bfd3]::result::Result<(), alloc[2182bb758b4b3781]::string::String>, fn() -> core[df12db4294e9bfd3]::result::Result<(), alloc[2182bb758b4b3781]::string::String>>
[INFO] [stdout]   17:     0x59a47cf3b7a5 - test[9d35eded1c95d3be]::run_test::{closure#0}
[INFO] [stdout]   18:     0x59a47cf35064 - std[70759c8f55707aa4]::sys::backtrace::__rust_begin_short_backtrace::<test[9d35eded1c95d3be]::run_test::{closure#1}, ()>
[INFO] [stdout]   19:     0x59a47cf3e902 - <std[70759c8f55707aa4]::thread::lifecycle::spawn_unchecked<test[9d35eded1c95d3be]::run_test::{closure#1}, ()>::{closure#1} as core[df12db4294e9bfd3]::ops::function::FnOnce<()>>::call_once::{shim:vtable#0}
[INFO] [stdout]   20:     0x59a47cfb15c9 - <std[70759c8f55707aa4]::sys::thread::unix::Thread>::new::thread_start
[INFO] [stdout]   21:     0x7bc769564dfa - <unknown>
[INFO] [stdout]   22:     0x7bc7695f83d4 - clone
[INFO] [stdout]   23:                0x0 - <unknown>
[INFO] [stdout] 
[INFO] [stdout] thread 'tests::test_00::test_02' (448) panicked at src/tests/test_00.rs:113:28:
[INFO] [stdout] panic! called with fmt
[INFO] [stdout] stack backtrace:
[INFO] [stdout]    0:     0x59a47cfb2381 - <<std[70759c8f55707aa4]::sys::backtrace::BacktraceLock>::print::DisplayBacktrace as core[df12db4294e9bfd3]::fmt::Display>::fmt
[INFO] [stdout]    1:     0x59a47cfc723a - core[df12db4294e9bfd3]::fmt::write
[INFO] [stdout]    2:     0x59a47cfb694c - <alloc[2182bb758b4b3781]::vec::Vec<u8> as core[df12db4294e9bfd3]::io::write::Write>::write_fmt
[INFO] [stdout]    3:     0x59a47cf8d5e6 - std[70759c8f55707aa4]::panicking::default_hook::{closure#0}
[INFO] [stdout]    4:     0x59a47cfa9db9 - std[70759c8f55707aa4]::panicking::default_hook
[INFO] [stdout]    5:     0x59a47cf3ae50 - test[9d35eded1c95d3be]::test_main_inner::<test[9d35eded1c95d3be]::test_main_static::{closure#0}>::{closure#0}
[INFO] [stdout]    6:     0x59a47cfa9f72 - std[70759c8f55707aa4]::panicking::panic_with_hook
[INFO] [stdout]    7:     0x59a47cf8d6c4 - std[70759c8f55707aa4]::panicking::panic_handler::{closure#0}
[INFO] [stdout]    8:     0x59a47cf86139 - std[70759c8f55707aa4]::sys::backtrace::__rust_end_short_backtrace::<std[70759c8f55707aa4]::panicking::panic_handler::{closure#0}, !>
[INFO] [stdout]    9:     0x59a47cf8e43d - __rustc[8fa7c3cbc660c2b3]::rust_begin_unwind
[INFO] [stdout]   10:     0x59a47cfc799c - core[df12db4294e9bfd3]::panicking::panic_fmt
[INFO] [stdout]   11:     0x59a47cefa8f2 - <ensc_testsuite[3061d4b14995d7da]::runners::plan::Plan>::ok::<&str, ensc_testsuite[3061d4b14995d7da]::tests::test_00::test_02::{closure#0}::{closure#0}::{closure#4}, ()>
[INFO] [stdout]   12:     0x59a47cf0285f - <ensc_testsuite[3061d4b14995d7da]::engine::plan::plan::Plan>::run_internal::<ensc_testsuite[3061d4b14995d7da]::tests::test_00::test_02::{closure#0}::{closure#0}>
[INFO] [stdout]   13:     0x59a47cf05698 - <ensc_testsuite[3061d4b14995d7da]::engine::plan::plan::Plan>::run_internal::<ensc_testsuite[3061d4b14995d7da]::tests::test_00::test_02::{closure#0}>
[INFO] [stdout]   14:     0x59a47cf16e3b - ensc_testsuite[3061d4b14995d7da]::tests::test_00::test_02
[INFO] [stdout]   15:     0x59a47cf1b259 - <ensc_testsuite[3061d4b14995d7da]::tests::test_00::test_02::{closure#0} as core[df12db4294e9bfd3]::ops::function::FnOnce<()>>::call_once
[INFO] [stdout]   16:     0x59a47cf2e13b - test[9d35eded1c95d3be]::__rust_begin_short_backtrace::<core[df12db4294e9bfd3]::result::Result<(), alloc[2182bb758b4b3781]::string::String>, fn() -> core[df12db4294e9bfd3]::result::Result<(), alloc[2182bb758b4b3781]::string::String>>
[INFO] [stdout]   17:     0x59a47cf3b7a5 - test[9d35eded1c95d3be]::run_test::{closure#0}
[INFO] [stdout]   18:     0x59a47cf35064 - std[70759c8f55707aa4]::sys::backtrace::__rust_begin_short_backtrace::<test[9d35eded1c95d3be]::run_test::{closure#1}, ()>
[INFO] [stdout]   19:     0x59a47cf3e902 - <std[70759c8f55707aa4]::thread::lifecycle::spawn_unchecked<test[9d35eded1c95d3be]::run_test::{closure#1}, ()>::{closure#1} as core[df12db4294e9bfd3]::ops::function::FnOnce<()>>::call_once::{shim:vtable#0}
[INFO] [stdout]   20:     0x59a47cfb15c9 - <std[70759c8f55707aa4]::sys::thread::unix::Thread>::new::thread_start
[INFO] [stdout]   21:     0x7bc769564dfa - <unknown>
[INFO] [stdout]   22:     0x7bc7695f83d4 - clone
[INFO] [stdout]   23:                0x0 - <unknown>
[INFO] [stdout] 
[INFO] [stdout] thread 'tests::test_00::test_02' (448) panicked at src/tests/test_00.rs:129:5:
[INFO] [stdout] assertion `left == right` failed
[INFO] [stdout]   left: Panic
[INFO] [stdout]  right: Fail
[INFO] [stdout] stack backtrace:
[INFO] [stdout]    0:     0x59a47cfb2381 - <<std[70759c8f55707aa4]::sys::backtrace::BacktraceLock>::print::DisplayBacktrace as core[df12db4294e9bfd3]::fmt::Display>::fmt
[INFO] [stdout]    1:     0x59a47cfc723a - core[df12db4294e9bfd3]::fmt::write
[INFO] [stdout]    2:     0x59a47cfb694c - <alloc[2182bb758b4b3781]::vec::Vec<u8> as core[df12db4294e9bfd3]::io::write::Write>::write_fmt
[INFO] [stdout]    3:     0x59a47cf8d5e6 - std[70759c8f55707aa4]::panicking::default_hook::{closure#0}
[INFO] [stdout]    4:     0x59a47cfa9db9 - std[70759c8f55707aa4]::panicking::default_hook
[INFO] [stdout]    5:     0x59a47cf3ae50 - test[9d35eded1c95d3be]::test_main_inner::<test[9d35eded1c95d3be]::test_main_static::{closure#0}>::{closure#0}
[INFO] [stdout]    6:     0x59a47cfa9f72 - std[70759c8f55707aa4]::panicking::panic_with_hook
[INFO] [stdout]    7:     0x59a47cf8d692 - std[70759c8f55707aa4]::panicking::panic_handler::{closure#0}
[INFO] [stdout]    8:     0x59a47cf86139 - std[70759c8f55707aa4]::sys::backtrace::__rust_end_short_backtrace::<std[70759c8f55707aa4]::panicking::panic_handler::{closure#0}, !>
[INFO] [stdout]    9:     0x59a47cf8e43d - __rustc[8fa7c3cbc660c2b3]::rust_begin_unwind
[INFO] [stdout]   10:     0x59a47cfc799c - core[df12db4294e9bfd3]::panicking::panic_fmt
[INFO] [stdout]   11:     0x59a47cfc78b3 - core[df12db4294e9bfd3]::panicking::assert_failed_inner
[INFO] [stdout]   12:     0x59a47cf1e58c - core[df12db4294e9bfd3]::panicking::assert_failed::<ensc_testsuite[3061d4b14995d7da]::util::status::Status, ensc_testsuite[3061d4b14995d7da]::util::status::Status>
[INFO] [stdout]   13:     0x59a47cf16ea2 - ensc_testsuite[3061d4b14995d7da]::tests::test_00::test_02
[INFO] [stdout]   14:     0x59a47cf1b259 - <ensc_testsuite[3061d4b14995d7da]::tests::test_00::test_02::{closure#0} as core[df12db4294e9bfd3]::ops::function::FnOnce<()>>::call_once
[INFO] [stdout]   15:     0x59a47cf2e13b - test[9d35eded1c95d3be]::__rust_begin_short_backtrace::<core[df12db4294e9bfd3]::result::Result<(), alloc[2182bb758b4b3781]::string::String>, fn() -> core[df12db4294e9bfd3]::result::Result<(), alloc[2182bb758b4b3781]::string::String>>
[INFO] [stdout]   16:     0x59a47cf3b7a5 - test[9d35eded1c95d3be]::run_test::{closure#0}
[INFO] [stdout]   17:     0x59a47cf35064 - std[70759c8f55707aa4]::sys::backtrace::__rust_begin_short_backtrace::<test[9d35eded1c95d3be]::run_test::{closure#1}, ()>
[INFO] [stdout]   18:     0x59a47cf3e902 - <std[70759c8f55707aa4]::thread::lifecycle::spawn_unchecked<test[9d35eded1c95d3be]::run_test::{closure#1}, ()>::{closure#1} as core[df12db4294e9bfd3]::ops::function::FnOnce<()>>::call_once::{shim:vtable#0}
[INFO] [stdout]   19:     0x59a47cfb15c9 - <std[70759c8f55707aa4]::sys::thread::unix::Thread>::new::thread_start
[INFO] [stdout]   20:     0x7bc769564dfa - <unknown>
[INFO] [stdout]   21:     0x7bc7695f83d4 - clone
[INFO] [stdout]   22:                0x0 - <unknown>
[INFO] [stdout] 
[INFO] [stdout] thread 'tests::test_00::test_02' (448) panicked at src/report/emit.rs:181:58:
[INFO] [stdout] called `Result::unwrap()` on an `Err` value: Custom { kind: ReadOnlyFilesystem, error: PathError { path: "/opt/rustwide/workdir/.tmp1fdB6f", err: Os { code: 30, kind: ReadOnlyFilesystem, message: "Read-only file system" } } }
[INFO] [stdout] stack backtrace:
[INFO] [stdout]    0:     0x59a47cfb2381 - <<std[70759c8f55707aa4]::sys::backtrace::BacktraceLock>::print::DisplayBacktrace as core[df12db4294e9bfd3]::fmt::Display>::fmt
[INFO] [stdout]    1:     0x59a47cfc723a - core[df12db4294e9bfd3]::fmt::write
[INFO] [stdout]    2:     0x59a47cfb694c - <alloc[2182bb758b4b3781]::vec::Vec<u8> as core[df12db4294e9bfd3]::io::write::Write>::write_fmt
[INFO] [stdout]    3:     0x59a47cf8d5e6 - std[70759c8f55707aa4]::panicking::default_hook::{closure#0}
[INFO] [stdout]    4:     0x59a47cfa9db9 - std[70759c8f55707aa4]::panicking::default_hook
[INFO] [stdout]    5:     0x59a47cf3ae50 - test[9d35eded1c95d3be]::test_main_inner::<test[9d35eded1c95d3be]::test_main_static::{closure#0}>::{closure#0}
[INFO] [stdout]    6:     0x59a47cfa9f72 - std[70759c8f55707aa4]::panicking::panic_with_hook
[INFO] [stdout]    7:     0x59a47cf8d692 - std[70759c8f55707aa4]::panicking::panic_handler::{closure#0}
[INFO] [stdout]    8:     0x59a47cf86139 - std[70759c8f55707aa4]::sys::backtrace::__rust_end_short_backtrace::<std[70759c8f55707aa4]::panicking::panic_handler::{closure#0}, !>
[INFO] [stdout]    9:     0x59a47cf8e43d - __rustc[8fa7c3cbc660c2b3]::rust_begin_unwind
[INFO] [stdout]   10:     0x59a47cfc799c - core[df12db4294e9bfd3]::panicking::panic_fmt
[INFO] [stdout]   11:     0x59a47cfc7772 - core[df12db4294e9bfd3]::result::unwrap_failed
[INFO] [stdout]   12:     0x59a47cf0cf5f - ensc_testsuite[3061d4b14995d7da]::report::emit::emit
[INFO] [stdout]   13:     0x59a47cf1b602 - <ensc_testsuite[3061d4b14995d7da]::engine::plan::info_ref::InfoRef>::with::<<ensc_testsuite[3061d4b14995d7da]::engine::plan::plan::Plan>::emit::{closure#0}, ()>
[INFO] [stdout]   14:     0x59a47cf18871 - <alloc[2182bb758b4b3781]::sync::Arc<ensc_testsuite[3061d4b14995d7da]::engine::plan::plan::Plan>>::drop_slow
[INFO] [stdout]   15:     0x59a47cf16ee3 - ensc_testsuite[3061d4b14995d7da]::tests::test_00::test_02
[INFO] [stdout]   16:     0x59a47cf1b259 - <ensc_testsuite[3061d4b14995d7da]::tests::test_00::test_02::{closure#0} as core[df12db4294e9bfd3]::ops::function::FnOnce<()>>::call_once
[INFO] [stdout]   17:     0x59a47cf2e13b - test[9d35eded1c95d3be]::__rust_begin_short_backtrace::<core[df12db4294e9bfd3]::result::Result<(), alloc[2182bb758b4b3781]::string::String>, fn() -> core[df12db4294e9bfd3]::result::Result<(), alloc[2182bb758b4b3781]::string::String>>
[INFO] [stdout]   18:     0x59a47cf3b7a5 - test[9d35eded1c95d3be]::run_test::{closure#0}
[INFO] [stdout]   19:     0x59a47cf35064 - std[70759c8f55707aa4]::sys::backtrace::__rust_begin_short_backtrace::<test[9d35eded1c95d3be]::run_test::{closure#1}, ()>
[INFO] [stdout]   20:     0x59a47cf3e902 - <std[70759c8f55707aa4]::thread::lifecycle::spawn_unchecked<test[9d35eded1c95d3be]::run_test::{closure#1}, ()>::{closure#1} as core[df12db4294e9bfd3]::ops::function::FnOnce<()>>::call_once::{shim:vtable#0}
[INFO] [stdout]   21:     0x59a47cfb15c9 - <std[70759c8f55707aa4]::sys::thread::unix::Thread>::new::thread_start
[INFO] [stdout]   22:     0x7bc769564dfa - <unknown>
[INFO] [stdout]   23:     0x7bc7695f83d4 - clone
[INFO] [stdout]   24:                0x0 - <unknown>
[INFO] [stderr] error: test failed, to rerun pass `--lib`
[INFO] [stderr] 
[INFO] [stderr] Caused by:
[INFO] [stderr]   process didn't exit successfully: `/opt/rustwide/target/release/deps/ensc_testsuite-20b684e8dfe08788` (signal: 6, SIGABRT: process abort signal)
[INFO] running `Command { std: "docker" "inspect" "7f01a78a9d0e3a4aebdbef818480164c3f1301d77ceb37359d57aa5798c2e0d4", kill_on_drop: false }`
[INFO] running `Command { std: "docker" "rm" "-f" "7f01a78a9d0e3a4aebdbef818480164c3f1301d77ceb37359d57aa5798c2e0d4", kill_on_drop: false }`
[INFO] [stdout] 7f01a78a9d0e3a4aebdbef818480164c3f1301d77ceb37359d57aa5798c2e0d4
