[INFO] fetching crate engramdb-io 0.3.0...
[INFO] testing engramdb-io-0.3.0 against 1.100.0-beta.1+cargoflags=--release for beta-release-1.100-2
[INFO] extracting crate engramdb-io 0.3.0 into /workspace/builds/worker-2-tc2/source
[INFO] started tweaking crates.io crate engramdb-io 0.3.0
[INFO] finished tweaking crates.io crate engramdb-io 0.3.0
[INFO] tweaked toml for crates.io crate engramdb-io 0.3.0 written to /workspace/builds/worker-2-tc2/source/Cargo.toml
[INFO] validating manifest of crates.io crate engramdb-io 0.3.0 on toolchain 1.100.0-beta.1
[INFO] running `Command { std: CARGO_HOME="/workspace/cargo-home" RUSTUP_HOME="/workspace/rustup-home" "/workspace/cargo-home/bin/cargo" "+1.100.0-beta.1" "metadata" "--manifest-path" "Cargo.toml" "--no-deps", kill_on_drop: false }`
[INFO] crate crates.io crate engramdb-io 0.3.0 already has a lockfile, it will not be regenerated
[INFO] running `Command { std: CARGO_HOME="/workspace/cargo-home" RUSTUP_HOME="/workspace/rustup-home" "/workspace/cargo-home/bin/cargo" "+1.100.0-beta.1" "fetch" "--manifest-path" "Cargo.toml", kill_on_drop: false }`
[INFO] [stderr]     Blocking waiting for file lock on package cache
[INFO] running `Command { std: "docker" "create" "-v" "/var/lib/crater-agent-workspace/builds/worker-2-tc2/source:/opt/rustwide/workdir:ro,Z" "-v" "/var/lib/crater-agent-workspace/builds/worker-2-tc2/target:/opt/rustwide/target:rw,Z" "-v" "/var/lib/crater-agent-workspace/cargo-home:/opt/rustwide/cargo-home:ro,Z" "-v" "/var/lib/crater-agent-workspace/rustup-home:/opt/rustwide/rustup-home:ro,Z" "-m" "1610612736" "--network" "none" "ghcr.io/rust-lang/crates-build-env/linux@sha256:77db811e55d90add9212f6832c23229e3de5f1c1f9905e8cb07319ea15df73ac" "sleep" "infinity", kill_on_drop: false }`
[INFO] [stdout] 99577ab49f9483689162f0340663ecb6d1ac38b56ca34b63b6fd5704018e7f57
[INFO] running `Command { std: "docker" "start" "99577ab49f9483689162f0340663ecb6d1ac38b56ca34b63b6fd5704018e7f57", kill_on_drop: false }`
[INFO] running `Command { std: "docker" "inspect" "99577ab49f9483689162f0340663ecb6d1ac38b56ca34b63b6fd5704018e7f57", kill_on_drop: false }`
[INFO] running `Command { std: "docker" "exec" "-e" "SOURCE_DIR=/opt/rustwide/workdir" "-e" "CARGO_HOME=/opt/rustwide/cargo-home" "-e" "RUSTUP_HOME=/opt/rustwide/rustup-home" "-e" "CARGO_TARGET_DIR=/opt/rustwide/target" "-w" "/opt/rustwide/workdir" "--user" "0:0" "99577ab49f9483689162f0340663ecb6d1ac38b56ca34b63b6fd5704018e7f57" "/opt/rustwide/cargo-home/bin/cargo" "+1.100.0-beta.1" "metadata" "--no-deps" "--format-version=1", kill_on_drop: false }`
[INFO] running `Command { std: "docker" "inspect" "99577ab49f9483689162f0340663ecb6d1ac38b56ca34b63b6fd5704018e7f57", kill_on_drop: false }`
[INFO] running `Command { std: "docker" "exec" "-e" "SOURCE_DIR=/opt/rustwide/workdir" "-e" "CARGO_HOME=/opt/rustwide/cargo-home" "-e" "RUSTUP_HOME=/opt/rustwide/rustup-home" "-e" "CARGO_TARGET_DIR=/opt/rustwide/target" "-e" "CARGO_INCREMENTAL=0" "-e" "RUST_BACKTRACE=full" "-e" "RUSTFLAGS=--cap-lints=warn" "-e" "RUSTDOCFLAGS=--cap-lints=warn" "-w" "/opt/rustwide/workdir" "--user" "0:0" "99577ab49f9483689162f0340663ecb6d1ac38b56ca34b63b6fd5704018e7f57" "/opt/rustwide/cargo-home/bin/cargo" "+1.100.0-beta.1" "build" "--frozen" "--message-format=json" "--release", kill_on_drop: false }`
[INFO] [stderr]    Compiling serde_core v1.0.229
[INFO] [stderr]    Compiling io-uring v0.7.15
[INFO] [stderr]    Compiling bitflags v2.13.2
[INFO] [stderr]    Compiling engramdb-keygen v0.3.0
[INFO] [stderr]    Compiling engramdb-core v0.3.0
[INFO] [stderr]    Compiling serde_json v1.0.151
[INFO] [stderr]    Compiling engramdb-io v0.3.0 (/opt/rustwide/workdir)
[INFO] [stderr]     Finished `release` profile [optimized] target(s) in 8.67s
[INFO] running `Command { std: "docker" "inspect" "99577ab49f9483689162f0340663ecb6d1ac38b56ca34b63b6fd5704018e7f57", kill_on_drop: false }`
[INFO] running `Command { std: "docker" "exec" "-e" "SOURCE_DIR=/opt/rustwide/workdir" "-e" "CARGO_HOME=/opt/rustwide/cargo-home" "-e" "RUSTUP_HOME=/opt/rustwide/rustup-home" "-e" "CARGO_TARGET_DIR=/opt/rustwide/target" "-e" "CARGO_INCREMENTAL=0" "-e" "RUST_BACKTRACE=full" "-e" "RUSTFLAGS=--cap-lints=warn" "-e" "RUSTDOCFLAGS=--cap-lints=warn" "-w" "/opt/rustwide/workdir" "--user" "0:0" "99577ab49f9483689162f0340663ecb6d1ac38b56ca34b63b6fd5704018e7f57" "/opt/rustwide/cargo-home/bin/cargo" "+1.100.0-beta.1" "test" "--frozen" "--no-run" "--message-format=json" "--release", kill_on_drop: false }`
[INFO] [stderr]    Compiling engramdb-io v0.3.0 (/opt/rustwide/workdir)
[INFO] [stderr]     Finished `release` profile [optimized] target(s) in 3.09s
[INFO] running `Command { std: "docker" "inspect" "99577ab49f9483689162f0340663ecb6d1ac38b56ca34b63b6fd5704018e7f57", kill_on_drop: false }`
[INFO] running `Command { std: "docker" "exec" "-e" "SOURCE_DIR=/opt/rustwide/workdir" "-e" "CARGO_HOME=/opt/rustwide/cargo-home" "-e" "RUSTUP_HOME=/opt/rustwide/rustup-home" "-e" "CARGO_TARGET_DIR=/opt/rustwide/target" "-e" "CARGO_INCREMENTAL=0" "-e" "RUST_BACKTRACE=full" "-e" "RUSTFLAGS=--cap-lints=warn" "-e" "RUSTDOCFLAGS=--cap-lints=warn" "-w" "/opt/rustwide/workdir" "--user" "0:0" "99577ab49f9483689162f0340663ecb6d1ac38b56ca34b63b6fd5704018e7f57" "/opt/rustwide/cargo-home/bin/cargo" "+1.100.0-beta.1" "test" "--frozen" "--release", kill_on_drop: false }`
[INFO] [stderr]     Finished `release` profile [optimized] target(s) in 0.03s
[INFO] [stderr]      Running unittests src/lib.rs (/opt/rustwide/target/release/build/engramdb-io/22d698d372ba099c/out/engramdb_io-22d698d372ba099c)
[INFO] [stdout] 
[INFO] [stdout] running 15 tests
[INFO] [stdout] test planner::tests::window_eviction_republish ... ok
[INFO] [stdout] test backend::tests::uring_roundtrip_and_semantics ... ok
[INFO] [stdout] test planner::tests::first_token_all_new ... ok
[INFO] [stdout] test planner::tests::repeated_token_reuses_window ... ok
[INFO] [stdout] test pool::tests::empty_is_noop ... ok
[INFO] [stdout] test backend::tests::preadv_roundtrip ... ok
[INFO] [stdout] test batch::tests::plan_dedup_sort ... ok
[INFO] [stdout] test pool::tests::borrows_non_static_data ... ok
[INFO] [stdout] test pool::tests::panic_propagates_and_pool_survives ... FAILED
[INFO] [stdout] test batch::tests::gather_plan_end_to_end ... ok
[INFO] [stdout] test view::tests::build_from_keys_and_view_reader_roundtrip ... ok
[INFO] [stdout] test pool::tests::repeated_use_is_stable ... ok
[INFO] [stdout] test batch::tests::gather_pp_multishard_uses_local_row_offsets ... ok
[INFO] [stdout] test pool::tests::runs_every_job_exactly_once ... ok
[INFO] [stdout] test backend::tests::default_backend_constructs ... ok
[INFO] [stdout] 
[INFO] [stdout] failures:
[INFO] [stdout] 
[INFO] [stdout] ---- pool::tests::panic_propagates_and_pool_survives stdout ----
[INFO] [stdout] 
[INFO] [stdout] thread 'pool::tests::panic_propagates_and_pool_survives' (321) panicked at src/pool.rs:314:9:
[INFO] [stdout] panic 必须传播到调用线程
[INFO] [stdout] stack backtrace:
[INFO] [stdout]    0:     0x57466a26de11 - <<std[617be2ca0a6fd877]::sys::backtrace::BacktraceLock>::print::DisplayBacktrace as core[a373ad73a504971]::fmt::Display>::fmt
[INFO] [stdout]    1:     0x57466a28277a - core[a373ad73a504971]::fmt::write
[INFO] [stdout]    2:     0x57466a2722fc - <alloc[2e1b2a31b91974c5]::vec::Vec<u8> as core[a373ad73a504971]::io::write::Write>::write_fmt
[INFO] [stdout]    3:     0x57466a248166 - std[617be2ca0a6fd877]::panicking::default_hook::{closure#0}
[INFO] [stdout]    4:     0x57466a2652f9 - std[617be2ca0a6fd877]::panicking::default_hook
[INFO] [stdout]    5:     0x57466a1ffdc0 - test[aada8e7e76ba119b]::test_main_inner::{closure#0}
[INFO] [stdout]    6:     0x57466a265622 - std[617be2ca0a6fd877]::panicking::panic_with_hook
[INFO] [stdout]    7:     0x57466a248244 - std[617be2ca0a6fd877]::panicking::panic_handler::{closure#0}
[INFO] [stdout]    8:     0x57466a240c79 - std[617be2ca0a6fd877]::sys::backtrace::__rust_end_short_backtrace::<std[617be2ca0a6fd877]::panicking::panic_handler::{closure#0}, !>
[INFO] [stdout]    9:     0x57466a248e1d - __rustc[ea4f61d10b84890b]::rust_begin_unwind
[INFO] [stdout]   10:     0x57466a282eac - core[a373ad73a504971]::panicking::panic_fmt
[INFO] [stdout]   11:     0x57466a1e9daa - <engramdb_io[e0a19ce5bcd777e0]::pool::tests::panic_propagates_and_pool_survives::{closure#0} as core[a373ad73a504971]::ops::function::FnOnce<()>>::call_once
[INFO] [stdout]   12:     0x57466a1f320b - test[aada8e7e76ba119b]::__rust_begin_short_backtrace::<core[a373ad73a504971]::result::Result<(), alloc[2e1b2a31b91974c5]::string::String>, fn() -> core[a373ad73a504971]::result::Result<(), alloc[2e1b2a31b91974c5]::string::String>>
[INFO] [stdout]   13:     0x57466a2003e5 - test[aada8e7e76ba119b]::run_test::{closure#0}
[INFO] [stdout]   14:     0x57466a1f9cd4 - std[617be2ca0a6fd877]::sys::backtrace::__rust_begin_short_backtrace::<test[aada8e7e76ba119b]::run_test::{closure#1}, ()>
[INFO] [stdout]   15:     0x57466a203472 - <std[617be2ca0a6fd877]::thread::lifecycle::spawn_unchecked<test[aada8e7e76ba119b]::run_test::{closure#1}, ()>::{closure#1} as core[a373ad73a504971]::ops::function::FnOnce<()>>::call_once::{shim:vtable#0}
[INFO] [stdout]   16:     0x57466a26cd9f - <std[617be2ca0a6fd877]::sys::thread::unix::Thread>::new::thread_start
[INFO] [stdout]   17:     0x792183a55dfa - <unknown>
[INFO] [stdout]   18:     0x792183ae93d4 - clone
[INFO] [stdout]   19:                0x0 - <unknown>
[INFO] [stdout] 
[INFO] [stdout] 
[INFO] [stdout] failures:
[INFO] [stdout]     pool::tests::panic_propagates_and_pool_survives
[INFO] [stdout] 
[INFO] [stdout] test result: FAILED. 14 passed; 1 failed; 0 ignored; 0 measured; 0 filtered out; finished in 0.13s
[INFO] [stdout] 
[INFO] [stderr] error: test failed, to rerun pass `--lib`
[INFO] running `Command { std: "docker" "inspect" "99577ab49f9483689162f0340663ecb6d1ac38b56ca34b63b6fd5704018e7f57", kill_on_drop: false }`
[INFO] running `Command { std: "docker" "rm" "-f" "99577ab49f9483689162f0340663ecb6d1ac38b56ca34b63b6fd5704018e7f57", kill_on_drop: false }`
[INFO] [stdout] 99577ab49f9483689162f0340663ecb6d1ac38b56ca34b63b6fd5704018e7f57
