[INFO] fetching crate egui-reactor-elements 0.1.1...
[INFO] testing egui-reactor-elements-0.1.1 against 1.100.0-beta.1+cargoflags=--release for beta-release-1.100-2
[INFO] extracting crate egui-reactor-elements 0.1.1 into /workspace/builds/worker-2-tc2/source
[INFO] started tweaking crates.io crate egui-reactor-elements 0.1.1
[INFO] removed 0 missing tests
[INFO] finished tweaking crates.io crate egui-reactor-elements 0.1.1
[INFO] tweaked toml for crates.io crate egui-reactor-elements 0.1.1 written to /workspace/builds/worker-2-tc2/source/Cargo.toml
[INFO] validating manifest of crates.io crate egui-reactor-elements 0.1.1 on toolchain 1.100.0-beta.1
[INFO] running `Command { std: CARGO_HOME="/workspace/cargo-home" RUSTUP_HOME="/workspace/rustup-home" "/workspace/cargo-home/bin/cargo" "+1.100.0-beta.1" "metadata" "--manifest-path" "Cargo.toml" "--no-deps", kill_on_drop: false }`
[INFO] crate crates.io crate egui-reactor-elements 0.1.1 already has a lockfile, it will not be regenerated
[INFO] running `Command { std: CARGO_HOME="/workspace/cargo-home" RUSTUP_HOME="/workspace/rustup-home" "/workspace/cargo-home/bin/cargo" "+1.100.0-beta.1" "fetch" "--manifest-path" "Cargo.toml", kill_on_drop: false }`
[INFO] running `Command { std: "docker" "create" "-v" "/var/lib/crater-agent-workspace/builds/worker-2-tc2/source:/opt/rustwide/workdir:ro,Z" "-v" "/var/lib/crater-agent-workspace/builds/worker-2-tc2/target:/opt/rustwide/target:rw,Z" "-v" "/var/lib/crater-agent-workspace/cargo-home:/opt/rustwide/cargo-home:ro,Z" "-v" "/var/lib/crater-agent-workspace/rustup-home:/opt/rustwide/rustup-home:ro,Z" "-m" "1610612736" "--network" "none" "ghcr.io/rust-lang/crates-build-env/linux@sha256:77db811e55d90add9212f6832c23229e3de5f1c1f9905e8cb07319ea15df73ac" "sleep" "infinity", kill_on_drop: false }`
[INFO] [stdout] 3df5e18983ccc8f563196ba886186fd8676935cc118419568a9834b2f982f3df
[INFO] running `Command { std: "docker" "start" "3df5e18983ccc8f563196ba886186fd8676935cc118419568a9834b2f982f3df", kill_on_drop: false }`
[INFO] running `Command { std: "docker" "inspect" "3df5e18983ccc8f563196ba886186fd8676935cc118419568a9834b2f982f3df", kill_on_drop: false }`
[INFO] running `Command { std: "docker" "exec" "-e" "SOURCE_DIR=/opt/rustwide/workdir" "-e" "CARGO_HOME=/opt/rustwide/cargo-home" "-e" "RUSTUP_HOME=/opt/rustwide/rustup-home" "-e" "CARGO_TARGET_DIR=/opt/rustwide/target" "-w" "/opt/rustwide/workdir" "--user" "0:0" "3df5e18983ccc8f563196ba886186fd8676935cc118419568a9834b2f982f3df" "/opt/rustwide/cargo-home/bin/cargo" "+1.100.0-beta.1" "metadata" "--no-deps" "--format-version=1", kill_on_drop: false }`
[INFO] running `Command { std: "docker" "inspect" "3df5e18983ccc8f563196ba886186fd8676935cc118419568a9834b2f982f3df", kill_on_drop: false }`
[INFO] running `Command { std: "docker" "exec" "-e" "SOURCE_DIR=/opt/rustwide/workdir" "-e" "CARGO_HOME=/opt/rustwide/cargo-home" "-e" "RUSTUP_HOME=/opt/rustwide/rustup-home" "-e" "CARGO_TARGET_DIR=/opt/rustwide/target" "-e" "CARGO_INCREMENTAL=0" "-e" "RUST_BACKTRACE=full" "-e" "RUSTFLAGS=--cap-lints=warn" "-e" "RUSTDOCFLAGS=--cap-lints=warn" "-w" "/opt/rustwide/workdir" "--user" "0:0" "3df5e18983ccc8f563196ba886186fd8676935cc118419568a9834b2f982f3df" "/opt/rustwide/cargo-home/bin/cargo" "+1.100.0-beta.1" "build" "--frozen" "--message-format=json" "--release", kill_on_drop: false }`
[INFO] [stderr]    Compiling proc-macro2 v1.0.107
[INFO] [stderr]    Compiling smallvec v1.16.0
[INFO] [stderr]    Compiling thiserror v2.0.20
[INFO] [stderr]    Compiling zerocopy v0.8.56
[INFO] [stderr]    Compiling proc-macro2-diagnostics2 v0.11.0
[INFO] [stderr]    Compiling hashbrown v0.17.1
[INFO] [stderr]    Compiling emath v0.36.1
[INFO] [stderr]    Compiling yansi v1.0.1
[INFO] [stderr]    Compiling rstml v0.13.0
[INFO] [stderr]    Compiling self_cell v1.3.0
[INFO] [stderr]    Compiling either v1.18.0
[INFO] [stderr]    Compiling uuid v1.26.0
[INFO] [stderr]    Compiling grid v1.0.1
[INFO] [stderr]    Compiling elsa v1.11.2
[INFO] [stderr]    Compiling itertools v0.15.0
[INFO] [stderr]    Compiling accesskit v0.24.1
[INFO] [stderr]    Compiling taffy v0.9.2
[INFO] [stderr]    Compiling kurbo v0.13.1
[INFO] [stderr]    Compiling parking_lot_core v0.9.12
[INFO] [stderr]    Compiling ecolor v0.36.1
[INFO] [stderr]    Compiling parking_lot v0.12.5
[INFO] [stderr]    Compiling quote v1.0.47
[INFO] [stderr]    Compiling syn v3.0.5
[INFO] [stderr]    Compiling syn v2.0.119
[INFO] [stderr]    Compiling proc-macro-error-attr2 v2.0.0
[INFO] [stderr]    Compiling proc-macro-error2 v2.0.1
[INFO] [stderr]    Compiling ahash v0.8.12
[INFO] [stderr]    Compiling syn_derive v0.2.0
[INFO] [stderr]    Compiling derive-where v1.6.1
[INFO] [stderr]    Compiling typed-builder-macro v0.23.2
[INFO] [stderr]    Compiling bytemuck_derive v1.12.0
[INFO] [stderr]    Compiling thiserror-impl v2.0.20
[INFO] [stderr]    Compiling serde_derive v1.0.229
[INFO] [stderr]    Compiling typed-builder v0.23.2
[INFO] [stderr]    Compiling bytemuck v1.25.2
[INFO] [stderr]    Compiling font-types v0.12.4
[INFO] [stderr]    Compiling color v0.3.3
[INFO] [stderr]    Compiling egui-reactor-macros v0.1.1
[INFO] [stderr]    Compiling serde v1.0.229
[INFO] [stderr]    Compiling peniko v0.6.1
[INFO] [stderr]    Compiling read-fonts v0.41.0
[INFO] [stderr]    Compiling vello_common v0.1.0
[INFO] [stderr]    Compiling vello_cpu v0.1.0
[INFO] [stderr]    Compiling skrifa v0.44.0
[INFO] [stderr]    Compiling harfrust v0.12.0
[INFO] [stderr]    Compiling epaint v0.36.1
[INFO] [stderr]    Compiling egui v0.36.1
[INFO] [stderr]    Compiling egui-reactor v0.1.1
[INFO] [stderr]    Compiling egui-reactor-elements v0.1.1 (/opt/rustwide/workdir)
[INFO] [stderr]     Finished `release` profile [optimized] target(s) in 1m 58s
[INFO] [stderr] warning: the following packages contain code that will be rejected by a future version of Rust: proc-macro-error2 v2.0.1
[INFO] [stderr] note: to see what the problems were, use the option `--future-incompat-report`, or run `cargo report future-incompatibilities --id 5`
[INFO] running `Command { std: "docker" "inspect" "3df5e18983ccc8f563196ba886186fd8676935cc118419568a9834b2f982f3df", kill_on_drop: false }`
[INFO] running `Command { std: "docker" "exec" "-e" "SOURCE_DIR=/opt/rustwide/workdir" "-e" "CARGO_HOME=/opt/rustwide/cargo-home" "-e" "RUSTUP_HOME=/opt/rustwide/rustup-home" "-e" "CARGO_TARGET_DIR=/opt/rustwide/target" "-e" "CARGO_INCREMENTAL=0" "-e" "RUST_BACKTRACE=full" "-e" "RUSTFLAGS=--cap-lints=warn" "-e" "RUSTDOCFLAGS=--cap-lints=warn" "-w" "/opt/rustwide/workdir" "--user" "0:0" "3df5e18983ccc8f563196ba886186fd8676935cc118419568a9834b2f982f3df" "/opt/rustwide/cargo-home/bin/cargo" "+1.100.0-beta.1" "test" "--frozen" "--no-run" "--message-format=json" "--release", kill_on_drop: false }`
[INFO] [stderr]    Compiling serde_core v1.0.229
[INFO] [stderr]    Compiling epaint_default_fonts v0.36.1
[INFO] [stderr]    Compiling hashbrown v0.16.1
[INFO] [stderr]    Compiling winnow v1.0.4
[INFO] [stderr]    Compiling epaint v0.36.1
[INFO] [stderr]    Compiling toml_parser v1.1.3+spec-1.1.0
[INFO] [stderr]    Compiling accesskit_consumer v0.35.0
[INFO] [stderr]    Compiling kittest v0.4.0
[INFO] [stderr]    Compiling egui v0.36.1
[INFO] [stderr]    Compiling serde v1.0.229
[INFO] [stderr]    Compiling serde_json v1.0.151
[INFO] [stderr]    Compiling toml_datetime v1.1.1+spec-1.1.0
[INFO] [stderr]    Compiling serde_spanned v1.1.1
[INFO] [stderr]    Compiling toml v1.1.5+spec-1.1.0
[INFO] [stderr]    Compiling egui-reactor v0.1.1
[INFO] [stderr]    Compiling egui_kittest v0.36.1
[INFO] [stderr]    Compiling egui-reactor-elements v0.1.1 (/opt/rustwide/workdir)
[INFO] [stderr]     Finished `release` profile [optimized] target(s) in 1m 06s
[INFO] [stderr] warning: the following packages contain code that will be rejected by a future version of Rust: proc-macro-error2 v2.0.1
[INFO] [stderr] note: to see what the problems were, use the option `--future-incompat-report`, or run `cargo report future-incompatibilities --id 5`
[INFO] running `Command { std: "docker" "inspect" "3df5e18983ccc8f563196ba886186fd8676935cc118419568a9834b2f982f3df", kill_on_drop: false }`
[INFO] running `Command { std: "docker" "exec" "-e" "SOURCE_DIR=/opt/rustwide/workdir" "-e" "CARGO_HOME=/opt/rustwide/cargo-home" "-e" "RUSTUP_HOME=/opt/rustwide/rustup-home" "-e" "CARGO_TARGET_DIR=/opt/rustwide/target" "-e" "CARGO_INCREMENTAL=0" "-e" "RUST_BACKTRACE=full" "-e" "RUSTFLAGS=--cap-lints=warn" "-e" "RUSTDOCFLAGS=--cap-lints=warn" "-w" "/opt/rustwide/workdir" "--user" "0:0" "3df5e18983ccc8f563196ba886186fd8676935cc118419568a9834b2f982f3df" "/opt/rustwide/cargo-home/bin/cargo" "+1.100.0-beta.1" "test" "--frozen" "--release", kill_on_drop: false }`
[INFO] [stderr]     Finished `release` profile [optimized] target(s) in 0.20s
[INFO] [stderr] warning: the following packages contain code that will be rejected by a future version of Rust: proc-macro-error2 v2.0.1
[INFO] [stderr] note: to see what the problems were, use the option `--future-incompat-report`, or run `cargo report future-incompatibilities --id 5`
[INFO] [stderr]      Running unittests src/lib.rs (/opt/rustwide/target/release/build/egui-reactor-elements/11aad752d2e6f5e0/out/egui_reactor_elements-11aad752d2e6f5e0)
[INFO] [stdout] 
[INFO] [stdout] running 0 tests
[INFO] [stdout] 
[INFO] [stdout] test result: ok. 0 passed; 0 failed; 0 ignored; 0 measured; 0 filtered out; finished in 0.00s
[INFO] [stdout] 
[INFO] [stderr]      Running tests/canvas.rs (/opt/rustwide/target/release/build/egui-reactor-elements/d0fcf4e37e096b5a/out/canvas-d0fcf4e37e096b5a)
[INFO] [stdout] 
[INFO] [stdout] running 4 tests
[INFO] [stdout] test hovering_reports_the_pointer_position ... ok
[INFO] [stdout] test the_painted_rect_is_the_size_the_style_asks_for ... ok
[INFO] [stdout] test dragging_reports_the_delta ... ok
[INFO] [stdout] test grow_takes_the_space_the_others_leave ... ok
[INFO] [stdout] 
[INFO] [stdout] test result: ok. 4 passed; 0 failed; 0 ignored; 0 measured; 0 filtered out; finished in 0.02s
[INFO] [stdout] 
[INFO] [stderr]      Running tests/containers.rs (/opt/rustwide/target/release/build/egui-reactor-elements/e39ba9292bf956ac/out/containers-e39ba9292bf956ac)
[INFO] [stdout] 
[INFO] [stdout] running 8 tests
[INFO] [stdout] test a_panel_inside_a_view_docks_in_the_window ... ok
[INFO] [stdout] test panels_host_children_and_keep_their_state ... ok
[INFO] [stdout] test a_closed_window_unmounts_its_children ... ok
[INFO] [stdout] test a_container_inside_a_view_behaves_as_one_leaf ... ok
[INFO] [stdout] test grid_rows_are_separated_by_row ... ok
[INFO] [stdout] test panels_written_as_siblings_dock ... ok
[INFO] [stdout] test a_shadowed_view_lays_out_like_a_plain_one ... ok
[INFO] [stdout] test every_container_hosts_hooks_that_survive_frames ... ok
[INFO] [stdout] 
[INFO] [stdout] test result: ok. 8 passed; 0 failed; 0 ignored; 0 measured; 0 filtered out; finished in 0.03s
[INFO] [stdout] 
[INFO] [stderr]      Running tests/layout.rs (/opt/rustwide/target/release/build/egui-reactor-elements/a912e393d9b6f396/out/layout-a912e393d9b6f396)
[INFO] [stdout] 
[INFO] [stdout] running 9 tests
[INFO] [stdout] test direction_places_the_children ... ok
[INFO] [stdout] test align_controls_the_cross_axis ... ok
[INFO] [stdout] test grid_places_children_in_columns ... ok
[INFO] [stdout] test width_padding_and_margin_reach_taffy ... ok
[INFO] [stdout] test style_and_shorthand_attributes_are_merged ... ok
[INFO] [stdout] test text_extends_instead_of_wrapping ... ok
[INFO] [stdout] test col_span_widens_a_grid_item ... ok
[INFO] [stdout] test justify_and_gap_control_the_main_axis ... ok
[INFO] [stdout] test grow_shares_the_leftover_space ... ok
[INFO] [stdout] 
[INFO] [stdout] test result: ok. 9 passed; 0 failed; 0 ignored; 0 measured; 0 filtered out; finished in 0.02s
[INFO] [stdout] 
[INFO] [stderr]      Running tests/multi_pass.rs (/opt/rustwide/target/release/build/egui-reactor-elements/6d1e4c4127f4034f/out/multi_pass-6d1e4c4127f4034f)
[INFO] [stdout] 
[INFO] [stdout] running 1 test
[INFO] [stdout] test taffy_discard_runs_two_passes_but_one_handler ... ok
[INFO] [stdout] 
[INFO] [stdout] test result: ok. 1 passed; 0 failed; 0 ignored; 0 measured; 0 filtered out; finished in 0.01s
[INFO] [stdout] 
[INFO] [stderr]      Running tests/overlay.rs (/opt/rustwide/target/release/build/egui-reactor-elements/162cc3151b65690a/out/overlay-162cc3151b65690a)
[INFO] [stdout] 
[INFO] [stdout] running 5 tests
[INFO] [stdout] test anchored_bottom_right_stays_in_the_corner ... ok
[INFO] [stdout] test a_sized_overlay_roots_a_tree_that_fills_the_sheet ... ok
[INFO] [stdout] test an_overlay_not_drawn_unmounts_its_children ... ok
[INFO] [stdout] test a_sized_overlay_takes_the_presses ... ok
[INFO] [stdout] test top_keeps_an_overlay_above_a_later_one ... ok
[INFO] [stdout] 
[INFO] [stdout] test result: ok. 5 passed; 0 failed; 0 ignored; 0 measured; 0 filtered out; finished in 0.01s
[INFO] [stdout] 
[INFO] [stderr]      Running tests/paint.rs (/opt/rustwide/target/release/build/egui-reactor-elements/b72f0fdae875062e/out/paint-b72f0fdae875062e)
[INFO] [stdout] 
[INFO] [stdout] running 3 tests
[INFO] [stdout] test a_buttons_padding_becomes_the_widgets_own ... ok
[INFO] [stderr]      Running tests/resize.rs (/opt/rustwide/target/release/build/egui-reactor-elements/2979d3b73de25787/out/resize-2979d3b73de25787)
[INFO] [stdout] test a_painted_text_edit_and_combo_box_still_work ... ok
[INFO] [stdout] test a_painted_view_reserves_its_padding_and_its_border ... ok
[INFO] [stdout] 
[INFO] [stdout] test result: ok. 3 passed; 0 failed; 0 ignored; 0 measured; 0 filtered out; finished in 0.01s
[INFO] [stdout] 
[INFO] [stdout] 
[INFO] [stdout] running 1 test
[INFO] [stdout] test a_resize_lands_on_the_layout_of_the_new_size ... ok
[INFO] [stdout] 
[INFO] [stdout] test result: ok. 1 passed; 0 failed; 0 ignored; 0 measured; 0 filtered out; finished in 0.01s
[INFO] [stdout] 
[INFO] [stderr]      Running tests/scroll_fill.rs (/opt/rustwide/target/release/build/egui-reactor-elements/5b777633b51a1b69/out/scroll_fill-5b777633b51a1b69)
[INFO] [stdout] 
[INFO] [stdout] running 2 tests
[INFO] [stdout] test nested_taffy_tree_follows_a_resize ... ok
[INFO] [stderr]      Running tests/snapshots.rs (/opt/rustwide/target/release/build/egui-reactor-elements/1bf1c11d3d8a8027/out/snapshots-1bf1c11d3d8a8027)
[INFO] [stdout] test growing_scroll_area_fills_the_window ... ok
[INFO] [stdout] 
[INFO] [stdout] test result: ok. 2 passed; 0 failed; 0 ignored; 0 measured; 0 filtered out; finished in 0.01s
[INFO] [stdout] 
[INFO] [stdout] 
[INFO] [stdout] running 0 tests
[INFO] [stdout] 
[INFO] [stdout] test result: ok. 0 passed; 0 failed; 0 ignored; 0 measured; 0 filtered out; finished in 0.00s
[INFO] [stdout] 
[INFO] [stderr]      Running tests/suspense.rs (/opt/rustwide/target/release/build/egui-reactor-elements/f6418974a2b45af2/out/suspense-f6418974a2b45af2)
[INFO] [stdout] 
[INFO] [stdout] running 7 tests
[INFO] [stdout] test inside_a_view_children_lay_out_in_the_parent_tree ... ok
[INFO] [stdout] test switch_happens_in_one_frame ... ok
[INFO] [stdout] test fallback_while_pending_then_children ... ok
[INFO] [stdout] test partial_children_are_never_shown ... ok
[INFO] [stdout] test nested_boundary_catches_its_own ... ok
[INFO] [stdout] test children_state_survives_suspension ... FAILED
[INFO] [stdout] test offscreen_children_do_not_react_to_input ... ok
[INFO] [stdout] 
[INFO] [stdout] failures:
[INFO] [stdout] 
[INFO] [stdout] ---- children_state_survives_suspension stdout ----
[INFO] [stdout] 
[INFO] [stdout] thread 'children_state_survives_suspension' (2345) panicked at tests/suspense.rs:233:5:
[INFO] [stdout] the counter must have survived the suspension
[INFO] [stdout] stack backtrace:
[INFO] [stdout]    0:     0x5fd3169adcf1 - <<std[617be2ca0a6fd877]::sys::backtrace::BacktraceLock>::print::DisplayBacktrace as core[a373ad73a504971]::fmt::Display>::fmt
[INFO] [stdout]    1:     0x5fd3169c43ca - core[a373ad73a504971]::fmt::write
[INFO] [stdout]    2:     0x5fd3169b1fbc - <alloc[2e1b2a31b91974c5]::vec::Vec<u8> as core[a373ad73a504971]::io::write::Write>::write_fmt
[INFO] [stdout]    3:     0x5fd316989f16 - std[617be2ca0a6fd877]::panicking::default_hook::{closure#0}
[INFO] [stdout]    4:     0x5fd3169a6149 - std[617be2ca0a6fd877]::panicking::default_hook
[INFO] [stdout]    5:     0x5fd31662ac90 - test[aada8e7e76ba119b]::test_main_inner::{closure#0}
[INFO] [stdout]    6:     0x5fd3169a6302 - std[617be2ca0a6fd877]::panicking::panic_with_hook
[INFO] [stdout]    7:     0x5fd316989ff4 - std[617be2ca0a6fd877]::panicking::panic_handler::{closure#0}
[INFO] [stdout]    8:     0x5fd316982ca9 - std[617be2ca0a6fd877]::sys::backtrace::__rust_end_short_backtrace::<std[617be2ca0a6fd877]::panicking::panic_handler::{closure#0}, !>
[INFO] [stdout]    9:     0x5fd31698abcd - __rustc[ea4f61d10b84890b]::rust_begin_unwind
[INFO] [stdout]   10:     0x5fd3169c4b2c - core[a373ad73a504971]::panicking::panic_fmt
[INFO] [stdout]   11:     0x5fd31661bf58 - <suspense[36462ea8d9ccf162]::children_state_survives_suspension::{closure#0} as core[a373ad73a504971]::ops::function::FnOnce<()>>::call_once
[INFO] [stdout]   12:     0x5fd31661e0db - test[aada8e7e76ba119b]::__rust_begin_short_backtrace::<core[a373ad73a504971]::result::Result<(), alloc[2e1b2a31b91974c5]::string::String>, fn() -> core[a373ad73a504971]::result::Result<(), alloc[2e1b2a31b91974c5]::string::String>>
[INFO] [stdout]   13:     0x5fd31662b2b5 - test[aada8e7e76ba119b]::run_test::{closure#0}
[INFO] [stdout]   14:     0x5fd316624ba4 - std[617be2ca0a6fd877]::sys::backtrace::__rust_begin_short_backtrace::<test[aada8e7e76ba119b]::run_test::{closure#1}, ()>
[INFO] [stdout]   15:     0x5fd31662e342 - <std[617be2ca0a6fd877]::thread::lifecycle::spawn_unchecked<test[aada8e7e76ba119b]::run_test::{closure#1}, ()>::{closure#1} as core[a373ad73a504971]::ops::function::FnOnce<()>>::call_once::{shim:vtable#0}
[INFO] [stdout]   16:     0x5fd3169ad51f - <std[617be2ca0a6fd877]::sys::thread::unix::Thread>::new::thread_start
[INFO] [stdout]   17:     0x7d0e2bc2ddfa - <unknown>
[INFO] [stdout]   18:     0x7d0e2bcc13d4 - clone
[INFO] [stdout]   19:                0x0 - <unknown>
[INFO] [stdout] 
[INFO] [stdout] 
[INFO] [stdout] failures:
[INFO] [stdout]     children_state_survives_suspension
[INFO] [stdout] 
[INFO] [stdout] test result: FAILED. 6 passed; 1 failed; 0 ignored; 0 measured; 0 filtered out; finished in 0.03s
[INFO] [stdout] 
[INFO] [stderr] error: test failed, to rerun pass `--test suspense`
[INFO] running `Command { std: "docker" "inspect" "3df5e18983ccc8f563196ba886186fd8676935cc118419568a9834b2f982f3df", kill_on_drop: false }`
[INFO] running `Command { std: "docker" "rm" "-f" "3df5e18983ccc8f563196ba886186fd8676935cc118419568a9834b2f982f3df", kill_on_drop: false }`
[INFO] [stdout] 3df5e18983ccc8f563196ba886186fd8676935cc118419568a9834b2f982f3df
