[INFO] fetching crate dual_threshold_optimization 2.0.1...
[INFO] testing dual_threshold_optimization-2.0.1 against 1.100.0-beta.1+cargoflags=--release for beta-release-1.100-2
[INFO] extracting crate dual_threshold_optimization 2.0.1 into /workspace/builds/worker-3-tc2/source
[INFO] started tweaking crates.io crate dual_threshold_optimization 2.0.1
[INFO] finished tweaking crates.io crate dual_threshold_optimization 2.0.1
[INFO] tweaked toml for crates.io crate dual_threshold_optimization 2.0.1 written to /workspace/builds/worker-3-tc2/source/Cargo.toml
[INFO] validating manifest of crates.io crate dual_threshold_optimization 2.0.1 on toolchain 1.100.0-beta.1
[INFO] running `Command { std: CARGO_HOME="/workspace/cargo-home" RUSTUP_HOME="/workspace/rustup-home" "/workspace/cargo-home/bin/cargo" "+1.100.0-beta.1" "metadata" "--manifest-path" "Cargo.toml" "--no-deps", kill_on_drop: false }`
[INFO] crate crates.io crate dual_threshold_optimization 2.0.1 already has a lockfile, it will not be regenerated
[INFO] running `Command { std: CARGO_HOME="/workspace/cargo-home" RUSTUP_HOME="/workspace/rustup-home" "/workspace/cargo-home/bin/cargo" "+1.100.0-beta.1" "fetch" "--manifest-path" "Cargo.toml", kill_on_drop: false }`
[INFO] running `Command { std: "docker" "create" "-v" "/var/lib/crater-agent-workspace/builds/worker-3-tc2/source:/opt/rustwide/workdir:ro,Z" "-v" "/var/lib/crater-agent-workspace/builds/worker-3-tc2/target:/opt/rustwide/target:rw,Z" "-v" "/var/lib/crater-agent-workspace/cargo-home:/opt/rustwide/cargo-home:ro,Z" "-v" "/var/lib/crater-agent-workspace/rustup-home:/opt/rustwide/rustup-home:ro,Z" "-m" "1610612736" "--network" "none" "ghcr.io/rust-lang/crates-build-env/linux@sha256:77db811e55d90add9212f6832c23229e3de5f1c1f9905e8cb07319ea15df73ac" "sleep" "infinity", kill_on_drop: false }`
[INFO] [stdout] ef73e80b54f7f1172039e4ca6ce6a467bbe93a0137a559b116e6e3d48d548c1b
[INFO] running `Command { std: "docker" "start" "ef73e80b54f7f1172039e4ca6ce6a467bbe93a0137a559b116e6e3d48d548c1b", kill_on_drop: false }`
[INFO] running `Command { std: "docker" "inspect" "ef73e80b54f7f1172039e4ca6ce6a467bbe93a0137a559b116e6e3d48d548c1b", kill_on_drop: false }`
[INFO] running `Command { std: "docker" "exec" "-e" "SOURCE_DIR=/opt/rustwide/workdir" "-e" "CARGO_HOME=/opt/rustwide/cargo-home" "-e" "RUSTUP_HOME=/opt/rustwide/rustup-home" "-e" "CARGO_TARGET_DIR=/opt/rustwide/target" "-w" "/opt/rustwide/workdir" "--user" "0:0" "ef73e80b54f7f1172039e4ca6ce6a467bbe93a0137a559b116e6e3d48d548c1b" "/opt/rustwide/cargo-home/bin/cargo" "+1.100.0-beta.1" "metadata" "--no-deps" "--format-version=1", kill_on_drop: false }`
[INFO] running `Command { std: "docker" "inspect" "ef73e80b54f7f1172039e4ca6ce6a467bbe93a0137a559b116e6e3d48d548c1b", kill_on_drop: false }`
[INFO] running `Command { std: "docker" "exec" "-e" "SOURCE_DIR=/opt/rustwide/workdir" "-e" "CARGO_HOME=/opt/rustwide/cargo-home" "-e" "RUSTUP_HOME=/opt/rustwide/rustup-home" "-e" "CARGO_TARGET_DIR=/opt/rustwide/target" "-e" "CARGO_INCREMENTAL=0" "-e" "RUST_BACKTRACE=full" "-e" "RUSTFLAGS=--cap-lints=warn" "-e" "RUSTDOCFLAGS=--cap-lints=warn" "-w" "/opt/rustwide/workdir" "--user" "0:0" "ef73e80b54f7f1172039e4ca6ce6a467bbe93a0137a559b116e6e3d48d548c1b" "/opt/rustwide/cargo-home/bin/cargo" "+1.100.0-beta.1" "build" "--frozen" "--message-format=json" "--release", kill_on_drop: false }`
[INFO] [stderr]    Compiling syn v2.0.89
[INFO] [stderr]    Compiling libc v0.2.164
[INFO] [stderr]    Compiling bytemuck v1.20.0
[INFO] [stderr]    Compiling matrixmultiply v0.3.9
[INFO] [stderr]    Compiling serde v1.0.215
[INFO] [stderr]    Compiling rawpointer v0.2.1
[INFO] [stderr]    Compiling anstyle v1.0.10
[INFO] [stderr]    Compiling clap_lex v0.7.3
[INFO] [stderr]    Compiling serde_json v1.0.133
[INFO] [stderr]    Compiling itoa v1.0.13
[INFO] [stderr]    Compiling num-complex v0.4.6
[INFO] [stderr]    Compiling approx v0.5.1
[INFO] [stderr]    Compiling num-integer v0.1.46
[INFO] [stderr]    Compiling safe_arch v0.7.2
[INFO] [stderr]    Compiling anstream v0.6.18
[INFO] [stderr]    Compiling num-rational v0.4.2
[INFO] [stderr]    Compiling clap_builder v4.5.21
[INFO] [stderr]    Compiling wide v0.7.30
[INFO] [stderr]    Compiling getrandom v0.2.15
[INFO] [stderr]    Compiling rand_core v0.6.4
[INFO] [stderr]    Compiling simba v0.8.1
[INFO] [stderr]    Compiling zerocopy-derive v0.7.35
[INFO] [stderr]    Compiling serde_derive v1.0.215
[INFO] [stderr]    Compiling nalgebra-macros v0.2.2
[INFO] [stderr]    Compiling clap_derive v4.5.18
[INFO] [stderr]    Compiling zerocopy v0.7.35
[INFO] [stderr]    Compiling ppv-lite86 v0.2.20
[INFO] [stderr]    Compiling clap v4.5.21
[INFO] [stderr]    Compiling rand_chacha v0.3.1
[INFO] [stderr]    Compiling rand v0.8.5
[INFO] [stderr]    Compiling rand_distr v0.4.3
[INFO] [stderr]    Compiling nalgebra v0.32.6
[INFO] [stderr]    Compiling bincode v1.3.3
[INFO] [stderr]    Compiling statrs v0.17.1
[INFO] [stderr]    Compiling dual_threshold_optimization v2.0.1 (/opt/rustwide/workdir)
[INFO] [stdout] warning: hiding a lifetime that's elided elsewhere is confusing
[INFO] [stdout]    --> src/collections/feature_list.rs:362:17
[INFO] [stdout]     |
[INFO] [stdout] 362 |     pub fn iter(&self) -> FeatureListIterator {
[INFO] [stdout]     |                 ^^^^^     ^^^^^^^^^^^^^^^^^^^ the same lifetime is hidden here
[INFO] [stdout]     |                 |
[INFO] [stdout]     |                 the lifetime is elided here
[INFO] [stdout]     |
[INFO] [stdout]     = help: the same lifetime is referred to in inconsistent ways, making the signature confusing
[INFO] [stdout]     = note: `#[warn(mismatched_lifetime_syntaxes)]` on by default
[INFO] [stdout] help: use `'_` for type paths
[INFO] [stdout]     |
[INFO] [stdout] 362 |     pub fn iter(&self) -> FeatureListIterator<'_> {
[INFO] [stdout]     |                                              ++++
[INFO] [stdout] 
[INFO] [stdout] 
[INFO] [stdout] warning: hiding a lifetime that's elided elsewhere is confusing
[INFO] [stdout]    --> src/collections/ranked.rs:300:16
[INFO] [stdout]     |
[INFO] [stdout] 300 |     pub fn get(&self, index: usize) -> Option<RankedFeatureListItem> {
[INFO] [stdout]     |                ^^^^^                          ^^^^^^^^^^^^^^^^^^^^^ the same lifetime is hidden here
[INFO] [stdout]     |                |
[INFO] [stdout]     |                the lifetime is elided here
[INFO] [stdout]     |
[INFO] [stdout]     = help: the same lifetime is referred to in inconsistent ways, making the signature confusing
[INFO] [stdout] help: use `'_` for type paths
[INFO] [stdout]     |
[INFO] [stdout] 300 |     pub fn get(&self, index: usize) -> Option<RankedFeatureListItem<'_>> {
[INFO] [stdout]     |                                                                    ++++
[INFO] [stdout] 
[INFO] [stdout] 
[INFO] [stdout] warning: hiding a lifetime that's elided elsewhere is confusing
[INFO] [stdout]    --> src/collections/ranked.rs:612:17
[INFO] [stdout]     |
[INFO] [stdout] 612 |     pub fn iter(&self) -> RankedFeatureListIterator {
[INFO] [stdout]     |                 ^^^^^     ^^^^^^^^^^^^^^^^^^^^^^^^^ the same lifetime is hidden here
[INFO] [stdout]     |                 |
[INFO] [stdout]     |                 the lifetime is elided here
[INFO] [stdout]     |
[INFO] [stdout]     = help: the same lifetime is referred to in inconsistent ways, making the signature confusing
[INFO] [stdout] help: use `'_` for type paths
[INFO] [stdout]     |
[INFO] [stdout] 612 |     pub fn iter(&self) -> RankedFeatureListIterator<'_> {
[INFO] [stdout]     |                                                    ++++
[INFO] [stdout] 
[INFO] [stdout] 
[INFO] [stderr] warning: unused dependency `bincode`
[INFO] [stderr]  --> Cargo.toml:5:15
[INFO] [stderr]   |
[INFO] [stderr] 5 | [dependencies.bincode]
[INFO] [stderr]   |               ^^^^^^^^
[INFO] [stderr]   |
[INFO] [stderr]   = note: `cargo::unused_dependencies` is set to `warn` by default
[INFO] [stderr] help: consider removing the dependency on `bincode`
[INFO] [stderr] warning: `dual_threshold_optimization` (manifest) generated 1 warning
[INFO] [stderr]     Finished `release` profile [optimized] target(s) in 41.30s
[INFO] running `Command { std: "docker" "inspect" "ef73e80b54f7f1172039e4ca6ce6a467bbe93a0137a559b116e6e3d48d548c1b", kill_on_drop: false }`
[INFO] running `Command { std: "docker" "exec" "-e" "SOURCE_DIR=/opt/rustwide/workdir" "-e" "CARGO_HOME=/opt/rustwide/cargo-home" "-e" "RUSTUP_HOME=/opt/rustwide/rustup-home" "-e" "CARGO_TARGET_DIR=/opt/rustwide/target" "-e" "CARGO_INCREMENTAL=0" "-e" "RUST_BACKTRACE=full" "-e" "RUSTFLAGS=--cap-lints=warn" "-e" "RUSTDOCFLAGS=--cap-lints=warn" "-w" "/opt/rustwide/workdir" "--user" "0:0" "ef73e80b54f7f1172039e4ca6ce6a467bbe93a0137a559b116e6e3d48d548c1b" "/opt/rustwide/cargo-home/bin/cargo" "+1.100.0-beta.1" "test" "--frozen" "--no-run" "--message-format=json" "--release", kill_on_drop: false }`
[INFO] [stderr]    Compiling dual_threshold_optimization v2.0.1 (/opt/rustwide/workdir)
[INFO] [stdout] warning: hiding a lifetime that's elided elsewhere is confusing
[INFO] [stdout]    --> src/collections/feature_list.rs:362:17
[INFO] [stdout]     |
[INFO] [stdout] 362 |     pub fn iter(&self) -> FeatureListIterator {
[INFO] [stdout]     |                 ^^^^^     ^^^^^^^^^^^^^^^^^^^ the same lifetime is hidden here
[INFO] [stdout]     |                 |
[INFO] [stdout]     |                 the lifetime is elided here
[INFO] [stdout]     |
[INFO] [stdout]     = help: the same lifetime is referred to in inconsistent ways, making the signature confusing
[INFO] [stdout]     = note: `#[warn(mismatched_lifetime_syntaxes)]` on by default
[INFO] [stdout] help: use `'_` for type paths
[INFO] [stdout]     |
[INFO] [stdout] 362 |     pub fn iter(&self) -> FeatureListIterator<'_> {
[INFO] [stdout]     |                                              ++++
[INFO] [stdout] 
[INFO] [stdout] 
[INFO] [stdout] warning: hiding a lifetime that's elided elsewhere is confusing
[INFO] [stdout]    --> src/collections/ranked.rs:300:16
[INFO] [stdout]     |
[INFO] [stdout] 300 |     pub fn get(&self, index: usize) -> Option<RankedFeatureListItem> {
[INFO] [stdout]     |                ^^^^^                          ^^^^^^^^^^^^^^^^^^^^^ the same lifetime is hidden here
[INFO] [stdout]     |                |
[INFO] [stdout]     |                the lifetime is elided here
[INFO] [stdout]     |
[INFO] [stdout]     = help: the same lifetime is referred to in inconsistent ways, making the signature confusing
[INFO] [stdout] help: use `'_` for type paths
[INFO] [stdout]     |
[INFO] [stdout] 300 |     pub fn get(&self, index: usize) -> Option<RankedFeatureListItem<'_>> {
[INFO] [stdout]     |                                                                    ++++
[INFO] [stdout] 
[INFO] [stdout] 
[INFO] [stdout] warning: hiding a lifetime that's elided elsewhere is confusing
[INFO] [stdout]    --> src/collections/ranked.rs:612:17
[INFO] [stdout]     |
[INFO] [stdout] 612 |     pub fn iter(&self) -> RankedFeatureListIterator {
[INFO] [stdout]     |                 ^^^^^     ^^^^^^^^^^^^^^^^^^^^^^^^^ the same lifetime is hidden here
[INFO] [stdout]     |                 |
[INFO] [stdout]     |                 the lifetime is elided here
[INFO] [stdout]     |
[INFO] [stdout]     = help: the same lifetime is referred to in inconsistent ways, making the signature confusing
[INFO] [stdout] help: use `'_` for type paths
[INFO] [stdout]     |
[INFO] [stdout] 612 |     pub fn iter(&self) -> RankedFeatureListIterator<'_> {
[INFO] [stdout]     |                                                    ++++
[INFO] [stdout] 
[INFO] [stdout] 
[INFO] [stdout] warning: hiding a lifetime that's elided elsewhere is confusing
[INFO] [stdout]    --> src/collections/feature_list.rs:362:17
[INFO] [stdout]     |
[INFO] [stdout] 362 |     pub fn iter(&self) -> FeatureListIterator {
[INFO] [stdout]     |                 ^^^^^     ^^^^^^^^^^^^^^^^^^^ the same lifetime is hidden here
[INFO] [stdout]     |                 |
[INFO] [stdout]     |                 the lifetime is elided here
[INFO] [stdout]     |
[INFO] [stdout]     = help: the same lifetime is referred to in inconsistent ways, making the signature confusing
[INFO] [stdout]     = note: `#[warn(mismatched_lifetime_syntaxes)]` on by default
[INFO] [stdout] help: use `'_` for type paths
[INFO] [stdout]     |
[INFO] [stdout] 362 |     pub fn iter(&self) -> FeatureListIterator<'_> {
[INFO] [stdout]     |                                              ++++
[INFO] [stdout] 
[INFO] [stdout] 
[INFO] [stdout] warning: hiding a lifetime that's elided elsewhere is confusing
[INFO] [stdout]    --> src/collections/ranked.rs:300:16
[INFO] [stdout]     |
[INFO] [stdout] 300 |     pub fn get(&self, index: usize) -> Option<RankedFeatureListItem> {
[INFO] [stdout]     |                ^^^^^                          ^^^^^^^^^^^^^^^^^^^^^ the same lifetime is hidden here
[INFO] [stdout]     |                |
[INFO] [stdout]     |                the lifetime is elided here
[INFO] [stdout]     |
[INFO] [stdout]     = help: the same lifetime is referred to in inconsistent ways, making the signature confusing
[INFO] [stdout] help: use `'_` for type paths
[INFO] [stdout]     |
[INFO] [stdout] 300 |     pub fn get(&self, index: usize) -> Option<RankedFeatureListItem<'_>> {
[INFO] [stdout]     |                                                                    ++++
[INFO] [stdout] 
[INFO] [stdout] 
[INFO] [stdout] warning: hiding a lifetime that's elided elsewhere is confusing
[INFO] [stdout]    --> src/collections/ranked.rs:612:17
[INFO] [stdout]     |
[INFO] [stdout] 612 |     pub fn iter(&self) -> RankedFeatureListIterator {
[INFO] [stdout]     |                 ^^^^^     ^^^^^^^^^^^^^^^^^^^^^^^^^ the same lifetime is hidden here
[INFO] [stdout]     |                 |
[INFO] [stdout]     |                 the lifetime is elided here
[INFO] [stdout]     |
[INFO] [stdout]     = help: the same lifetime is referred to in inconsistent ways, making the signature confusing
[INFO] [stdout] help: use `'_` for type paths
[INFO] [stdout]     |
[INFO] [stdout] 612 |     pub fn iter(&self) -> RankedFeatureListIterator<'_> {
[INFO] [stdout]     |                                                    ++++
[INFO] [stdout] 
[INFO] [stdout] 
[INFO] [stderr] warning: unused dependency `bincode`
[INFO] [stderr]  --> Cargo.toml:5:15
[INFO] [stderr]   |
[INFO] [stderr] 5 | [dependencies.bincode]
[INFO] [stderr]   |               ^^^^^^^^
[INFO] [stderr]   |
[INFO] [stderr]   = note: `cargo::unused_dependencies` is set to `warn` by default
[INFO] [stderr] help: consider removing the dependency on `bincode`
[INFO] [stderr] warning: `dual_threshold_optimization` (manifest) generated 1 warning
[INFO] [stderr]     Finished `release` profile [optimized] target(s) in 3.19s
[INFO] running `Command { std: "docker" "inspect" "ef73e80b54f7f1172039e4ca6ce6a467bbe93a0137a559b116e6e3d48d548c1b", kill_on_drop: false }`
[INFO] running `Command { std: "docker" "exec" "-e" "SOURCE_DIR=/opt/rustwide/workdir" "-e" "CARGO_HOME=/opt/rustwide/cargo-home" "-e" "RUSTUP_HOME=/opt/rustwide/rustup-home" "-e" "CARGO_TARGET_DIR=/opt/rustwide/target" "-e" "CARGO_INCREMENTAL=0" "-e" "RUST_BACKTRACE=full" "-e" "RUSTFLAGS=--cap-lints=warn" "-e" "RUSTDOCFLAGS=--cap-lints=warn" "-w" "/opt/rustwide/workdir" "--user" "0:0" "ef73e80b54f7f1172039e4ca6ce6a467bbe93a0137a559b116e6e3d48d548c1b" "/opt/rustwide/cargo-home/bin/cargo" "+1.100.0-beta.1" "test" "--frozen" "--release", kill_on_drop: false }`
[INFO] [stderr] warning: hiding a lifetime that's elided elsewhere is confusing
[INFO] [stderr]    --> src/collections/feature_list.rs:362:17
[INFO] [stderr]     |
[INFO] [stderr] 362 |     pub fn iter(&self) -> FeatureListIterator {
[INFO] [stderr]     |                 ^^^^^     ^^^^^^^^^^^^^^^^^^^ the same lifetime is hidden here
[INFO] [stderr]     |                 |
[INFO] [stderr]     |                 the lifetime is elided here
[INFO] [stderr]     |
[INFO] [stderr]     = help: the same lifetime is referred to in inconsistent ways, making the signature confusing
[INFO] [stderr]     = note: `#[warn(mismatched_lifetime_syntaxes)]` on by default
[INFO] [stderr] help: use `'_` for type paths
[INFO] [stderr]     |
[INFO] [stderr] 362 |     pub fn iter(&self) -> FeatureListIterator<'_> {
[INFO] [stderr]     |                                              ++++
[INFO] [stderr] 
[INFO] [stderr] warning: hiding a lifetime that's elided elsewhere is confusing
[INFO] [stderr]    --> src/collections/ranked.rs:300:16
[INFO] [stderr]     |
[INFO] [stderr] 300 |     pub fn get(&self, index: usize) -> Option<RankedFeatureListItem> {
[INFO] [stderr]     |                ^^^^^                          ^^^^^^^^^^^^^^^^^^^^^ the same lifetime is hidden here
[INFO] [stderr]     |                |
[INFO] [stderr]     |                the lifetime is elided here
[INFO] [stderr]     |
[INFO] [stderr]     = help: the same lifetime is referred to in inconsistent ways, making the signature confusing
[INFO] [stderr] help: use `'_` for type paths
[INFO] [stderr]     |
[INFO] [stderr] 300 |     pub fn get(&self, index: usize) -> Option<RankedFeatureListItem<'_>> {
[INFO] [stderr]     |                                                                    ++++
[INFO] [stderr] 
[INFO] [stderr] warning: hiding a lifetime that's elided elsewhere is confusing
[INFO] [stderr]    --> src/collections/ranked.rs:612:17
[INFO] [stderr]     |
[INFO] [stderr] 612 |     pub fn iter(&self) -> RankedFeatureListIterator {
[INFO] [stderr]     |                 ^^^^^     ^^^^^^^^^^^^^^^^^^^^^^^^^ the same lifetime is hidden here
[INFO] [stderr]     |                 |
[INFO] [stderr]     |                 the lifetime is elided here
[INFO] [stderr]     |
[INFO] [stderr]     = help: the same lifetime is referred to in inconsistent ways, making the signature confusing
[INFO] [stderr] help: use `'_` for type paths
[INFO] [stderr]     |
[INFO] [stderr] 612 |     pub fn iter(&self) -> RankedFeatureListIterator<'_> {
[INFO] [stderr]     |                                                    ++++
[INFO] [stderr] 
[INFO] [stderr] warning: `dual_threshold_optimization` (lib) generated 3 warnings (run `cargo fix --lib -p dual_threshold_optimization` to apply 3 suggestions)
[INFO] [stderr] warning: `dual_threshold_optimization` (lib test) generated 3 warnings (3 duplicates)
[INFO] [stderr] warning: unused dependency `bincode`
[INFO] [stderr]  --> Cargo.toml:5:15
[INFO] [stderr]   |
[INFO] [stderr] 5 | [dependencies.bincode]
[INFO] [stderr]   |               ^^^^^^^^
[INFO] [stderr]   |
[INFO] [stderr]   = note: `cargo::unused_dependencies` is set to `warn` by default
[INFO] [stderr] help: consider removing the dependency on `bincode`
[INFO] [stderr] warning: `dual_threshold_optimization` (manifest) generated 1 warning
[INFO] [stderr]     Finished `release` profile [optimized] target(s) in 0.09s
[INFO] [stderr]      Running unittests src/lib.rs (/opt/rustwide/target/release/build/dual_threshold_optimization/c24d656663753413/out/dual_threshold_optimization-c24d656663753413)
[INFO] [stdout] 
[INFO] [stdout] running 23 tests
[INFO] [stdout] test collections::ranked::tests::test_filter_and_remove ... ok
[INFO] [stdout] test collections::ranked::tests::test_filter_by_another_ranked_feature_list ... ok
[INFO] [stdout] test collections::ranked::tests::test_ranked_feature_list_iterator_empty ... ok
[INFO] [stdout] test collections::permuted::tests::test_permuted_ranked_feature_list_with_thresholds ... ok
[INFO] [stdout] test collections::ranked::tests::test_remove_all_indices ... ok
[INFO] [stdout] test collections::ranked::tests::test_ranked_feature_list_iterator ... ok
[INFO] [stdout] test collections::ranked::tests::test_iterator_after_removals ... ok
[INFO] [stdout] test collections::ranked::tests::test_remove_invalid_index ... ok
[INFO] [stdout] test dto::optimize_main::tests::test_full_optimization_with_permutation ... ok
[INFO] [stdout] test collections::ranked::tests::test_remove_single_index ... ok
[INFO] [stdout] test dto::compute_population_size::tests::test_compute_population_size_no_background_identical_lists ... ok
[INFO] [stdout] test dto::compute_population_size::tests::test_compute_population_size_missing_genes_in_background_list1 - should panic ... ok
[INFO] [stdout] test dto::compute_population_size::tests::test_compute_population_size_valid_background ... ok
[INFO] [stdout] test dto::process_threshold_pairs::tests::test_process_threshold_pairs ... ok
[INFO] [stdout] test dto::process_threshold_pairs::tests::test_process_threshold_pairs_with_and_without_permutation ... ok
[INFO] [stdout] test collections::ranked::tests::test_remove_multiple_indices ... ok
[INFO] [stdout] test collections::ranked::tests::test_remove_indices_with_duplicate_ranks ... ok
[INFO] [stdout] test dto::compute_population_size::tests::test_compute_population_size_no_background_mismatched_lists - should panic ... ok
[INFO] [stdout] test dto::compute_population_size::tests::test_compute_population_size_missing_genes_in_background_list2 - should panic ... ok
[INFO] [stdout] test run::single_node::tests::test_parallel_execution_with_multiple_threads ... FAILED
[INFO] [stdout] test stat_operations::hypergeometric_pvalue::tests::test_hypergeometric_pvalue_scenario_1 ... ok
[INFO] [stdout] test stat_operations::hypergeometric_pvalue::tests::test_hypergeometric_pvalue_scenario_2 ... ok
[INFO] [stderr] error: test failed, to rerun pass `--lib`
[INFO] [stdout] test stat_operations::hypergeometric_pvalue::tests::test_hypergeometric_pvalue_scenario_3 ... ok
[INFO] [stdout] 
[INFO] [stdout] failures:
[INFO] [stdout] 
[INFO] [stdout] ---- run::single_node::tests::test_parallel_execution_with_multiple_threads stdout ----
[INFO] [stdout] Multiple results with the same minimum p-value (0.500000000000000). Choosing the result with the largest intersection size.
[INFO] [stdout] Multiple results with the same minimum p-value (0.750000000000000). Choosing the result with the largest intersection size.
[INFO] [stdout] Multiple results with the same maximum intersection size (1). Choosing an arbitrary result based on the order of thresholds.
[INFO] [stdout] Multiple results with the same minimum p-value (0.750000000000000). Choosing the result with the largest intersection size.
[INFO] [stdout] Multiple results with the same maximum intersection size (1). Choosing an arbitrary result based on the order of thresholds.
[INFO] [stdout] 
[INFO] [stdout] thread 'run::single_node::tests::test_parallel_execution_with_multiple_threads' (882) panicked at src/run/single_node.rs:227:9:
[INFO] [stdout] Expected multiple threads to run simultaneously, but found only one active thread.
[INFO] [stdout] stack backtrace:
[INFO] [stdout]    0:     0x6342b68c82b1 - <<std[617be2ca0a6fd877]::sys::backtrace::BacktraceLock>::print::DisplayBacktrace as core[a373ad73a504971]::fmt::Display>::fmt
[INFO] [stdout]    1:     0x6342b68dd0da - core[a373ad73a504971]::fmt::write
[INFO] [stdout]    2:     0x6342b68cc4cc - <alloc[2e1b2a31b91974c5]::vec::Vec<u8> as core[a373ad73a504971]::io::write::Write>::write_fmt
[INFO] [stdout]    3:     0x6342b68a4716 - std[617be2ca0a6fd877]::panicking::default_hook::{closure#0}
[INFO] [stdout]    4:     0x6342b68c0949 - std[617be2ca0a6fd877]::panicking::default_hook
[INFO] [stdout]    5:     0x6342b6859680 - test[aada8e7e76ba119b]::test_main_inner::{closure#0}
[INFO] [stdout]    6:     0x6342b68c0b02 - std[617be2ca0a6fd877]::panicking::panic_with_hook
[INFO] [stdout]    7:     0x6342b68a47f4 - std[617be2ca0a6fd877]::panicking::panic_handler::{closure#0}
[INFO] [stdout]    8:     0x6342b689d4d9 - std[617be2ca0a6fd877]::sys::backtrace::__rust_end_short_backtrace::<std[617be2ca0a6fd877]::panicking::panic_handler::{closure#0}, !>
[INFO] [stdout]    9:     0x6342b68a53cd - __rustc[ea4f61d10b84890b]::rust_begin_unwind
[INFO] [stdout]   10:     0x6342b68dd80c - core[a373ad73a504971]::panicking::panic_fmt
[INFO] [stdout]   11:     0x6342b684aa56 - <dual_threshold_optimization[bb870a921c79cd73]::run::single_node::tests::test_parallel_execution_with_multiple_threads::{closure#0} as core[a373ad73a504971]::ops::function::FnOnce<()>>::call_once
[INFO] [stdout]   12:     0x6342b684cacb - test[aada8e7e76ba119b]::__rust_begin_short_backtrace::<core[a373ad73a504971]::result::Result<(), alloc[2e1b2a31b91974c5]::string::String>, fn() -> core[a373ad73a504971]::result::Result<(), alloc[2e1b2a31b91974c5]::string::String>>
[INFO] [stdout]   13:     0x6342b6859ca5 - test[aada8e7e76ba119b]::run_test::{closure#0}
[INFO] [stdout]   14:     0x6342b6853594 - std[617be2ca0a6fd877]::sys::backtrace::__rust_begin_short_backtrace::<test[aada8e7e76ba119b]::run_test::{closure#1}, ()>
[INFO] [stdout]   15:     0x6342b685cd32 - <std[617be2ca0a6fd877]::thread::lifecycle::spawn_unchecked<test[aada8e7e76ba119b]::run_test::{closure#1}, ()>::{closure#1} as core[a373ad73a504971]::ops::function::FnOnce<()>>::call_once::{shim:vtable#0}
[INFO] [stdout]   16:     0x6342b68c7b0f - <std[617be2ca0a6fd877]::sys::thread::unix::Thread>::new::thread_start
[INFO] [stdout]   17:     0x7990f69dddfa - <unknown>
[INFO] [stdout]   18:     0x7990f6a713d4 - clone
[INFO] [stdout]   19:                0x0 - <unknown>
[INFO] [stdout] 
[INFO] [stdout] 
[INFO] [stdout] failures:
[INFO] [stdout]     run::single_node::tests::test_parallel_execution_with_multiple_threads
[INFO] [stdout] 
[INFO] [stdout] test result: FAILED. 22 passed; 1 failed; 0 ignored; 0 measured; 0 filtered out; finished in 0.03s
[INFO] [stdout] 
[INFO] running `Command { std: "docker" "inspect" "ef73e80b54f7f1172039e4ca6ce6a467bbe93a0137a559b116e6e3d48d548c1b", kill_on_drop: false }`
[INFO] running `Command { std: "docker" "rm" "-f" "ef73e80b54f7f1172039e4ca6ce6a467bbe93a0137a559b116e6e3d48d548c1b", kill_on_drop: false }`
[INFO] [stdout] ef73e80b54f7f1172039e4ca6ce6a467bbe93a0137a559b116e6e3d48d548c1b
