[INFO] fetching crate decibri-decode 0.1.5...
[INFO] testing decibri-decode-0.1.5 against 1.100.0-beta.1+cargoflags=--release for beta-release-1.100-2
[INFO] extracting crate decibri-decode 0.1.5 into /workspace/builds/worker-1-tc2/source
[INFO] started tweaking crates.io crate decibri-decode 0.1.5
[INFO] removed 0 missing examples
[INFO] removed 0 missing tests
[INFO] finished tweaking crates.io crate decibri-decode 0.1.5
[INFO] tweaked toml for crates.io crate decibri-decode 0.1.5 written to /workspace/builds/worker-1-tc2/source/Cargo.toml
[INFO] validating manifest of crates.io crate decibri-decode 0.1.5 on toolchain 1.100.0-beta.1
[INFO] running `Command { std: CARGO_HOME="/workspace/cargo-home" RUSTUP_HOME="/workspace/rustup-home" "/workspace/cargo-home/bin/cargo" "+1.100.0-beta.1" "metadata" "--manifest-path" "Cargo.toml" "--no-deps", kill_on_drop: false }`
[INFO] crate crates.io crate decibri-decode 0.1.5 already has a lockfile, it will not be regenerated
[INFO] running `Command { std: CARGO_HOME="/workspace/cargo-home" RUSTUP_HOME="/workspace/rustup-home" "/workspace/cargo-home/bin/cargo" "+1.100.0-beta.1" "fetch" "--manifest-path" "Cargo.toml", kill_on_drop: false }`
[INFO] running `Command { std: "docker" "create" "-v" "/var/lib/crater-agent-workspace/builds/worker-1-tc2/source:/opt/rustwide/workdir:ro,Z" "-v" "/var/lib/crater-agent-workspace/builds/worker-1-tc2/target:/opt/rustwide/target:rw,Z" "-v" "/var/lib/crater-agent-workspace/cargo-home:/opt/rustwide/cargo-home:ro,Z" "-v" "/var/lib/crater-agent-workspace/rustup-home:/opt/rustwide/rustup-home:ro,Z" "-m" "1610612736" "--network" "none" "ghcr.io/rust-lang/crates-build-env/linux@sha256:77db811e55d90add9212f6832c23229e3de5f1c1f9905e8cb07319ea15df73ac" "sleep" "infinity", kill_on_drop: false }`
[INFO] [stdout] 9785de146136dfe0d13b021d31be688113a76de150799ba60056d23f674d6c08
[INFO] running `Command { std: "docker" "start" "9785de146136dfe0d13b021d31be688113a76de150799ba60056d23f674d6c08", kill_on_drop: false }`
[INFO] running `Command { std: "docker" "inspect" "9785de146136dfe0d13b021d31be688113a76de150799ba60056d23f674d6c08", kill_on_drop: false }`
[INFO] running `Command { std: "docker" "exec" "-e" "SOURCE_DIR=/opt/rustwide/workdir" "-e" "CARGO_HOME=/opt/rustwide/cargo-home" "-e" "RUSTUP_HOME=/opt/rustwide/rustup-home" "-e" "CARGO_TARGET_DIR=/opt/rustwide/target" "-w" "/opt/rustwide/workdir" "--user" "0:0" "9785de146136dfe0d13b021d31be688113a76de150799ba60056d23f674d6c08" "/opt/rustwide/cargo-home/bin/cargo" "+1.100.0-beta.1" "metadata" "--no-deps" "--format-version=1", kill_on_drop: false }`
[INFO] running `Command { std: "docker" "inspect" "9785de146136dfe0d13b021d31be688113a76de150799ba60056d23f674d6c08", kill_on_drop: false }`
[INFO] running `Command { std: "docker" "exec" "-e" "SOURCE_DIR=/opt/rustwide/workdir" "-e" "CARGO_HOME=/opt/rustwide/cargo-home" "-e" "RUSTUP_HOME=/opt/rustwide/rustup-home" "-e" "CARGO_TARGET_DIR=/opt/rustwide/target" "-e" "CARGO_INCREMENTAL=0" "-e" "RUST_BACKTRACE=full" "-e" "RUSTFLAGS=--cap-lints=warn" "-e" "RUSTDOCFLAGS=--cap-lints=warn" "-w" "/opt/rustwide/workdir" "--user" "0:0" "9785de146136dfe0d13b021d31be688113a76de150799ba60056d23f674d6c08" "/opt/rustwide/cargo-home/bin/cargo" "+1.100.0-beta.1" "build" "--frozen" "--message-format=json" "--release", kill_on_drop: false }`
[INFO] [stderr]    Compiling thiserror v2.0.19
[INFO] [stderr]    Compiling thiserror-impl v2.0.19
[INFO] [stderr]    Compiling decibri-resampler v0.4.0
[INFO] [stderr]    Compiling decibri-decode v0.1.5 (/opt/rustwide/workdir)
[INFO] [stderr]     Finished `release` profile [optimized] target(s) in 4.92s
[INFO] running `Command { std: "docker" "inspect" "9785de146136dfe0d13b021d31be688113a76de150799ba60056d23f674d6c08", kill_on_drop: false }`
[INFO] running `Command { std: "docker" "exec" "-e" "SOURCE_DIR=/opt/rustwide/workdir" "-e" "CARGO_HOME=/opt/rustwide/cargo-home" "-e" "RUSTUP_HOME=/opt/rustwide/rustup-home" "-e" "CARGO_TARGET_DIR=/opt/rustwide/target" "-e" "CARGO_INCREMENTAL=0" "-e" "RUST_BACKTRACE=full" "-e" "RUSTFLAGS=--cap-lints=warn" "-e" "RUSTDOCFLAGS=--cap-lints=warn" "-w" "/opt/rustwide/workdir" "--user" "0:0" "9785de146136dfe0d13b021d31be688113a76de150799ba60056d23f674d6c08" "/opt/rustwide/cargo-home/bin/cargo" "+1.100.0-beta.1" "test" "--frozen" "--no-run" "--message-format=json" "--release", kill_on_drop: false }`
[INFO] [stderr]    Compiling decibri-decode v0.1.5 (/opt/rustwide/workdir)
[INFO] [stderr]     Finished `release` profile [optimized] target(s) in 11.70s
[INFO] running `Command { std: "docker" "inspect" "9785de146136dfe0d13b021d31be688113a76de150799ba60056d23f674d6c08", kill_on_drop: false }`
[INFO] running `Command { std: "docker" "exec" "-e" "SOURCE_DIR=/opt/rustwide/workdir" "-e" "CARGO_HOME=/opt/rustwide/cargo-home" "-e" "RUSTUP_HOME=/opt/rustwide/rustup-home" "-e" "CARGO_TARGET_DIR=/opt/rustwide/target" "-e" "CARGO_INCREMENTAL=0" "-e" "RUST_BACKTRACE=full" "-e" "RUSTFLAGS=--cap-lints=warn" "-e" "RUSTDOCFLAGS=--cap-lints=warn" "-w" "/opt/rustwide/workdir" "--user" "0:0" "9785de146136dfe0d13b021d31be688113a76de150799ba60056d23f674d6c08" "/opt/rustwide/cargo-home/bin/cargo" "+1.100.0-beta.1" "test" "--frozen" "--release", kill_on_drop: false }`
[INFO] [stderr]     Finished `release` profile [optimized] target(s) in 0.05s
[INFO] [stderr]      Running unittests src/lib.rs (/opt/rustwide/target/release/build/decibri-decode/06d5e78d098e830a/out/decibri_decode-06d5e78d098e830a)
[INFO] [stdout] 
[INFO] [stdout] running 181 tests
[INFO] [stdout] test aiff::tests::dispatch_is_on_the_compression_and_the_width_together ... ok
[INFO] [stdout] test aiff::tests::each_codec_selects_the_form_the_rule_states ... ok
[INFO] [stdout] test aiff::tests::the_extended_float_encoder_round_trips_through_the_parser ... ok
[INFO] [stdout] test aiff::tests::a_compression_name_that_overruns_its_chunk_is_malformed ... ok
[INFO] [stdout] test aiff::tests::a_rate_the_spec_cannot_carry_is_rejected_with_its_offset ... ok
[INFO] [stdout] test aiff::tests::the_extended_float_parser_handles_the_edges_deterministically ... ok
[INFO] [stdout] test aiff::tests::a_comm_chunk_parses_to_what_it_declared ... ok
[INFO] [stdout] test aiff::tests::every_codec_is_linear_or_companded_and_never_both ... ok
[INFO] [stdout] test aiff::tests::the_size_refusal_happens_exactly_at_the_32_bit_form_limit ... ok
[INFO] [stdout] test aiff::tests::the_extended_float_encoder_matches_hand_computed_values ... ok
[INFO] [stdout] test audio::tests::a_zero_channel_spec_reports_no_frames_rather_than_dividing_by_zero ... ok
[INFO] [stdout] test audio::tests::an_empty_buffer_still_declares_a_rate ... ok
[INFO] [stdout] test aiff::tests::the_writer_rejects_what_the_header_cannot_express ... ok
[INFO] [stdout] test aiff::tests::zero_channels_and_impossible_rates_are_typed_rejections ... ok
[INFO] [stdout] test audio::tests::a_spec_carries_rate_and_layout_together ... ok
[INFO] [stdout] test decoder::tests::a_decoder_can_be_moved_between_threads ... ok
[INFO] [stdout] test audio::tests::samples_can_be_taken_out_and_bound_back_to_a_spec ... ok
[INFO] [stdout] test aiff::tests::the_ssnd_length_must_equal_what_comm_declared ... ok
[INFO] [stdout] test codec::tests::unprintable_four_cc_displays_as_hex ... ok
[INFO] [stdout] test audio::tests::a_buffer_keeps_its_spec_through_every_mutation ... ok
[INFO] [stdout] test aiff::tests::the_extended_float_parser_matches_hand_computed_values ... ok
[INFO] [stdout] test aiff::tests::the_writer_appends_rather_than_clearing ... ok
[INFO] [stdout] test aiff::tests::the_writer_rejects_a_partial_trailing_frame ... ok
[INFO] [stdout] test decoder::tests::a_partial_frame_at_end_of_stream_is_truncated ... ok
[INFO] [stdout] test audio::tests::frames_divide_by_the_channel_count ... ok
[INFO] [stdout] test codec::tests::printable_four_cc_displays_as_text ... ok
[INFO] [stdout] test decoder::tests::feeding_after_flush_is_quiet_until_reset ... ok
[INFO] [stdout] test decoder::tests::reset_drops_a_held_partial_frame ... ok
[INFO] [stdout] test codec::tests::codec_id_names_the_specific_identity ... ok
[INFO] [stdout] test decoder::tests::samples_survive_the_round_trip ... ok
[INFO] [stdout] test codec::tests::four_cc_exposes_the_bytes_it_was_built_from ... ok
[INFO] [stdout] test decoder::tests::the_chunk_boundary_is_invisible ... ok
[INFO] [stdout] test decoder::tests::the_sample_count_is_exact ... ok
[INFO] [stdout] test decoder::tests::the_trait_is_object_safe ... ok
[INFO] [stdout] test decoder::tests::a_starved_decoder_reports_zero_rather_than_end_of_stream ... ok
[INFO] [stdout] test error::tests::the_error_crosses_threads ... ok
[INFO] [stdout] test flac::tests::a_wrong_md5_is_a_typed_error_rather_than_audio ... ok
[INFO] [stdout] test error::tests::display_names_the_specific_thing ... ok
[INFO] [stdout] test flac::tests::an_all_zero_md5_is_unset_rather_than_a_failure ... ok
[INFO] [stdout] test error::tests::every_variant_is_constructible ... ok
[INFO] [stdout] test flac::tests::crc16_matches_the_specification ... ok
[INFO] [stdout] test flac::tests::left_side_and_side_right_reconstruction_round_trip ... ok
[INFO] [stdout] test flac::tests::the_bit_reader_sign_extends ... ok
[INFO] [stdout] test flac::tests::the_bit_reader_reads_across_byte_boundaries ... ok
[INFO] [stdout] test flac::tests::crc8_matches_the_specification ... ok
[INFO] [stdout] test error::tests::only_the_resample_variant_chains_a_source ... ok
[INFO] [stdout] test flac::tests::flac_scaling_agrees_with_sample_rs ... ok
[INFO] [stdout] test error::tests::resampler_errors_convert ... ok
[INFO] [stdout] test flac::tests::a_long_unary_run_terminates ... ok
[INFO] [stdout] test flac::tests::mid_side_reconstruction_is_lossless_over_a_swept_domain ... ok
[INFO] [stdout] test flac::tests::the_coded_number_is_not_utf8 ... ok
[INFO] [stdout] test flac::tests::the_bit_writer_mirrors_the_bit_reader ... ok
[INFO] [stdout] test error::tests::no_display_string_is_empty_or_generic ... ok
[INFO] [stdout] test flac::tests::the_deterministic_math_lands_near_the_true_values ... ok
[INFO] [stdout] test flac::tests::a_wrong_magic_is_named_rather_than_categorised ... ok
[INFO] [stdout] test flac::tests::the_coded_number_round_trips_at_every_length_boundary ... ok
[INFO] [stdout] test g711::tests::a_starved_decoder_reports_zero_rather_than_end_of_stream ... ok
[INFO] [stdout] test flac::tests::quantised_coefficients_fit_their_fields ... ok
[INFO] [stdout] test flac::tests::the_worked_example_decodes_exactly ... ok
[INFO] [stdout] test flac::tests::unary_counts_zeros_and_eats_the_one ... ok
[INFO] [stdout] test g711::tests::a_headerless_g711_stream_decodes_at_the_spec_it_was_given ... ok
[INFO] [stdout] test flac::tests::the_shared_predictions_match_hand_arithmetic ... ok
[INFO] [stdout] test g711::tests::a_zero_channel_spec_does_not_divide_by_zero ... ok
[INFO] [stdout] test flac::tests::the_partition_search_matches_exhaustive_enumeration ... ok
[INFO] [stdout] test g711::tests::every_i16_encodes_to_the_itu_code_in_both_laws ... ok
[INFO] [stdout] test g711::tests::every_a_law_code_decodes_to_the_itu_table ... ok
[INFO] [stdout] test flac::tests::the_streaming_path_matches_the_whole_file_path ... ok
[INFO] [stdout] test g711::tests::re_encoding_a_decoded_code_returns_it_except_for_mu_laws_second_zero ... ok
[INFO] [stdout] test g711::tests::reset_drops_the_frame_position ... ok
[INFO] [stdout] test g711::tests::a_stereo_stream_ending_mid_frame_is_truncated ... ok
[INFO] [stdout] test g711::tests::the_rate_is_whatever_the_spec_says_and_never_assumed ... ok
[INFO] [stdout] test g711::tests::the_decoder_byte_path_matches_the_scalar_path_at_every_chunk_size ... ok
[INFO] [stdout] test g711::tests::a_second_encode_of_any_sample_returns_the_first_code ... ok
[INFO] [stdout] test g711::tests::the_encoder_is_total_and_clamps_rather_than_wrapping ... ok
[INFO] [stdout] test g711::tests::the_decoder_preserves_byte_order_across_feeds ... ok
[INFO] [stdout] test g711::tests::g711_output_is_bit_identical_to_a_pinned_witness ... ok
[INFO] [stdout] test g711::tests::the_published_anchor_values_hold ... ok
[INFO] [stdout] test g711::tests::the_decoder_is_object_safe_and_sendable ... ok
[INFO] [stdout] test g711::tests::every_position_inside_a_frame_is_truncated_and_only_the_boundary_is_clean ... ok
[INFO] [stdout] test pcm::tests::a_feed_completing_one_sample_and_starting_another_holds_only_the_tail ... ok
[INFO] [stdout] test pcm::tests::a_headerless_stream_decodes_at_the_spec_it_was_given ... ok
[INFO] [stdout] test md5::tests::rfc_1321_test_suite ... ok
[INFO] [stdout] test g711::tests::every_mu_law_code_decodes_to_the_itu_table ... ok
[INFO] [stdout] test g711::tests::feeding_after_flush_is_quiet_until_reset ... ok
[INFO] [stdout] test pcm::tests::a_partial_sample_is_held_until_the_rest_arrives ... ok
[INFO] [stdout] test pcm::tests::a_sample_split_across_two_feeds_is_reassembled ... ok
[INFO] [stdout] test g711::tests::the_slice_encode_api_matches_the_scalar_path ... ok
[INFO] [stdout] test g711::tests::the_reference_intervals_tile_the_whole_16_bit_domain ... ok
[INFO] [stdout] test pcm::tests::decoded_output_is_bit_identical_to_a_pinned_witness ... ok
[INFO] [stdout] test md5::tests::the_split_between_updates_is_invisible ... ok
[INFO] [stdout] test pcm::tests::a_zero_channel_spec_does_not_divide_by_zero ... ok
[INFO] [stdout] test g711::tests::the_slice_decode_api_matches_the_scalar_path ... ok
[INFO] [stdout] test pcm::tests::a_starved_decoder_reports_zero_rather_than_end_of_stream ... ok
[INFO] [stdout] test g711::tests::the_sample_count_is_exact_for_every_layout ... ok
[INFO] [stdout] test md5::tests::the_padding_boundary_lengths_agree_with_themselves ... ok
[INFO] [stdout] test md5::tests::an_empty_message_still_has_a_digest ... ok
[INFO] [stdout] test g711::tests::a_full_decoder_applies_back_pressure_instead_of_growing ... ok
[INFO] [stdout] test pcm::tests::feeding_after_flush_is_quiet_until_reset ... ok
[INFO] [stdout] test pcm::tests::reset_drops_a_held_partial_frame ... ok
[INFO] [stdout] test pcm::tests::every_format_survives_the_decoder_round_trip ... ok
[INFO] [stdout] test pcm::tests::the_decoder_is_object_safe_and_sendable ... ok
[INFO] [stdout] test pcm::tests::the_integer_extremes_decode_to_the_expected_floats ... ok
[INFO] [stdout] test pcm::tests::the_feed_boundary_is_invisible_for_every_format ... ok
[INFO] [stdout] test probe::tests::a_failed_stream_stays_failed ... ok
[INFO] [stdout] test probe::tests::a_prefix_that_would_identify_still_needs_the_whole_probe ... ok
[INFO] [stdout] test probe::tests::a_riff_that_is_not_wave_is_rejected_by_its_form_type ... ok
[INFO] [stdout] test probe::tests::a_stream_that_ends_before_identification_is_truncated ... ok
[INFO] [stdout] test probe::tests::the_container_names_itself_for_a_report ... ok
[INFO] [stdout] test probe::tests::the_streaming_path_reports_what_it_identified_and_nothing_before ... ok
[INFO] [stdout] test probe::tests::the_whole_file_path_matches_the_reader_it_chose ... ok
[INFO] [stdout] test pcm::tests::a_full_decoder_applies_back_pressure_instead_of_growing ... ok
[INFO] [stdout] test probe::tests::the_three_carried_formats_are_identified_by_content ... ok
[INFO] [stdout] test riff::tests::a_chunk_declaring_more_than_the_file_holds_is_truncated ... ok
[INFO] [stdout] test probe::tests::a_form_that_is_not_aiff_or_aifc_is_rejected_by_its_form_type ... ok
[INFO] [stdout] test pcm::tests::the_sample_count_is_exact_for_every_format_and_layout ... ok
[INFO] [stdout] test riff::tests::a_ds64_table_length_is_checked_against_the_body_before_it_is_reserved_for ... ok
[INFO] [stdout] test riff::tests::a_short_ds64_body_is_malformed ... ok
[INFO] [stdout] test riff::tests::a_short_input_is_truncated_rather_than_an_invented_tag ... ok
[INFO] [stdout] test probe::tests::an_unknown_magic_is_named_by_its_leading_bytes ... ok
[INFO] [stdout] test riff::tests::a_chunk_size_chosen_to_wrap_the_offset_arithmetic_is_rejected ... ok
[INFO] [stdout] test riff::tests::a_walk_over_an_input_with_no_room_for_a_chunk_yields_nothing ... ok
[INFO] [stdout] test probe::tests::every_length_under_the_probe_length_is_truncated_not_a_guess ... ok
[INFO] [stdout] test pcm::tests::a_partial_sample_at_end_of_stream_is_truncated ... ok
[INFO] [stdout] test riff::tests::an_odd_chunk_is_followed_by_a_pad_byte ... ok
[INFO] [stdout] test pcm::tests::a_partial_frame_at_end_of_stream_is_truncated ... ok
[INFO] [stdout] test probe::tests::reset_returns_the_stream_to_its_just_constructed_state ... ok
[INFO] [stdout] test sample::tests::decode_and_encode_append_rather_than_clear ... ok
[INFO] [stdout] test pcm::tests::a_partial_sample_inside_a_partial_frame_reports_the_frame ... ok
[INFO] [stdout] test riff::tests::an_unknown_magic_names_the_bytes_it_saw ... ok
[INFO] [stdout] test riff::tests::the_declared_riff_size_is_reported_and_never_acted_on ... ok
[INFO] [stdout] test riff::tests::the_walk_reads_big_endian_sizes_when_told_to ... ok
[INFO] [stdout] test sample::tests::f64_narrows_to_the_nearest_f32 ... ok
[INFO] [stdout] test sample::tests::every_i16_value_round_trips_bit_identically ... ok
[INFO] [stdout] test riff::tests::the_walk_reports_where_each_chunk_started ... ok
[INFO] [stdout] test sample::tests::a_halfway_value_truncates_toward_zero ... ok
[INFO] [stdout] test sample::tests::i24_sign_extension_is_correct_at_the_boundaries ... ok
[INFO] [stdout] test g711::tests::a_whole_file_feed_loses_nothing_to_the_short_return ... ok
[INFO] [stdout] test riff::tests::an_override_applies_only_where_the_size_field_is_the_sentinel ... ok
[INFO] [stdout] test sample::tests::an_f64_nan_narrows_to_silence_rather_than_to_an_unspecified_nan ... ok
[INFO] [stdout] test sample::tests::a_trailing_partial_sample_is_ignored_by_the_slice_api ... ok
[INFO] [stdout] test sample::tests::i16_is_scaled_by_32768_not_32767 ... ok
[INFO] [stdout] test sample::tests::endianness_is_proven_against_hand_written_bytes ... ok
[INFO] [stdout] test riff::tests::a_final_odd_chunk_without_its_pad_byte_is_still_read ... ok
[INFO] [stdout] test sample::tests::i8_is_signed_and_the_exact_inverse_of_u8 ... ok
[INFO] [stdout] test sample::tests::a_float_beyond_full_scale_clamps_and_never_wraps ... ok
[INFO] [stdout] test sample::tests::i32_round_trips_exactly_within_the_f32_significand_and_lands_near_outside_it ... ok
[INFO] [stdout] test sample::tests::interleave_appends_rather_than_clears ... ok
[INFO] [stdout] test sample::tests::interleaving_round_trips_through_planes ... ok
[INFO] [stdout] test sample::tests::every_i8_value_round_trips_bit_identically ... ok
[INFO] [stdout] test sample::tests::every_format_round_trips_through_bytes ... ok
[INFO] [stdout] test wav::tests::a_data_length_that_is_not_whole_frames_is_truncated ... ok
[INFO] [stdout] test wav::tests::a_guid_is_reported_in_the_form_it_is_documented_in ... ok
[INFO] [stdout] test wav::tests::a_zero_channel_count_is_an_unsupported_layout ... ok
[INFO] [stdout] test sample::tests::nan_quantizes_to_silence ... ok
[INFO] [stdout] test sample::tests::every_u8_value_round_trips_bit_identically ... ok
[INFO] [stdout] test sample::tests::the_downmix_matches_decibris_vectors_exactly ... ok
[INFO] [stdout] test wav::tests::an_extensible_header_naming_an_unsupported_codec_reports_the_resolved_tag ... ok
[INFO] [stdout] test wav::tests::a_fmt_chunk_size_outside_what_waveformatex_can_mean_is_malformed ... ok
[INFO] [stdout] test sample::tests::interleaving_uneven_planes_covers_the_shortest ... ok
[INFO] [stdout] test wav::tests::a_zero_sample_rate_is_malformed_and_names_where_it_was ... ok
[INFO] [stdout] test sample::tests::the_downmix_is_a_mean_and_not_a_sum ... ok
[INFO] [stdout] test wav::tests::all_lists_every_codec ... ok
[INFO] [stdout] test sample::tests::the_downmix_sums_left_to_right_in_f32 ... ok
[INFO] [stdout] test wav::tests::an_extensible_header_resolves_through_its_subformat_guid ... ok
[INFO] [stdout] test sample::tests::the_two_byte_orders_are_reversals_of_each_other ... ok
[INFO] [stdout] test sample::tests::u8_is_unsigned_and_offset_by_128 ... ok
[INFO] [stdout] test wav::tests::a_block_align_that_disagrees_with_the_format_does_not_stop_the_decode ... ok
[INFO] [stdout] test sample::tests::deinterleaving_drops_a_trailing_partial_frame_and_handles_the_edges ... ok
[INFO] [stdout] test wav::tests::dispatch_is_on_the_tag_and_the_width_together ... ok
[INFO] [stdout] test wav::tests::an_unrecognised_subformat_guid_is_reported_as_the_guid_it_was ... ok
[INFO] [stdout] test sample::tests::the_float_formats_pass_values_through_unclamped ... ok
[INFO] [stdout] test sample::tests::format_widths_are_what_the_wire_carries ... ok
[INFO] [stdout] test wav::tests::an_inconsistent_cb_size_is_malformed_rather_than_read_past ... ok
[INFO] [stdout] test wav::tests::the_riff_size_field_counts_everything_after_the_first_eight_bytes ... ok
[INFO] [stdout] test wav::tests::the_writer_appends_rather_than_clearing ... ok
[INFO] [stdout] test wav::tests::the_writer_rejects_what_the_header_cannot_express ... ok
[INFO] [stdout] test wav::tests::each_width_of_tag_one_has_its_own_stride ... ok
[INFO] [stdout] test wav::tests::every_codec_is_linear_or_companded_and_never_both ... ok
[INFO] [stdout] test wav::tests::the_rf64_upgrade_happens_exactly_at_the_riff_size_limit ... ok
[INFO] [stdout] test wav::tests::the_writer_rejects_a_partial_trailing_frame ... ok
[INFO] [stderr]      Running tests/aiff_conformance.rs (/opt/rustwide/target/release/build/decibri-decode/16b54fa447529b56/out/aiff_conformance-16b54fa447529b56)
[INFO] [stdout] test sample::tests::every_i24_value_round_trips_bit_identically ... ok
[INFO] [stdout] 
[INFO] [stdout] test result: ok. 181 passed; 0 failed; 0 ignored; 0 measured; 0 filtered out; finished in 0.12s
[INFO] [stdout] 
[INFO] [stdout] 
[INFO] [stdout] running 24 tests
[INFO] [stdout] test aiff_eight_bit_is_signed_and_fails_if_read_as_unsigned ... ok
[INFO] [stdout] test comm_and_ssnd_must_agree_on_the_frame_count ... ok
[INFO] [stdout] test a_reset_stream_decodes_a_second_file_from_scratch ... ok
[INFO] [stdout] test a_hand_built_raw_file_decodes_to_the_samples_the_specification_states ... ok
[INFO] [stdout] test a_caller_pulling_a_frame_at_a_time_gets_the_same_audio ... ok
[INFO] [stdout] test a_real_nine_channel_aiff_agrees_with_ffmpeg ... ok
[INFO] [stdout] test raw_at_a_width_other_than_eight_is_rejected_on_the_width ... ok
[INFO] [stdout] test a_zero_frame_file_decodes_to_nothing_with_or_without_ssnd ... ok
[INFO] [stdout] test raw_bytes_in_a_plain_aiff_form_are_not_a_compression_field ... ok
[INFO] [stdout] test sowt_is_little_endian_and_fails_if_read_big_endian ... ok
[INFO] [stdout] test aiff_output_is_bit_identical_to_a_pinned_witness ... ok
[INFO] [stdout] test a_compression_name_overrunning_its_chunk_is_malformed ... ok
[INFO] [stdout] test no_single_byte_mutation_of_a_valid_file_panics ... ok
[INFO] [stdout] test every_malformed_input_produces_a_typed_error ... ok
[INFO] [stdout] test an_unpadded_odd_chunk_desynchronises_the_walk_rather_than_being_forgiven ... ok
[INFO] [stdout] test a_stream_that_ends_early_reports_where_it_ended ... ok
[INFO] [stdout] test no_prefix_of_a_valid_file_panics_or_over_reads ... ok
[INFO] [stdout] test sample_rates_land_exactly_and_a_fractional_rate_is_rejected ... ok
[INFO] [stdout] test wav_and_aiff_carrying_the_same_audio_decode_bit_identically ... ok
[INFO] [stdout] test the_stream_requires_comm_before_ssnd_and_the_whole_file_reader_does_not ... ok
[INFO] [stdout] test raw_resolves_under_every_compression_name_spelling ... ok
[INFO] [stdout] test a_non_zero_ssnd_offset_moves_the_data_and_nothing_else ... ok
[INFO] [stdout] test the_dimension_matrix ... ok
[INFO] [stdout] test the_streaming_path_matches_the_whole_file_path ... ok
[INFO] [stdout] 
[INFO] [stdout] test result: ok. 24 passed; 0 failed; 0 ignored; 0 measured; 0 filtered out; finished in 0.29s
[INFO] [stdout] 
[INFO] [stderr]      Running tests/aiff_write_conformance.rs (/opt/rustwide/target/release/build/decibri-decode/cbc26c340237608d/out/aiff_write_conformance-cbc26c340237608d)
[INFO] [stdout] 
[INFO] [stdout] running 12 tests
[INFO] [stdout] test raw_eight_bit_is_written_unsigned_and_fails_if_written_signed ... ok
[INFO] [stdout] test written_aiff_output_is_bit_identical_to_a_pinned_witness ... ok
[INFO] [stdout] test aiff_eight_bit_is_written_signed_and_fails_if_written_unsigned ... ok
[INFO] [stdout] test the_writer_refuses_a_partial_trailing_frame_in_every_encoding ... ok
[INFO] [stdout] test i32_and_f64_fixtures_agree_with_hand_spelled_payloads ... ok
[INFO] [stdout] test codecs_lists_every_writable_encoding ... ok
[INFO] [stdout] test sowt_is_written_little_endian_and_fails_if_written_big_endian ... ok
[INFO] [stdout] test wav_and_aiff_written_from_the_same_audio_decode_bit_identically ... ok
[INFO] [stdout] test the_writer_reproduces_the_hand_built_fixtures_byte_for_byte ... ok
[INFO] [stdout] test a_non_finite_sample_clamps_into_an_integer_target_and_passes_into_a_float_one ... ok
[INFO] [stdout] test the_writer_stops_where_num_channels_stops ... ok
[INFO] [stdout] test every_written_encoding_round_trips_to_an_identical_sha256 ... ok
[INFO] [stdout] 
[INFO] [stdout] test result: ok. 12 passed; 0 failed; 0 ignored; 0 measured; 0 filtered out; finished in 0.02s
[INFO] [stdout] 
[INFO] [stderr]      Running tests/allocation_ceiling.rs (/opt/rustwide/target/release/build/decibri-decode/2809f8eaebfcab49/out/allocation_ceiling-2809f8eaebfcab49)
[INFO] [stdout] 
[INFO] [stdout] running 1 test
[INFO] [stdout] test no_declared_size_reaches_the_allocator ... ok
[INFO] [stdout] 
[INFO] [stdout] test result: ok. 1 passed; 0 failed; 0 ignored; 0 measured; 0 filtered out; finished in 0.12s
[INFO] [stdout] 
[INFO] [stderr]      Running tests/examples.rs (/opt/rustwide/target/release/build/decibri-decode/a5a8dbfde6c23842/out/examples-a5a8dbfde6c23842)
[INFO] [stdout] 
[INFO] [stdout] running 2 tests
[INFO] [stdout] test the_streaming_example_runs_and_matches_the_whole_file_path ... FAILED
[INFO] [stdout] test the_whole_file_example_runs_and_holds_its_count_guarantee ... FAILED
[INFO] [stdout] 
[INFO] [stdout] failures:
[INFO] [stdout] 
[INFO] [stdout] ---- the_streaming_example_runs_and_matches_the_whole_file_path stdout ----
[INFO] [stdout] 
[INFO] [stdout] thread 'the_streaming_example_runs_and_matches_the_whole_file_path' (925) panicked at tests/examples.rs:27:5:
[INFO] [stdout] example binary not found at /opt/rustwide/target/release/build/decibri-decode/a5a8dbfde6c23842/examples/decode_stream, run plain `cargo test`, which builds the examples
[INFO] [stdout] stack backtrace:
[INFO] [stdout]    0:     0x5e8f4c18f2a1 - <<std[617be2ca0a6fd877]::sys::backtrace::BacktraceLock>::print::DisplayBacktrace as core[a373ad73a504971]::fmt::Display>::fmt
[INFO] [stdout]    1:     0x5e8f4c1a328a - core[a373ad73a504971]::fmt::write
[INFO] [stdout]    2:     0x5e8f4c1934dc - <alloc[2e1b2a31b91974c5]::vec::Vec<u8> as core[a373ad73a504971]::io::write::Write>::write_fmt
[INFO] [stdout]    3:     0x5e8f4c16b676 - std[617be2ca0a6fd877]::panicking::default_hook::{closure#0}
[INFO] [stdout]    4:     0x5e8f4c187939 - std[617be2ca0a6fd877]::panicking::default_hook
[INFO] [stdout]    5:     0x5e8f4c123f50 - test[aada8e7e76ba119b]::test_main_inner::{closure#0}
[INFO] [stdout]    6:     0x5e8f4c187af2 - std[617be2ca0a6fd877]::panicking::panic_with_hook
[INFO] [stdout]    7:     0x5e8f4c16b722 - std[617be2ca0a6fd877]::panicking::panic_handler::{closure#0}
[INFO] [stdout]    8:     0x5e8f4c164439 - std[617be2ca0a6fd877]::sys::backtrace::__rust_end_short_backtrace::<std[617be2ca0a6fd877]::panicking::panic_handler::{closure#0}, !>
[INFO] [stdout]    9:     0x5e8f4c16c32d - __rustc[ea4f61d10b84890b]::rust_begin_unwind
[INFO] [stdout]   10:     0x5e8f4c1a39bc - core[a373ad73a504971]::panicking::panic_fmt
[INFO] [stdout]   11:     0x5e8f4c115f7d - examples[3844a441fe8d5cd4]::run
[INFO] [stdout]   12:     0x5e8f4c117275 - <examples[3844a441fe8d5cd4]::the_streaming_example_runs_and_matches_the_whole_file_path::{closure#0} as core[a373ad73a504971]::ops::function::FnOnce<()>>::call_once
[INFO] [stdout]   13:     0x5e8f4c11739b - test[aada8e7e76ba119b]::__rust_begin_short_backtrace::<core[a373ad73a504971]::result::Result<(), alloc[2e1b2a31b91974c5]::string::String>, fn() -> core[a373ad73a504971]::result::Result<(), alloc[2e1b2a31b91974c5]::string::String>>
[INFO] [stdout]   14:     0x5e8f4c124575 - test[aada8e7e76ba119b]::run_test::{closure#0}
[INFO] [stdout]   15:     0x5e8f4c11de64 - std[617be2ca0a6fd877]::sys::backtrace::__rust_begin_short_backtrace::<test[aada8e7e76ba119b]::run_test::{closure#1}, ()>
[INFO] [stdout]   16:     0x5e8f4c127602 - <std[617be2ca0a6fd877]::thread::lifecycle::spawn_unchecked<test[aada8e7e76ba119b]::run_test::{closure#1}, ()>::{closure#1} as core[a373ad73a504971]::ops::function::FnOnce<()>>::call_once::{shim:vtable#0}
[INFO] [stderr] error: test failed, to rerun pass `--test examples`
[INFO] [stdout]   17:     0x5e8f4c18eaff - <std[617be2ca0a6fd877]::sys::thread::unix::Thread>::new::thread_start
[INFO] [stdout]   18:     0x793d56dcbdfa - <unknown>
[INFO] [stdout]   19:     0x793d56e5f3d4 - clone
[INFO] [stdout]   20:                0x0 - <unknown>
[INFO] [stdout] 
[INFO] [stdout] ---- the_whole_file_example_runs_and_holds_its_count_guarantee stdout ----
[INFO] [stdout] 
[INFO] [stdout] thread 'the_whole_file_example_runs_and_holds_its_count_guarantee' (926) panicked at tests/examples.rs:27:5:
[INFO] [stdout] example binary not found at /opt/rustwide/target/release/build/decibri-decode/a5a8dbfde6c23842/examples/decode_whole_file, run plain `cargo test`, which builds the examples
[INFO] [stdout] stack backtrace:
[INFO] [stdout]    0:     0x5e8f4c18f2a1 - <<std[617be2ca0a6fd877]::sys::backtrace::BacktraceLock>::print::DisplayBacktrace as core[a373ad73a504971]::fmt::Display>::fmt
[INFO] [stdout]    1:     0x5e8f4c1a328a - core[a373ad73a504971]::fmt::write
[INFO] [stdout]    2:     0x5e8f4c1934dc - <alloc[2e1b2a31b91974c5]::vec::Vec<u8> as core[a373ad73a504971]::io::write::Write>::write_fmt
[INFO] [stdout]    3:     0x5e8f4c16b676 - std[617be2ca0a6fd877]::panicking::default_hook::{closure#0}
[INFO] [stdout]    4:     0x5e8f4c187939 - std[617be2ca0a6fd877]::panicking::default_hook
[INFO] [stdout]    5:     0x5e8f4c123f50 - test[aada8e7e76ba119b]::test_main_inner::{closure#0}
[INFO] [stdout]    6:     0x5e8f4c187af2 - std[617be2ca0a6fd877]::panicking::panic_with_hook
[INFO] [stdout]    7:     0x5e8f4c16b722 - std[617be2ca0a6fd877]::panicking::panic_handler::{closure#0}
[INFO] [stdout]    8:     0x5e8f4c164439 - std[617be2ca0a6fd877]::sys::backtrace::__rust_end_short_backtrace::<std[617be2ca0a6fd877]::panicking::panic_handler::{closure#0}, !>
[INFO] [stdout]    9:     0x5e8f4c16c32d - __rustc[ea4f61d10b84890b]::rust_begin_unwind
[INFO] [stdout]   10:     0x5e8f4c1a39bc - core[a373ad73a504971]::panicking::panic_fmt
[INFO] [stdout]   11:     0x5e8f4c115f7d - examples[3844a441fe8d5cd4]::run
[INFO] [stdout]   12:     0x5e8f4c117155 - <examples[3844a441fe8d5cd4]::the_whole_file_example_runs_and_holds_its_count_guarantee::{closure#0} as core[a373ad73a504971]::ops::function::FnOnce<()>>::call_once
[INFO] [stdout]   13:     0x5e8f4c11739b - test[aada8e7e76ba119b]::__rust_begin_short_backtrace::<core[a373ad73a504971]::result::Result<(), alloc[2e1b2a31b91974c5]::string::String>, fn() -> core[a373ad73a504971]::result::Result<(), alloc[2e1b2a31b91974c5]::string::String>>
[INFO] [stdout]   14:     0x5e8f4c124575 - test[aada8e7e76ba119b]::run_test::{closure#0}
[INFO] [stdout]   15:     0x5e8f4c11de64 - std[617be2ca0a6fd877]::sys::backtrace::__rust_begin_short_backtrace::<test[aada8e7e76ba119b]::run_test::{closure#1}, ()>
[INFO] [stdout]   16:     0x5e8f4c127602 - <std[617be2ca0a6fd877]::thread::lifecycle::spawn_unchecked<test[aada8e7e76ba119b]::run_test::{closure#1}, ()>::{closure#1} as core[a373ad73a504971]::ops::function::FnOnce<()>>::call_once::{shim:vtable#0}
[INFO] [stdout]   17:     0x5e8f4c18eaff - <std[617be2ca0a6fd877]::sys::thread::unix::Thread>::new::thread_start
[INFO] [stdout]   18:     0x793d56dcbdfa - <unknown>
[INFO] [stdout]   19:     0x793d56e5f3d4 - clone
[INFO] [stdout]   20:                0x0 - <unknown>
[INFO] [stdout] 
[INFO] [stdout] 
[INFO] [stdout] failures:
[INFO] [stdout]     the_streaming_example_runs_and_matches_the_whole_file_path
[INFO] [stdout]     the_whole_file_example_runs_and_holds_its_count_guarantee
[INFO] [stdout] 
[INFO] [stdout] test result: FAILED. 0 passed; 2 failed; 0 ignored; 0 measured; 0 filtered out; finished in 0.00s
[INFO] [stdout] 
[INFO] running `Command { std: "docker" "inspect" "9785de146136dfe0d13b021d31be688113a76de150799ba60056d23f674d6c08", kill_on_drop: false }`
[INFO] running `Command { std: "docker" "rm" "-f" "9785de146136dfe0d13b021d31be688113a76de150799ba60056d23f674d6c08", kill_on_drop: false }`
[INFO] [stdout] 9785de146136dfe0d13b021d31be688113a76de150799ba60056d23f674d6c08
