[INFO] fetching crate debounce-promise 0.2.0...
[INFO] testing debounce-promise-0.2.0 against 1.100.0-beta.1+cargoflags=--release for beta-release-1.100-2
[INFO] extracting crate debounce-promise 0.2.0 into /workspace/builds/worker-2-tc2/source
[INFO] started tweaking crates.io crate debounce-promise 0.2.0
[INFO] removed 0 missing tests
[INFO] finished tweaking crates.io crate debounce-promise 0.2.0
[INFO] tweaked toml for crates.io crate debounce-promise 0.2.0 written to /workspace/builds/worker-2-tc2/source/Cargo.toml
[INFO] validating manifest of crates.io crate debounce-promise 0.2.0 on toolchain 1.100.0-beta.1
[INFO] running `Command { std: CARGO_HOME="/workspace/cargo-home" RUSTUP_HOME="/workspace/rustup-home" "/workspace/cargo-home/bin/cargo" "+1.100.0-beta.1" "metadata" "--manifest-path" "Cargo.toml" "--no-deps", kill_on_drop: false }`
[INFO] crate crates.io crate debounce-promise 0.2.0 already has a lockfile, it will not be regenerated
[INFO] running `Command { std: CARGO_HOME="/workspace/cargo-home" RUSTUP_HOME="/workspace/rustup-home" "/workspace/cargo-home/bin/cargo" "+1.100.0-beta.1" "fetch" "--manifest-path" "Cargo.toml", kill_on_drop: false }`
[INFO] running `Command { std: "docker" "create" "-v" "/var/lib/crater-agent-workspace/builds/worker-2-tc2/source:/opt/rustwide/workdir:ro,Z" "-v" "/var/lib/crater-agent-workspace/builds/worker-2-tc2/target:/opt/rustwide/target:rw,Z" "-v" "/var/lib/crater-agent-workspace/cargo-home:/opt/rustwide/cargo-home:ro,Z" "-v" "/var/lib/crater-agent-workspace/rustup-home:/opt/rustwide/rustup-home:ro,Z" "-m" "1610612736" "--network" "none" "ghcr.io/rust-lang/crates-build-env/linux@sha256:77db811e55d90add9212f6832c23229e3de5f1c1f9905e8cb07319ea15df73ac" "sleep" "infinity", kill_on_drop: false }`
[INFO] [stdout] 1b7f40ff5c67933214d90591c6a0193b1bc735441671bcdb1e2b2072d07e8638
[INFO] running `Command { std: "docker" "start" "1b7f40ff5c67933214d90591c6a0193b1bc735441671bcdb1e2b2072d07e8638", kill_on_drop: false }`
[INFO] running `Command { std: "docker" "inspect" "1b7f40ff5c67933214d90591c6a0193b1bc735441671bcdb1e2b2072d07e8638", kill_on_drop: false }`
[INFO] running `Command { std: "docker" "exec" "-e" "SOURCE_DIR=/opt/rustwide/workdir" "-e" "CARGO_HOME=/opt/rustwide/cargo-home" "-e" "RUSTUP_HOME=/opt/rustwide/rustup-home" "-e" "CARGO_TARGET_DIR=/opt/rustwide/target" "-w" "/opt/rustwide/workdir" "--user" "0:0" "1b7f40ff5c67933214d90591c6a0193b1bc735441671bcdb1e2b2072d07e8638" "/opt/rustwide/cargo-home/bin/cargo" "+1.100.0-beta.1" "metadata" "--no-deps" "--format-version=1", kill_on_drop: false }`
[INFO] running `Command { std: "docker" "inspect" "1b7f40ff5c67933214d90591c6a0193b1bc735441671bcdb1e2b2072d07e8638", kill_on_drop: false }`
[INFO] running `Command { std: "docker" "exec" "-e" "SOURCE_DIR=/opt/rustwide/workdir" "-e" "CARGO_HOME=/opt/rustwide/cargo-home" "-e" "RUSTUP_HOME=/opt/rustwide/rustup-home" "-e" "CARGO_TARGET_DIR=/opt/rustwide/target" "-e" "CARGO_INCREMENTAL=0" "-e" "RUST_BACKTRACE=full" "-e" "RUSTFLAGS=--cap-lints=warn" "-e" "RUSTDOCFLAGS=--cap-lints=warn" "-w" "/opt/rustwide/workdir" "--user" "0:0" "1b7f40ff5c67933214d90591c6a0193b1bc735441671bcdb1e2b2072d07e8638" "/opt/rustwide/cargo-home/bin/cargo" "+1.100.0-beta.1" "build" "--frozen" "--message-format=json" "--release", kill_on_drop: false }`
[INFO] [stderr]    Compiling tokio v1.52.3
[INFO] [stderr]    Compiling debounce-promise v0.2.0 (/opt/rustwide/workdir)
[INFO] [stderr]     Finished `release` profile [optimized] target(s) in 3.63s
[INFO] running `Command { std: "docker" "inspect" "1b7f40ff5c67933214d90591c6a0193b1bc735441671bcdb1e2b2072d07e8638", kill_on_drop: false }`
[INFO] running `Command { std: "docker" "exec" "-e" "SOURCE_DIR=/opt/rustwide/workdir" "-e" "CARGO_HOME=/opt/rustwide/cargo-home" "-e" "RUSTUP_HOME=/opt/rustwide/rustup-home" "-e" "CARGO_TARGET_DIR=/opt/rustwide/target" "-e" "CARGO_INCREMENTAL=0" "-e" "RUST_BACKTRACE=full" "-e" "RUSTFLAGS=--cap-lints=warn" "-e" "RUSTDOCFLAGS=--cap-lints=warn" "-w" "/opt/rustwide/workdir" "--user" "0:0" "1b7f40ff5c67933214d90591c6a0193b1bc735441671bcdb1e2b2072d07e8638" "/opt/rustwide/cargo-home/bin/cargo" "+1.100.0-beta.1" "test" "--frozen" "--no-run" "--message-format=json" "--release", kill_on_drop: false }`
[INFO] [stderr]    Compiling syn v2.0.118
[INFO] [stderr]    Compiling tokio-macros v2.7.0
[INFO] [stderr]    Compiling tokio v1.52.3
[INFO] [stderr]    Compiling debounce-promise v0.2.0 (/opt/rustwide/workdir)
[INFO] [stderr]     Finished `release` profile [optimized] target(s) in 14.82s
[INFO] running `Command { std: "docker" "inspect" "1b7f40ff5c67933214d90591c6a0193b1bc735441671bcdb1e2b2072d07e8638", kill_on_drop: false }`
[INFO] running `Command { std: "docker" "exec" "-e" "SOURCE_DIR=/opt/rustwide/workdir" "-e" "CARGO_HOME=/opt/rustwide/cargo-home" "-e" "RUSTUP_HOME=/opt/rustwide/rustup-home" "-e" "CARGO_TARGET_DIR=/opt/rustwide/target" "-e" "CARGO_INCREMENTAL=0" "-e" "RUST_BACKTRACE=full" "-e" "RUSTFLAGS=--cap-lints=warn" "-e" "RUSTDOCFLAGS=--cap-lints=warn" "-w" "/opt/rustwide/workdir" "--user" "0:0" "1b7f40ff5c67933214d90591c6a0193b1bc735441671bcdb1e2b2072d07e8638" "/opt/rustwide/cargo-home/bin/cargo" "+1.100.0-beta.1" "test" "--frozen" "--release", kill_on_drop: false }`
[INFO] [stderr]     Finished `release` profile [optimized] target(s) in 0.03s
[INFO] [stderr]      Running unittests src/lib.rs (/opt/rustwide/target/release/build/debounce-promise/8adddbd411c48bd4/out/debounce_promise-8adddbd411c48bd4)
[INFO] [stdout] 
[INFO] [stdout] running 2 tests
[INFO] [stdout] test tests::latest_window_retains_one_pending_argument ... ok
[INFO] [stdout] test tests::cold_trailing_call_starts_a_new_window_after_elapsed_wait ... ok
[INFO] [stdout] 
[INFO] [stdout] test result: ok. 2 passed; 0 failed; 0 ignored; 0 measured; 0 filtered out; finished in 0.08s
[INFO] [stdout] 
[INFO] [stderr]      Running tests/accumulate.rs (/opt/rustwide/target/release/build/debounce-promise/a83cd95a70e323ac/out/accumulate-a83cd95a70e323ac)
[INFO] [stdout] 
[INFO] [stdout] running 5 tests
[INFO] [stdout] test maps_each_caller_to_its_own_index_across_the_leading_split ... ok
[INFO] [stdout] test accumulate_works_with_non_promise_return_value ... ok
[INFO] [stdout] test maps_each_caller_to_its_own_batch_index ... ok
[INFO] [stdout] test accumulates_arguments ... ok
[INFO] [stdout] test accumulate_works_with_leading ... ok
[INFO] [stdout] 
[INFO] [stdout] test result: ok. 5 passed; 0 failed; 0 ignored; 0 measured; 0 filtered out; finished in 0.03s
[INFO] [stdout] 
[INFO] [stderr]      Running tests/context.rs (/opt/rustwide/target/release/build/debounce-promise/624fd92c8e47eab2/out/context-624fd92c8e47eab2)
[INFO] [stdout] 
[INFO] [stdout] running 2 tests
[INFO] [stdout] test maintains_the_context_when_leading ... ok
[INFO] [stderr]      Running tests/dynamic_wait.rs (/opt/rustwide/target/release/build/debounce-promise/7f83c031b6c95c4c/out/dynamic_wait-7f83c031b6c95c4c)
[INFO] [stdout] test maintains_the_context_of_the_function ... ok
[INFO] [stdout] 
[INFO] [stdout] test result: ok. 2 passed; 0 failed; 0 ignored; 0 measured; 0 filtered out; finished in 0.03s
[INFO] [stdout] 
[INFO] [stdout] 
[INFO] [stdout] running 2 tests
[INFO] [stdout] test dynamic_wait_value_sets_the_window_length ... ok
[INFO] [stdout] test supports_passing_function_as_wait_parameter ... ok
[INFO] [stdout] 
[INFO] [stdout] test result: ok. 2 passed; 0 failed; 0 ignored; 0 measured; 0 filtered out; finished in 0.11s
[INFO] [stdout] 
[INFO] [stderr]      Running tests/edges.rs (/opt/rustwide/target/release/build/debounce-promise/823ef039faa33004/out/edges-823ef039faa33004)
[INFO] [stdout] 
[INFO] [stdout] running 7 tests
[INFO] [stdout] test cold_boundary_uses_strict_greater_than ... ok
[INFO] [stdout] test default_wait_zero_still_coalesces ... ok
[INFO] [stdout] test dropping_one_caller_does_not_cancel_the_shared_run ... ok
[INFO] [stdout] test separate_instances_keep_independent_state ... ok
[INFO] [stdout] test leading_re_arms_after_an_idle_gap ... ok
[INFO] [stdout] test accumulate_batch_resets_across_windows ... ok
[INFO] [stdout] test a_panic_in_the_run_leaves_callers_parked_forever ... ok
[INFO] [stdout] 
[INFO] [stdout] test result: ok. 7 passed; 0 failed; 0 ignored; 0 measured; 0 filtered out; finished in 0.07s
[INFO] [stdout] 
[INFO] [stderr]      Running tests/errors.rs (/opt/rustwide/target/release/build/debounce-promise/766ee6538ad3eea5/out/errors-766ee6538ad3eea5)
[INFO] [stdout] 
[INFO] [stdout] running 2 tests
[INFO] [stdout] test rejection_fans_out_to_every_caller_in_the_window ... ok
[INFO] [stdout] test leading_rejection_is_independent_of_the_trailing_call ... ok
[INFO] [stderr]      Running tests/latest.rs (/opt/rustwide/target/release/build/debounce-promise/649065346c82aa56/out/latest-649065346c82aa56)
[INFO] [stdout] 
[INFO] [stdout] test result: ok. 2 passed; 0 failed; 0 ignored; 0 measured; 0 filtered out; finished in 0.10s
[INFO] [stdout] 
[INFO] [stdout] 
[INFO] [stdout] running 4 tests
[INFO] [stdout] test waits_until_the_wait_time_has_passed ... ok
[INFO] [stdout] test calls_the_function_again_if_wait_time_has_passed ... ok
[INFO] [stdout] test returns_the_result_of_the_latest_operation ... ok
[INFO] [stdout] test does_not_call_the_function_repeatedly ... ok
[INFO] [stdout] 
[INFO] [stdout] test result: ok. 4 passed; 0 failed; 0 ignored; 0 measured; 0 filtered out; finished in 0.10s
[INFO] [stdout] 
[INFO] [stderr]      Running tests/leading.rs (/opt/rustwide/target/release/build/debounce-promise/5fbf95708aeddbfa/out/leading-5fbf95708aeddbfa)
[INFO] [stdout] 
[INFO] [stdout] running 3 tests
[INFO] [stdout] test leading_uses_the_value_from_the_first_call ... ok
[INFO] [stdout] test leading_single_call_does_not_fire_again ... ok
[INFO] [stdout] test leading_burst_fires_once_more_at_the_trailing_edge ... ok
[INFO] [stdout] 
[INFO] [stdout] test result: ok. 3 passed; 0 failed; 0 ignored; 0 measured; 0 filtered out; finished in 0.30s
[INFO] [stdout] 
[INFO] [stderr]      Running tests/single.rs (/opt/rustwide/target/release/build/debounce-promise/d1e213b6c4dabfa4/out/single-d1e213b6c4dabfa4)
[INFO] [stdout] 
[INFO] [stdout] running 3 tests
[INFO] [stdout] test converts_the_return_value_to_a_result ... ok
[INFO] [stdout] test non_promise_return_value_resolves_in_trailing_mode ... ok
[INFO] [stderr]    Doc-tests debounce_promise
[INFO] [stdout] test returns_the_result_of_a_single_operation ... ok
[INFO] [stdout] 
[INFO] [stdout] test result: ok. 3 passed; 0 failed; 0 ignored; 0 measured; 0 filtered out; finished in 0.10s
[INFO] [stdout] 
[INFO] [stdout] 
[INFO] [stdout] running 1 test
[INFO] [stdout] test src/lib.rs - (line 23) ... FAILED
[INFO] [stdout] 
[INFO] [stdout] failures:
[INFO] [stdout] 
[INFO] [stdout] ---- src/lib.rs - (line 23) stdout ----
[INFO] [stdout] error: linking with `cc` failed: exit status: 1
[INFO] [stdout]   |
[INFO] [stdout]   = note:  "cc" "-m64" "/tmp/rustdoctestfqkBRI/rustcHMkAij/symbols.o" "<2 object files omitted>" "-Wl,--as-needed" "-Wl,-Bstatic" "/opt/rustwide/target/release/build/debounce-promise/4c3e87198289bee6/out/libdebounce_promise-4c3e87198289bee6.rlib" "/opt/rustwide/target/release/build/tokio/c8bbf4c74864828a/out/libtokio-c8bbf4c74864828a.rlib" "/opt/rustwide/target/release/build/pin-project-lite/9a89bb36c0c56875/out/libpin_project_lite-9a89bb36c0c56875.rlib" "<sysroot>/lib/rustlib/x86_64-unknown-linux-gnu/lib/{libstd-*,libpanic_unwind-*,libobject-*,libmemchr-*,libaddr2line-*,libgimli-*,libcfg_if-*,librustc_demangle-*,libstd_detect-*,libhashbrown-*,librustc_std_workspace_alloc-*,libminiz_oxide-*,libadler2-*,libunwind-*,liblibc-*,librustc_std_workspace_core-*,liballoc-*,libcore-*,libcompiler_builtins-*}.rlib" "-Wl,-Bdynamic" "-lgcc_s" "-lutil" "-lrt" "-lpthread" "-lm" "-ldl" "-lc" "-L" "/tmp/rustdoctestfqkBRI/rustcHMkAij/raw-dylibs" "-B<sysroot>/lib/rustlib/x86_64-unknown-linux-gnu/bin/gcc-ld" "-fuse-ld=lld" "-Wl,--eh-frame-hdr" "-Wl,-z,noexecstack" "-L" "<sysroot>/lib/rustlib/x86_64-unknown-linux-gnu/lib" "-o" "/tmp/rustdoctestfqkBRI/rust_out" "-Wl,--gc-sections" "-pie" "-Wl,-z,relro,-z,now" "-nodefaultlibs"
[INFO] [stdout]   = note: some arguments are omitted. use `--verbose` to show all linker arguments
[INFO] [stdout]   = note: PLEASE submit a bug report to https://github.com/llvm/llvm-project/issues/ and include the crash backtrace and instructions to reproduce the bug.
[INFO] [stdout]           LLVM ERROR: IO failure on output stream: No space left on device
[INFO] [stdout]           collect2: error: ld returned 1 exit status
[INFO] [stdout]           
[INFO] [stdout] 
[INFO] [stdout] error: aborting due to 1 previous error
[INFO] [stdout] 
[INFO] [stdout] Couldn't compile the test.
[INFO] [stdout] 
[INFO] [stdout] failures:
[INFO] [stdout]     src/lib.rs - (line 23)
[INFO] [stdout] 
[INFO] [stdout] test result: FAILED. 0 passed; 1 failed; 0 ignored; 0 measured; 0 filtered out; finished in 0.16s
[INFO] [stdout] 
[INFO] [stderr] error: doctest failed, to rerun pass `--doc`
[INFO] running `Command { std: "docker" "inspect" "1b7f40ff5c67933214d90591c6a0193b1bc735441671bcdb1e2b2072d07e8638", kill_on_drop: false }`
[INFO] running `Command { std: "docker" "rm" "-f" "1b7f40ff5c67933214d90591c6a0193b1bc735441671bcdb1e2b2072d07e8638", kill_on_drop: false }`
[INFO] [stdout] 1b7f40ff5c67933214d90591c6a0193b1bc735441671bcdb1e2b2072d07e8638
