[INFO] fetching crate dbspec 0.2.0...
[INFO] testing dbspec-0.2.0 against 1.99.0-beta.8+cargoflags=--release for beta-release-1.100-2
[INFO] extracting crate dbspec 0.2.0 into /workspace/builds/worker-5-tc1/source
[INFO] started tweaking crates.io crate dbspec 0.2.0
[INFO] finished tweaking crates.io crate dbspec 0.2.0
[INFO] tweaked toml for crates.io crate dbspec 0.2.0 written to /workspace/builds/worker-5-tc1/source/Cargo.toml
[INFO] validating manifest of crates.io crate dbspec 0.2.0 on toolchain 1.99.0-beta.8
[INFO] running `Command { std: CARGO_HOME="/workspace/cargo-home" RUSTUP_HOME="/workspace/rustup-home" "/workspace/cargo-home/bin/cargo" "+1.99.0-beta.8" "metadata" "--manifest-path" "Cargo.toml" "--no-deps", kill_on_drop: false }`
[INFO] crate crates.io crate dbspec 0.2.0 already has a lockfile, it will not be regenerated
[INFO] running `Command { std: CARGO_HOME="/workspace/cargo-home" RUSTUP_HOME="/workspace/rustup-home" "/workspace/cargo-home/bin/cargo" "+1.99.0-beta.8" "fetch" "--manifest-path" "Cargo.toml", kill_on_drop: false }`
[INFO] [stderr]     Updating crates.io index
[INFO] [stderr]  Downloading crates ...
[INFO] [stderr]   Downloaded socket2 v0.5.7
[INFO] [stderr]   Downloaded tokio-macros v2.2.0
[INFO] [stderr]   Downloaded proc-macro2 v1.0.81
[INFO] [stderr]   Downloaded windows-targets v0.52.5
[INFO] [stderr]   Downloaded num-iter v0.1.44
[INFO] [stderr]   Downloaded autocfg v1.2.0
[INFO] [stderr]   Downloaded futures-core v0.3.30
[INFO] [stderr]   Downloaded simplerand v1.3.0
[INFO] [stderr]   Downloaded futures-task v0.3.30
[INFO] [stderr]   Downloaded futures-sink v0.3.30
[INFO] [stderr]   Downloaded futures-io v0.3.30
[INFO] [stderr]   Downloaded crossbeam-queue v0.3.11
[INFO] [stderr]   Downloaded utf8parse v0.2.1
[INFO] [stderr]   Downloaded crc-catalog v2.4.0
[INFO] [stderr]   Downloaded signal-hook-registry v1.4.2
[INFO] [stderr]   Downloaded errno v0.3.8
[INFO] [stderr]   Downloaded rand_core v0.4.2
[INFO] [stderr]   Downloaded clap_derive v4.5.4
[INFO] [stderr]   Downloaded lazy_static v1.4.0
[INFO] [stderr]   Downloaded fastrand v2.1.0
[INFO] [stderr]   Downloaded libmath v0.2.1
[INFO] [stderr]   Downloaded rand_core v0.3.1
[INFO] [stderr]   Downloaded wasm-bindgen-macro v0.2.92
[INFO] [stderr]   Downloaded wasm-bindgen-shared v0.2.92
[INFO] [stderr]   Downloaded thiserror-impl v1.0.59
[INFO] [stderr]   Downloaded home v0.5.9
[INFO] [stderr]   Downloaded crc v3.2.1
[INFO] [stderr]   Downloaded anstyle v1.0.6
[INFO] [stderr]   Downloaded anstyle-wincon v3.0.2
[INFO] [stderr]   Downloaded thiserror v1.0.59
[INFO] [stderr]   Downloaded either v1.11.0
[INFO] [stderr]   Downloaded rand v0.3.23
[INFO] [stderr]   Downloaded clap_lex v0.7.0
[INFO] [stderr]   Downloaded anstream v0.6.13
[INFO] [stderr]   Downloaded colorchoice v1.0.0
[INFO] [stderr]   Downloaded redox_syscall v0.5.1
[INFO] [stderr]   Downloaded serde_derive v1.0.200
[INFO] [stderr]   Downloaded itoa v1.0.11
[INFO] [stderr]   Downloaded futures-channel v0.3.30
[INFO] [stderr]   Downloaded futures-executor v0.3.30
[INFO] [stderr]   Downloaded stringprep v0.1.4
[INFO] [stderr]   Downloaded anstyle-parse v0.2.3
[INFO] [stderr]   Downloaded wasm-bindgen-backend v0.2.92
[INFO] [stderr]   Downloaded tokio-stream v0.1.15
[INFO] [stderr]   Downloaded sqlformat v0.2.3
[INFO] [stderr]   Downloaded getrandom v0.2.14
[INFO] [stderr]   Downloaded whoami v1.5.1
[INFO] [stderr]   Downloaded anstyle-query v1.0.2
[INFO] [stderr]   Downloaded wasm-bindgen-macro-support v0.2.92
[INFO] [stderr]   Downloaded parking_lot v0.12.2
[INFO] [stderr]   Downloaded bytes v1.6.0
[INFO] [stderr]   Downloaded bitflags v2.5.0
[INFO] [stderr]   Downloaded log v0.4.21
[INFO] [stderr]   Downloaded tempfile v3.10.1
[INFO] [stderr]   Downloaded anyhow v1.0.82
[INFO] [stderr]   Downloaded memchr v2.7.2
[INFO] [stderr]   Downloaded miniz_oxide v0.7.2
[INFO] [stderr]   Downloaded cc v1.0.96
[INFO] [stderr]   Downloaded crossbeam-utils v0.8.19
[INFO] [stderr]   Downloaded fakeit v1.2.0
[INFO] [stderr]   Downloaded clap v4.5.4
[INFO] [stderr]   Downloaded serde v1.0.200
[INFO] [stderr]   Downloaded url v2.5.0
[INFO] [stderr]   Downloaded indexmap v2.2.6
[INFO] [stderr]   Downloaded num-traits v0.2.18
[INFO] [stderr]   Downloaded rsa v0.9.6
[INFO] [stderr]   Downloaded der v0.7.9
[INFO] [stderr]   Downloaded js-sys v0.3.69
[INFO] [stderr]   Downloaded unicode-normalization v0.1.23
[INFO] [stderr]   Downloaded serde_json v1.0.116
[INFO] [stderr]   Downloaded num-bigint-dig v0.8.4
[INFO] [stderr]   Downloaded futures-util v0.3.30
[INFO] [stderr]   Downloaded clap_builder v4.5.2
[INFO] [stderr]   Downloaded wasm-bindgen v0.2.92
[INFO] [stderr]   Downloaded syn v2.0.60
[INFO] [stderr]   Downloaded chrono v0.4.38
[INFO] [stderr]   Downloaded gimli v0.28.1
[INFO] [stderr]   Downloaded idna v0.5.0
[INFO] [stderr]   Downloaded windows_x86_64_gnullvm v0.52.5
[INFO] [stderr]   Downloaded windows_i686_gnullvm v0.52.5
[INFO] [stderr]   Downloaded windows_aarch64_gnullvm v0.52.5
[INFO] [stderr]   Downloaded finl_unicode v1.2.0
[INFO] [stderr]   Downloaded tokio v1.37.0
[INFO] [stderr]   Downloaded libc v0.2.154
[INFO] [stderr]   Downloaded windows_x86_64_msvc v0.52.5
[INFO] [stderr]   Downloaded windows_x86_64_gnu v0.52.5
[INFO] [stderr]   Downloaded windows_i686_gnu v0.52.5
[INFO] [stderr]   Downloaded windows_aarch64_msvc v0.52.5
[INFO] [stderr]   Downloaded windows_i686_msvc v0.52.5
[INFO] [stderr]   Downloaded linux-raw-sys v0.4.13
[INFO] [stderr]   Downloaded ring v0.17.8
[INFO] running `Command { std: "docker" "create" "-v" "/var/lib/crater-agent-workspace/builds/worker-5-tc1/source:/opt/rustwide/workdir:ro,Z" "-v" "/var/lib/crater-agent-workspace/builds/worker-5-tc1/target:/opt/rustwide/target:rw,Z" "-v" "/var/lib/crater-agent-workspace/cargo-home:/opt/rustwide/cargo-home:ro,Z" "-v" "/var/lib/crater-agent-workspace/rustup-home:/opt/rustwide/rustup-home:ro,Z" "-m" "1610612736" "--network" "none" "ghcr.io/rust-lang/crates-build-env/linux@sha256:77db811e55d90add9212f6832c23229e3de5f1c1f9905e8cb07319ea15df73ac" "sleep" "infinity", kill_on_drop: false }`
[INFO] [stdout] e900b909bf4ae80ff3d2a93938172a7b43c93e9e88e3355486241863ec49de4d
[INFO] running `Command { std: "docker" "start" "e900b909bf4ae80ff3d2a93938172a7b43c93e9e88e3355486241863ec49de4d", kill_on_drop: false }`
[INFO] running `Command { std: "docker" "inspect" "e900b909bf4ae80ff3d2a93938172a7b43c93e9e88e3355486241863ec49de4d", kill_on_drop: false }`
[INFO] running `Command { std: "docker" "exec" "-e" "SOURCE_DIR=/opt/rustwide/workdir" "-e" "CARGO_HOME=/opt/rustwide/cargo-home" "-e" "RUSTUP_HOME=/opt/rustwide/rustup-home" "-e" "CARGO_TARGET_DIR=/opt/rustwide/target" "-w" "/opt/rustwide/workdir" "--user" "0:0" "e900b909bf4ae80ff3d2a93938172a7b43c93e9e88e3355486241863ec49de4d" "/opt/rustwide/cargo-home/bin/cargo" "+1.99.0-beta.8" "metadata" "--no-deps" "--format-version=1", kill_on_drop: false }`
[INFO] running `Command { std: "docker" "inspect" "e900b909bf4ae80ff3d2a93938172a7b43c93e9e88e3355486241863ec49de4d", kill_on_drop: false }`
[INFO] running `Command { std: "docker" "exec" "-e" "SOURCE_DIR=/opt/rustwide/workdir" "-e" "CARGO_HOME=/opt/rustwide/cargo-home" "-e" "RUSTUP_HOME=/opt/rustwide/rustup-home" "-e" "CARGO_TARGET_DIR=/opt/rustwide/target" "-e" "CARGO_INCREMENTAL=0" "-e" "RUST_BACKTRACE=full" "-e" "RUSTFLAGS=--cap-lints=warn" "-e" "RUSTDOCFLAGS=--cap-lints=warn" "-w" "/opt/rustwide/workdir" "--user" "0:0" "e900b909bf4ae80ff3d2a93938172a7b43c93e9e88e3355486241863ec49de4d" "/opt/rustwide/cargo-home/bin/cargo" "+1.99.0-beta.8" "build" "--frozen" "--message-format=json" "--release", kill_on_drop: false }`
[INFO] [stderr]    Compiling libc v0.2.154
[INFO] [stderr]    Compiling proc-macro2 v1.0.81
[INFO] [stderr]    Compiling unicode-ident v1.0.12
[INFO] [stderr]    Compiling autocfg v1.2.0
[INFO] [stderr]    Compiling typenum v1.17.0
[INFO] [stderr]    Compiling const-oid v0.9.6
[INFO] [stderr]    Compiling serde v1.0.200
[INFO] [stderr]    Compiling libm v0.2.8
[INFO] [stderr]    Compiling subtle v2.5.0
[INFO] [stderr]    Compiling smallvec v1.13.2
[INFO] [stderr]    Compiling cc v1.0.96
[INFO] [stderr]    Compiling crossbeam-utils v0.8.19
[INFO] [stderr]    Compiling parking_lot_core v0.9.10
[INFO] [stderr]    Compiling once_cell v1.19.0
[INFO] [stderr]    Compiling generic-array v0.14.7
[INFO] [stderr]    Compiling ahash v0.8.11
[INFO] [stderr]    Compiling tinyvec_macros v0.1.1
[INFO] [stderr]    Compiling zerocopy v0.7.32
[INFO] [stderr]    Compiling tinyvec v1.6.0
[INFO] [stderr]    Compiling futures-core v0.3.30
[INFO] [stderr]    Compiling base64ct v1.6.0
[INFO] [stderr]    Compiling untrusted v0.9.0
[INFO] [stderr]    Compiling zeroize v1.7.0
[INFO] [stderr]    Compiling pin-project-lite v0.2.14
[INFO] [stderr]    Compiling spin v0.9.8
[INFO] [stderr]    Compiling allocator-api2 v0.2.18
[INFO] [stderr]    Compiling ppv-lite86 v0.2.17
[INFO] [stderr]    Compiling memchr v2.7.2
[INFO] [stderr]    Compiling unicode-bidi v0.3.15
[INFO] [stderr]    Compiling cpufeatures v0.2.12
[INFO] [stderr]    Compiling futures-sink v0.3.30
[INFO] [stderr]    Compiling percent-encoding v2.3.1
[INFO] [stderr]    Compiling num-traits v0.2.18
[INFO] [stderr]    Compiling lock_api v0.4.12
[INFO] [stderr]    Compiling slab v0.4.9
[INFO] [stderr]    Compiling paste v1.0.14
[INFO] [stderr]    Compiling quote v1.0.36
[INFO] [stderr]    Compiling bytes v1.6.0
[INFO] [stderr]    Compiling serde_json v1.0.116
[INFO] [stderr]    Compiling pem-rfc7468 v0.7.0
[INFO] [stderr]    Compiling rustls v0.21.12
[INFO] [stderr]    Compiling byteorder v1.5.0
[INFO] [stderr]    Compiling thiserror v1.0.59
[INFO] [stderr]    Compiling syn v2.0.60
[INFO] [stderr]    Compiling getrandom v0.2.14
[INFO] [stderr]    Compiling der v0.7.9
[INFO] [stderr]    Compiling num_cpus v1.16.0
[INFO] [stderr]    Compiling signal-hook-registry v1.4.2
[INFO] [stderr]    Compiling mio v0.8.11
[INFO] [stderr]    Compiling rand_core v0.6.4
[INFO] [stderr]    Compiling parking_lot v0.12.2
[INFO] [stderr]    Compiling rand_chacha v0.3.1
[INFO] [stderr]    Compiling socket2 v0.5.7
[INFO] [stderr]    Compiling ring v0.17.8
[INFO] [stderr]    Compiling unicode-normalization v0.1.23
[INFO] [stderr]    Compiling hashbrown v0.14.5
[INFO] [stderr]    Compiling num-integer v0.1.46
[INFO] [stderr]    Compiling rand v0.8.5
[INFO] [stderr]    Compiling nom v7.1.3
[INFO] [stderr]    Compiling form_urlencoded v1.2.1
[INFO] [stderr]    Compiling tracing-core v0.1.32
[INFO] [stderr]    Compiling itoa v1.0.11
[INFO] [stderr]    Compiling unicode_categories v0.1.1
[INFO] [stderr]    Compiling futures-io v0.3.30
[INFO] [stderr]    Compiling crc-catalog v2.4.0
[INFO] [stderr]    Compiling equivalent v1.0.1
[INFO] [stderr]    Compiling pin-utils v0.1.0
[INFO] [stderr]    Compiling num-bigint-dig v0.8.4
[INFO] [stderr]    Compiling ryu v1.0.17
[INFO] [stderr]    Compiling idna v0.5.0
[INFO] [stderr]    Compiling spki v0.7.3
[INFO] [stderr]    Compiling block-buffer v0.10.4
[INFO] [stderr]    Compiling crypto-common v0.1.6
[INFO] [stderr]    Compiling digest v0.10.7
[INFO] [stderr]    Compiling futures-task v0.3.30
[INFO] [stderr]    Compiling spin v0.5.2
[INFO] [stderr]    Compiling log v0.4.21
[INFO] [stderr]    Compiling futures-util v0.3.30
[INFO] [stderr]    Compiling lazy_static v1.4.0
[INFO] [stderr]    Compiling pkcs8 v0.10.2
[INFO] [stderr]    Compiling sha2 v0.10.8
[INFO] [stderr]    Compiling hmac v0.12.1
[INFO] [stderr]    Compiling rustls-pemfile v1.0.4
[INFO] [stderr]    Compiling num-iter v0.1.44
[INFO] [stderr]    Compiling crc v3.2.1
[INFO] [stderr]    Compiling url v2.5.0
[INFO] [stderr]    Compiling atoi v2.0.0
[INFO] [stderr]    Compiling hashlink v0.8.4
[INFO] [stderr]    Compiling indexmap v2.2.6
[INFO] [stderr]    Compiling futures-intrusive v0.5.0
[INFO] [stderr]    Compiling crossbeam-queue v0.3.11
[INFO] [stderr]    Compiling futures-channel v0.3.30
[INFO] [stderr]    Compiling finl_unicode v1.2.0
[INFO] [stderr]    Compiling utf8parse v0.2.1
[INFO] [stderr]    Compiling webpki-roots v0.25.4
[INFO] [stderr]    Compiling event-listener v2.5.3
[INFO] [stderr]    Compiling anstyle-parse v0.2.3
[INFO] [stderr]    Compiling pkcs1 v0.7.5
[INFO] [stderr]    Compiling hkdf v0.12.4
[INFO] [stderr]    Compiling stringprep v0.1.4
[INFO] [stderr]    Compiling signature v2.2.0
[INFO] [stderr]    Compiling md-5 v0.10.6
[INFO] [stderr]    Compiling crossbeam-epoch v0.9.18
[INFO] [stderr]    Compiling dotenvy v0.15.7
[INFO] [stderr]    Compiling colorchoice v1.0.0
[INFO] [stderr]    Compiling anstyle v1.0.6
[INFO] [stderr]    Compiling anstyle-query v1.0.2
[INFO] [stderr]    Compiling rayon-core v1.12.1
[INFO] [stderr]    Compiling whoami v1.5.1
[INFO] [stderr]    Compiling anstream v0.6.13
[INFO] [stderr]    Compiling crossbeam-deque v0.8.5
[INFO] [stderr]    Compiling sha1 v0.10.6
[INFO] [stderr]    Compiling clap_lex v0.7.0
[INFO] [stderr]    Compiling anyhow v1.0.82
[INFO] [stderr]    Compiling home v0.5.9
[INFO] [stderr]    Compiling iana-time-zone v0.1.60
[INFO] [stderr]    Compiling clap_builder v4.5.2
[INFO] [stderr]    Compiling rsa v0.9.6
[INFO] [stderr]    Compiling serde_derive v1.0.200
[INFO] [stderr]    Compiling tokio-macros v2.2.0
[INFO] [stderr]    Compiling thiserror-impl v1.0.59
[INFO] [stderr]    Compiling tracing-attributes v0.1.27
[INFO] [stderr]    Compiling clap_derive v4.5.4
[INFO] [stderr]    Compiling tokio v1.37.0
[INFO] [stderr]    Compiling tracing v0.1.40
[INFO] [stderr]    Compiling clap v4.5.4
[INFO] [stderr]    Compiling tokio-stream v0.1.15
[INFO] [stderr]    Compiling either v1.11.0
[INFO] [stderr]    Compiling bitflags v2.5.0
[INFO] [stderr]    Compiling chrono v0.4.38
[INFO] [stderr]    Compiling itertools v0.12.1
[INFO] [stderr]    Compiling rayon v1.10.0
[INFO] [stderr]    Compiling rustls-webpki v0.101.7
[INFO] [stderr]    Compiling sct v0.7.1
[INFO] [stderr]    Compiling sqlformat v0.2.3
[INFO] [stderr]    Compiling sqlx-core v0.7.4
[INFO] [stderr]    Compiling sqlx-postgres v0.7.4
[INFO] [stderr]    Compiling sqlx-mysql v0.7.4
[INFO] [stderr]    Compiling sqlx v0.7.4
[INFO] [stderr]    Compiling dbspec v0.2.0 (/opt/rustwide/workdir)
[INFO] [stderr]     Finished `release` profile [optimized] target(s) in 1m 50s
[INFO] [stderr] warning: the following packages contain code that will be rejected by a future version of Rust: num-bigint-dig v0.8.4, sqlx-postgres v0.7.4
[INFO] [stderr] note: to see what the problems were, use the option `--future-incompat-report`, or run `cargo report future-incompatibilities --id 2`
[INFO] running `Command { std: "docker" "inspect" "e900b909bf4ae80ff3d2a93938172a7b43c93e9e88e3355486241863ec49de4d", kill_on_drop: false }`
[INFO] running `Command { std: "docker" "exec" "-e" "SOURCE_DIR=/opt/rustwide/workdir" "-e" "CARGO_HOME=/opt/rustwide/cargo-home" "-e" "RUSTUP_HOME=/opt/rustwide/rustup-home" "-e" "CARGO_TARGET_DIR=/opt/rustwide/target" "-e" "CARGO_INCREMENTAL=0" "-e" "RUST_BACKTRACE=full" "-e" "RUSTFLAGS=--cap-lints=warn" "-e" "RUSTDOCFLAGS=--cap-lints=warn" "-w" "/opt/rustwide/workdir" "--user" "0:0" "e900b909bf4ae80ff3d2a93938172a7b43c93e9e88e3355486241863ec49de4d" "/opt/rustwide/cargo-home/bin/cargo" "+1.99.0-beta.8" "test" "--frozen" "--no-run" "--message-format=json" "--release", kill_on_drop: false }`
[INFO] [stderr]    Compiling libc v0.2.154
[INFO] [stderr]    Compiling const-oid v0.9.6
[INFO] [stderr]    Compiling subtle v2.5.0
[INFO] [stderr]    Compiling typenum v1.17.0
[INFO] [stderr]    Compiling serde v1.0.200
[INFO] [stderr]    Compiling libm v0.2.8
[INFO] [stderr]    Compiling generic-array v0.14.7
[INFO] [stderr]    Compiling num-traits v0.2.18
[INFO] [stderr]    Compiling once_cell v1.19.0
[INFO] [stderr]    Compiling ring v0.17.8
[INFO] [stderr]    Compiling tinyvec_macros v0.1.1
[INFO] [stderr]    Compiling smallvec v1.13.2
[INFO] [stderr]    Compiling ahash v0.8.11
[INFO] [stderr]    Compiling zeroize v1.7.0
[INFO] [stderr]    Compiling untrusted v0.9.0
[INFO] [stderr]    Compiling pin-project-lite v0.2.14
[INFO] [stderr]    Compiling tinyvec v1.6.0
[INFO] [stderr]    Compiling futures-core v0.3.30
[INFO] [stderr]    Compiling spin v0.9.8
[INFO] [stderr]    Compiling zerocopy v0.7.32
[INFO] [stderr]    Compiling base64ct v1.6.0
[INFO] [stderr]    Compiling lock_api v0.4.12
[INFO] [stderr]    Compiling parking_lot_core v0.9.10
[INFO] [stderr]    Compiling memchr v2.7.2
[INFO] [stderr]    Compiling ppv-lite86 v0.2.17
[INFO] [stderr]    Compiling crossbeam-utils v0.8.19
[INFO] [stderr]    Compiling allocator-api2 v0.2.18
[INFO] [stderr]    Compiling unicode-bidi v0.3.15
[INFO] [stderr]    Compiling scopeguard v1.2.0
[INFO] [stderr]    Compiling slab v0.4.9
[INFO] [stderr]    Compiling percent-encoding v2.3.1
[INFO] [stderr]    Compiling bytes v1.6.0
[INFO] [stderr]    Compiling byteorder v1.5.0
[INFO] [stderr]    Compiling cpufeatures v0.2.12
[INFO] [stderr]    Compiling futures-sink v0.3.30
[INFO] [stderr]    Compiling minimal-lexical v0.2.1
[INFO] [stderr]    Compiling pem-rfc7468 v0.7.0
[INFO] [stderr]    Compiling form_urlencoded v1.2.1
[INFO] [stderr]    Compiling getrandom v0.2.14
[INFO] [stderr]    Compiling socket2 v0.5.7
[INFO] [stderr]    Compiling mio v0.8.11
[INFO] [stderr]    Compiling der v0.7.9
[INFO] [stderr]    Compiling tracing-core v0.1.32
[INFO] [stderr]    Compiling thiserror v1.0.59
[INFO] [stderr]    Compiling serde_json v1.0.116
[INFO] [stderr]    Compiling futures-task v0.3.30
[INFO] [stderr]    Compiling rand_core v0.6.4
[INFO] [stderr]    Compiling unicode-normalization v0.1.23
[INFO] [stderr]    Compiling rand_chacha v0.3.1
[INFO] [stderr]    Compiling nom v7.1.3
[INFO] [stderr]    Compiling parking_lot v0.12.2
[INFO] [stderr]    Compiling ryu v1.0.17
[INFO] [stderr]    Compiling equivalent v1.0.1
[INFO] [stderr]    Compiling rand v0.8.5
[INFO] [stderr]    Compiling unicode_categories v0.1.1
[INFO] [stderr]    Compiling crc-catalog v2.4.0
[INFO] [stderr]    Compiling pin-utils v0.1.0
[INFO] [stderr]    Compiling log v0.4.21
[INFO] [stderr]    Compiling hashbrown v0.14.5
[INFO] [stderr]    Compiling base64 v0.21.7
[INFO] [stderr]    Compiling tokio v1.37.0
[INFO] [stderr]    Compiling futures-io v0.3.30
[INFO] [stderr]    Compiling spin v0.5.2
[INFO] [stderr]    Compiling num-integer v0.1.46
[INFO] [stderr]    Compiling idna v0.5.0
[INFO] [stderr]    Compiling itoa v1.0.11
[INFO] [stderr]    Compiling futures-util v0.3.30
[INFO] [stderr]    Compiling tracing v0.1.40
[INFO] [stderr]    Compiling lazy_static v1.4.0
[INFO] [stderr]    Compiling atoi v2.0.0
[INFO] [stderr]    Compiling crc v3.2.1
[INFO] [stderr]    Compiling futures-intrusive v0.5.0
[INFO] [stderr]    Compiling crossbeam-queue v0.3.11
[INFO] [stderr]    Compiling futures-channel v0.3.30
[INFO] [stderr]    Compiling num-iter v0.1.44
[INFO] [stderr]    Compiling rustls-pemfile v1.0.4
[INFO] [stderr]    Compiling num-bigint-dig v0.8.4
[INFO] [stderr]    Compiling finl_unicode v1.2.0
[INFO] [stderr]    Compiling hex v0.4.3
[INFO] [stderr]    Compiling webpki-roots v0.25.4
[INFO] [stderr]    Compiling crypto-common v0.1.6
[INFO] [stderr]    Compiling block-buffer v0.10.4
[INFO] [stderr]    Compiling rustix v0.38.34
[INFO] [stderr]    Compiling digest v0.10.7
[INFO] [stderr]    Compiling event-listener v2.5.3
[INFO] [stderr]    Compiling syn v1.0.109
[INFO] [stderr]    Compiling linux-raw-sys v0.4.13
[INFO] [stderr]    Compiling dotenvy v0.15.7
[INFO] [stderr]    Compiling sha2 v0.10.8
[INFO] [stderr]    Compiling hmac v0.12.1
[INFO] [stderr]    Compiling signature v2.2.0
[INFO] [stderr]    Compiling hkdf v0.12.4
[INFO] [stderr]    Compiling md-5 v0.10.6
[INFO] [stderr]    Compiling hashlink v0.8.4
[INFO] [stderr]    Compiling spki v0.7.3
[INFO] [stderr]    Compiling indexmap v2.2.6
[INFO] [stderr]    Compiling stringprep v0.1.4
[INFO] [stderr]    Compiling whoami v1.5.1
[INFO] [stderr]    Compiling url v2.5.0
[INFO] [stderr]    Compiling rustls v0.21.12
[INFO] [stderr]    Compiling sha1 v0.10.6
[INFO] [stderr]    Compiling pkcs8 v0.10.2
[INFO] [stderr]    Compiling unicode-segmentation v1.11.0
[INFO] [stderr]    Compiling home v0.5.9
[INFO] [stderr]    Compiling fastrand v2.1.0
[INFO] [stderr]    Compiling sqlx-core v0.7.4
[INFO] [stderr]    Compiling pkcs1 v0.7.5
[INFO] [stderr]    Compiling heck v0.4.1
[INFO] [stderr]    Compiling sct v0.7.1
[INFO] [stderr]    Compiling rustls-webpki v0.101.7
[INFO] [stderr]    Compiling rsa v0.9.6
[INFO] [stderr]    Compiling either v1.11.0
[INFO] [stderr]    Compiling bitflags v2.5.0
[INFO] [stderr]    Compiling itertools v0.12.1
[INFO] [stderr]    Compiling tempfile v3.10.1
[INFO] [stderr]    Compiling tokio-stream v0.1.15
[INFO] [stderr]    Compiling sqlformat v0.2.3
[INFO] [stderr]    Compiling sqlx-postgres v0.7.4
[INFO] [stderr]    Compiling sqlx-mysql v0.7.4
[INFO] [stderr]    Compiling sqlx-macros-core v0.7.4
[INFO] [stderr]    Compiling sqlx-macros v0.7.4
[INFO] [stderr]    Compiling sqlx v0.7.4
[INFO] [stderr]    Compiling dbspec v0.2.0 (/opt/rustwide/workdir)
[INFO] [stderr]     Finished `release` profile [optimized] target(s) in 1m 17s
[INFO] [stderr] warning: the following packages contain code that will be rejected by a future version of Rust: num-bigint-dig v0.8.4, sqlx-postgres v0.7.4
[INFO] [stderr] note: to see what the problems were, use the option `--future-incompat-report`, or run `cargo report future-incompatibilities --id 3`
[INFO] running `Command { std: "docker" "inspect" "e900b909bf4ae80ff3d2a93938172a7b43c93e9e88e3355486241863ec49de4d", kill_on_drop: false }`
[INFO] running `Command { std: "docker" "exec" "-e" "SOURCE_DIR=/opt/rustwide/workdir" "-e" "CARGO_HOME=/opt/rustwide/cargo-home" "-e" "RUSTUP_HOME=/opt/rustwide/rustup-home" "-e" "CARGO_TARGET_DIR=/opt/rustwide/target" "-e" "CARGO_INCREMENTAL=0" "-e" "RUST_BACKTRACE=full" "-e" "RUSTFLAGS=--cap-lints=warn" "-e" "RUSTDOCFLAGS=--cap-lints=warn" "-w" "/opt/rustwide/workdir" "--user" "0:0" "e900b909bf4ae80ff3d2a93938172a7b43c93e9e88e3355486241863ec49de4d" "/opt/rustwide/cargo-home/bin/cargo" "+1.99.0-beta.8" "test" "--frozen" "--release", kill_on_drop: false }`
[INFO] [stderr]     Finished `release` profile [optimized] target(s) in 0.21s
[INFO] [stderr] warning: the following packages contain code that will be rejected by a future version of Rust: num-bigint-dig v0.8.4, sqlx-postgres v0.7.4
[INFO] [stderr] note: to see what the problems were, use the option `--future-incompat-report`, or run `cargo report future-incompatibilities --id 3`
[INFO] [stderr]      Running unittests src/lib.rs (/opt/rustwide/target/release/deps/dbspec-e19384128f3fd5e1)
[INFO] [stdout] 
[INFO] [stdout] running 1 test
[INFO] [stderr] error: test failed, to rerun pass `--lib`
[INFO] [stdout] test db_introspect::pg::tests::test_can_pull_tables_from_pg ... FAILED
[INFO] [stdout] 
[INFO] [stdout] failures:
[INFO] [stdout] 
[INFO] [stdout] ---- db_introspect::pg::tests::test_can_pull_tables_from_pg stdout ----
[INFO] [stdout] 
[INFO] [stdout] thread 'db_introspect::pg::tests::test_can_pull_tables_from_pg' (4413) panicked at src/db_introspect/pg.rs:93:50:
[INFO] [stdout] called `Result::unwrap()` on an `Err` value: PoolTimedOut
[INFO] [stdout] stack backtrace:
[INFO] [stdout]    0:     0x5ac6834f8781 - <<std[70759c8f55707aa4]::sys::backtrace::BacktraceLock>::print::DisplayBacktrace as core[df12db4294e9bfd3]::fmt::Display>::fmt
[INFO] [stdout]    1:     0x5ac68350fffa - core[df12db4294e9bfd3]::fmt::write
[INFO] [stdout]    2:     0x5ac6834fd65c - <alloc[2182bb758b4b3781]::vec::Vec<u8> as core[df12db4294e9bfd3]::io::write::Write>::write_fmt
[INFO] [stdout]    3:     0x5ac6834d32f6 - std[70759c8f55707aa4]::panicking::default_hook::{closure#0}
[INFO] [stdout]    4:     0x5ac6834f0489 - std[70759c8f55707aa4]::panicking::default_hook
[INFO] [stdout]    5:     0x5ac68331cad0 - test[9d35eded1c95d3be]::test_main_inner::<test[9d35eded1c95d3be]::test_main_static::{closure#0}>::{closure#0}
[INFO] [stdout]    6:     0x5ac6834f07b2 - std[70759c8f55707aa4]::panicking::panic_with_hook
[INFO] [stdout]    7:     0x5ac6834d33a2 - std[70759c8f55707aa4]::panicking::panic_handler::{closure#0}
[INFO] [stdout]    8:     0x5ac6834cb929 - std[70759c8f55707aa4]::sys::backtrace::__rust_end_short_backtrace::<std[70759c8f55707aa4]::panicking::panic_handler::{closure#0}, !>
[INFO] [stdout]    9:     0x5ac6834d429d - __rustc[8fa7c3cbc660c2b3]::rust_begin_unwind
[INFO] [stdout]   10:     0x5ac68351075c - core[df12db4294e9bfd3]::panicking::panic_fmt
[INFO] [stdout]   11:     0x5ac683510532 - core[df12db4294e9bfd3]::result::unwrap_failed
[INFO] [stdout]   12:     0x5ac68330a21a - dbspec[55bb1741d6a486df]::db_introspect::pg::tests::test_can_pull_tables_from_pg::{closure#0}
[INFO] [stdout]   13:     0x5ac6832f3223 - <tokio[6134fb6dc19bfdb5]::runtime::scheduler::current_thread::Context>::enter::<core[df12db4294e9bfd3]::task::poll::Poll<()>, <tokio[6134fb6dc19bfdb5]::runtime::scheduler::current_thread::CoreGuard>::block_on<core[df12db4294e9bfd3]::pin::Pin<&mut core[df12db4294e9bfd3]::pin::Pin<&mut dyn core[df12db4294e9bfd3]::future::future::Future<Output = ()>>>>::{closure#0}::{closure#0}>
[INFO] [stdout]   14:     0x5ac6832fad42 - <tokio[6134fb6dc19bfdb5]::runtime::context::scoped::Scoped<tokio[6134fb6dc19bfdb5]::runtime::scheduler::Context>>::set::<<tokio[6134fb6dc19bfdb5]::runtime::scheduler::current_thread::CoreGuard>::enter<<tokio[6134fb6dc19bfdb5]::runtime::scheduler::current_thread::CoreGuard>::block_on<core[df12db4294e9bfd3]::pin::Pin<&mut core[df12db4294e9bfd3]::pin::Pin<&mut dyn core[df12db4294e9bfd3]::future::future::Future<Output = ()>>>>::{closure#0}, core[df12db4294e9bfd3]::option::Option<()>>::{closure#0}, (alloc[2182bb758b4b3781]::boxed::Box<tokio[6134fb6dc19bfdb5]::runtime::scheduler::current_thread::Core>, core[df12db4294e9bfd3]::option::Option<()>)>
[INFO] [stdout]   15:     0x5ac6832f2bae - <tokio[6134fb6dc19bfdb5]::runtime::runtime::Runtime>::block_on::<core[df12db4294e9bfd3]::pin::Pin<&mut dyn core[df12db4294e9bfd3]::future::future::Future<Output = ()>>>
[INFO] [stdout]   16:     0x5ac68330c88a - dbspec[55bb1741d6a486df]::db_introspect::pg::tests::test_can_pull_tables_from_pg
[INFO] [stdout]   17:     0x5ac6832f6879 - <dbspec[55bb1741d6a486df]::db_introspect::pg::tests::test_can_pull_tables_from_pg::{closure#0} as core[df12db4294e9bfd3]::ops::function::FnOnce<()>>::call_once
[INFO] [stdout]   18:     0x5ac68330fdbb - test[9d35eded1c95d3be]::__rust_begin_short_backtrace::<core[df12db4294e9bfd3]::result::Result<(), alloc[2182bb758b4b3781]::string::String>, fn() -> core[df12db4294e9bfd3]::result::Result<(), alloc[2182bb758b4b3781]::string::String>>
[INFO] [stdout]   19:     0x5ac68331d425 - test[9d35eded1c95d3be]::run_test::{closure#0}
[INFO] [stdout]   20:     0x5ac683316ce4 - std[70759c8f55707aa4]::sys::backtrace::__rust_begin_short_backtrace::<test[9d35eded1c95d3be]::run_test::{closure#1}, ()>
[INFO] [stdout]   21:     0x5ac683320582 - <std[70759c8f55707aa4]::thread::lifecycle::spawn_unchecked<test[9d35eded1c95d3be]::run_test::{closure#1}, ()>::{closure#1} as core[df12db4294e9bfd3]::ops::function::FnOnce<()>>::call_once::{shim:vtable#0}
[INFO] [stdout]   22:     0x5ac6834f7989 - <std[70759c8f55707aa4]::sys::thread::unix::Thread>::new::thread_start
[INFO] [stdout]   23:     0x75eaf78dedfa - <unknown>
[INFO] [stdout]   24:     0x75eaf79723d4 - clone
[INFO] [stdout]   25:                0x0 - <unknown>
[INFO] [stdout] 
[INFO] [stdout] 
[INFO] [stdout] failures:
[INFO] [stdout]     db_introspect::pg::tests::test_can_pull_tables_from_pg
[INFO] [stdout] 
[INFO] [stdout] test result: FAILED. 0 passed; 1 failed; 0 ignored; 0 measured; 0 filtered out; finished in 30.01s
[INFO] [stdout] 
[INFO] running `Command { std: "docker" "inspect" "e900b909bf4ae80ff3d2a93938172a7b43c93e9e88e3355486241863ec49de4d", kill_on_drop: false }`
[INFO] running `Command { std: "docker" "rm" "-f" "e900b909bf4ae80ff3d2a93938172a7b43c93e9e88e3355486241863ec49de4d", kill_on_drop: false }`
[INFO] [stdout] e900b909bf4ae80ff3d2a93938172a7b43c93e9e88e3355486241863ec49de4d
