[INFO] fetching crate db-schema 0.2.1...
[INFO] testing db-schema-0.2.1 against 1.99.0-beta.8+cargoflags=--release for beta-release-1.100-2
[INFO] extracting crate db-schema 0.2.1 into /workspace/builds/worker-1-tc1/source
[INFO] started tweaking crates.io crate db-schema 0.2.1
[INFO] finished tweaking crates.io crate db-schema 0.2.1
[INFO] tweaked toml for crates.io crate db-schema 0.2.1 written to /workspace/builds/worker-1-tc1/source/Cargo.toml
[INFO] validating manifest of crates.io crate db-schema 0.2.1 on toolchain 1.99.0-beta.8
[INFO] running `Command { std: CARGO_HOME="/workspace/cargo-home" RUSTUP_HOME="/workspace/rustup-home" "/workspace/cargo-home/bin/cargo" "+1.99.0-beta.8" "metadata" "--manifest-path" "Cargo.toml" "--no-deps", kill_on_drop: false }`
[INFO] running `Command { std: CARGO_HOME="/workspace/cargo-home" RUSTUP_HOME="/workspace/rustup-home" "/workspace/cargo-home/bin/cargo" "+1.99.0-beta.8" "generate-lockfile" "--manifest-path" "Cargo.toml", kill_on_drop: false }`
[INFO] [stderr]     Updating crates.io index
[INFO] [stderr]      Locking 205 packages to highest compatible versions
[INFO] [stderr]       Adding generic-array v0.14.7 (available: v0.14.9)
[INFO] [stderr]       Adding sqlx v0.6.3 (available: v0.9.0)
[INFO] [stderr]       Adding sqlx-db-tester v0.3.6 (available: v0.7.1)
[INFO] running `Command { std: CARGO_HOME="/workspace/cargo-home" RUSTUP_HOME="/workspace/rustup-home" "/workspace/cargo-home/bin/cargo" "+1.99.0-beta.8" "fetch" "--manifest-path" "Cargo.toml", kill_on_drop: false }`
[INFO] [stderr]  Downloading crates ...
[INFO] [stderr]   Downloaded sqlx-db-tester v0.3.6
[INFO] [stderr]   Downloaded sqlx v0.6.3
[INFO] [stderr]   Downloaded tokio-rustls v0.23.4
[INFO] [stderr]   Downloaded spin v0.5.2
[INFO] [stderr]   Downloaded sqlx-rt v0.6.3
[INFO] [stderr]   Downloaded untrusted v0.7.1
[INFO] [stderr]   Downloaded wasite v0.1.0
[INFO] [stderr]   Downloaded plain v0.2.3
[INFO] [stderr]   Downloaded const-oid v0.7.1
[INFO] [stderr]   Downloaded spki v0.5.4
[INFO] [stderr]   Downloaded num-iter v0.1.46
[INFO] [stderr]   Downloaded instant v0.1.13
[INFO] [stderr]   Downloaded crc v3.4.0
[INFO] [stderr]   Downloaded dirs-sys v0.3.7
[INFO] [stderr]   Downloaded atoi v1.0.0
[INFO] [stderr]   Downloaded sqlx-macros v0.6.3
[INFO] [stderr]   Downloaded stringprep v0.1.5
[INFO] [stderr]   Downloaded whoami v1.6.1
[INFO] [stderr]   Downloaded parking_lot_core v0.8.6
[INFO] [stderr]   Downloaded redox_syscall v0.2.16
[INFO] [stderr]   Downloaded pkcs1 v0.3.3
[INFO] [stderr]   Downloaded dirs v4.0.0
[INFO] [stderr]   Downloaded sqlformat v0.2.6
[INFO] [stderr]   Downloaded csv-core v0.1.13
[INFO] [stderr]   Downloaded dotenvy v0.15.7
[INFO] [stderr]   Downloaded crc-catalog v2.5.0
[INFO] [stderr]   Downloaded pem-rfc7468 v0.3.1
[INFO] [stderr]   Downloaded redox_syscall v0.9.5
[INFO] [stderr]   Downloaded tokio-stream v0.1.19
[INFO] [stderr]   Downloaded pkcs8 v0.8.0
[INFO] [stderr]   Downloaded unicode-properties v0.1.4
[INFO] [stderr]   Downloaded crypto-bigint v0.3.2
[INFO] [stderr]   Downloaded futures-executor v0.3.34
[INFO] [stderr]   Downloaded spin v0.9.9
[INFO] [stderr]   Downloaded indexmap v1.9.3
[INFO] [stderr]   Downloaded parking_lot v0.11.2
[INFO] [stderr]   Downloaded unicode-bidi v0.3.18
[INFO] [stderr]   Downloaded der v0.5.1
[INFO] [stderr]   Downloaded webpki v0.22.4
[INFO] [stderr]   Downloaded rsa v0.6.1
[INFO] [stderr]   Downloaded flume v0.10.14
[INFO] [stderr]   Downloaded unicode_categories v0.1.1
[INFO] [stderr]   Downloaded futures-intrusive v0.4.2
[INFO] [stderr]   Downloaded unicode-normalization v0.1.26
[INFO] [stderr]   Downloaded num-bigint-dig v0.8.6
[INFO] [stderr]   Downloaded libm v0.2.16
[INFO] [stderr]   Downloaded hkdf v0.12.4
[INFO] [stderr]   Downloaded rustls v0.20.9
[INFO] [stderr]   Downloaded sqlx-core v0.6.3
[INFO] [stderr]   Downloaded webpki-roots v0.22.6
[INFO] [stderr]   Downloaded csv v1.4.0
[INFO] [stderr]   Downloaded libsqlite3-sys v0.24.2
[INFO] [stderr]   Downloaded ring v0.16.20
[INFO] running `Command { std: "docker" "create" "-v" "/var/lib/crater-agent-workspace/builds/worker-1-tc1/source:/opt/rustwide/workdir:ro,Z" "-v" "/var/lib/crater-agent-workspace/builds/worker-1-tc1/target:/opt/rustwide/target:rw,Z" "-v" "/var/lib/crater-agent-workspace/cargo-home:/opt/rustwide/cargo-home:ro,Z" "-v" "/var/lib/crater-agent-workspace/rustup-home:/opt/rustwide/rustup-home:ro,Z" "-m" "1610612736" "--network" "none" "ghcr.io/rust-lang/crates-build-env/linux@sha256:77db811e55d90add9212f6832c23229e3de5f1c1f9905e8cb07319ea15df73ac" "sleep" "infinity", kill_on_drop: false }`
[INFO] [stdout] c4b869c82e3241f22566bc9d613c8a626ae0321efd8ef948250802c88e22c862
[INFO] running `Command { std: "docker" "start" "c4b869c82e3241f22566bc9d613c8a626ae0321efd8ef948250802c88e22c862", kill_on_drop: false }`
[INFO] running `Command { std: "docker" "inspect" "c4b869c82e3241f22566bc9d613c8a626ae0321efd8ef948250802c88e22c862", kill_on_drop: false }`
[INFO] running `Command { std: "docker" "exec" "-e" "SOURCE_DIR=/opt/rustwide/workdir" "-e" "CARGO_HOME=/opt/rustwide/cargo-home" "-e" "RUSTUP_HOME=/opt/rustwide/rustup-home" "-e" "CARGO_TARGET_DIR=/opt/rustwide/target" "-w" "/opt/rustwide/workdir" "--user" "0:0" "c4b869c82e3241f22566bc9d613c8a626ae0321efd8ef948250802c88e22c862" "/opt/rustwide/cargo-home/bin/cargo" "+1.99.0-beta.8" "metadata" "--no-deps" "--format-version=1", kill_on_drop: false }`
[INFO] running `Command { std: "docker" "inspect" "c4b869c82e3241f22566bc9d613c8a626ae0321efd8ef948250802c88e22c862", kill_on_drop: false }`
[INFO] running `Command { std: "docker" "exec" "-e" "SOURCE_DIR=/opt/rustwide/workdir" "-e" "CARGO_HOME=/opt/rustwide/cargo-home" "-e" "RUSTUP_HOME=/opt/rustwide/rustup-home" "-e" "CARGO_TARGET_DIR=/opt/rustwide/target" "-e" "CARGO_INCREMENTAL=0" "-e" "RUST_BACKTRACE=full" "-e" "RUSTFLAGS=--cap-lints=warn" "-e" "RUSTDOCFLAGS=--cap-lints=warn" "-w" "/opt/rustwide/workdir" "--user" "0:0" "c4b869c82e3241f22566bc9d613c8a626ae0321efd8ef948250802c88e22c862" "/opt/rustwide/cargo-home/bin/cargo" "+1.99.0-beta.8" "build" "--frozen" "--message-format=json" "--release", kill_on_drop: false }`
[INFO] [stderr]    Compiling libc v0.2.191
[INFO] [stderr]    Compiling proc-macro2 v1.0.107
[INFO] [stderr]    Compiling unicode-ident v1.0.27
[INFO] [stderr]    Compiling quote v1.0.47
[INFO] [stderr]    Compiling version_check v0.9.5
[INFO] [stderr]    Compiling shlex v2.0.1
[INFO] [stderr]    Compiling find-msvc-tools v0.1.14
[INFO] [stderr]    Compiling cfg-if v1.0.5
[INFO] [stderr]    Compiling zerocopy v0.8.63
[INFO] [stderr]    Compiling icu_normalizer_data v2.3.0
[INFO] [stderr]    Compiling autocfg v1.5.1
[INFO] [stderr]    Compiling cc v1.8.0
[INFO] [stderr]    Compiling icu_properties_data v2.3.0
[INFO] [stderr]    Compiling stable_deref_trait v1.2.1
[INFO] [stderr]    Compiling typenum v1.20.1
[INFO] [stderr]    Compiling rustls v0.20.9
[INFO] [stderr]    Compiling generic-array v0.14.7
[INFO] [stderr]    Compiling ahash v0.8.12
[INFO] [stderr]    Compiling parking_lot_core v0.8.6
[INFO] [stderr]    Compiling serde_core v1.0.229
[INFO] [stderr]    Compiling once_cell v1.21.4
[INFO] [stderr]    Compiling num-traits v0.2.19
[INFO] [stderr]    Compiling crossbeam-utils v0.8.23
[INFO] [stderr]    Compiling litemap v0.8.3
[INFO] [stderr]    Compiling writeable v0.6.4
[INFO] [stderr]    Compiling zmij v1.0.23
[INFO] [stderr]    Compiling untrusted v0.9.0
[INFO] [stderr]    Compiling syn v3.0.9
[INFO] [stderr]    Compiling smallvec v1.16.3
[INFO] [stderr]    Compiling utf8_iter v1.0.4
[INFO] [stderr]    Compiling subtle v2.6.1
[INFO] [stderr]    Compiling crypto-common v0.1.7
[INFO] [stderr]    Compiling block-buffer v0.10.4
[INFO] [stderr]    Compiling getrandom v0.2.17
[INFO] [stderr]    Compiling digest v0.10.7
[INFO] [stderr]    Compiling ahash v0.7.8
[INFO] [stderr]    Compiling indexmap v1.9.3
[INFO] [stderr]    Compiling serde v1.0.229
[INFO] [stderr]    Compiling thiserror v1.0.69
[INFO] [stderr]    Compiling ring v0.17.14
[INFO] [stderr]    Compiling ring v0.16.20
[INFO] [stderr]    Compiling pin-project-lite v0.2.17
[INFO] [stderr]    Compiling serde_json v1.0.154
[INFO] [stderr]    Compiling socket2 v0.6.5
[INFO] [stderr]    Compiling mio v1.2.4
[INFO] [stderr]    Compiling synstructure v0.14.0
[INFO] [stderr]    Compiling syn v2.0.119
[INFO] [stderr]    Compiling zerofrom-derive v0.1.8
[INFO] [stderr]    Compiling yoke-derive v0.8.4
[INFO] [stderr]    Compiling zerovec-derive v0.11.6
[INFO] [stderr]    Compiling displaydoc v0.2.7
[INFO] [stderr]    Compiling zerofrom v0.1.8
[INFO] [stderr]    Compiling yoke v0.8.3
[INFO] [stderr]    Compiling zerotrie v0.2.5
[INFO] [stderr]    Compiling zerovec v0.11.8
[INFO] [stderr]    Compiling tinystr v0.8.4
[INFO] [stderr]    Compiling potential_utf v0.1.6
[INFO] [stderr]    Compiling icu_locale_core v2.3.0
[INFO] [stderr]    Compiling icu_collections v2.3.0
[INFO] [stderr]    Compiling spin v0.5.2
[INFO] [stderr]    Compiling untrusted v0.7.1
[INFO] [stderr]    Compiling webpki v0.22.4
[INFO] [stderr]    Compiling futures-core v0.3.34
[INFO] [stderr]    Compiling bytes v1.12.1
[INFO] [stderr]    Compiling icu_provider v2.3.1
[INFO] [stderr]    Compiling sct v0.7.1
[INFO] [stderr]    Compiling icu_normalizer v2.3.0
[INFO] [stderr]    Compiling icu_properties v2.3.0
[INFO] [stderr]    Compiling tokio v1.53.3
[INFO] [stderr]    Compiling thiserror-impl v1.0.69
[INFO] [stderr]    Compiling serde_derive v1.0.229
[INFO] [stderr]    Compiling instant v0.1.13
[INFO] [stderr]    Compiling paste v1.0.15
[INFO] [stderr]    Compiling memchr v2.8.3
[INFO] [stderr]    Compiling scopeguard v1.2.0
[INFO] [stderr]    Compiling log v0.4.34
[INFO] [stderr]    Compiling lock_api v0.4.14
[INFO] [stderr]    Compiling idna_adapter v1.2.2
[INFO] [stderr]    Compiling ppv-lite86 v0.2.21
[INFO] [stderr]    Compiling rand_core v0.6.4
[INFO] [stderr]    Compiling futures-sink v0.3.34
[INFO] [stderr]    Compiling percent-encoding v2.3.2
[INFO] [stderr]    Compiling allocator-api2 v0.2.21
[INFO] [stderr]    Compiling cpufeatures v0.2.17
[INFO] [stderr]    Compiling tinyvec v1.13.3
[INFO] [stderr]    Compiling minimal-lexical v0.2.1
[INFO] [stderr]    Compiling hashbrown v0.14.5
[INFO] [stderr]    Compiling unicode-normalization v0.1.26
[INFO] [stderr]    Compiling nom v7.1.3
[INFO] [stderr]    Compiling form_urlencoded v1.2.2
[INFO] [stderr]    Compiling tokio-rustls v0.23.4
[INFO] [stderr]    Compiling rand_chacha v0.3.1
[INFO] [stderr]    Compiling idna v1.1.0
[INFO] [stderr]    Compiling parking_lot v0.11.2
[INFO] [stderr]    Compiling hmac v0.12.1
[INFO] [stderr]    Compiling dirs-sys v0.3.7
[INFO] [stderr]    Compiling crc-catalog v2.5.0
[INFO] [stderr]    Compiling unicode-properties v0.1.4
[INFO] [stderr]    Compiling unicode-bidi v0.3.18
[INFO] [stderr]    Compiling futures-task v0.3.34
[INFO] [stderr]    Compiling unicode_categories v0.1.1
[INFO] [stderr]    Compiling syn v1.0.109
[INFO] [stderr]    Compiling hashbrown v0.12.3
[INFO] [stderr]    Compiling slab v0.4.12
[INFO] [stderr]    Compiling itoa v1.0.18
[INFO] [stderr]    Compiling base64 v0.21.7
[INFO] [stderr]    Compiling rustls-pemfile v1.0.4
[INFO] [stderr]    Compiling futures-util v0.3.34
[INFO] [stderr]    Compiling stringprep v0.1.5
[INFO] [stderr]    Compiling sqlformat v0.2.6
[INFO] [stderr]    Compiling crc v3.4.0
[INFO] [stderr]    Compiling dirs v4.0.0
[INFO] [stderr]    Compiling hkdf v0.12.4
[INFO] [stderr]    Compiling url v2.5.8
[INFO] [stderr]    Compiling futures-intrusive v0.4.2
[INFO] [stderr]    Compiling atoi v1.0.0
[INFO] [stderr]    Compiling crossbeam-queue v0.3.14
[INFO] [stderr]    Compiling rand v0.8.8
[INFO] [stderr]    Compiling sqlx-rt v0.6.3
[INFO] [stderr]    Compiling hashlink v0.8.4
[INFO] [stderr]    Compiling sha2 v0.10.9
[INFO] [stderr]    Compiling sha1 v0.10.7
[INFO] [stderr]    Compiling futures-channel v0.3.34
[INFO] [stderr]    Compiling tokio-stream v0.1.19
[INFO] [stderr]    Compiling webpki-roots v0.22.6
[INFO] [stderr]    Compiling md-5 v0.10.6
[INFO] [stderr]    Compiling event-listener v2.5.3
[INFO] [stderr]    Compiling either v1.19.0
[INFO] [stderr]    Compiling byteorder v1.5.0
[INFO] [stderr]    Compiling base64 v0.13.1
[INFO] [stderr]    Compiling unicode-segmentation v1.13.3
[INFO] [stderr]    Compiling whoami v1.6.1
[INFO] [stderr]    Compiling dotenvy v0.15.7
[INFO] [stderr]    Compiling bitflags v1.3.2
[INFO] [stderr]    Compiling hex v0.4.3
[INFO] [stderr]    Compiling sqlx-core v0.6.3
[INFO] [stderr]    Compiling heck v0.4.1
[INFO] [stderr]    Compiling sqlx-macros v0.6.3
[INFO] [stderr]    Compiling sqlx v0.6.3
[INFO] [stderr]    Compiling db-schema v0.2.1 (/opt/rustwide/workdir)
[INFO] [stdout] warning: lint `private_in_public` has been removed: replaced with another group of lints, see RFC <https://rust-lang.github.io/rfcs/2145-type-privacy.html> for more information
[INFO] [stdout]   --> src/lib.rs:50:26
[INFO] [stdout]    |
[INFO] [stdout] 50 | #![deny(unreachable_pub, private_in_public)]
[INFO] [stdout]    |                          ^^^^^^^^^^^^^^^^^
[INFO] [stdout]    |
[INFO] [stdout]    = note: `#[warn(renamed_and_removed_lints)]` on by default
[INFO] [stdout] 
[INFO] [stdout] 
[INFO] [stderr]     Finished `release` profile [optimized] target(s) in 4m 10s
[INFO] [stderr] warning: the following packages contain code that will be rejected by a future version of Rust: sqlx-core v0.6.3
[INFO] [stderr] note: to see what the problems were, use the option `--future-incompat-report`, or run `cargo report future-incompatibilities --id 1`
[INFO] running `Command { std: "docker" "inspect" "c4b869c82e3241f22566bc9d613c8a626ae0321efd8ef948250802c88e22c862", kill_on_drop: false }`
[INFO] running `Command { std: "docker" "exec" "-e" "SOURCE_DIR=/opt/rustwide/workdir" "-e" "CARGO_HOME=/opt/rustwide/cargo-home" "-e" "RUSTUP_HOME=/opt/rustwide/rustup-home" "-e" "CARGO_TARGET_DIR=/opt/rustwide/target" "-e" "CARGO_INCREMENTAL=0" "-e" "RUST_BACKTRACE=full" "-e" "RUSTFLAGS=--cap-lints=warn" "-e" "RUSTDOCFLAGS=--cap-lints=warn" "-w" "/opt/rustwide/workdir" "--user" "0:0" "c4b869c82e3241f22566bc9d613c8a626ae0321efd8ef948250802c88e22c862" "/opt/rustwide/cargo-home/bin/cargo" "+1.99.0-beta.8" "test" "--frozen" "--no-run" "--message-format=json" "--release", kill_on_drop: false }`
[INFO] [stderr]    Compiling syn v3.0.9
[INFO] [stderr]    Compiling serde_core v1.0.229
[INFO] [stderr]    Compiling either v1.19.0
[INFO] [stderr]    Compiling getrandom v0.4.3
[INFO] [stderr]    Compiling anyhow v1.0.104
[INFO] [stderr]    Compiling csv-core v0.1.13
[INFO] [stderr]    Compiling ryu v1.0.23
[INFO] [stderr]    Compiling itertools v0.10.5
[INFO] [stderr]    Compiling uuid v1.28.0
[INFO] [stderr]    Compiling serde_json v1.0.154
[INFO] [stderr]    Compiling csv v1.4.0
[INFO] [stderr]    Compiling synstructure v0.14.0
[INFO] [stderr]    Compiling zerofrom-derive v0.1.8
[INFO] [stderr]    Compiling yoke-derive v0.8.4
[INFO] [stderr]    Compiling zerovec-derive v0.11.6
[INFO] [stderr]    Compiling displaydoc v0.2.7
[INFO] [stderr]    Compiling serde_derive v1.0.229
[INFO] [stderr]    Compiling tokio-macros v2.7.2
[INFO] [stderr]    Compiling tokio v1.53.3
[INFO] [stderr]    Compiling zerofrom v0.1.8
[INFO] [stderr]    Compiling yoke v0.8.3
[INFO] [stderr]    Compiling zerotrie v0.2.5
[INFO] [stderr]    Compiling zerovec v0.11.8
[INFO] [stderr]    Compiling tinystr v0.8.4
[INFO] [stderr]    Compiling potential_utf v0.1.6
[INFO] [stderr]    Compiling icu_collections v2.3.0
[INFO] [stderr]    Compiling icu_locale_core v2.3.0
[INFO] [stderr]    Compiling icu_provider v2.3.1
[INFO] [stderr]    Compiling serde v1.0.229
[INFO] [stderr]    Compiling icu_properties v2.3.0
[INFO] [stderr]    Compiling icu_normalizer v2.3.0
[INFO] [stderr]    Compiling idna_adapter v1.2.2
[INFO] [stderr]    Compiling idna v1.1.0
[INFO] [stderr]    Compiling url v2.5.8
[INFO] [stderr]    Compiling sqlx-core v0.6.3
[INFO] [stderr]    Compiling tokio-rustls v0.23.4
[INFO] [stderr]    Compiling tokio-stream v0.1.19
[INFO] [stderr]    Compiling sqlx-rt v0.6.3
[INFO] [stderr]    Compiling sqlx-macros v0.6.3
[INFO] [stderr]    Compiling sqlx v0.6.3
[INFO] [stderr]    Compiling sqlx-db-tester v0.3.6
[INFO] [stderr]    Compiling db-schema v0.2.1 (/opt/rustwide/workdir)
[INFO] [stdout] warning: lint `private_in_public` has been removed: replaced with another group of lints, see RFC <https://rust-lang.github.io/rfcs/2145-type-privacy.html> for more information
[INFO] [stdout]   --> src/lib.rs:50:26
[INFO] [stdout]    |
[INFO] [stdout] 50 | #![deny(unreachable_pub, private_in_public)]
[INFO] [stdout]    |                          ^^^^^^^^^^^^^^^^^
[INFO] [stdout]    |
[INFO] [stdout]    = note: `#[warn(renamed_and_removed_lints)]` on by default
[INFO] [stdout] 
[INFO] [stdout] 
[INFO] [stdout] warning: lint `private_in_public` has been removed: replaced with another group of lints, see RFC <https://rust-lang.github.io/rfcs/2145-type-privacy.html> for more information
[INFO] [stdout]   --> src/lib.rs:50:26
[INFO] [stdout]    |
[INFO] [stdout] 50 | #![deny(unreachable_pub, private_in_public)]
[INFO] [stdout]    |                          ^^^^^^^^^^^^^^^^^
[INFO] [stdout]    |
[INFO] [stdout]    = note: `#[warn(renamed_and_removed_lints)]` on by default
[INFO] [stdout] 
[INFO] [stdout] 
[INFO] [stderr]     Finished `release` profile [optimized] target(s) in 1m 52s
[INFO] [stderr] warning: the following packages contain code that will be rejected by a future version of Rust: sqlx-core v0.6.3
[INFO] [stderr] note: to see what the problems were, use the option `--future-incompat-report`, or run `cargo report future-incompatibilities --id 1`
[INFO] running `Command { std: "docker" "inspect" "c4b869c82e3241f22566bc9d613c8a626ae0321efd8ef948250802c88e22c862", kill_on_drop: false }`
[INFO] running `Command { std: "docker" "exec" "-e" "SOURCE_DIR=/opt/rustwide/workdir" "-e" "CARGO_HOME=/opt/rustwide/cargo-home" "-e" "RUSTUP_HOME=/opt/rustwide/rustup-home" "-e" "CARGO_TARGET_DIR=/opt/rustwide/target" "-e" "CARGO_INCREMENTAL=0" "-e" "RUST_BACKTRACE=full" "-e" "RUSTFLAGS=--cap-lints=warn" "-e" "RUSTDOCFLAGS=--cap-lints=warn" "-w" "/opt/rustwide/workdir" "--user" "0:0" "c4b869c82e3241f22566bc9d613c8a626ae0321efd8ef948250802c88e22c862" "/opt/rustwide/cargo-home/bin/cargo" "+1.99.0-beta.8" "test" "--frozen" "--release", kill_on_drop: false }`
[INFO] [stderr] warning: lint `private_in_public` has been removed: replaced with another group of lints, see RFC <https://rust-lang.github.io/rfcs/2145-type-privacy.html> for more information
[INFO] [stderr]   --> src/lib.rs:50:26
[INFO] [stderr]    |
[INFO] [stderr] 50 | #![deny(unreachable_pub, private_in_public)]
[INFO] [stderr]    |                          ^^^^^^^^^^^^^^^^^
[INFO] [stderr]    |
[INFO] [stderr]    = note: `#[warn(renamed_and_removed_lints)]` on by default
[INFO] [stderr] 
[INFO] [stderr] warning: `db-schema` (lib) generated 1 warning
[INFO] [stderr] warning: `db-schema` (lib test) generated 1 warning (1 duplicate)
[INFO] [stderr]     Finished `release` profile [optimized] target(s) in 0.30s
[INFO] [stderr] warning: the following packages contain code that will be rejected by a future version of Rust: sqlx-core v0.6.3
[INFO] [stderr] note: to see what the problems were, use the option `--future-incompat-report`, or run `cargo report future-incompatibilities --id 1`
[INFO] [stderr]      Running unittests src/lib.rs (/opt/rustwide/target/release/deps/db_schema-7a5acdb4e29f5455)
[INFO] [stdout] 
[INFO] [stdout] running 8 tests
[INFO] [stdout] 
[INFO] [stderr] 
[INFO] [stdout] thread '<unnamed>' (4801) panicked at /opt/rustwide/cargo-home/registry/src/index.crates.io-1949cf8c6b5b557f/sqlx-db-tester-0.3.6/src/postgres.rs:36:73:
[INFO] [stderr] thread 'pg::tests::get_tables_should_work' (4786) panicked at /rustc/dfb0accb7f508ae8be965d8629557221c889dd98/library/core/src/panicking.rs:233:5:
[INFO] [stdout] called `Result::unwrap()` on an `Err` value: Io(Os { code: 111, kind: ConnectionRefused, message: "Connection refused" })
[INFO] [stderr] panic in a destructor during cleanup
[INFO] [stdout] stack backtrace:
[INFO] [stderr] thread caused non-unwinding panic. aborting.
[INFO] [stdout]    0:     0x6446d8fbb941 - <<std[70759c8f55707aa4]::sys::backtrace::BacktraceLock>::print::DisplayBacktrace as core[df12db4294e9bfd3]::fmt::Display>::fmt
[INFO] [stdout]    1:     0x6446d8fd320a - core[df12db4294e9bfd3]::fmt::write
[INFO] [stdout]    2:     0x6446d8fc0b5c - <alloc[2182bb758b4b3781]::vec::Vec<u8> as core[df12db4294e9bfd3]::io::write::Write>::write_fmt
[INFO] [stdout]    3:     0x6446d8f95916 - std[70759c8f55707aa4]::panicking::default_hook::{closure#0}
[INFO] [stdout]    4:     0x6446d8fb2e89 - std[70759c8f55707aa4]::panicking::default_hook
[INFO] [stdout]    5:     0x6446d8d8a9d0 - test[9d35eded1c95d3be]::test_main_inner::<test[9d35eded1c95d3be]::test_main_static::{closure#0}>::{closure#0}
[INFO] [stdout]    6:     0x6446d8fb31b2 - std[70759c8f55707aa4]::panicking::panic_with_hook
[INFO] [stdout]    7:     0x6446d8f959c2 - std[70759c8f55707aa4]::panicking::panic_handler::{closure#0}
[INFO] [stdout]    8:     0x6446d8f8dea9 - std[70759c8f55707aa4]::sys::backtrace::__rust_end_short_backtrace::<std[70759c8f55707aa4]::panicking::panic_handler::{closure#0}, !>
[INFO] [stdout]    9:     0x6446d8f968bd - __rustc[8fa7c3cbc660c2b3]::rust_begin_unwind
[INFO] [stdout]   10:     0x6446d8fd396c - core[df12db4294e9bfd3]::panicking::panic_fmt
[INFO] [stdout]   11:     0x6446d8fd3742 - core[df12db4294e9bfd3]::result::unwrap_failed
[INFO] [stdout]   12:     0x6446d8de397a - <tokio[f6b221e41df38196]::runtime::park::CachedParkThread>::block_on::<<sqlx_db_tester[ff979049c6ba8e61]::postgres::TestPg>::new<&std[70759c8f55707aa4]::path::Path>::{closure#0}::{closure#0}>
[INFO] [stdout]   13:     0x6446d8de06b5 - tokio[f6b221e41df38196]::runtime::context::runtime::enter_runtime::<<tokio[f6b221e41df38196]::runtime::scheduler::multi_thread::MultiThread>::block_on<<sqlx_db_tester[ff979049c6ba8e61]::postgres::TestPg>::new<&std[70759c8f55707aa4]::path::Path>::{closure#0}::{closure#0}>::{closure#0}, ()>
[INFO] [stdout]   14:     0x6446d8df06fd - <tokio[f6b221e41df38196]::runtime::runtime::Runtime>::block_on::<<sqlx_db_tester[ff979049c6ba8e61]::postgres::TestPg>::new<&std[70759c8f55707aa4]::path::Path>::{closure#0}::{closure#0}>
[INFO] [stdout]   15:     0x6446d8df601d - std[70759c8f55707aa4]::sys::backtrace::__rust_begin_short_backtrace::<<sqlx_db_tester[ff979049c6ba8e61]::postgres::TestPg>::new<&std[70759c8f55707aa4]::path::Path>::{closure#0}, ()>
[INFO] [stdout]   16:     0x6446d8dc04cf - <std[70759c8f55707aa4]::thread::lifecycle::spawn_unchecked<<sqlx_db_tester[ff979049c6ba8e61]::postgres::TestPg>::new<&std[70759c8f55707aa4]::path::Path>::{closure#0}, ()>::{closure#1} as core[df12db4294e9bfd3]::ops::function::FnOnce<()>>::call_once::{shim:vtable#0}
[INFO] [stdout]   17:     0x6446d8fba7d9 - <std[70759c8f55707aa4]::sys::thread::unix::Thread>::new::thread_start
[INFO] [stdout]   18:     0x7b1854460dfa - <unknown>
[INFO] [stdout]   19:     0x7b18544f43d4 - clone
[INFO] [stdout]   20:                0x0 - <unknown>
[INFO] [stdout] 
[INFO] [stdout] thread 'pg::tests::get_tables_should_work' (4786) panicked at /opt/rustwide/cargo-home/registry/src/index.crates.io-1949cf8c6b5b557f/sqlx-db-tester-0.3.6/src/postgres.rs:48:10:
[INFO] [stdout] failed to create database: Any { .. }
[INFO] [stdout] stack backtrace:
[INFO] [stdout]    0:     0x6446d8fbb941 - <<std[70759c8f55707aa4]::sys::backtrace::BacktraceLock>::print::DisplayBacktrace as core[df12db4294e9bfd3]::fmt::Display>::fmt
[INFO] [stdout]    1:     0x6446d8fd320a - core[df12db4294e9bfd3]::fmt::write
[INFO] [stdout]    2:     0x6446d8fc0b5c - <alloc[2182bb758b4b3781]::vec::Vec<u8> as core[df12db4294e9bfd3]::io::write::Write>::write_fmt
[INFO] [stdout]    3:     0x6446d8f95916 - std[70759c8f55707aa4]::panicking::default_hook::{closure#0}
[INFO] [stdout]    4:     0x6446d8fb2e89 - std[70759c8f55707aa4]::panicking::default_hook
[INFO] [stdout]    5:     0x6446d8d8a9d0 - test[9d35eded1c95d3be]::test_main_inner::<test[9d35eded1c95d3be]::test_main_static::{closure#0}>::{closure#0}
[INFO] [stdout]    6:     0x6446d8fb31b2 - std[70759c8f55707aa4]::panicking::panic_with_hook
[INFO] [stdout]    7:     0x6446d8f959c2 - std[70759c8f55707aa4]::panicking::panic_handler::{closure#0}
[INFO] [stdout]    8:     0x6446d8f8dea9 - std[70759c8f55707aa4]::sys::backtrace::__rust_end_short_backtrace::<std[70759c8f55707aa4]::panicking::panic_handler::{closure#0}, !>
[INFO] [stdout]    9:     0x6446d8f968bd - __rustc[8fa7c3cbc660c2b3]::rust_begin_unwind
[INFO] [stdout]   10:     0x6446d8fd396c - core[df12db4294e9bfd3]::panicking::panic_fmt
[INFO] [stdout]   11:     0x6446d8fd3742 - core[df12db4294e9bfd3]::result::unwrap_failed
[INFO] [stdout]   12:     0x6446d8dc0df0 - <sqlx_db_tester[ff979049c6ba8e61]::postgres::TestPg as core[df12db4294e9bfd3]::default::Default>::default
[INFO] [stdout]   13:     0x6446d8d4ad00 - db_schema[18f9d35215a3cc9f]::pg::tests::get_tables_should_work::{closure#0}
[INFO] [stdout]   14:     0x6446d8d6e7ff - <tokio[f6b221e41df38196]::runtime::context::scoped::Scoped<tokio[f6b221e41df38196]::runtime::scheduler::Context>>::set::<<tokio[f6b221e41df38196]::runtime::scheduler::current_thread::CoreGuard>::enter<<tokio[f6b221e41df38196]::runtime::scheduler::current_thread::CoreGuard>::block_on<core[df12db4294e9bfd3]::pin::Pin<&mut core[df12db4294e9bfd3]::pin::Pin<&mut dyn core[df12db4294e9bfd3]::future::future::Future<Output = core[df12db4294e9bfd3]::result::Result<(), anyhow[8c366fa371e7d33d]::Error>>>>>::{closure#0}, core[df12db4294e9bfd3]::option::Option<core[df12db4294e9bfd3]::result::Result<(), anyhow[8c366fa371e7d33d]::Error>>>::{closure#0}, (alloc[2182bb758b4b3781]::boxed::Box<tokio[f6b221e41df38196]::runtime::scheduler::current_thread::Core>, core[df12db4294e9bfd3]::option::Option<core[df12db4294e9bfd3]::result::Result<(), anyhow[8c366fa371e7d33d]::Error>>)>
[INFO] [stdout]   15:     0x6446d8d6ee7d - <tokio[f6b221e41df38196]::runtime::scheduler::current_thread::CurrentThread>::block_on::<core[df12db4294e9bfd3]::pin::Pin<&mut dyn core[df12db4294e9bfd3]::future::future::Future<Output = core[df12db4294e9bfd3]::result::Result<(), anyhow[8c366fa371e7d33d]::Error>>>>
[INFO] [stdout]   16:     0x6446d8d5d7b2 - <tokio[f6b221e41df38196]::runtime::runtime::Runtime>::block_on::<core[df12db4294e9bfd3]::pin::Pin<&mut dyn core[df12db4294e9bfd3]::future::future::Future<Output = core[df12db4294e9bfd3]::result::Result<(), anyhow[8c366fa371e7d33d]::Error>>>>
[INFO] [stdout]   17:     0x6446d8d4c8ea - db_schema[18f9d35215a3cc9f]::pg::tests::get_tables_should_work
[INFO] [stdout]   18:     0x6446d8d6e2af - <db_schema[18f9d35215a3cc9f]::pg::tests::get_tables_should_work::{closure#0} as core[df12db4294e9bfd3]::ops::function::FnOnce<()>>::call_once
[INFO] [stdout]   19:     0x6446d8d7dcbb - test[9d35eded1c95d3be]::__rust_begin_short_backtrace::<core[df12db4294e9bfd3]::result::Result<(), alloc[2182bb758b4b3781]::string::String>, fn() -> core[df12db4294e9bfd3]::result::Result<(), alloc[2182bb758b4b3781]::string::String>>
[INFO] [stdout]   20:     0x6446d8d8b325 - test[9d35eded1c95d3be]::run_test::{closure#0}
[INFO] [stdout]   21:     0x6446d8d84be4 - std[70759c8f55707aa4]::sys::backtrace::__rust_begin_short_backtrace::<test[9d35eded1c95d3be]::run_test::{closure#1}, ()>
[INFO] [stdout]   22:     0x6446d8d8e482 - <std[70759c8f55707aa4]::thread::lifecycle::spawn_unchecked<test[9d35eded1c95d3be]::run_test::{closure#1}, ()>::{closure#1} as core[df12db4294e9bfd3]::ops::function::FnOnce<()>>::call_once::{shim:vtable#0}
[INFO] [stdout]   23:     0x6446d8fba7d9 - <std[70759c8f55707aa4]::sys::thread::unix::Thread>::new::thread_start
[INFO] [stdout]   24:     0x7b1854460dfa - <unknown>
[INFO] [stdout]   25:     0x7b18544f43d4 - clone
[INFO] [stdout]   26:                0x0 - <unknown>
[INFO] [stdout] 
[INFO] [stdout] thread '<unnamed>' (4871) panicked at /opt/rustwide/cargo-home/registry/src/index.crates.io-1949cf8c6b5b557f/sqlx-db-tester-0.3.6/src/postgres.rs:107:77:
[INFO] [stdout] called `Result::unwrap()` on an `Err` value: Io(Os { code: 111, kind: ConnectionRefused, message: "Connection refused" })
[INFO] [stdout] stack backtrace:
[INFO] [stdout]    0:     0x6446d8fbb941 - <<std[70759c8f55707aa4]::sys::backtrace::BacktraceLock>::print::DisplayBacktrace as core[df12db4294e9bfd3]::fmt::Display>::fmt
[INFO] [stdout]    1:     0x6446d8fd320a - core[df12db4294e9bfd3]::fmt::write
[INFO] [stdout]    2:     0x6446d8fc0b5c - <alloc[2182bb758b4b3781]::vec::Vec<u8> as core[df12db4294e9bfd3]::io::write::Write>::write_fmt
[INFO] [stdout]    3:     0x6446d8f95916 - std[70759c8f55707aa4]::panicking::default_hook::{closure#0}
[INFO] [stdout]    4:     0x6446d8fb2e89 - std[70759c8f55707aa4]::panicking::default_hook
[INFO] [stdout]    5:     0x6446d8d8a9d0 - test[9d35eded1c95d3be]::test_main_inner::<test[9d35eded1c95d3be]::test_main_static::{closure#0}>::{closure#0}
[INFO] [stdout]    6:     0x6446d8fb31b2 - std[70759c8f55707aa4]::panicking::panic_with_hook
[INFO] [stdout]    7:     0x6446d8f959c2 - std[70759c8f55707aa4]::panicking::panic_handler::{closure#0}
[INFO] [stdout]    8:     0x6446d8f8dea9 - std[70759c8f55707aa4]::sys::backtrace::__rust_end_short_backtrace::<std[70759c8f55707aa4]::panicking::panic_handler::{closure#0}, !>
[INFO] [stdout]    9:     0x6446d8f968bd - __rustc[8fa7c3cbc660c2b3]::rust_begin_unwind
[INFO] [stdout]   10:     0x6446d8fd396c - core[df12db4294e9bfd3]::panicking::panic_fmt
[INFO] [stdout]   11:     0x6446d8fd3742 - core[df12db4294e9bfd3]::result::unwrap_failed
[INFO] [stdout]   12:     0x6446d8de47fe - <tokio[f6b221e41df38196]::runtime::park::CachedParkThread>::block_on::<<sqlx_db_tester[ff979049c6ba8e61]::postgres::TestPg as core[df12db4294e9bfd3]::ops::drop::Drop>::drop::{closure#0}::{closure#0}>
[INFO] [stdout]   13:     0x6446d8de08b5 - tokio[f6b221e41df38196]::runtime::context::runtime::enter_runtime::<<tokio[f6b221e41df38196]::runtime::scheduler::multi_thread::MultiThread>::block_on<<sqlx_db_tester[ff979049c6ba8e61]::postgres::TestPg as core[df12db4294e9bfd3]::ops::drop::Drop>::drop::{closure#0}::{closure#0}>::{closure#0}, ()>
[INFO] [stdout]   14:     0x6446d8df085e - <tokio[f6b221e41df38196]::runtime::runtime::Runtime>::block_on::<<sqlx_db_tester[ff979049c6ba8e61]::postgres::TestPg as core[df12db4294e9bfd3]::ops::drop::Drop>::drop::{closure#0}::{closure#0}>
[INFO] [stdout]   15:     0x6446d8df61b9 - std[70759c8f55707aa4]::sys::backtrace::__rust_begin_short_backtrace::<<sqlx_db_tester[ff979049c6ba8e61]::postgres::TestPg as core[df12db4294e9bfd3]::ops::drop::Drop>::drop::{closure#0}, ()>
[INFO] [stdout]   16:     0x6446d8dc068f - <std[70759c8f55707aa4]::thread::lifecycle::spawn_unchecked<<sqlx_db_tester[ff979049c6ba8e61]::postgres::TestPg as core[df12db4294e9bfd3]::ops::drop::Drop>::drop::{closure#0}, ()>::{closure#1} as core[df12db4294e9bfd3]::ops::function::FnOnce<()>>::call_once::{shim:vtable#0}
[INFO] [stdout]   17:     0x6446d8fba7d9 - <std[70759c8f55707aa4]::sys::thread::unix::Thread>::new::thread_start
[INFO] [stdout]   18:     0x7b1854460dfa - <unknown>
[INFO] [stdout]   19:     0x7b18544f43d4 - clone
[INFO] [stdout]   20:                0x0 - <unknown>
[INFO] [stdout] 
[INFO] [stdout] thread 'pg::tests::get_tables_should_work' (4786) panicked at /opt/rustwide/cargo-home/registry/src/index.crates.io-1949cf8c6b5b557f/sqlx-db-tester-0.3.6/src/postgres.rs:119:14:
[INFO] [stdout] failed to drop database: Any { .. }
[INFO] [stdout] stack backtrace:
[INFO] [stdout]    0:     0x6446d8fbb941 - <<std[70759c8f55707aa4]::sys::backtrace::BacktraceLock>::print::DisplayBacktrace as core[df12db4294e9bfd3]::fmt::Display>::fmt
[INFO] [stdout]    1:     0x6446d8fd320a - core[df12db4294e9bfd3]::fmt::write
[INFO] [stdout]    2:     0x6446d8fc0b5c - <alloc[2182bb758b4b3781]::vec::Vec<u8> as core[df12db4294e9bfd3]::io::write::Write>::write_fmt
[INFO] [stdout]    3:     0x6446d8f95916 - std[70759c8f55707aa4]::panicking::default_hook::{closure#0}
[INFO] [stdout]    4:     0x6446d8fb2e89 - std[70759c8f55707aa4]::panicking::default_hook
[INFO] [stdout]    5:     0x6446d8d8a9d0 - test[9d35eded1c95d3be]::test_main_inner::<test[9d35eded1c95d3be]::test_main_static::{closure#0}>::{closure#0}
[INFO] [stdout]    6:     0x6446d8fb31b2 - std[70759c8f55707aa4]::panicking::panic_with_hook
[INFO] [stdout]    7:     0x6446d8f959c2 - std[70759c8f55707aa4]::panicking::panic_handler::{closure#0}
[INFO] [stdout]    8:     0x6446d8f8dea9 - std[70759c8f55707aa4]::sys::backtrace::__rust_end_short_backtrace::<std[70759c8f55707aa4]::panicking::panic_handler::{closure#0}, !>
[INFO] [stdout]    9:     0x6446d8f968bd - __rustc[8fa7c3cbc660c2b3]::rust_begin_unwind
[INFO] [stdout]   10:     0x6446d8fd396c - core[df12db4294e9bfd3]::panicking::panic_fmt
[INFO] [stdout]   11:     0x6446d8fd3742 - core[df12db4294e9bfd3]::result::unwrap_failed
[INFO] [stdout]   12:     0x6446d8dc1208 - <sqlx_db_tester[ff979049c6ba8e61]::postgres::TestPg as core[df12db4294e9bfd3]::ops::drop::Drop>::drop
[INFO] [stdout]   13:     0x6446d8dbf34d - core[df12db4294e9bfd3]::ptr::drop_glue::<sqlx_db_tester[ff979049c6ba8e61]::postgres::TestPg>
[INFO] [stdout]   14:     0x6446d8dc0ec5 - <sqlx_db_tester[ff979049c6ba8e61]::postgres::TestPg as core[df12db4294e9bfd3]::default::Default>::default
[INFO] [stdout]   15:     0x6446d8d4ad00 - db_schema[18f9d35215a3cc9f]::pg::tests::get_tables_should_work::{closure#0}
[INFO] [stdout]   16:     0x6446d8d6e7ff - <tokio[f6b221e41df38196]::runtime::context::scoped::Scoped<tokio[f6b221e41df38196]::runtime::scheduler::Context>>::set::<<tokio[f6b221e41df38196]::runtime::scheduler::current_thread::CoreGuard>::enter<<tokio[f6b221e41df38196]::runtime::scheduler::current_thread::CoreGuard>::block_on<core[df12db4294e9bfd3]::pin::Pin<&mut core[df12db4294e9bfd3]::pin::Pin<&mut dyn core[df12db4294e9bfd3]::future::future::Future<Output = core[df12db4294e9bfd3]::result::Result<(), anyhow[8c366fa371e7d33d]::Error>>>>>::{closure#0}, core[df12db4294e9bfd3]::option::Option<core[df12db4294e9bfd3]::result::Result<(), anyhow[8c366fa371e7d33d]::Error>>>::{closure#0}, (alloc[2182bb758b4b3781]::boxed::Box<tokio[f6b221e41df38196]::runtime::scheduler::current_thread::Core>, core[df12db4294e9bfd3]::option::Option<core[df12db4294e9bfd3]::result::Result<(), anyhow[8c366fa371e7d33d]::Error>>)>
[INFO] [stdout]   17:     0x6446d8d6ee7d - <tokio[f6b221e41df38196]::runtime::scheduler::current_thread::CurrentThread>::block_on::<core[df12db4294e9bfd3]::pin::Pin<&mut dyn core[df12db4294e9bfd3]::future::future::Future<Output = core[df12db4294e9bfd3]::result::Result<(), anyhow[8c366fa371e7d33d]::Error>>>>
[INFO] [stdout]   18:     0x6446d8d5d7b2 - <tokio[f6b221e41df38196]::runtime::runtime::Runtime>::block_on::<core[df12db4294e9bfd3]::pin::Pin<&mut dyn core[df12db4294e9bfd3]::future::future::Future<Output = core[df12db4294e9bfd3]::result::Result<(), anyhow[8c366fa371e7d33d]::Error>>>>
[INFO] [stdout]   19:     0x6446d8d4c8ea - db_schema[18f9d35215a3cc9f]::pg::tests::get_tables_should_work
[INFO] [stdout]   20:     0x6446d8d6e2af - <db_schema[18f9d35215a3cc9f]::pg::tests::get_tables_should_work::{closure#0} as core[df12db4294e9bfd3]::ops::function::FnOnce<()>>::call_once
[INFO] [stdout]   21:     0x6446d8d7dcbb - test[9d35eded1c95d3be]::__rust_begin_short_backtrace::<core[df12db4294e9bfd3]::result::Result<(), alloc[2182bb758b4b3781]::string::String>, fn() -> core[df12db4294e9bfd3]::result::Result<(), alloc[2182bb758b4b3781]::string::String>>
[INFO] [stdout]   22:     0x6446d8d8b325 - test[9d35eded1c95d3be]::run_test::{closure#0}
[INFO] [stdout]   23:     0x6446d8d84be4 - std[70759c8f55707aa4]::sys::backtrace::__rust_begin_short_backtrace::<test[9d35eded1c95d3be]::run_test::{closure#1}, ()>
[INFO] [stdout]   24:     0x6446d8d8e482 - <std[70759c8f55707aa4]::thread::lifecycle::spawn_unchecked<test[9d35eded1c95d3be]::run_test::{closure#1}, ()>::{closure#1} as core[df12db4294e9bfd3]::ops::function::FnOnce<()>>::call_once::{shim:vtable#0}
[INFO] [stdout]   25:     0x6446d8fba7d9 - <std[70759c8f55707aa4]::sys::thread::unix::Thread>::new::thread_start
[INFO] [stdout]   26:     0x7b1854460dfa - <unknown>
[INFO] [stdout]   27:     0x7b18544f43d4 - clone
[INFO] [stdout]   28:                0x0 - <unknown>
[INFO] [stderr] error: test failed, to rerun pass `--lib`
[INFO] [stderr] 
[INFO] [stderr] Caused by:
[INFO] [stderr]   process didn't exit successfully: `/opt/rustwide/target/release/deps/db_schema-7a5acdb4e29f5455` (signal: 6, SIGABRT: process abort signal)
[INFO] running `Command { std: "docker" "inspect" "c4b869c82e3241f22566bc9d613c8a626ae0321efd8ef948250802c88e22c862", kill_on_drop: false }`
[INFO] running `Command { std: "docker" "rm" "-f" "c4b869c82e3241f22566bc9d613c8a626ae0321efd8ef948250802c88e22c862", kill_on_drop: false }`
[INFO] [stdout] c4b869c82e3241f22566bc9d613c8a626ae0321efd8ef948250802c88e22c862
