[INFO] fetching crate cqrsy 0.11.0...
[INFO] testing cqrsy-0.11.0 against 1.100.0-beta.1+cargoflags=--release for beta-release-1.100-2
[INFO] extracting crate cqrsy 0.11.0 into /workspace/builds/worker-7-tc2/source
[INFO] started tweaking crates.io crate cqrsy 0.11.0
[INFO] removed 0 missing tests
[INFO] finished tweaking crates.io crate cqrsy 0.11.0
[INFO] tweaked toml for crates.io crate cqrsy 0.11.0 written to /workspace/builds/worker-7-tc2/source/Cargo.toml
[INFO] validating manifest of crates.io crate cqrsy 0.11.0 on toolchain 1.100.0-beta.1
[INFO] running `Command { std: CARGO_HOME="/workspace/cargo-home" RUSTUP_HOME="/workspace/rustup-home" "/workspace/cargo-home/bin/cargo" "+1.100.0-beta.1" "metadata" "--manifest-path" "Cargo.toml" "--no-deps", kill_on_drop: false }`
[INFO] crate crates.io crate cqrsy 0.11.0 already has a lockfile, it will not be regenerated
[INFO] running `Command { std: CARGO_HOME="/workspace/cargo-home" RUSTUP_HOME="/workspace/rustup-home" "/workspace/cargo-home/bin/cargo" "+1.100.0-beta.1" "fetch" "--manifest-path" "Cargo.toml", kill_on_drop: false }`
[INFO] running `Command { std: "docker" "create" "-v" "/var/lib/crater-agent-workspace/builds/worker-7-tc2/source:/opt/rustwide/workdir:ro,Z" "-v" "/var/lib/crater-agent-workspace/builds/worker-7-tc2/target:/opt/rustwide/target:rw,Z" "-v" "/var/lib/crater-agent-workspace/cargo-home:/opt/rustwide/cargo-home:ro,Z" "-v" "/var/lib/crater-agent-workspace/rustup-home:/opt/rustwide/rustup-home:ro,Z" "-m" "1610612736" "--network" "none" "ghcr.io/rust-lang/crates-build-env/linux@sha256:77db811e55d90add9212f6832c23229e3de5f1c1f9905e8cb07319ea15df73ac" "sleep" "infinity", kill_on_drop: false }`
[INFO] [stdout] 6b7abaa5be53e45b06c239ec9a87b489b1ce588f628e79c684b3e46af16f3ced
[INFO] running `Command { std: "docker" "start" "6b7abaa5be53e45b06c239ec9a87b489b1ce588f628e79c684b3e46af16f3ced", kill_on_drop: false }`
[INFO] running `Command { std: "docker" "inspect" "6b7abaa5be53e45b06c239ec9a87b489b1ce588f628e79c684b3e46af16f3ced", kill_on_drop: false }`
[INFO] running `Command { std: "docker" "exec" "-e" "SOURCE_DIR=/opt/rustwide/workdir" "-e" "CARGO_HOME=/opt/rustwide/cargo-home" "-e" "RUSTUP_HOME=/opt/rustwide/rustup-home" "-e" "CARGO_TARGET_DIR=/opt/rustwide/target" "-w" "/opt/rustwide/workdir" "--user" "0:0" "6b7abaa5be53e45b06c239ec9a87b489b1ce588f628e79c684b3e46af16f3ced" "/opt/rustwide/cargo-home/bin/cargo" "+1.100.0-beta.1" "metadata" "--no-deps" "--format-version=1", kill_on_drop: false }`
[INFO] running `Command { std: "docker" "inspect" "6b7abaa5be53e45b06c239ec9a87b489b1ce588f628e79c684b3e46af16f3ced", kill_on_drop: false }`
[INFO] running `Command { std: "docker" "exec" "-e" "SOURCE_DIR=/opt/rustwide/workdir" "-e" "CARGO_HOME=/opt/rustwide/cargo-home" "-e" "RUSTUP_HOME=/opt/rustwide/rustup-home" "-e" "CARGO_TARGET_DIR=/opt/rustwide/target" "-e" "CARGO_INCREMENTAL=0" "-e" "RUST_BACKTRACE=full" "-e" "RUSTFLAGS=--cap-lints=warn" "-e" "RUSTDOCFLAGS=--cap-lints=warn" "-w" "/opt/rustwide/workdir" "--user" "0:0" "6b7abaa5be53e45b06c239ec9a87b489b1ce588f628e79c684b3e46af16f3ced" "/opt/rustwide/cargo-home/bin/cargo" "+1.100.0-beta.1" "build" "--frozen" "--message-format=json" "--release", kill_on_drop: false }`
[INFO] [stderr]    Compiling syn v3.0.3
[INFO] [stderr]    Compiling cqrsy v0.11.0 (/opt/rustwide/workdir)
[INFO] [stderr]     Finished `release` profile [optimized] target(s) in 6.43s
[INFO] running `Command { std: "docker" "inspect" "6b7abaa5be53e45b06c239ec9a87b489b1ce588f628e79c684b3e46af16f3ced", kill_on_drop: false }`
[INFO] running `Command { std: "docker" "exec" "-e" "SOURCE_DIR=/opt/rustwide/workdir" "-e" "CARGO_HOME=/opt/rustwide/cargo-home" "-e" "RUSTUP_HOME=/opt/rustwide/rustup-home" "-e" "CARGO_TARGET_DIR=/opt/rustwide/target" "-e" "CARGO_INCREMENTAL=0" "-e" "RUST_BACKTRACE=full" "-e" "RUSTFLAGS=--cap-lints=warn" "-e" "RUSTDOCFLAGS=--cap-lints=warn" "-w" "/opt/rustwide/workdir" "--user" "0:0" "6b7abaa5be53e45b06c239ec9a87b489b1ce588f628e79c684b3e46af16f3ced" "/opt/rustwide/cargo-home/bin/cargo" "+1.100.0-beta.1" "test" "--frozen" "--no-run" "--message-format=json" "--release", kill_on_drop: false }`
[INFO] [stderr]    Compiling target-triple v1.0.0
[INFO] [stderr]    Compiling winnow v1.0.3
[INFO] [stderr]    Compiling smallvec v1.15.2
[INFO] [stderr]    Compiling serde_core v1.0.229
[INFO] [stderr]    Compiling memchr v2.8.2
[INFO] [stderr]    Compiling serde_spanned v1.1.1
[INFO] [stderr]    Compiling toml_datetime v1.1.1+spec-1.1.0
[INFO] [stderr]    Compiling toml_writer v1.1.1+spec-1.1.0
[INFO] [stderr]    Compiling serde v1.0.229
[INFO] [stderr]    Compiling errno v0.3.14
[INFO] [stderr]    Compiling tokio-macros v2.7.2
[INFO] [stderr]    Compiling serde_derive v1.0.229
[INFO] [stderr]    Compiling cqrsy v0.11.0 (/opt/rustwide/workdir)
[INFO] [stderr]    Compiling bytes v1.12.0
[INFO] [stderr]    Compiling glob v0.3.3
[INFO] [stderr]    Compiling signal-hook-registry v1.4.8
[INFO] [stderr]    Compiling syn v3.0.3
[INFO] [stderr]    Compiling parking_lot_core v0.9.12
[INFO] [stderr]    Compiling serde_json v1.0.150
[INFO] [stderr]    Compiling toml_parser v1.1.2+spec-1.1.0
[INFO] [stderr]    Compiling socket2 v0.6.4
[INFO] [stderr]    Compiling mio v1.2.1
[INFO] [stderr]    Compiling parking_lot v0.12.5
[INFO] [stderr]    Compiling termcolor v1.4.1
[INFO] [stderr]    Compiling toml v1.1.2+spec-1.1.0
[INFO] [stderr]    Compiling tokio v1.52.3
[INFO] [stderr]    Compiling trybuild v1.0.117
[INFO] [stderr]     Finished `release` profile [optimized] target(s) in 50.23s
[INFO] running `Command { std: "docker" "inspect" "6b7abaa5be53e45b06c239ec9a87b489b1ce588f628e79c684b3e46af16f3ced", kill_on_drop: false }`
[INFO] running `Command { std: "docker" "exec" "-e" "SOURCE_DIR=/opt/rustwide/workdir" "-e" "CARGO_HOME=/opt/rustwide/cargo-home" "-e" "RUSTUP_HOME=/opt/rustwide/rustup-home" "-e" "CARGO_TARGET_DIR=/opt/rustwide/target" "-e" "CARGO_INCREMENTAL=0" "-e" "RUST_BACKTRACE=full" "-e" "RUSTFLAGS=--cap-lints=warn" "-e" "RUSTDOCFLAGS=--cap-lints=warn" "-w" "/opt/rustwide/workdir" "--user" "0:0" "6b7abaa5be53e45b06c239ec9a87b489b1ce588f628e79c684b3e46af16f3ced" "/opt/rustwide/cargo-home/bin/cargo" "+1.100.0-beta.1" "test" "--frozen" "--release", kill_on_drop: false }`
[INFO] [stderr]     Finished `release` profile [optimized] target(s) in 0.13s
[INFO] [stderr]      Running unittests src/lib.rs (/opt/rustwide/target/release/build/cqrsy/9beba5227b0f7dc2/out/cqrsy-9beba5227b0f7dc2)
[INFO] [stdout] 
[INFO] [stdout] running 22 tests
[INFO] [stdout] test operation::expand::tests::preserves_async_and_unsafe_qualifiers ... ok
[INFO] [stdout] test operation::signature::tests::accepts_request_by_shared_reference ... ok
[INFO] [stdout] test operation::expand::tests::synchronous_dependencies_get_no_eligibility_block ... ok
[INFO] [stdout] test operation::expand::tests::preserves_attributes_generics_return_and_body ... ok
[INFO] [stdout] test operation::signature::tests::accepts_wildcard_unit_request ... ok
[INFO] [stdout] test operation::signature::tests::classifies_reference_and_arc_dependencies ... ok
[INFO] [stdout] test operation::signature::tests::preserves_sync_and_async_unsafe_qualifiers ... ok
[INFO] [stdout] test operation::signature::tests::combines_independent_signature_errors ... ok
[INFO] [stdout] test operation::signature::tests::accepts_grouped_dyn_dependency ... ok
[INFO] [stdout] test operation::signature::tests::accepts_mutable_reference_dependency ... ok
[INFO] [stdout] test operation::expand::tests::emits_async_item_unchanged_plus_eligibility_block ... ok
[INFO] [stdout] test operation::expand::tests::does_not_emit_retired_or_runtime_dispatch_machinery ... ok
[INFO] [stdout] test operation::signature::tests::accepts_dyn_dependency_nested_inside_borrowed_arc ... ok
[INFO] [stdout] test operation::arguments::tests::accepts_empty_arguments ... ok
[INFO] [stdout] test operation::arguments::tests::rejects_any_arguments ... ok
[INFO] [stdout] test operation::expand::tests::request_only_operations_get_no_block ... ok
[INFO] [stderr]      Running tests/direct_execution.rs (/opt/rustwide/target/release/build/cqrsy/48472aa7b1ff33c7/out/direct_execution-48472aa7b1ff33c7)
[INFO] [stdout] test operation::signature::tests::rejects_mutable_dependency_binding ... ok
[INFO] [stdout] test operation::signature::tests::rejects_mutable_reference_request ... ok
[INFO] [stdout] test operation::signature::tests::receiver_error_does_not_misclassify_the_typed_request ... ok
[INFO] [stdout] test operation::signature::tests::requires_unrestricted_public_visibility ... ok
[INFO] [stdout] test operation::signature::tests::still_rejects_wildcard_dependencies ... ok
[INFO] [stdout] test operation::signature::tests::rejects_owned_dependency ... ok
[INFO] [stdout] 
[INFO] [stdout] test result: ok. 22 passed; 0 failed; 0 ignored; 0 measured; 0 filtered out; finished in 0.02s
[INFO] [stdout] 
[INFO] [stdout] 
[INFO] [stdout] running 7 tests
[INFO] [stdout] test command_mutates_an_exclusively_borrowed_dependency ... ok
[INFO] [stdout] test mutable_request_binding_preserves_the_operation_body ... ok
[INFO] [stdout] test asynchronous_query_is_directly_awaitable ... ok
[INFO] [stdout] test request_only_operation_supports_direct_calls ... ok
[INFO] [stdout] test asynchronous_unsafe_operation_requires_an_explicit_unsafe_call ... ok
[INFO] [stdout] test synchronous_unsafe_operation_requires_an_explicit_unsafe_call ... ok
[INFO] [stderr]      Running tests/panic_location.rs (/opt/rustwide/target/release/build/cqrsy/ab7de8e293cc4a29/out/panic_location-ab7de8e293cc4a29)
[INFO] [stdout] test direct_synchronous_execute_returns_the_operation_value ... ok
[INFO] [stdout] 
[INFO] [stdout] test result: ok. 7 passed; 0 failed; 0 ignored; 0 measured; 0 filtered out; finished in 0.00s
[INFO] [stdout] 
[INFO] [stdout] 
[INFO] [stderr]      Running tests/ui.rs (/opt/rustwide/target/release/build/cqrsy/34ac8567b2a98ca4/out/ui-34ac8567b2a98ca4)
[INFO] [stdout] running 1 test
[INFO] [stdout] test panic_reports_the_body_line_not_the_attribute ... ok
[INFO] [stdout] 
[INFO] [stdout] test result: ok. 1 passed; 0 failed; 0 ignored; 0 measured; 0 filtered out; finished in 0.00s
[INFO] [stdout] 
[INFO] [stdout] 
[INFO] [stdout] running 1 test
[INFO] [stderr]    Compiling proc-macro2 v1.0.106
[INFO] [stderr]    Compiling quote v1.0.46
[INFO] [stderr]    Compiling libc v0.2.186
[INFO] [stderr]    Compiling unicode-ident v1.0.24
[INFO] [stderr]    Compiling parking_lot_core v0.9.12
[INFO] [stderr]    Compiling scopeguard v1.2.0
[INFO] [stderr]    Compiling smallvec v1.15.2
[INFO] [stderr]    Compiling cfg-if v1.0.4
[INFO] [stderr]    Compiling pin-project-lite v0.2.17
[INFO] [stderr]    Compiling bytes v1.12.0
[INFO] [stderr]    Compiling lock_api v0.4.14
[INFO] [stderr]    Compiling syn v3.0.3
[INFO] [stderr]    Compiling errno v0.3.14
[INFO] [stderr]    Compiling socket2 v0.6.4
[INFO] [stderr]    Compiling mio v1.2.1
[INFO] [stderr]    Compiling signal-hook-registry v1.4.8
[INFO] [stderr]    Compiling parking_lot v0.12.5
[INFO] [stderr]    Compiling tokio-macros v2.7.2
[INFO] [stderr]    Compiling cqrsy v0.11.0 (/opt/rustwide/workdir)
[INFO] [stderr]    Compiling tokio v1.52.3
[INFO] [stderr]    Compiling cqrsy-tests v0.0.0 (/opt/rustwide/target/tests/trybuild/cqrsy)
[INFO] [stderr]     Finished `dev` profile [unoptimized + debuginfo] target(s) in 17.33s
[INFO] [stderr] 
[INFO] [stderr] 
[INFO] [stderr] test tests/ui/pass_arbitrary_return.rs [should pass] ... ok
[INFO] [stderr] test tests/ui/pass_async_command_shared.rs [should pass] ... ok
[INFO] [stderr] test tests/ui/pass_async_unsafe.rs [should pass] ... ok
[INFO] [stderr] test tests/ui/pass_command_mut_dependency.rs [should pass] ... ok
[INFO] [stderr] test tests/ui/pass_concrete_and_arc.rs [should pass] ... ok
[INFO] [stderr] test tests/ui/pass_direct_calls.rs [should pass] ... ok
[INFO] [stderr] test tests/ui/pass_dyn_dependencies.rs [should pass] ... ok
[INFO] [stderr] test tests/ui/pass_generic_lifetime_where.rs [should pass] ... ok
[INFO] [stderr] test tests/ui/pass_mut_request.rs [should pass] ... ok
[INFO] [stderr] test tests/ui/pass_mutable_query_dependency.rs [should pass] ... ok
[INFO] [stderr] test tests/ui/pass_preserved_attributes_body.rs [should pass] ... ok
[INFO] [stderr] test tests/ui/pass_reference_request.rs [should pass] ... ok
[INFO] [stderr] test tests/ui/pass_request_only.rs [should pass] ... ok
[INFO] [stderr] test tests/ui/pass_sync_local_dependency.rs [should pass] ... ok
[INFO] [stderr] test tests/ui/pass_sync_query.rs [should pass] ... ok
[INFO] [stderr] test tests/ui/pass_sync_unsafe.rs [should pass] ... ok
[INFO] [stderr] test tests/ui/pass_wildcard_unit_request.rs [should pass] ... ok
[INFO] [stderr] test tests/ui/fail_abi.rs [should fail to compile] ... ok
[INFO] [stderr] test tests/ui/fail_async_non_sync_dependency.rs [should fail to compile] ... mismatch
[INFO] [stderr] 
[INFO] [stderr] EXPECTED:
[INFO] [stderr] ┈┈┈┈┈┈┈┈┈┈┈┈┈┈┈┈┈┈┈┈┈┈┈┈┈┈┈┈┈┈┈┈┈┈┈┈┈┈┈┈┈┈┈┈┈┈┈┈┈┈┈┈┈┈┈┈┈┈┈┈
[INFO] [stderr] error[E0277]: `Cell<u32>` cannot be shared between threads safely
[INFO] [stderr]  --> tests/ui/fail_async_non_sync_dependency.rs:8:36
[INFO] [stderr]   |
[INFO] [stderr] 8 | pub async fn execute(_query: Read, store: &LocalStore) -> u32 {
[INFO] [stderr]   |                                    ^^^^^^^^----------
[INFO] [stderr]   |                                    |       |
[INFO] [stderr]   |                                    |       required by a bound introduced by this call
[INFO] [stderr]   |                                    `Cell<u32>` cannot be shared between threads safely
[INFO] [stderr]   |
[INFO] [stderr]   = help: within `LocalStore`, the trait `Sync` is not implemented for `Cell<u32>`
[INFO] [stderr]   = note: if you want to do aliasing and mutation between multiple threads, use `std::sync::RwLock` or `std::sync::atomic::AtomicU32` instead
[INFO] [stderr] note: required because it appears within the type `LocalStore`
[INFO] [stderr]  --> tests/ui/fail_async_non_sync_dependency.rs:5:12
[INFO] [stderr]   |
[INFO] [stderr] 5 | pub struct LocalStore(Cell<u32>);
[INFO] [stderr]   |            ^^^^^^^^^^
[INFO] [stderr] note: required by a bound in `__cqrsy_eligible`
[INFO] [stderr]  --> tests/ui/fail_async_non_sync_dependency.rs:7:1
[INFO] [stderr]   |
[INFO] [stderr] 7 | #[cqrsy::query]
[INFO] [stderr]   | ^^^^^^^^^^^^^^^ required by this bound in `__cqrsy_eligible`
[INFO] [stderr]   = note: this error originates in the attribute macro `cqrsy::query` (in Nightly builds, run with -Z macro-backtrace for more info)
[INFO] [stderr] ┈┈┈┈┈┈┈┈┈┈┈┈┈┈┈┈┈┈┈┈┈┈┈┈┈┈┈┈┈┈┈┈┈┈┈┈┈┈┈┈┈┈┈┈┈┈┈┈┈┈┈┈┈┈┈┈┈┈┈┈
[INFO] [stderr] 
[INFO] [stderr] ACTUAL OUTPUT:
[INFO] [stderr] ┈┈┈┈┈┈┈┈┈┈┈┈┈┈┈┈┈┈┈┈┈┈┈┈┈┈┈┈┈┈┈┈┈┈┈┈┈┈┈┈┈┈┈┈┈┈┈┈┈┈┈┈┈┈┈┈┈┈┈┈
[INFO] [stderr] error[E0277]: `Cell<u32>` cannot be shared between threads safely
[INFO] [stderr]  --> tests/ui/fail_async_non_sync_dependency.rs:8:36
[INFO] [stderr]   |
[INFO] [stderr] 8 | pub async fn execute(_query: Read, store: &LocalStore) -> u32 {
[INFO] [stderr]   |                                    ^^^^^^^^----------
[INFO] [stderr]   |                                    |       |
[INFO] [stderr]   |                                    |       required by a bound introduced by this call
[INFO] [stderr]   |                                    `Cell<u32>` cannot be shared between threads safely
[INFO] [stderr]   |
[INFO] [stderr]   = help: within `LocalStore`, the trait `Sync` is not implemented for `Cell<u32>`
[INFO] [stderr]   = note: if you want to do aliasing and mutation between multiple threads, use `std::sync::RwLock` or `std::sync::atomic::AtomicU32` instead
[INFO] [stderr] note: required because it appears within the type `LocalStore`
[INFO] [stderr]  --> tests/ui/fail_async_non_sync_dependency.rs:5:23
[INFO] [stderr]   |
[INFO] [stderr] 5 | pub struct LocalStore(Cell<u32>);
[INFO] [stderr]   |                       ^^^^^^^^^ required by this field
[INFO] [stderr] note: required by a bound in `__cqrsy_eligible`
[INFO] [stderr]  --> tests/ui/fail_async_non_sync_dependency.rs:7:1
[INFO] [stderr]   |
[INFO] [stderr] 7 | #[cqrsy::query]
[INFO] [stderr]   | ^^^^^^^^^^^^^^^ required by this bound in `__cqrsy_eligible`
[INFO] [stderr]   = note: this error originates in the attribute macro `cqrsy::query` (in Nightly builds, run with -Z macro-backtrace for more info)
[INFO] [stderr] ┈┈┈┈┈┈┈┈┈┈┈┈┈┈┈┈┈┈┈┈┈┈┈┈┈┈┈┈┈┈┈┈┈┈┈┈┈┈┈┈┈┈┈┈┈┈┈┈┈┈┈┈┈┈┈┈┈┈┈┈
[INFO] [stderr] note: If the actual output is the correct output you can bless it by rerunning
[INFO] [stderr]       your test with the environment variable TRYBUILD=overwrite
[INFO] [stderr] 
[INFO] [stderr] test tests/ui/fail_attribute_arguments.rs [should fail to compile] ... ok
[INFO] [stderr] test tests/ui/fail_const.rs [should fail to compile] ... ok
[INFO] [stderr] test tests/ui/fail_destructured_dependency.rs [should fail to compile] ... ok
[INFO] [stderr] test tests/ui/fail_destructured_request.rs [should fail to compile] ... ok
[INFO] [stderr] test tests/ui/fail_mut_dependency_binding.rs [should fail to compile] ... ok
[INFO] [stderr] test tests/ui/fail_mut_reference_request.rs [should fail to compile] ... ok
[INFO] [stderr] test tests/ui/fail_non_execute_name.rs [should fail to compile] ... ok
[INFO] [stderr] test tests/ui/fail_owned_dependency.rs [should fail to compile] ... ok
[INFO] [stderr] test tests/ui/fail_private_visibility.rs [should fail to compile] ... ok
[INFO] [stderr] test tests/ui/fail_receiver.rs [should fail to compile] ... ok
[INFO] [stderr] test tests/ui/fail_removed_event_contracts.rs [should fail to compile] ... ok
[INFO] [stderr] test tests/ui/fail_removed_pipeline_contracts.rs [should fail to compile] ... ok
[INFO] [stderr] test tests/ui/fail_restricted_visibility.rs [should fail to compile] ... ok
[INFO] [stderr] test tests/ui/fail_retired_dispatch_contracts.rs [should fail to compile] ... ok
[INFO] [stderr] test tests/ui/fail_retired_handler_attribute.rs [should fail to compile] ... ok
[INFO] [stderr] test tests/ui/fail_second_by_value_parameter.rs [should fail to compile] ... ok
[INFO] [stderr] test tests/ui/fail_variadic.rs [should fail to compile] ... ok
[INFO] [stdout] test ui ... FAILED
[INFO] [stderr] test tests/ui/fail_zero_parameters.rs [should fail to compile] ... ok
[INFO] [stdout] 
[INFO] [stderr] 
[INFO] [stdout] failures:
[INFO] [stderr] 
[INFO] [stdout] 
[INFO] [stdout] ---- ui stdout ----
[INFO] [stdout] 
[INFO] [stdout] thread 'ui' (1001) panicked at /opt/rustwide/cargo-home/registry/src/index.crates.io-1949cf8c6b5b557f/trybuild-1.0.117/src/run.rs:102:13:
[INFO] [stdout] 1 of 37 tests failed
[INFO] [stdout] stack backtrace:
[INFO] [stdout]    0:     0x58e9a60996d1 - <<std[617be2ca0a6fd877]::sys::backtrace::BacktraceLock>::print::DisplayBacktrace as core[a373ad73a504971]::fmt::Display>::fmt
[INFO] [stdout]    1:     0x58e9a60af9ba - core[a373ad73a504971]::fmt::write
[INFO] [stdout]    2:     0x58e9a609df1c - <alloc[2e1b2a31b91974c5]::vec::Vec<u8> as core[a373ad73a504971]::io::write::Write>::write_fmt
[INFO] [stdout]    3:     0x58e9a6072b36 - std[617be2ca0a6fd877]::panicking::default_hook::{closure#0}
[INFO] [stdout]    4:     0x58e9a6090c79 - std[617be2ca0a6fd877]::panicking::default_hook
[INFO] [stdout]    5:     0x58e9a602a280 - test[aada8e7e76ba119b]::test_main_inner::{closure#0}
[INFO] [stdout]    6:     0x58e9a6090e32 - std[617be2ca0a6fd877]::panicking::panic_with_hook
[INFO] [stdout]    7:     0x58e9a6072be2 - std[617be2ca0a6fd877]::panicking::panic_handler::{closure#0}
[INFO] [stdout]    8:     0x58e9a606b439 - std[617be2ca0a6fd877]::sys::backtrace::__rust_end_short_backtrace::<std[617be2ca0a6fd877]::panicking::panic_handler::{closure#0}, !>
[INFO] [stdout]    9:     0x58e9a60737ed - __rustc[ea4f61d10b84890b]::rust_begin_unwind
[INFO] [stdout]   10:     0x58e9a60b012c - core[a373ad73a504971]::panicking::panic_fmt
[INFO] [stdout]   11:     0x58e9a5f7a7a7 - <trybuild[2e6a28a0f7a9f33f]::Runner>::run
[INFO] [stdout]   12:     0x58e9a5f7d900 - <trybuild[2e6a28a0f7a9f33f]::TestCases as core[a373ad73a504971]::ops::drop::Drop>::drop
[INFO] [stdout]   13:     0x58e9a5f74fc6 - ui[ceab8884252a40b1]::ui
[INFO] [stdout]   14:     0x58e9a5f751f9 - <ui[ceab8884252a40b1]::ui::{closure#0} as core[a373ad73a504971]::ops::function::FnOnce<()>>::call_once
[INFO] [stdout]   15:     0x58e9a601d6cb - test[aada8e7e76ba119b]::__rust_begin_short_backtrace::<core[a373ad73a504971]::result::Result<(), alloc[2e1b2a31b91974c5]::string::String>, fn() -> core[a373ad73a504971]::result::Result<(), alloc[2e1b2a31b91974c5]::string::String>>
[INFO] [stdout]   16:     0x58e9a602a8a5 - test[aada8e7e76ba119b]::run_test::{closure#0}
[INFO] [stdout]   17:     0x58e9a6024194 - std[617be2ca0a6fd877]::sys::backtrace::__rust_begin_short_backtrace::<test[aada8e7e76ba119b]::run_test::{closure#1}, ()>
[INFO] [stdout]   18:     0x58e9a602d932 - <std[617be2ca0a6fd877]::thread::lifecycle::spawn_unchecked<test[aada8e7e76ba119b]::run_test::{closure#1}, ()>::{closure#1} as core[a373ad73a504971]::ops::function::FnOnce<()>>::call_once::{shim:vtable#0}
[INFO] [stdout]   19:     0x58e9a609892f - <std[617be2ca0a6fd877]::sys::thread::unix::Thread>::new::thread_start
[INFO] [stdout]   20:     0x7dcbe68c2dfa - <unknown>
[INFO] [stdout]   21:     0x7dcbe69563d4 - clone
[INFO] [stdout]   22:                0x0 - <unknown>
[INFO] [stdout] 
[INFO] [stdout] 
[INFO] [stdout] failures:
[INFO] [stdout]     ui
[INFO] [stdout] 
[INFO] [stdout] test result: FAILED. 0 passed; 1 failed; 0 ignored; 0 measured; 0 filtered out; finished in 42.71s
[INFO] [stdout] 
[INFO] [stderr] error: test failed, to rerun pass `--test ui`
[INFO] running `Command { std: "docker" "inspect" "6b7abaa5be53e45b06c239ec9a87b489b1ce588f628e79c684b3e46af16f3ced", kill_on_drop: false }`
[INFO] running `Command { std: "docker" "rm" "-f" "6b7abaa5be53e45b06c239ec9a87b489b1ce588f628e79c684b3e46af16f3ced", kill_on_drop: false }`
[INFO] [stdout] 6b7abaa5be53e45b06c239ec9a87b489b1ce588f628e79c684b3e46af16f3ced
