[INFO] fetching crate const-precondition 0.1.1...
[INFO] testing const-precondition-0.1.1 against 1.100.0-beta.1+cargoflags=--release for beta-release-1.100-2
[INFO] extracting crate const-precondition 0.1.1 into /workspace/builds/worker-0-tc2/source
[INFO] started tweaking crates.io crate const-precondition 0.1.1
[INFO] removed 0 missing examples
[INFO] removed 0 missing tests
[INFO] finished tweaking crates.io crate const-precondition 0.1.1
[INFO] tweaked toml for crates.io crate const-precondition 0.1.1 written to /workspace/builds/worker-0-tc2/source/Cargo.toml
[INFO] validating manifest of crates.io crate const-precondition 0.1.1 on toolchain 1.100.0-beta.1
[INFO] running `Command { std: CARGO_HOME="/workspace/cargo-home" RUSTUP_HOME="/workspace/rustup-home" "/workspace/cargo-home/bin/cargo" "+1.100.0-beta.1" "metadata" "--manifest-path" "Cargo.toml" "--no-deps", kill_on_drop: false }`
[INFO] crate crates.io crate const-precondition 0.1.1 already has a lockfile, it will not be regenerated
[INFO] running `Command { std: CARGO_HOME="/workspace/cargo-home" RUSTUP_HOME="/workspace/rustup-home" "/workspace/cargo-home/bin/cargo" "+1.100.0-beta.1" "fetch" "--manifest-path" "Cargo.toml", kill_on_drop: false }`
[INFO] running `Command { std: "docker" "create" "-v" "/var/lib/crater-agent-workspace/builds/worker-0-tc2/source:/opt/rustwide/workdir:ro,Z" "-v" "/var/lib/crater-agent-workspace/builds/worker-0-tc2/target:/opt/rustwide/target:rw,Z" "-v" "/var/lib/crater-agent-workspace/cargo-home:/opt/rustwide/cargo-home:ro,Z" "-v" "/var/lib/crater-agent-workspace/rustup-home:/opt/rustwide/rustup-home:ro,Z" "-m" "1610612736" "--network" "none" "ghcr.io/rust-lang/crates-build-env/linux@sha256:77db811e55d90add9212f6832c23229e3de5f1c1f9905e8cb07319ea15df73ac" "sleep" "infinity", kill_on_drop: false }`
[INFO] [stdout] 121dbd8fffd9883ca89e3c257c2cd4a3ef3378ca66428079c9e4ff3bdc7e23cd
[INFO] running `Command { std: "docker" "start" "121dbd8fffd9883ca89e3c257c2cd4a3ef3378ca66428079c9e4ff3bdc7e23cd", kill_on_drop: false }`
[INFO] running `Command { std: "docker" "inspect" "121dbd8fffd9883ca89e3c257c2cd4a3ef3378ca66428079c9e4ff3bdc7e23cd", kill_on_drop: false }`
[INFO] running `Command { std: "docker" "exec" "-e" "SOURCE_DIR=/opt/rustwide/workdir" "-e" "CARGO_HOME=/opt/rustwide/cargo-home" "-e" "RUSTUP_HOME=/opt/rustwide/rustup-home" "-e" "CARGO_TARGET_DIR=/opt/rustwide/target" "-w" "/opt/rustwide/workdir" "--user" "0:0" "121dbd8fffd9883ca89e3c257c2cd4a3ef3378ca66428079c9e4ff3bdc7e23cd" "/opt/rustwide/cargo-home/bin/cargo" "+1.100.0-beta.1" "metadata" "--no-deps" "--format-version=1", kill_on_drop: false }`
[INFO] running `Command { std: "docker" "inspect" "121dbd8fffd9883ca89e3c257c2cd4a3ef3378ca66428079c9e4ff3bdc7e23cd", kill_on_drop: false }`
[INFO] running `Command { std: "docker" "exec" "-e" "SOURCE_DIR=/opt/rustwide/workdir" "-e" "CARGO_HOME=/opt/rustwide/cargo-home" "-e" "RUSTUP_HOME=/opt/rustwide/rustup-home" "-e" "CARGO_TARGET_DIR=/opt/rustwide/target" "-e" "CARGO_INCREMENTAL=0" "-e" "RUST_BACKTRACE=full" "-e" "RUSTFLAGS=--cap-lints=warn" "-e" "RUSTDOCFLAGS=--cap-lints=warn" "-w" "/opt/rustwide/workdir" "--user" "0:0" "121dbd8fffd9883ca89e3c257c2cd4a3ef3378ca66428079c9e4ff3bdc7e23cd" "/opt/rustwide/cargo-home/bin/cargo" "+1.100.0-beta.1" "build" "--frozen" "--message-format=json" "--release", kill_on_drop: false }`
[INFO] [stderr]    Compiling syn v2.0.119
[INFO] [stderr]    Compiling const-precondition-macros v0.1.1
[INFO] [stderr]    Compiling const-precondition v0.1.1 (/opt/rustwide/workdir)
[INFO] [stderr]     Finished `release` profile [optimized] target(s) in 5.48s
[INFO] running `Command { std: "docker" "inspect" "121dbd8fffd9883ca89e3c257c2cd4a3ef3378ca66428079c9e4ff3bdc7e23cd", kill_on_drop: false }`
[INFO] running `Command { std: "docker" "exec" "-e" "SOURCE_DIR=/opt/rustwide/workdir" "-e" "CARGO_HOME=/opt/rustwide/cargo-home" "-e" "RUSTUP_HOME=/opt/rustwide/rustup-home" "-e" "CARGO_TARGET_DIR=/opt/rustwide/target" "-e" "CARGO_INCREMENTAL=0" "-e" "RUST_BACKTRACE=full" "-e" "RUSTFLAGS=--cap-lints=warn" "-e" "RUSTDOCFLAGS=--cap-lints=warn" "-w" "/opt/rustwide/workdir" "--user" "0:0" "121dbd8fffd9883ca89e3c257c2cd4a3ef3378ca66428079c9e4ff3bdc7e23cd" "/opt/rustwide/cargo-home/bin/cargo" "+1.100.0-beta.1" "test" "--frozen" "--no-run" "--message-format=json" "--release", kill_on_drop: false }`
[INFO] [stderr]    Compiling serde v1.0.229
[INFO] [stderr]    Compiling target-triple v1.0.1
[INFO] [stderr]    Compiling winnow v1.0.4
[INFO] [stderr]    Compiling toml_writer v1.1.2+spec-1.1.0
[INFO] [stderr]    Compiling toml_datetime v1.1.1+spec-1.1.0
[INFO] [stderr]    Compiling serde_spanned v1.1.1
[INFO] [stderr]    Compiling syn v3.0.3
[INFO] [stderr]    Compiling serde_json v1.0.151
[INFO] [stderr]    Compiling termcolor v1.4.1
[INFO] [stderr]    Compiling glob v0.3.4
[INFO] [stderr]    Compiling toml_parser v1.1.3+spec-1.1.0
[INFO] [stderr]    Compiling toml v1.1.4+spec-1.1.0
[INFO] [stderr]    Compiling serde_derive v1.0.229
[INFO] [stderr]    Compiling trybuild v1.0.120
[INFO] [stderr]    Compiling const-precondition v0.1.1 (/opt/rustwide/workdir)
[INFO] [stderr]     Finished `release` profile [optimized] target(s) in 40.14s
[INFO] running `Command { std: "docker" "inspect" "121dbd8fffd9883ca89e3c257c2cd4a3ef3378ca66428079c9e4ff3bdc7e23cd", kill_on_drop: false }`
[INFO] running `Command { std: "docker" "exec" "-e" "SOURCE_DIR=/opt/rustwide/workdir" "-e" "CARGO_HOME=/opt/rustwide/cargo-home" "-e" "RUSTUP_HOME=/opt/rustwide/rustup-home" "-e" "CARGO_TARGET_DIR=/opt/rustwide/target" "-e" "CARGO_INCREMENTAL=0" "-e" "RUST_BACKTRACE=full" "-e" "RUSTFLAGS=--cap-lints=warn" "-e" "RUSTDOCFLAGS=--cap-lints=warn" "-w" "/opt/rustwide/workdir" "--user" "0:0" "121dbd8fffd9883ca89e3c257c2cd4a3ef3378ca66428079c9e4ff3bdc7e23cd" "/opt/rustwide/cargo-home/bin/cargo" "+1.100.0-beta.1" "test" "--frozen" "--release", kill_on_drop: false }`
[INFO] [stderr]     Finished `release` profile [optimized] target(s) in 0.10s
[INFO] [stderr]      Running unittests src/lib.rs (/opt/rustwide/target/release/build/const-precondition/1eb1da91555c7e15/out/const_precondition-1eb1da91555c7e15)
[INFO] [stdout] 
[INFO] [stdout] running 0 tests
[INFO] [stdout] 
[INFO] [stdout] test result: ok. 0 passed; 0 failed; 0 ignored; 0 measured; 0 filtered out; finished in 0.00s
[INFO] [stdout] 
[INFO] [stderr]      Running tests/ui.rs (/opt/rustwide/target/release/build/const-precondition/ea1b0becb97d649a/out/ui-ea1b0becb97d649a)
[INFO] [stdout] 
[INFO] [stdout] running 1 test
[INFO] [stderr]    Compiling proc-macro2 v1.0.107
[INFO] [stderr]    Compiling quote v1.0.47
[INFO] [stderr]    Compiling unicode-ident v1.0.24
[INFO] [stderr]    Compiling heck v0.5.0
[INFO] [stderr]    Compiling syn v2.0.119
[INFO] [stderr]    Compiling const-precondition-macros v0.1.1
[INFO] [stderr]    Compiling const-precondition v0.1.1 (/opt/rustwide/workdir)
[INFO] [stderr]    Compiling const-precondition-tests v0.0.0 (/opt/rustwide/target/tests/trybuild/const-precondition)
[INFO] [stderr]     Finished `dev` profile [unoptimized + debuginfo] target(s) in 9.91s
[INFO] [stderr] 
[INFO] [stderr] 
[INFO] [stderr] test tests/compile_pass/all_primitive_types.rs [should pass] ... ok
[INFO] [stderr] test tests/compile_pass/cross_type_comparison.rs [should pass] ... ok
[INFO] [stderr] test tests/compile_pass/enum_match_selection.rs [should pass] ... ok
[INFO] [stderr] test tests/compile_pass/enum_struct_variant.rs [should pass] ... ok
[INFO] [stderr] test tests/compile_pass/enum_tuple_variant.rs [should pass] ... ok
[INFO] [stderr] test tests/compile_pass/enum_unit_variant.rs [should pass] ... ok
[INFO] [stderr] test tests/compile_pass/explicit_macro_name.rs [should pass] ... ok
[INFO] [stderr] test tests/compile_pass/static_str_argument.rs [should pass] ... ok
[INFO] [stderr] test tests/compile_pass/test_struct.rs [should pass] ... ok
[INFO] [stderr] test tests/compile_fail/above_maximum.rs [should fail to compile] ... mismatch
[INFO] [stderr] 
[INFO] [stderr] EXPECTED:
[INFO] [stderr] ┈┈┈┈┈┈┈┈┈┈┈┈┈┈┈┈┈┈┈┈┈┈┈┈┈┈┈┈┈┈┈┈┈┈┈┈┈┈┈┈┈┈┈┈┈┈┈┈┈┈┈┈┈┈┈┈┈┈┈┈
[INFO] [stderr] error[E0080]: evaluation panicked: assertion failed: value2 <= 12
[INFO] [stderr]   --> tests/compile_fail/above_maximum.rs:14:9
[INFO] [stderr]    |
[INFO] [stderr] 14 |         assert!(value2 <= 12);
[INFO] [stderr]    |         ^^^^^^^^^^^^^^^^^^^^^ evaluation of `main::{constant#0}` failed here
[INFO] [stderr] ...
[INFO] [stderr] 20 |     let _ = new_test_struct!(4, 13);
[INFO] [stderr]    |             ----------------------- in this macro invocation
[INFO] [stderr]    |
[INFO] [stderr]    = note: this error originates in the macro `assert` which comes from the expansion of the macro `new_test_struct` (in Nightly builds, run with -Z macro-backtrace for more info)
[INFO] [stderr] 
[INFO] [stderr] note: erroneous constant encountered
[INFO] [stderr]   --> tests/compile_fail/above_maximum.rs:8:1
[INFO] [stderr]    |
[INFO] [stderr]  8 | #[const_precondition]
[INFO] [stderr]    | ^^^^^^^^^^^^^^^^^^^^^
[INFO] [stderr] ...
[INFO] [stderr] 20 |     let _ = new_test_struct!(4, 13);
[INFO] [stderr]    |             ----------------------- in this macro invocation
[INFO] [stderr]    |
[INFO] [stderr]    = note: this note originates in the macro `new_test_struct` (in Nightly builds, run with -Z macro-backtrace for more info)
[INFO] [stderr] ┈┈┈┈┈┈┈┈┈┈┈┈┈┈┈┈┈┈┈┈┈┈┈┈┈┈┈┈┈┈┈┈┈┈┈┈┈┈┈┈┈┈┈┈┈┈┈┈┈┈┈┈┈┈┈┈┈┈┈┈
[INFO] [stderr] 
[INFO] [stderr] ACTUAL OUTPUT:
[INFO] [stderr] ┈┈┈┈┈┈┈┈┈┈┈┈┈┈┈┈┈┈┈┈┈┈┈┈┈┈┈┈┈┈┈┈┈┈┈┈┈┈┈┈┈┈┈┈┈┈┈┈┈┈┈┈┈┈┈┈┈┈┈┈
[INFO] [stderr] error[E0080]: evaluation panicked: assertion failed: value2 <= 12
[INFO] [stderr]   --> tests/compile_fail/above_maximum.rs:14:9
[INFO] [stderr]    |
[INFO] [stderr] 14 |         assert!(value2 <= 12);
[INFO] [stderr]    |         ^^^^^^^^^^^^^^^^^^^^^ evaluation of `main::{constant#0}` failed here
[INFO] [stderr] ...
[INFO] [stderr] 20 |     let _ = new_test_struct!(4, 13);
[INFO] [stderr]    |             ----------------------- in this macro invocation
[INFO] [stderr]    |
[INFO] [stderr]    = note: this error originates in the macro `assert` which comes from the expansion of the macro `new_test_struct` (in Nightly builds, run with -Z macro-backtrace for more info)
[INFO] [stderr] 
[INFO] [stderr] note: erroneous constant encountered
[INFO] [stderr]   --> tests/compile_fail/above_maximum.rs:8:1
[INFO] [stderr]    |
[INFO] [stderr]  8 | #[const_precondition]
[INFO] [stderr]    | ^^^^^^^^^^^^^^^^^^^^^
[INFO] [stderr] ...
[INFO] [stderr] 20 |     let _ = new_test_struct!(4, 13);
[INFO] [stderr]    |             ----------------------- in this macro invocation
[INFO] [stderr] ┈┈┈┈┈┈┈┈┈┈┈┈┈┈┈┈┈┈┈┈┈┈┈┈┈┈┈┈┈┈┈┈┈┈┈┈┈┈┈┈┈┈┈┈┈┈┈┈┈┈┈┈┈┈┈┈┈┈┈┈
[INFO] [stderr] note: If the actual output is the correct output you can bless it by rerunning
[INFO] [stderr]       your test with the environment variable TRYBUILD=overwrite
[INFO] [stderr] 
[INFO] [stderr] test tests/compile_fail/attribute_with_args.rs [should fail to compile] ... ok
[INFO] [stderr] test tests/compile_fail/below_minimum.rs [should fail to compile] ... mismatch
[INFO] [stderr] 
[INFO] [stderr] EXPECTED:
[INFO] [stderr] ┈┈┈┈┈┈┈┈┈┈┈┈┈┈┈┈┈┈┈┈┈┈┈┈┈┈┈┈┈┈┈┈┈┈┈┈┈┈┈┈┈┈┈┈┈┈┈┈┈┈┈┈┈┈┈┈┈┈┈┈
[INFO] [stderr] error[E0080]: evaluation panicked: assertion failed: value1 >= 1
[INFO] [stderr]   --> tests/compile_fail/below_minimum.rs:13:9
[INFO] [stderr]    |
[INFO] [stderr] 13 |         assert!(value1 >= 1);
[INFO] [stderr]    |         ^^^^^^^^^^^^^^^^^^^^ evaluation of `main::{constant#0}` failed here
[INFO] [stderr] ...
[INFO] [stderr] 20 |     let _ = new_test_struct!(0, 9);
[INFO] [stderr]    |             ---------------------- in this macro invocation
[INFO] [stderr]    |
[INFO] [stderr]    = note: this error originates in the macro `assert` which comes from the expansion of the macro `new_test_struct` (in Nightly builds, run with -Z macro-backtrace for more info)
[INFO] [stderr] 
[INFO] [stderr] note: erroneous constant encountered
[INFO] [stderr]   --> tests/compile_fail/below_minimum.rs:8:1
[INFO] [stderr]    |
[INFO] [stderr]  8 | #[const_precondition]
[INFO] [stderr]    | ^^^^^^^^^^^^^^^^^^^^^
[INFO] [stderr] ...
[INFO] [stderr] 20 |     let _ = new_test_struct!(0, 9);
[INFO] [stderr]    |             ---------------------- in this macro invocation
[INFO] [stderr]    |
[INFO] [stderr]    = note: this note originates in the macro `new_test_struct` (in Nightly builds, run with -Z macro-backtrace for more info)
[INFO] [stderr] ┈┈┈┈┈┈┈┈┈┈┈┈┈┈┈┈┈┈┈┈┈┈┈┈┈┈┈┈┈┈┈┈┈┈┈┈┈┈┈┈┈┈┈┈┈┈┈┈┈┈┈┈┈┈┈┈┈┈┈┈
[INFO] [stderr] 
[INFO] [stderr] ACTUAL OUTPUT:
[INFO] [stderr] ┈┈┈┈┈┈┈┈┈┈┈┈┈┈┈┈┈┈┈┈┈┈┈┈┈┈┈┈┈┈┈┈┈┈┈┈┈┈┈┈┈┈┈┈┈┈┈┈┈┈┈┈┈┈┈┈┈┈┈┈
[INFO] [stderr] error[E0080]: evaluation panicked: assertion failed: value1 >= 1
[INFO] [stderr]   --> tests/compile_fail/below_minimum.rs:13:9
[INFO] [stderr]    |
[INFO] [stderr] 13 |         assert!(value1 >= 1);
[INFO] [stderr]    |         ^^^^^^^^^^^^^^^^^^^^ evaluation of `main::{constant#0}` failed here
[INFO] [stderr] ...
[INFO] [stderr] 20 |     let _ = new_test_struct!(0, 9);
[INFO] [stderr]    |             ---------------------- in this macro invocation
[INFO] [stderr]    |
[INFO] [stderr]    = note: this error originates in the macro `assert` which comes from the expansion of the macro `new_test_struct` (in Nightly builds, run with -Z macro-backtrace for more info)
[INFO] [stderr] 
[INFO] [stderr] note: erroneous constant encountered
[INFO] [stderr]   --> tests/compile_fail/below_minimum.rs:8:1
[INFO] [stderr]    |
[INFO] [stderr]  8 | #[const_precondition]
[INFO] [stderr]    | ^^^^^^^^^^^^^^^^^^^^^
[INFO] [stderr] ...
[INFO] [stderr] 20 |     let _ = new_test_struct!(0, 9);
[INFO] [stderr]    |             ---------------------- in this macro invocation
[INFO] [stderr] ┈┈┈┈┈┈┈┈┈┈┈┈┈┈┈┈┈┈┈┈┈┈┈┈┈┈┈┈┈┈┈┈┈┈┈┈┈┈┈┈┈┈┈┈┈┈┈┈┈┈┈┈┈┈┈┈┈┈┈┈
[INFO] [stderr] note: If the actual output is the correct output you can bless it by rerunning
[INFO] [stderr]       your test with the environment variable TRYBUILD=overwrite
[INFO] [stderr] 
[INFO] [stderr] test tests/compile_fail/invalid_enum_subset.rs [should fail to compile] ... mismatch
[INFO] [stderr] 
[INFO] [stderr] EXPECTED:
[INFO] [stderr] ┈┈┈┈┈┈┈┈┈┈┈┈┈┈┈┈┈┈┈┈┈┈┈┈┈┈┈┈┈┈┈┈┈┈┈┈┈┈┈┈┈┈┈┈┈┈┈┈┈┈┈┈┈┈┈┈┈┈┈┈
[INFO] [stderr] error[E0080]: evaluation panicked: assertion failed: matches!(level, LogLevel :: Warn | LogLevel :: Error)
[INFO] [stderr]   --> tests/compile_fail/invalid_enum_subset.rs:15:9
[INFO] [stderr]    |
[INFO] [stderr] 15 |         assert!(matches!(level, LogLevel::Warn | LogLevel::Error));
[INFO] [stderr]    |         ^^^^^^^^^^^^^^^^^^^^^^^^^^^^^^^^^^^^^^^^^^^^^^^^^^^^^^^^^^ evaluation of `main::{constant#0}` failed here
[INFO] [stderr] ...
[INFO] [stderr] 21 |     let _ = alert_worthy_log_level!(LogLevel::Debug);
[INFO] [stderr]    |             ---------------------------------------- in this macro invocation
[INFO] [stderr]    |
[INFO] [stderr]    = note: this error originates in the macro `assert` which comes from the expansion of the macro `alert_worthy_log_level` (in Nightly builds, run with -Z macro-backtrace for more info)
[INFO] [stderr] 
[INFO] [stderr] note: erroneous constant encountered
[INFO] [stderr]   --> tests/compile_fail/invalid_enum_subset.rs:11:1
[INFO] [stderr]    |
[INFO] [stderr] 11 | #[const_precondition]
[INFO] [stderr]    | ^^^^^^^^^^^^^^^^^^^^^
[INFO] [stderr] ...
[INFO] [stderr] 21 |     let _ = alert_worthy_log_level!(LogLevel::Debug);
[INFO] [stderr]    |             ---------------------------------------- in this macro invocation
[INFO] [stderr]    |
[INFO] [stderr]    = note: this note originates in the macro `alert_worthy_log_level` (in Nightly builds, run with -Z macro-backtrace for more info)
[INFO] [stderr] ┈┈┈┈┈┈┈┈┈┈┈┈┈┈┈┈┈┈┈┈┈┈┈┈┈┈┈┈┈┈┈┈┈┈┈┈┈┈┈┈┈┈┈┈┈┈┈┈┈┈┈┈┈┈┈┈┈┈┈┈
[INFO] [stderr] 
[INFO] [stderr] ACTUAL OUTPUT:
[INFO] [stderr] ┈┈┈┈┈┈┈┈┈┈┈┈┈┈┈┈┈┈┈┈┈┈┈┈┈┈┈┈┈┈┈┈┈┈┈┈┈┈┈┈┈┈┈┈┈┈┈┈┈┈┈┈┈┈┈┈┈┈┈┈
[INFO] [stderr] error[E0080]: evaluation panicked: assertion failed: matches!(level, LogLevel :: Warn | LogLevel :: Error)
[INFO] [stderr]   --> tests/compile_fail/invalid_enum_subset.rs:15:9
[INFO] [stderr]    |
[INFO] [stderr] 15 |         assert!(matches!(level, LogLevel::Warn | LogLevel::Error));
[INFO] [stderr]    |         ^^^^^^^^^^^^^^^^^^^^^^^^^^^^^^^^^^^^^^^^^^^^^^^^^^^^^^^^^^ evaluation of `main::{constant#0}` failed here
[INFO] [stderr] ...
[INFO] [stderr] 21 |     let _ = alert_worthy_log_level!(LogLevel::Debug);
[INFO] [stderr]    |             ---------------------------------------- in this macro invocation
[INFO] [stderr]    |
[INFO] [stderr]    = note: this error originates in the macro `assert` which comes from the expansion of the macro `alert_worthy_log_level` (in Nightly builds, run with -Z macro-backtrace for more info)
[INFO] [stderr] 
[INFO] [stderr] note: erroneous constant encountered
[INFO] [stderr]   --> tests/compile_fail/invalid_enum_subset.rs:11:1
[INFO] [stderr]    |
[INFO] [stderr] 11 | #[const_precondition]
[INFO] [stderr]    | ^^^^^^^^^^^^^^^^^^^^^
[INFO] [stderr] ...
[INFO] [stderr] 21 |     let _ = alert_worthy_log_level!(LogLevel::Debug);
[INFO] [stderr]    |             ---------------------------------------- in this macro invocation
[INFO] [stderr] ┈┈┈┈┈┈┈┈┈┈┈┈┈┈┈┈┈┈┈┈┈┈┈┈┈┈┈┈┈┈┈┈┈┈┈┈┈┈┈┈┈┈┈┈┈┈┈┈┈┈┈┈┈┈┈┈┈┈┈┈
[INFO] [stderr] note: If the actual output is the correct output you can bless it by rerunning
[INFO] [stderr]       your test with the environment variable TRYBUILD=overwrite
[INFO] [stderr] 
[INFO] [stderr] test tests/compile_fail/invalid_match_arm.rs [should fail to compile] ... mismatch
[INFO] [stderr] 
[INFO] [stderr] EXPECTED:
[INFO] [stderr] ┈┈┈┈┈┈┈┈┈┈┈┈┈┈┈┈┈┈┈┈┈┈┈┈┈┈┈┈┈┈┈┈┈┈┈┈┈┈┈┈┈┈┈┈┈┈┈┈┈┈┈┈┈┈┈┈┈┈┈┈
[INFO] [stderr] error[E0080]: evaluation panicked: invalid direction: must be 0, 90, 180, or 270
[INFO] [stderr]   --> tests/compile_fail/invalid_match_arm.rs:20:18
[INFO] [stderr]    |
[INFO] [stderr] 20 |             _ => panic!("invalid direction: must be 0, 90, 180, or 270"),
[INFO] [stderr]    |                  ^^^^^^^^^^^^^^^^^^^^^^^^^^^^^^^^^^^^^^^^^^^^^^^^^^^^^^^ evaluation of `main::{constant#0}` failed here
[INFO] [stderr] ...
[INFO] [stderr] 26 |     let _ = new_direction!(45);
[INFO] [stderr]    |             ------------------ in this macro invocation
[INFO] [stderr]    |
[INFO] [stderr]    = note: this error originates in the macro `$crate::panic::panic_2021` which comes from the expansion of the macro `new_direction` (in Nightly builds, run with -Z macro-backtrace for more info)
[INFO] [stderr] 
[INFO] [stderr] note: erroneous constant encountered
[INFO] [stderr]   --> tests/compile_fail/invalid_match_arm.rs:11:1
[INFO] [stderr]    |
[INFO] [stderr] 11 | #[const_precondition]
[INFO] [stderr]    | ^^^^^^^^^^^^^^^^^^^^^
[INFO] [stderr] ...
[INFO] [stderr] 26 |     let _ = new_direction!(45);
[INFO] [stderr]    |             ------------------ in this macro invocation
[INFO] [stderr]    |
[INFO] [stderr]    = note: this note originates in the macro `new_direction` (in Nightly builds, run with -Z macro-backtrace for more info)
[INFO] [stderr] ┈┈┈┈┈┈┈┈┈┈┈┈┈┈┈┈┈┈┈┈┈┈┈┈┈┈┈┈┈┈┈┈┈┈┈┈┈┈┈┈┈┈┈┈┈┈┈┈┈┈┈┈┈┈┈┈┈┈┈┈
[INFO] [stderr] 
[INFO] [stderr] ACTUAL OUTPUT:
[INFO] [stderr] ┈┈┈┈┈┈┈┈┈┈┈┈┈┈┈┈┈┈┈┈┈┈┈┈┈┈┈┈┈┈┈┈┈┈┈┈┈┈┈┈┈┈┈┈┈┈┈┈┈┈┈┈┈┈┈┈┈┈┈┈
[INFO] [stderr] error[E0080]: evaluation panicked: invalid direction: must be 0, 90, 180, or 270
[INFO] [stderr]   --> tests/compile_fail/invalid_match_arm.rs:20:18
[INFO] [stderr]    |
[INFO] [stderr] 20 |             _ => panic!("invalid direction: must be 0, 90, 180, or 270"),
[INFO] [stderr]    |                  ^^^^^^^^^^^^^^^^^^^^^^^^^^^^^^^^^^^^^^^^^^^^^^^^^^^^^^^ evaluation of `main::{constant#0}` failed here
[INFO] [stderr] ...
[INFO] [stderr] 26 |     let _ = new_direction!(45);
[INFO] [stderr]    |             ------------------ in this macro invocation
[INFO] [stderr]    |
[INFO] [stderr]    = note: this error originates in the macro `$crate::panic::panic_2021` which comes from the expansion of the macro `new_direction` (in Nightly builds, run with -Z macro-backtrace for more info)
[INFO] [stderr] 
[INFO] [stderr] note: erroneous constant encountered
[INFO] [stderr]   --> tests/compile_fail/invalid_match_arm.rs:11:1
[INFO] [stderr]    |
[INFO] [stderr] 11 | #[const_precondition]
[INFO] [stderr]    | ^^^^^^^^^^^^^^^^^^^^^
[INFO] [stderr] ...
[INFO] [stderr] 26 |     let _ = new_direction!(45);
[INFO] [stderr]    |             ------------------ in this macro invocation
[INFO] [stderr] ┈┈┈┈┈┈┈┈┈┈┈┈┈┈┈┈┈┈┈┈┈┈┈┈┈┈┈┈┈┈┈┈┈┈┈┈┈┈┈┈┈┈┈┈┈┈┈┈┈┈┈┈┈┈┈┈┈┈┈┈
[INFO] [stderr] note: If the actual output is the correct output you can bless it by rerunning
[INFO] [stderr]       your test with the environment variable TRYBUILD=overwrite
[INFO] [stderr] 
[INFO] [stderr] test tests/compile_fail/invalid_range.rs [should fail to compile] ... mismatch
[INFO] [stderr] 
[INFO] [stderr] EXPECTED:
[INFO] [stderr] ┈┈┈┈┈┈┈┈┈┈┈┈┈┈┈┈┈┈┈┈┈┈┈┈┈┈┈┈┈┈┈┈┈┈┈┈┈┈┈┈┈┈┈┈┈┈┈┈┈┈┈┈┈┈┈┈┈┈┈┈
[INFO] [stderr] error[E0080]: evaluation panicked: assertion failed: value1 <= value2
[INFO] [stderr]   --> tests/compile_fail/invalid_range.rs:12:9
[INFO] [stderr]    |
[INFO] [stderr] 12 |         assert!(value1 <= value2);
[INFO] [stderr]    |         ^^^^^^^^^^^^^^^^^^^^^^^^^ evaluation of `main::{constant#0}` failed here
[INFO] [stderr] ...
[INFO] [stderr] 20 |     let _ = new_test_struct!(9, 4);
[INFO] [stderr]    |             ---------------------- in this macro invocation
[INFO] [stderr]    |
[INFO] [stderr]    = note: this error originates in the macro `assert` which comes from the expansion of the macro `new_test_struct` (in Nightly builds, run with -Z macro-backtrace for more info)
[INFO] [stderr] 
[INFO] [stderr] note: erroneous constant encountered
[INFO] [stderr]   --> tests/compile_fail/invalid_range.rs:8:1
[INFO] [stderr]    |
[INFO] [stderr]  8 | #[const_precondition]
[INFO] [stderr]    | ^^^^^^^^^^^^^^^^^^^^^
[INFO] [stderr] ...
[INFO] [stderr] 20 |     let _ = new_test_struct!(9, 4);
[INFO] [stderr]    |             ---------------------- in this macro invocation
[INFO] [stderr]    |
[INFO] [stderr]    = note: this note originates in the macro `new_test_struct` (in Nightly builds, run with -Z macro-backtrace for more info)
[INFO] [stderr] ┈┈┈┈┈┈┈┈┈┈┈┈┈┈┈┈┈┈┈┈┈┈┈┈┈┈┈┈┈┈┈┈┈┈┈┈┈┈┈┈┈┈┈┈┈┈┈┈┈┈┈┈┈┈┈┈┈┈┈┈
[INFO] [stderr] 
[INFO] [stderr] ACTUAL OUTPUT:
[INFO] [stderr] ┈┈┈┈┈┈┈┈┈┈┈┈┈┈┈┈┈┈┈┈┈┈┈┈┈┈┈┈┈┈┈┈┈┈┈┈┈┈┈┈┈┈┈┈┈┈┈┈┈┈┈┈┈┈┈┈┈┈┈┈
[INFO] [stderr] error[E0080]: evaluation panicked: assertion failed: value1 <= value2
[INFO] [stderr]   --> tests/compile_fail/invalid_range.rs:12:9
[INFO] [stderr]    |
[INFO] [stderr] 12 |         assert!(value1 <= value2);
[INFO] [stderr]    |         ^^^^^^^^^^^^^^^^^^^^^^^^^ evaluation of `main::{constant#0}` failed here
[INFO] [stderr] ...
[INFO] [stderr] 20 |     let _ = new_test_struct!(9, 4);
[INFO] [stderr]    |             ---------------------- in this macro invocation
[INFO] [stderr]    |
[INFO] [stderr]    = note: this error originates in the macro `assert` which comes from the expansion of the macro `new_test_struct` (in Nightly builds, run with -Z macro-backtrace for more info)
[INFO] [stderr] 
[INFO] [stderr] note: erroneous constant encountered
[INFO] [stderr]   --> tests/compile_fail/invalid_range.rs:8:1
[INFO] [stderr]    |
[INFO] [stderr]  8 | #[const_precondition]
[INFO] [stderr]    | ^^^^^^^^^^^^^^^^^^^^^
[INFO] [stderr] ...
[INFO] [stderr] 20 |     let _ = new_test_struct!(9, 4);
[INFO] [stderr]    |             ---------------------- in this macro invocation
[INFO] [stderr] ┈┈┈┈┈┈┈┈┈┈┈┈┈┈┈┈┈┈┈┈┈┈┈┈┈┈┈┈┈┈┈┈┈┈┈┈┈┈┈┈┈┈┈┈┈┈┈┈┈┈┈┈┈┈┈┈┈┈┈┈
[INFO] [stderr] note: If the actual output is the correct output you can bless it by rerunning
[INFO] [stderr]       your test with the environment variable TRYBUILD=overwrite
[INFO] [stderr] 
[INFO] [stderr] test tests/compile_fail/mismatched_comparison_types.rs [should fail to compile] ... ok
[INFO] [stderr] test tests/compile_fail/no_marked_methods.rs [should fail to compile] ... ok
[INFO] [stderr] test tests/compile_fail/non_assert_statement.rs [should fail to compile] ... ok
[INFO] [stderr] test tests/compile_fail/non_const_call.rs [should fail to compile] ... ok
[INFO] [stderr] test tests/compile_fail/non_ident_pattern.rs [should fail to compile] ... ok
[INFO] [stderr] test tests/compile_fail/outer_attribute_with_args.rs [should fail to compile] ... ok
[INFO] [stderr] test tests/compile_fail/self_receiver.rs [should fail to compile] ... ok
[INFO] [stderr] test tests/compile_fail/standalone_marker.rs [should fail to compile] ... ok
[INFO] [stderr] test tests/compile_fail/static_str_invalid.rs [should fail to compile] ... mismatch
[INFO] [stderr] 
[INFO] [stderr] EXPECTED:
[INFO] [stderr] ┈┈┈┈┈┈┈┈┈┈┈┈┈┈┈┈┈┈┈┈┈┈┈┈┈┈┈┈┈┈┈┈┈┈┈┈┈┈┈┈┈┈┈┈┈┈┈┈┈┈┈┈┈┈┈┈┈┈┈┈
[INFO] [stderr] error[E0080]: evaluation panicked: assertion failed: !value1.is_empty()
[INFO] [stderr]   --> tests/compile_fail/static_str_invalid.rs:11:9
[INFO] [stderr]    |
[INFO] [stderr] 11 |         assert!(!value1.is_empty());
[INFO] [stderr]    |         ^^^^^^^^^^^^^^^^^^^^^^^^^^^ evaluation of `main::{constant#0}` failed here
[INFO] [stderr] ...
[INFO] [stderr] 17 |     let _ = new_test_struct!("");
[INFO] [stderr]    |             -------------------- in this macro invocation
[INFO] [stderr]    |
[INFO] [stderr]    = note: this error originates in the macro `assert` which comes from the expansion of the macro `new_test_struct` (in Nightly builds, run with -Z macro-backtrace for more info)
[INFO] [stderr] 
[INFO] [stderr] note: erroneous constant encountered
[INFO] [stderr]   --> tests/compile_fail/static_str_invalid.rs:7:1
[INFO] [stderr]    |
[INFO] [stderr]  7 | #[const_precondition]
[INFO] [stderr]    | ^^^^^^^^^^^^^^^^^^^^^
[INFO] [stderr] ...
[INFO] [stderr] 17 |     let _ = new_test_struct!("");
[INFO] [stderr]    |             -------------------- in this macro invocation
[INFO] [stderr]    |
[INFO] [stderr]    = note: this note originates in the macro `new_test_struct` (in Nightly builds, run with -Z macro-backtrace for more info)
[INFO] [stderr] ┈┈┈┈┈┈┈┈┈┈┈┈┈┈┈┈┈┈┈┈┈┈┈┈┈┈┈┈┈┈┈┈┈┈┈┈┈┈┈┈┈┈┈┈┈┈┈┈┈┈┈┈┈┈┈┈┈┈┈┈
[INFO] [stderr] 
[INFO] [stderr] ACTUAL OUTPUT:
[INFO] [stderr] ┈┈┈┈┈┈┈┈┈┈┈┈┈┈┈┈┈┈┈┈┈┈┈┈┈┈┈┈┈┈┈┈┈┈┈┈┈┈┈┈┈┈┈┈┈┈┈┈┈┈┈┈┈┈┈┈┈┈┈┈
[INFO] [stderr] error[E0080]: evaluation panicked: assertion failed: !value1.is_empty()
[INFO] [stderr]   --> tests/compile_fail/static_str_invalid.rs:11:9
[INFO] [stderr]    |
[INFO] [stderr] 11 |         assert!(!value1.is_empty());
[INFO] [stderr]    |         ^^^^^^^^^^^^^^^^^^^^^^^^^^^ evaluation of `main::{constant#0}` failed here
[INFO] [stderr] ...
[INFO] [stderr] 17 |     let _ = new_test_struct!("");
[INFO] [stderr]    |             -------------------- in this macro invocation
[INFO] [stderr]    |
[INFO] [stderr]    = note: this error originates in the macro `assert` which comes from the expansion of the macro `new_test_struct` (in Nightly builds, run with -Z macro-backtrace for more info)
[INFO] [stderr] 
[INFO] [stderr] note: erroneous constant encountered
[INFO] [stderr]   --> tests/compile_fail/static_str_invalid.rs:7:1
[INFO] [stderr]    |
[INFO] [stderr]  7 | #[const_precondition]
[INFO] [stderr]    | ^^^^^^^^^^^^^^^^^^^^^
[INFO] [stderr] ...
[INFO] [stderr] 17 |     let _ = new_test_struct!("");
[INFO] [stderr]    |             -------------------- in this macro invocation
[INFO] [stderr] ┈┈┈┈┈┈┈┈┈┈┈┈┈┈┈┈┈┈┈┈┈┈┈┈┈┈┈┈┈┈┈┈┈┈┈┈┈┈┈┈┈┈┈┈┈┈┈┈┈┈┈┈┈┈┈┈┈┈┈┈
[INFO] [stderr] note: If the actual output is the correct output you can bless it by rerunning
[INFO] [stderr]       your test with the environment variable TRYBUILD=overwrite
[INFO] [stderr] 
[INFO] [stderr] test tests/compile_fail/struct_update_syntax.rs [should fail to compile] ... ok
[INFO] [stderr] test tests/compile_fail/trait_impl.rs [should fail to compile] ... ok
[INFO] [stderr] test tests/compile_fail/unmatched_shorthand_field.rs [should fail to compile] ... ok
[INFO] [stderr] test tests/compile_fail/unsupported_tail_shape.rs [should fail to compile] ... ok
[INFO] [stderr] 
[INFO] [stderr] 
[INFO] [stdout] test ui ... FAILED
[INFO] [stdout] 
[INFO] [stdout] failures:
[INFO] [stdout] 
[INFO] [stdout] ---- ui stdout ----
[INFO] [stdout] 
[INFO] [stdout] thread 'ui' (530) panicked at /opt/rustwide/cargo-home/registry/src/index.crates.io-1949cf8c6b5b557f/trybuild-1.0.120/src/run.rs:103:13:
[INFO] [stdout] 6 of 28 tests failed
[INFO] [stdout] stack backtrace:
[INFO] [stdout]    0:     0x60a98dc93ea1 - <<std[617be2ca0a6fd877]::sys::backtrace::BacktraceLock>::print::DisplayBacktrace as core[a373ad73a504971]::fmt::Display>::fmt
[INFO] [stdout]    1:     0x60a98dcaa18a - core[a373ad73a504971]::fmt::write
[INFO] [stdout]    2:     0x60a98dc986ec - <alloc[2e1b2a31b91974c5]::vec::Vec<u8> as core[a373ad73a504971]::io::write::Write>::write_fmt
[INFO] [stdout]    3:     0x60a98dc6d306 - std[617be2ca0a6fd877]::panicking::default_hook::{closure#0}
[INFO] [stdout]    4:     0x60a98dc8b449 - std[617be2ca0a6fd877]::panicking::default_hook
[INFO] [stdout]    5:     0x60a98dc24a50 - test[aada8e7e76ba119b]::test_main_inner::{closure#0}
[INFO] [stdout]    6:     0x60a98dc8b602 - std[617be2ca0a6fd877]::panicking::panic_with_hook
[INFO] [stdout]    7:     0x60a98dc6d3b2 - std[617be2ca0a6fd877]::panicking::panic_handler::{closure#0}
[INFO] [stdout]    8:     0x60a98dc65c09 - std[617be2ca0a6fd877]::sys::backtrace::__rust_end_short_backtrace::<std[617be2ca0a6fd877]::panicking::panic_handler::{closure#0}, !>
[INFO] [stdout]    9:     0x60a98dc6dfbd - __rustc[ea4f61d10b84890b]::rust_begin_unwind
[INFO] [stdout]   10:     0x60a98dcaa8fc - core[a373ad73a504971]::panicking::panic_fmt
[INFO] [stdout]   11:     0x60a98db785f8 - <trybuild[3b4db5f5cd3a3e50]::Runner>::run
[INFO] [stdout]   12:     0x60a98db7b860 - <trybuild[3b4db5f5cd3a3e50]::TestCases as core[a373ad73a504971]::ops::drop::Drop>::drop
[INFO] [stdout]   13:     0x60a98db71e96 - ui[36c1e47134b5a5e5]::ui
[INFO] [stdout]   14:     0x60a98db720c9 - <ui[36c1e47134b5a5e5]::ui::{closure#0} as core[a373ad73a504971]::ops::function::FnOnce<()>>::call_once
[INFO] [stdout]   15:     0x60a98dc17e9b - test[aada8e7e76ba119b]::__rust_begin_short_backtrace::<core[a373ad73a504971]::result::Result<(), alloc[2e1b2a31b91974c5]::string::String>, fn() -> core[a373ad73a504971]::result::Result<(), alloc[2e1b2a31b91974c5]::string::String>>
[INFO] [stdout]   16:     0x60a98dc25075 - test[aada8e7e76ba119b]::run_test::{closure#0}
[INFO] [stdout]   17:     0x60a98dc1e964 - std[617be2ca0a6fd877]::sys::backtrace::__rust_begin_short_backtrace::<test[aada8e7e76ba119b]::run_test::{closure#1}, ()>
[INFO] [stdout]   18:     0x60a98dc28102 - <std[617be2ca0a6fd877]::thread::lifecycle::spawn_unchecked<test[aada8e7e76ba119b]::run_test::{closure#1}, ()>::{closure#1} as core[a373ad73a504971]::ops::function::FnOnce<()>>::call_once::{shim:vtable#0}
[INFO] [stdout]   19:     0x60a98dc930ff - <std[617be2ca0a6fd877]::sys::thread::unix::Thread>::new::thread_start
[INFO] [stdout]   20:     0x7a63ed7bcdfa - <unknown>
[INFO] [stdout]   21:     0x7a63ed8503d4 - clone
[INFO] [stdout]   22:                0x0 - <unknown>
[INFO] [stdout] 
[INFO] [stdout] 
[INFO] [stdout] failures:
[INFO] [stdout]     ui
[INFO] [stdout] 
[INFO] [stdout] test result: FAILED. 0 passed; 1 failed; 0 ignored; 0 measured; 0 filtered out; finished in 18.41s
[INFO] [stdout] 
[INFO] [stderr] error: test failed, to rerun pass `--test ui`
[INFO] running `Command { std: "docker" "inspect" "121dbd8fffd9883ca89e3c257c2cd4a3ef3378ca66428079c9e4ff3bdc7e23cd", kill_on_drop: false }`
[INFO] running `Command { std: "docker" "rm" "-f" "121dbd8fffd9883ca89e3c257c2cd4a3ef3378ca66428079c9e4ff3bdc7e23cd", kill_on_drop: false }`
[INFO] [stdout] 121dbd8fffd9883ca89e3c257c2cd4a3ef3378ca66428079c9e4ff3bdc7e23cd
