[INFO] fetching crate coerce-redis 0.4.4...
[INFO] testing coerce-redis-0.4.4 against 1.99.0-beta.8+cargoflags=--release for beta-release-1.100-2
[INFO] extracting crate coerce-redis 0.4.4 into /workspace/builds/worker-3-tc1/source
[INFO] started tweaking crates.io crate coerce-redis 0.4.4
[INFO] finished tweaking crates.io crate coerce-redis 0.4.4
[INFO] tweaked toml for crates.io crate coerce-redis 0.4.4 written to /workspace/builds/worker-3-tc1/source/Cargo.toml
[INFO] validating manifest of crates.io crate coerce-redis 0.4.4 on toolchain 1.99.0-beta.8
[INFO] running `Command { std: CARGO_HOME="/workspace/cargo-home" RUSTUP_HOME="/workspace/rustup-home" "/workspace/cargo-home/bin/cargo" "+1.99.0-beta.8" "metadata" "--manifest-path" "Cargo.toml" "--no-deps", kill_on_drop: false }`
[INFO] running `Command { std: CARGO_HOME="/workspace/cargo-home" RUSTUP_HOME="/workspace/rustup-home" "/workspace/cargo-home/bin/cargo" "+1.99.0-beta.8" "generate-lockfile" "--manifest-path" "Cargo.toml", kill_on_drop: false }`
[INFO] [stderr]     Updating crates.io index
[INFO] [stderr]      Locking 111 packages to highest compatible versions
[INFO] [stderr]       Adding protobuf v3.2.0 (available: v3.7.2)
[INFO] [stderr]       Adding protobuf-support v3.2.0 (available: v3.7.2)
[INFO] [stderr]       Adding redis v0.23.5 (available: v1.7.1)
[INFO] running `Command { std: CARGO_HOME="/workspace/cargo-home" RUSTUP_HOME="/workspace/rustup-home" "/workspace/cargo-home/bin/cargo" "+1.99.0-beta.8" "fetch" "--manifest-path" "Cargo.toml", kill_on_drop: false }`
[INFO] [stderr]  Downloading crates ...
[INFO] [stderr]   Downloaded uuid v1.28.0
[INFO] [stderr]   Downloaded valuable-derive v0.1.1
[INFO] [stderr]   Downloaded protobuf-support v3.2.0
[INFO] [stderr]   Downloaded combine v4.6.9
[INFO] [stderr]   Downloaded coerce v0.8.11
[INFO] [stderr]   Downloaded redis v0.23.5
[INFO] [stderr]   Downloaded protobuf v3.2.0
[INFO] running `Command { std: "docker" "create" "-v" "/var/lib/crater-agent-workspace/builds/worker-3-tc1/source:/opt/rustwide/workdir:ro,Z" "-v" "/var/lib/crater-agent-workspace/builds/worker-3-tc1/target:/opt/rustwide/target:rw,Z" "-v" "/var/lib/crater-agent-workspace/cargo-home:/opt/rustwide/cargo-home:ro,Z" "-v" "/var/lib/crater-agent-workspace/rustup-home:/opt/rustwide/rustup-home:ro,Z" "-m" "1610612736" "--network" "none" "ghcr.io/rust-lang/crates-build-env/linux@sha256:77db811e55d90add9212f6832c23229e3de5f1c1f9905e8cb07319ea15df73ac" "sleep" "infinity", kill_on_drop: false }`
[INFO] [stdout] 46a00eaecdf10858f381406d00a669e9c37831637a61fe53841861056e1b83d1
[INFO] running `Command { std: "docker" "start" "46a00eaecdf10858f381406d00a669e9c37831637a61fe53841861056e1b83d1", kill_on_drop: false }`
[INFO] running `Command { std: "docker" "inspect" "46a00eaecdf10858f381406d00a669e9c37831637a61fe53841861056e1b83d1", kill_on_drop: false }`
[INFO] running `Command { std: "docker" "exec" "-e" "SOURCE_DIR=/opt/rustwide/workdir" "-e" "CARGO_HOME=/opt/rustwide/cargo-home" "-e" "RUSTUP_HOME=/opt/rustwide/rustup-home" "-e" "CARGO_TARGET_DIR=/opt/rustwide/target" "-w" "/opt/rustwide/workdir" "--user" "0:0" "46a00eaecdf10858f381406d00a669e9c37831637a61fe53841861056e1b83d1" "/opt/rustwide/cargo-home/bin/cargo" "+1.99.0-beta.8" "metadata" "--no-deps" "--format-version=1", kill_on_drop: false }`
[INFO] running `Command { std: "docker" "inspect" "46a00eaecdf10858f381406d00a669e9c37831637a61fe53841861056e1b83d1", kill_on_drop: false }`
[INFO] running `Command { std: "docker" "exec" "-e" "SOURCE_DIR=/opt/rustwide/workdir" "-e" "CARGO_HOME=/opt/rustwide/cargo-home" "-e" "RUSTUP_HOME=/opt/rustwide/rustup-home" "-e" "CARGO_TARGET_DIR=/opt/rustwide/target" "-e" "CARGO_INCREMENTAL=0" "-e" "RUST_BACKTRACE=full" "-e" "RUSTFLAGS=--cap-lints=warn" "-e" "RUSTDOCFLAGS=--cap-lints=warn" "-w" "/opt/rustwide/workdir" "--user" "0:0" "46a00eaecdf10858f381406d00a669e9c37831637a61fe53841861056e1b83d1" "/opt/rustwide/cargo-home/bin/cargo" "+1.99.0-beta.8" "build" "--frozen" "--message-format=json" "--release", kill_on_drop: false }`
[INFO] [stderr]    Compiling syn v3.0.9
[INFO] [stderr]    Compiling libc v0.2.191
[INFO] [stderr]    Compiling cfg-if v1.0.5
[INFO] [stderr]    Compiling smallvec v1.16.3
[INFO] [stderr]    Compiling syn v2.0.119
[INFO] [stderr]    Compiling zerocopy v0.8.63
[INFO] [stderr]    Compiling serde_core v1.0.229
[INFO] [stderr]    Compiling hashbrown v0.15.5
[INFO] [stderr]    Compiling getrandom v0.4.3
[INFO] [stderr]    Compiling anyhow v1.0.104
[INFO] [stderr]    Compiling protobuf v3.2.0
[INFO] [stderr]    Compiling valuable v0.1.1
[INFO] [stderr]    Compiling serde v1.0.229
[INFO] [stderr]    Compiling form_urlencoded v1.2.2
[INFO] [stderr]    Compiling lazy_static v1.5.1
[INFO] [stderr]    Compiling sha1_smol v1.0.1
[INFO] [stderr]    Compiling errno v0.3.14
[INFO] [stderr]    Compiling parking_lot_core v0.9.12
[INFO] [stderr]    Compiling mio v1.2.4
[INFO] [stderr]    Compiling socket2 v0.6.5
[INFO] [stderr]    Compiling getrandom v0.2.17
[INFO] [stderr]    Compiling socket2 v0.4.10
[INFO] [stderr]    Compiling signal-hook-registry v1.4.8
[INFO] [stderr]    Compiling parking_lot v0.12.5
[INFO] [stderr]    Compiling rand_core v0.6.4
[INFO] [stderr]    Compiling uuid v1.28.0
[INFO] [stderr]    Compiling serde_json v1.0.154
[INFO] [stderr]    Compiling thiserror-impl v1.0.69
[INFO] [stderr]    Compiling valuable-derive v0.1.1
[INFO] [stderr]    Compiling tracing-attributes v0.1.31
[INFO] [stderr]    Compiling synstructure v0.14.0
[INFO] [stderr]    Compiling ppv-lite86 v0.2.21
[INFO] [stderr]    Compiling zerofrom-derive v0.1.8
[INFO] [stderr]    Compiling yoke-derive v0.8.4
[INFO] [stderr]    Compiling zerovec-derive v0.11.6
[INFO] [stderr]    Compiling displaydoc v0.2.7
[INFO] [stderr]    Compiling futures-macro v0.3.34
[INFO] [stderr]    Compiling tokio-macros v2.7.2
[INFO] [stderr]    Compiling async-trait v0.1.92
[INFO] [stderr]    Compiling serde_derive v1.0.229
[INFO] [stderr]    Compiling thiserror v1.0.69
[INFO] [stderr]    Compiling rand_chacha v0.3.1
[INFO] [stderr]    Compiling protobuf-support v3.2.0
[INFO] [stderr]    Compiling tracing v0.1.44
[INFO] [stderr]    Compiling rand v0.8.8
[INFO] [stderr]    Compiling tokio v1.53.3
[INFO] [stderr]    Compiling zerofrom v0.1.8
[INFO] [stderr]    Compiling futures-util v0.3.34
[INFO] [stderr]    Compiling yoke v0.8.3
[INFO] [stderr]    Compiling zerotrie v0.2.5
[INFO] [stderr]    Compiling zerovec v0.11.8
[INFO] [stderr]    Compiling tinystr v0.8.4
[INFO] [stderr]    Compiling potential_utf v0.1.6
[INFO] [stderr]    Compiling icu_collections v2.3.0
[INFO] [stderr]    Compiling icu_locale_core v2.3.0
[INFO] [stderr]    Compiling icu_provider v2.3.1
[INFO] [stderr]    Compiling icu_properties v2.3.0
[INFO] [stderr]    Compiling icu_normalizer v2.3.0
[INFO] [stderr]    Compiling idna_adapter v1.2.2
[INFO] [stderr]    Compiling idna v1.1.0
[INFO] [stderr]    Compiling futures-executor v0.3.34
[INFO] [stderr]    Compiling url v2.5.8
[INFO] [stderr]    Compiling futures v0.3.34
[INFO] [stderr]    Compiling tokio-util v0.7.20
[INFO] [stderr]    Compiling combine v4.6.9
[INFO] [stderr]    Compiling coerce v0.8.11
[INFO] [stderr]    Compiling redis v0.23.5
[INFO] [stderr]    Compiling coerce-redis v0.4.4 (/opt/rustwide/workdir)
[INFO] [stdout] warning: unused `#[macro_use]` import
[INFO] [stdout]  --> src/lib.rs:4:1
[INFO] [stdout]   |
[INFO] [stdout] 4 | #[macro_use]
[INFO] [stdout]   | ^^^^^^^^^^^^
[INFO] [stdout]   |
[INFO] [stdout]   = note: `#[warn(unused_imports)]` (part of `#[warn(unused)]`) on by default
[INFO] [stdout] 
[INFO] [stdout] 
[INFO] [stdout] warning: this function depends on never type fallback being `()`
[INFO] [stdout]    --> src/journal/actor.rs:261:1
[INFO] [stdout]     |
[INFO] [stdout] 261 | #[async_trait]
[INFO] [stdout]     | ^^^^^^^^^^^^^^
[INFO] [stdout]     |
[INFO] [stdout]     = help: specify the types explicitly
[INFO] [stdout] note: in edition 2024, the requirement `!: FromRedisValue` will fail
[INFO] [stdout]    --> src/journal/actor.rs:269:14
[INFO] [stdout]     |
[INFO] [stdout] 269 |             .query_async(&mut self.0)
[INFO] [stdout]     |              ^^^^^^^^^^^
[INFO] [stdout]     = warning: this was previously accepted by the compiler but is being phased out; it will become a hard error in Rust 2024 and in a future release in all editions!
[INFO] [stdout]     = note: for more information, see <https://doc.rust-lang.org/edition-guide/rust-2024/never-type-fallback.html>
[INFO] [stdout]     = note: `#[warn(dependency_on_unit_never_type_fallback)]` (part of `#[warn(rust_2024_compatibility)]`) on by default
[INFO] [stdout] help: use `()` annotations to avoid fallback changes
[INFO] [stdout]     |
[INFO] [stdout] 267 |         let _: () = redis::cmd("DEL")
[INFO] [stdout]     |              ++++
[INFO] [stdout] 
[INFO] [stdout] 
[INFO] [stdout] warning: mutation of an interior mutable `const` item with call to `fetch_add`
[INFO] [stdout]    --> src/journal/mod.rs:101:17
[INFO] [stdout]     |
[INFO] [stdout] 101 |                 REDIS_JOURNAL_COUNTER.fetch_add(1, Ordering::Relaxed)
[INFO] [stdout]     |                 ---------------------^^^^^^^^^^^^^^^^^^^^^^^^^^^^^^^^
[INFO] [stdout]     |                 |
[INFO] [stdout]     |                 `REDIS_JOURNAL_COUNTER` is a interior mutable `const` item of type `Atomic<u32>`
[INFO] [stdout]     |
[INFO] [stdout]     = note: each usage of a `const` item creates a new temporary
[INFO] [stdout]     = note: only the temporaries and never the original `const REDIS_JOURNAL_COUNTER` will be modified
[INFO] [stdout]     = help: for more details on interior mutability see <https://doc.rust-lang.org/reference/interior-mutability.html>
[INFO] [stdout]     = note: `#[warn(const_item_interior_mutations)]` on by default
[INFO] [stdout] help: for a shared instance of `REDIS_JOURNAL_COUNTER`, consider making it a `static` item instead
[INFO] [stdout]     |
[INFO] [stdout]  94 -     const REDIS_JOURNAL_COUNTER: AtomicU32 = AtomicU32::new(1);
[INFO] [stdout]  94 +     static REDIS_JOURNAL_COUNTER: AtomicU32 = AtomicU32::new(1);
[INFO] [stdout]     |
[INFO] [stdout] 
[INFO] [stdout] 
[INFO] [stderr]     Finished `release` profile [optimized] target(s) in 1m 20s
[INFO] [stderr] warning: the following packages contain code that will be rejected by a future version of Rust: coerce-redis v0.4.4 (/opt/rustwide/workdir)
[INFO] [stderr] note: to see what the problems were, use the option `--future-incompat-report`, or run `cargo report future-incompatibilities --id 5`
[INFO] running `Command { std: "docker" "inspect" "46a00eaecdf10858f381406d00a669e9c37831637a61fe53841861056e1b83d1", kill_on_drop: false }`
[INFO] running `Command { std: "docker" "exec" "-e" "SOURCE_DIR=/opt/rustwide/workdir" "-e" "CARGO_HOME=/opt/rustwide/cargo-home" "-e" "RUSTUP_HOME=/opt/rustwide/rustup-home" "-e" "CARGO_TARGET_DIR=/opt/rustwide/target" "-e" "CARGO_INCREMENTAL=0" "-e" "RUST_BACKTRACE=full" "-e" "RUSTFLAGS=--cap-lints=warn" "-e" "RUSTDOCFLAGS=--cap-lints=warn" "-w" "/opt/rustwide/workdir" "--user" "0:0" "46a00eaecdf10858f381406d00a669e9c37831637a61fe53841861056e1b83d1" "/opt/rustwide/cargo-home/bin/cargo" "+1.99.0-beta.8" "test" "--frozen" "--no-run" "--message-format=json" "--release", kill_on_drop: false }`
[INFO] [stderr]    Compiling coerce-redis v0.4.4 (/opt/rustwide/workdir)
[INFO] [stdout] warning: unused `#[macro_use]` import
[INFO] [stdout]  --> src/lib.rs:4:1
[INFO] [stdout]   |
[INFO] [stdout] 4 | #[macro_use]
[INFO] [stdout]   | ^^^^^^^^^^^^
[INFO] [stdout]   |
[INFO] [stdout]   = note: `#[warn(unused_imports)]` (part of `#[warn(unused)]`) on by default
[INFO] [stdout] 
[INFO] [stdout] 
[INFO] [stdout] warning: this function depends on never type fallback being `()`
[INFO] [stdout]    --> src/journal/actor.rs:261:1
[INFO] [stdout]     |
[INFO] [stdout] 261 | #[async_trait]
[INFO] [stdout]     | ^^^^^^^^^^^^^^
[INFO] [stdout]     |
[INFO] [stdout]     = help: specify the types explicitly
[INFO] [stdout] note: in edition 2024, the requirement `!: FromRedisValue` will fail
[INFO] [stdout]    --> src/journal/actor.rs:269:14
[INFO] [stdout]     |
[INFO] [stdout] 269 |             .query_async(&mut self.0)
[INFO] [stdout]     |              ^^^^^^^^^^^
[INFO] [stdout]     = warning: this was previously accepted by the compiler but is being phased out; it will become a hard error in Rust 2024 and in a future release in all editions!
[INFO] [stdout]     = note: for more information, see <https://doc.rust-lang.org/edition-guide/rust-2024/never-type-fallback.html>
[INFO] [stdout]     = note: `#[warn(dependency_on_unit_never_type_fallback)]` (part of `#[warn(rust_2024_compatibility)]`) on by default
[INFO] [stdout] help: use `()` annotations to avoid fallback changes
[INFO] [stdout]     |
[INFO] [stdout] 267 |         let _: () = redis::cmd("DEL")
[INFO] [stdout]     |              ++++
[INFO] [stdout] 
[INFO] [stdout] 
[INFO] [stdout] warning: mutation of an interior mutable `const` item with call to `fetch_add`
[INFO] [stdout]    --> src/journal/mod.rs:101:17
[INFO] [stdout]     |
[INFO] [stdout] 101 |                 REDIS_JOURNAL_COUNTER.fetch_add(1, Ordering::Relaxed)
[INFO] [stdout]     |                 ---------------------^^^^^^^^^^^^^^^^^^^^^^^^^^^^^^^^
[INFO] [stdout]     |                 |
[INFO] [stdout]     |                 `REDIS_JOURNAL_COUNTER` is a interior mutable `const` item of type `Atomic<u32>`
[INFO] [stdout]     |
[INFO] [stdout]     = note: each usage of a `const` item creates a new temporary
[INFO] [stdout]     = note: only the temporaries and never the original `const REDIS_JOURNAL_COUNTER` will be modified
[INFO] [stdout]     = help: for more details on interior mutability see <https://doc.rust-lang.org/reference/interior-mutability.html>
[INFO] [stdout]     = note: `#[warn(const_item_interior_mutations)]` on by default
[INFO] [stdout] help: for a shared instance of `REDIS_JOURNAL_COUNTER`, consider making it a `static` item instead
[INFO] [stdout]     |
[INFO] [stdout]  94 -     const REDIS_JOURNAL_COUNTER: AtomicU32 = AtomicU32::new(1);
[INFO] [stdout]  94 +     static REDIS_JOURNAL_COUNTER: AtomicU32 = AtomicU32::new(1);
[INFO] [stdout]     |
[INFO] [stdout] 
[INFO] [stdout] 
[INFO] [stdout] warning: unused import: `coerce::persistent::Persistence`
[INFO] [stdout]  --> tests/test_redis_journal_storage.rs:5:5
[INFO] [stdout]   |
[INFO] [stdout] 5 | use coerce::persistent::Persistence;
[INFO] [stdout]   |     ^^^^^^^^^^^^^^^^^^^^^^^^^^^^^^^
[INFO] [stdout]   |
[INFO] [stdout]   = note: `#[warn(unused_imports)]` (part of `#[warn(unused)]`) on by default
[INFO] [stdout] 
[INFO] [stdout] 
[INFO] [stdout] warning: unused `#[macro_use]` import
[INFO] [stdout]  --> src/lib.rs:4:1
[INFO] [stdout]   |
[INFO] [stdout] 4 | #[macro_use]
[INFO] [stdout]   | ^^^^^^^^^^^^
[INFO] [stdout]   |
[INFO] [stdout]   = note: `#[warn(unused_imports)]` (part of `#[warn(unused)]`) on by default
[INFO] [stdout] 
[INFO] [stdout] 
[INFO] [stdout] warning: field `system` is never read
[INFO] [stdout]   --> tests/test_redis_journal_storage.rs:12:5
[INFO] [stdout]    |
[INFO] [stdout] 11 | struct RedisTestCtx {
[INFO] [stdout]    |        ------------ field in this struct
[INFO] [stdout] 12 |     system: ActorSystem,
[INFO] [stdout]    |     ^^^^^^
[INFO] [stdout]    |
[INFO] [stdout]    = note: `#[warn(dead_code)]` (part of `#[warn(unused)]`) on by default
[INFO] [stdout] 
[INFO] [stdout] 
[INFO] [stdout] warning: this function depends on never type fallback being `()`
[INFO] [stdout]    --> src/journal/actor.rs:261:1
[INFO] [stdout]     |
[INFO] [stdout] 261 | #[async_trait]
[INFO] [stdout]     | ^^^^^^^^^^^^^^
[INFO] [stdout]     |
[INFO] [stdout]     = help: specify the types explicitly
[INFO] [stdout] note: in edition 2024, the requirement `!: FromRedisValue` will fail
[INFO] [stdout]    --> src/journal/actor.rs:269:14
[INFO] [stdout]     |
[INFO] [stdout] 269 |             .query_async(&mut self.0)
[INFO] [stdout]     |              ^^^^^^^^^^^
[INFO] [stdout]     = warning: this was previously accepted by the compiler but is being phased out; it will become a hard error in Rust 2024 and in a future release in all editions!
[INFO] [stdout]     = note: for more information, see <https://doc.rust-lang.org/edition-guide/rust-2024/never-type-fallback.html>
[INFO] [stdout]     = note: `#[warn(dependency_on_unit_never_type_fallback)]` (part of `#[warn(rust_2024_compatibility)]`) on by default
[INFO] [stdout] help: use `()` annotations to avoid fallback changes
[INFO] [stdout]     |
[INFO] [stdout] 267 |         let _: () = redis::cmd("DEL")
[INFO] [stdout]     |              ++++
[INFO] [stdout] 
[INFO] [stdout] 
[INFO] [stdout] warning: mutation of an interior mutable `const` item with call to `fetch_add`
[INFO] [stdout]    --> src/journal/mod.rs:101:17
[INFO] [stdout]     |
[INFO] [stdout] 101 |                 REDIS_JOURNAL_COUNTER.fetch_add(1, Ordering::Relaxed)
[INFO] [stdout]     |                 ---------------------^^^^^^^^^^^^^^^^^^^^^^^^^^^^^^^^
[INFO] [stdout]     |                 |
[INFO] [stdout]     |                 `REDIS_JOURNAL_COUNTER` is a interior mutable `const` item of type `Atomic<u32>`
[INFO] [stdout]     |
[INFO] [stdout]     = note: each usage of a `const` item creates a new temporary
[INFO] [stdout]     = note: only the temporaries and never the original `const REDIS_JOURNAL_COUNTER` will be modified
[INFO] [stdout]     = help: for more details on interior mutability see <https://doc.rust-lang.org/reference/interior-mutability.html>
[INFO] [stdout]     = note: `#[warn(const_item_interior_mutations)]` on by default
[INFO] [stdout] help: for a shared instance of `REDIS_JOURNAL_COUNTER`, consider making it a `static` item instead
[INFO] [stdout]     |
[INFO] [stdout]  94 -     const REDIS_JOURNAL_COUNTER: AtomicU32 = AtomicU32::new(1);
[INFO] [stdout]  94 +     static REDIS_JOURNAL_COUNTER: AtomicU32 = AtomicU32::new(1);
[INFO] [stdout]     |
[INFO] [stdout] 
[INFO] [stdout] 
[INFO] [stderr]     Finished `release` profile [optimized] target(s) in 7.37s
[INFO] [stderr] warning: the following packages contain code that will be rejected by a future version of Rust: coerce-redis v0.4.4 (/opt/rustwide/workdir)
[INFO] [stderr] note: to see what the problems were, use the option `--future-incompat-report`, or run `cargo report future-incompatibilities --id 6`
[INFO] running `Command { std: "docker" "inspect" "46a00eaecdf10858f381406d00a669e9c37831637a61fe53841861056e1b83d1", kill_on_drop: false }`
[INFO] running `Command { std: "docker" "exec" "-e" "SOURCE_DIR=/opt/rustwide/workdir" "-e" "CARGO_HOME=/opt/rustwide/cargo-home" "-e" "RUSTUP_HOME=/opt/rustwide/rustup-home" "-e" "CARGO_TARGET_DIR=/opt/rustwide/target" "-e" "CARGO_INCREMENTAL=0" "-e" "RUST_BACKTRACE=full" "-e" "RUSTFLAGS=--cap-lints=warn" "-e" "RUSTDOCFLAGS=--cap-lints=warn" "-w" "/opt/rustwide/workdir" "--user" "0:0" "46a00eaecdf10858f381406d00a669e9c37831637a61fe53841861056e1b83d1" "/opt/rustwide/cargo-home/bin/cargo" "+1.99.0-beta.8" "test" "--frozen" "--release", kill_on_drop: false }`
[INFO] [stderr] warning: unused `#[macro_use]` import
[INFO] [stderr]  --> src/lib.rs:4:1
[INFO] [stderr]   |
[INFO] [stderr] 4 | #[macro_use]
[INFO] [stderr]   | ^^^^^^^^^^^^
[INFO] [stderr]   |
[INFO] [stderr]   = note: `#[warn(unused_imports)]` (part of `#[warn(unused)]`) on by default
[INFO] [stderr] 
[INFO] [stderr] warning: this function depends on never type fallback being `()`
[INFO] [stderr]    --> src/journal/actor.rs:261:1
[INFO] [stderr]     |
[INFO] [stderr] 261 | #[async_trait]
[INFO] [stderr]     | ^^^^^^^^^^^^^^
[INFO] [stderr]     |
[INFO] [stderr]     = help: specify the types explicitly
[INFO] [stderr] note: in edition 2024, the requirement `!: FromRedisValue` will fail
[INFO] [stderr]    --> src/journal/actor.rs:269:14
[INFO] [stderr]     |
[INFO] [stderr] 269 |             .query_async(&mut self.0)
[INFO] [stderr]     |              ^^^^^^^^^^^
[INFO] [stderr]     = warning: this was previously accepted by the compiler but is being phased out; it will become a hard error in Rust 2024 and in a future release in all editions!
[INFO] [stderr]     = note: for more information, see <https://doc.rust-lang.org/edition-guide/rust-2024/never-type-fallback.html>
[INFO] [stderr]     = note: `#[warn(dependency_on_unit_never_type_fallback)]` (part of `#[warn(rust_2024_compatibility)]`) on by default
[INFO] [stderr] help: use `()` annotations to avoid fallback changes
[INFO] [stderr]     |
[INFO] [stderr] 267 |         let _: () = redis::cmd("DEL")
[INFO] [stderr]     |              ++++
[INFO] [stderr] 
[INFO] [stderr] warning: mutation of an interior mutable `const` item with call to `fetch_add`
[INFO] [stderr]    --> src/journal/mod.rs:101:17
[INFO] [stderr]     |
[INFO] [stderr] 101 |                 REDIS_JOURNAL_COUNTER.fetch_add(1, Ordering::Relaxed)
[INFO] [stderr]     |                 ---------------------^^^^^^^^^^^^^^^^^^^^^^^^^^^^^^^^
[INFO] [stderr]     |                 |
[INFO] [stderr]     |                 `REDIS_JOURNAL_COUNTER` is a interior mutable `const` item of type `Atomic<u32>`
[INFO] [stderr]     |
[INFO] [stderr]     = note: each usage of a `const` item creates a new temporary
[INFO] [stderr]     = note: only the temporaries and never the original `const REDIS_JOURNAL_COUNTER` will be modified
[INFO] [stderr]     = help: for more details on interior mutability see <https://doc.rust-lang.org/reference/interior-mutability.html>
[INFO] [stderr]     = note: `#[warn(const_item_interior_mutations)]` on by default
[INFO] [stderr] help: for a shared instance of `REDIS_JOURNAL_COUNTER`, consider making it a `static` item instead
[INFO] [stderr]     |
[INFO] [stderr]  94 -     const REDIS_JOURNAL_COUNTER: AtomicU32 = AtomicU32::new(1);
[INFO] [stderr]  94 +     static REDIS_JOURNAL_COUNTER: AtomicU32 = AtomicU32::new(1);
[INFO] [stderr]     |
[INFO] [stderr] 
[INFO] [stderr] warning: `coerce-redis` (lib) generated 3 warnings (run `cargo fix --lib -p coerce-redis` to apply 1 suggestion)
[INFO] [stderr] warning: `coerce-redis` (lib test) generated 3 warnings (3 duplicates)
[INFO] [stderr] warning: unused import: `coerce::persistent::Persistence`
[INFO] [stderr]  --> tests/test_redis_journal_storage.rs:5:5
[INFO] [stderr]   |
[INFO] [stderr] 5 | use coerce::persistent::Persistence;
[INFO] [stderr]   |     ^^^^^^^^^^^^^^^^^^^^^^^^^^^^^^^
[INFO] [stderr]   |
[INFO] [stderr]   = note: `#[warn(unused_imports)]` (part of `#[warn(unused)]`) on by default
[INFO] [stderr] 
[INFO] [stderr] warning: field `system` is never read
[INFO] [stderr]   --> tests/test_redis_journal_storage.rs:12:5
[INFO] [stderr]    |
[INFO] [stderr] 11 | struct RedisTestCtx {
[INFO] [stderr]    |        ------------ field in this struct
[INFO] [stderr] 12 |     system: ActorSystem,
[INFO] [stderr]    |     ^^^^^^
[INFO] [stderr]    |
[INFO] [stderr]    = note: `#[warn(dead_code)]` (part of `#[warn(unused)]`) on by default
[INFO] [stderr] 
[INFO] [stderr] warning: `coerce-redis` (test "test_redis_journal_storage") generated 2 warnings (run `cargo fix --test "test_redis_journal_storage" -p coerce-redis` to apply 1 suggestion)
[INFO] [stderr]     Finished `release` profile [optimized] target(s) in 0.13s
[INFO] [stderr] warning: the following packages contain code that will be rejected by a future version of Rust: coerce-redis v0.4.4 (/opt/rustwide/workdir)
[INFO] [stderr] note: to see what the problems were, use the option `--future-incompat-report`, or run `cargo report future-incompatibilities --id 6`
[INFO] [stderr]      Running unittests src/lib.rs (/opt/rustwide/target/release/deps/coerce_redis-34c7d3c1832685a4)
[INFO] [stdout] 
[INFO] [stderr]      Running tests/test_redis_journal_storage.rs (/opt/rustwide/target/release/deps/test_redis_journal_storage-7d37afa772240148)
[INFO] [stdout] running 0 tests
[INFO] [stdout] 
[INFO] [stdout] test result: ok. 0 passed; 0 failed; 0 ignored; 0 measured; 0 filtered out; finished in 0.00s
[INFO] [stdout] 
[INFO] [stdout] 
[INFO] [stdout] running 5 tests
[INFO] [stdout] test test_redis_journal_delete_messages_range ... FAILED
[INFO] [stdout] test test_redis_journal_read_write_snapshot ... FAILED
[INFO] [stderr] error: test failed, to rerun pass `--test test_redis_journal_storage`
[INFO] [stdout] test test_redis_journal_read_write_messages ... FAILED
[INFO] [stdout] test test_redis_journal_read_write_message_batch ... FAILED
[INFO] [stdout] test test_redis_journal_read_single_message ... FAILED
[INFO] [stdout] 
[INFO] [stdout] failures:
[INFO] [stdout] 
[INFO] [stdout] ---- test_redis_journal_delete_messages_range stdout ----
[INFO] [stdout] 
[INFO] [stdout] thread 'test_redis_journal_delete_messages_range' (1550) panicked at src/journal/mod.rs:77:65:
[INFO] [stdout] called `Result::unwrap()` on an `Err` value: Connection refused (os error 111)
[INFO] [stdout] stack backtrace:
[INFO] [stdout]    0:     0x5777e8a3e881 - <<std[70759c8f55707aa4]::sys::backtrace::BacktraceLock>::print::DisplayBacktrace as core[df12db4294e9bfd3]::fmt::Display>::fmt
[INFO] [stdout]    1:     0x5777e8a54b1a - core[df12db4294e9bfd3]::fmt::write
[INFO] [stdout]    2:     0x5777e8a4389c - <alloc[2182bb758b4b3781]::vec::Vec<u8> as core[df12db4294e9bfd3]::io::write::Write>::write_fmt
[INFO] [stdout]    3:     0x5777e8a199d6 - std[70759c8f55707aa4]::panicking::default_hook::{closure#0}
[INFO] [stdout]    4:     0x5777e8a36789 - std[70759c8f55707aa4]::panicking::default_hook
[INFO] [stdout]    5:     0x5777e893a640 - test[9d35eded1c95d3be]::test_main_inner::<test[9d35eded1c95d3be]::test_main_static::{closure#0}>::{closure#0}
[INFO] [stdout]    6:     0x5777e8a36ab2 - std[70759c8f55707aa4]::panicking::panic_with_hook
[INFO] [stdout]    7:     0x5777e8a19a82 - std[70759c8f55707aa4]::panicking::panic_handler::{closure#0}
[INFO] [stdout]    8:     0x5777e8a12199 - std[70759c8f55707aa4]::sys::backtrace::__rust_end_short_backtrace::<std[70759c8f55707aa4]::panicking::panic_handler::{closure#0}, !>
[INFO] [stdout]    9:     0x5777e8a1a97d - __rustc[8fa7c3cbc660c2b3]::rust_begin_unwind
[INFO] [stdout]   10:     0x5777e8a5527c - core[df12db4294e9bfd3]::panicking::panic_fmt
[INFO] [stdout]   11:     0x5777e8a55052 - core[df12db4294e9bfd3]::result::unwrap_failed
[INFO] [stdout]   12:     0x5777e88f203d - test_redis_journal_storage[e725d3fbb3006c69]::new_test_context::{closure#0}
[INFO] [stdout]   13:     0x5777e88f406e - test_redis_journal_storage[e725d3fbb3006c69]::test_redis_journal_delete_messages_range::{closure#0}
[INFO] [stdout]   14:     0x5777e8924135 - <tokio[802eaeee5dbcae8]::runtime::scheduler::current_thread::CurrentThread>::block_on::<core[df12db4294e9bfd3]::pin::Pin<&mut dyn core[df12db4294e9bfd3]::future::future::Future<Output = ()>>>
[INFO] [stdout]   15:     0x5777e8910402 - <tokio[802eaeee5dbcae8]::runtime::runtime::Runtime>::block_on::<core[df12db4294e9bfd3]::pin::Pin<&mut dyn core[df12db4294e9bfd3]::future::future::Future<Output = ()>>>
[INFO] [stdout]   16:     0x5777e88f564e - <test_redis_journal_storage[e725d3fbb3006c69]::test_redis_journal_delete_messages_range::{closure#0} as core[df12db4294e9bfd3]::ops::function::FnOnce<()>>::call_once
[INFO] [stdout]   17:     0x5777e892d92b - test[9d35eded1c95d3be]::__rust_begin_short_backtrace::<core[df12db4294e9bfd3]::result::Result<(), alloc[2182bb758b4b3781]::string::String>, fn() -> core[df12db4294e9bfd3]::result::Result<(), alloc[2182bb758b4b3781]::string::String>>
[INFO] [stdout]   18:     0x5777e893af95 - test[9d35eded1c95d3be]::run_test::{closure#0}
[INFO] [stdout]   19:     0x5777e8934854 - std[70759c8f55707aa4]::sys::backtrace::__rust_begin_short_backtrace::<test[9d35eded1c95d3be]::run_test::{closure#1}, ()>
[INFO] [stdout]   20:     0x5777e893e0f2 - <std[70759c8f55707aa4]::thread::lifecycle::spawn_unchecked<test[9d35eded1c95d3be]::run_test::{closure#1}, ()>::{closure#1} as core[df12db4294e9bfd3]::ops::function::FnOnce<()>>::call_once::{shim:vtable#0}
[INFO] [stdout]   21:     0x5777e8a3dda9 - <std[70759c8f55707aa4]::sys::thread::unix::Thread>::new::thread_start
[INFO] [stdout]   22:     0x75ee23319dfa - <unknown>
[INFO] [stdout]   23:     0x75ee233ad3d4 - clone
[INFO] [stdout]   24:                0x0 - <unknown>
[INFO] [stdout] 
[INFO] [stdout] ---- test_redis_journal_read_write_snapshot stdout ----
[INFO] [stdout] 
[INFO] [stdout] thread 'test_redis_journal_read_write_snapshot' (1554) panicked at src/journal/mod.rs:77:65:
[INFO] [stdout] called `Result::unwrap()` on an `Err` value: Connection refused (os error 111)
[INFO] [stdout] stack backtrace:
[INFO] [stdout]    0:     0x5777e8a3e881 - <<std[70759c8f55707aa4]::sys::backtrace::BacktraceLock>::print::DisplayBacktrace as core[df12db4294e9bfd3]::fmt::Display>::fmt
[INFO] [stdout]    1:     0x5777e8a54b1a - core[df12db4294e9bfd3]::fmt::write
[INFO] [stdout]    2:     0x5777e8a4389c - <alloc[2182bb758b4b3781]::vec::Vec<u8> as core[df12db4294e9bfd3]::io::write::Write>::write_fmt
[INFO] [stdout]    3:     0x5777e8a199d6 - std[70759c8f55707aa4]::panicking::default_hook::{closure#0}
[INFO] [stdout]    4:     0x5777e8a36789 - std[70759c8f55707aa4]::panicking::default_hook
[INFO] [stdout]    5:     0x5777e893a640 - test[9d35eded1c95d3be]::test_main_inner::<test[9d35eded1c95d3be]::test_main_static::{closure#0}>::{closure#0}
[INFO] [stdout]    6:     0x5777e8a36ab2 - std[70759c8f55707aa4]::panicking::panic_with_hook
[INFO] [stdout]    7:     0x5777e8a19a82 - std[70759c8f55707aa4]::panicking::panic_handler::{closure#0}
[INFO] [stdout]    8:     0x5777e8a12199 - std[70759c8f55707aa4]::sys::backtrace::__rust_end_short_backtrace::<std[70759c8f55707aa4]::panicking::panic_handler::{closure#0}, !>
[INFO] [stdout]    9:     0x5777e8a1a97d - __rustc[8fa7c3cbc660c2b3]::rust_begin_unwind
[INFO] [stdout]   10:     0x5777e8a5527c - core[df12db4294e9bfd3]::panicking::panic_fmt
[INFO] [stdout]   11:     0x5777e8a55052 - core[df12db4294e9bfd3]::result::unwrap_failed
[INFO] [stdout]   12:     0x5777e88f203d - test_redis_journal_storage[e725d3fbb3006c69]::new_test_context::{closure#0}
[INFO] [stdout]   13:     0x5777e88f38d1 - test_redis_journal_storage[e725d3fbb3006c69]::test_redis_journal_read_write_snapshot::{closure#0}
[INFO] [stdout]   14:     0x5777e8924135 - <tokio[802eaeee5dbcae8]::runtime::scheduler::current_thread::CurrentThread>::block_on::<core[df12db4294e9bfd3]::pin::Pin<&mut dyn core[df12db4294e9bfd3]::future::future::Future<Output = ()>>>
[INFO] [stdout]   15:     0x5777e8910402 - <tokio[802eaeee5dbcae8]::runtime::runtime::Runtime>::block_on::<core[df12db4294e9bfd3]::pin::Pin<&mut dyn core[df12db4294e9bfd3]::future::future::Future<Output = ()>>>
[INFO] [stdout]   16:     0x5777e88f54ee - <test_redis_journal_storage[e725d3fbb3006c69]::test_redis_journal_read_write_snapshot::{closure#0} as core[df12db4294e9bfd3]::ops::function::FnOnce<()>>::call_once
[INFO] [stdout]   17:     0x5777e892d92b - test[9d35eded1c95d3be]::__rust_begin_short_backtrace::<core[df12db4294e9bfd3]::result::Result<(), alloc[2182bb758b4b3781]::string::String>, fn() -> core[df12db4294e9bfd3]::result::Result<(), alloc[2182bb758b4b3781]::string::String>>
[INFO] [stdout]   18:     0x5777e893af95 - test[9d35eded1c95d3be]::run_test::{closure#0}
[INFO] [stdout]   19:     0x5777e8934854 - std[70759c8f55707aa4]::sys::backtrace::__rust_begin_short_backtrace::<test[9d35eded1c95d3be]::run_test::{closure#1}, ()>
[INFO] [stdout]   20:     0x5777e893e0f2 - <std[70759c8f55707aa4]::thread::lifecycle::spawn_unchecked<test[9d35eded1c95d3be]::run_test::{closure#1}, ()>::{closure#1} as core[df12db4294e9bfd3]::ops::function::FnOnce<()>>::call_once::{shim:vtable#0}
[INFO] [stdout]   21:     0x5777e8a3dda9 - <std[70759c8f55707aa4]::sys::thread::unix::Thread>::new::thread_start
[INFO] [stdout]   22:     0x75ee23319dfa - <unknown>
[INFO] [stdout]   23:     0x75ee233ad3d4 - clone
[INFO] [stdout]   24:                0x0 - <unknown>
[INFO] [stdout] 
[INFO] [stdout] ---- test_redis_journal_read_write_messages stdout ----
[INFO] [stdout] 
[INFO] [stdout] thread 'test_redis_journal_read_write_messages' (1553) panicked at src/journal/mod.rs:77:65:
[INFO] [stdout] called `Result::unwrap()` on an `Err` value: Connection refused (os error 111)
[INFO] [stdout] stack backtrace:
[INFO] [stdout]    0:     0x5777e8a3e881 - <<std[70759c8f55707aa4]::sys::backtrace::BacktraceLock>::print::DisplayBacktrace as core[df12db4294e9bfd3]::fmt::Display>::fmt
[INFO] [stdout]    1:     0x5777e8a54b1a - core[df12db4294e9bfd3]::fmt::write
[INFO] [stdout]    2:     0x5777e8a4389c - <alloc[2182bb758b4b3781]::vec::Vec<u8> as core[df12db4294e9bfd3]::io::write::Write>::write_fmt
[INFO] [stdout]    3:     0x5777e8a199d6 - std[70759c8f55707aa4]::panicking::default_hook::{closure#0}
[INFO] [stdout]    4:     0x5777e8a36789 - std[70759c8f55707aa4]::panicking::default_hook
[INFO] [stdout]    5:     0x5777e893a640 - test[9d35eded1c95d3be]::test_main_inner::<test[9d35eded1c95d3be]::test_main_static::{closure#0}>::{closure#0}
[INFO] [stdout]    6:     0x5777e8a36ab2 - std[70759c8f55707aa4]::panicking::panic_with_hook
[INFO] [stdout]    7:     0x5777e8a19a82 - std[70759c8f55707aa4]::panicking::panic_handler::{closure#0}
[INFO] [stdout]    8:     0x5777e8a12199 - std[70759c8f55707aa4]::sys::backtrace::__rust_end_short_backtrace::<std[70759c8f55707aa4]::panicking::panic_handler::{closure#0}, !>
[INFO] [stdout]    9:     0x5777e8a1a97d - __rustc[8fa7c3cbc660c2b3]::rust_begin_unwind
[INFO] [stdout]   10:     0x5777e8a5527c - core[df12db4294e9bfd3]::panicking::panic_fmt
[INFO] [stdout]   11:     0x5777e8a55052 - core[df12db4294e9bfd3]::result::unwrap_failed
[INFO] [stdout]   12:     0x5777e88f203d - test_redis_journal_storage[e725d3fbb3006c69]::new_test_context::{closure#0}
[INFO] [stdout]   13:     0x5777e88f3101 - test_redis_journal_storage[e725d3fbb3006c69]::test_redis_journal_read_write_messages::{closure#0}
[INFO] [stdout]   14:     0x5777e8924135 - <tokio[802eaeee5dbcae8]::runtime::scheduler::current_thread::CurrentThread>::block_on::<core[df12db4294e9bfd3]::pin::Pin<&mut dyn core[df12db4294e9bfd3]::future::future::Future<Output = ()>>>
[INFO] [stdout]   15:     0x5777e8910402 - <tokio[802eaeee5dbcae8]::runtime::runtime::Runtime>::block_on::<core[df12db4294e9bfd3]::pin::Pin<&mut dyn core[df12db4294e9bfd3]::future::future::Future<Output = ()>>>
[INFO] [stdout]   16:     0x5777e88f538e - <test_redis_journal_storage[e725d3fbb3006c69]::test_redis_journal_read_write_messages::{closure#0} as core[df12db4294e9bfd3]::ops::function::FnOnce<()>>::call_once
[INFO] [stdout]   17:     0x5777e892d92b - test[9d35eded1c95d3be]::__rust_begin_short_backtrace::<core[df12db4294e9bfd3]::result::Result<(), alloc[2182bb758b4b3781]::string::String>, fn() -> core[df12db4294e9bfd3]::result::Result<(), alloc[2182bb758b4b3781]::string::String>>
[INFO] [stdout]   18:     0x5777e893af95 - test[9d35eded1c95d3be]::run_test::{closure#0}
[INFO] [stdout]   19:     0x5777e8934854 - std[70759c8f55707aa4]::sys::backtrace::__rust_begin_short_backtrace::<test[9d35eded1c95d3be]::run_test::{closure#1}, ()>
[INFO] [stdout]   20:     0x5777e893e0f2 - <std[70759c8f55707aa4]::thread::lifecycle::spawn_unchecked<test[9d35eded1c95d3be]::run_test::{closure#1}, ()>::{closure#1} as core[df12db4294e9bfd3]::ops::function::FnOnce<()>>::call_once::{shim:vtable#0}
[INFO] [stdout]   21:     0x5777e8a3dda9 - <std[70759c8f55707aa4]::sys::thread::unix::Thread>::new::thread_start
[INFO] [stdout]   22:     0x75ee23319dfa - <unknown>
[INFO] [stdout]   23:     0x75ee233ad3d4 - clone
[INFO] [stdout]   24:                0x0 - <unknown>
[INFO] [stdout] 
[INFO] [stdout] ---- test_redis_journal_read_write_message_batch stdout ----
[INFO] [stdout] 
[INFO] [stdout] thread 'test_redis_journal_read_write_message_batch' (1552) panicked at src/journal/mod.rs:77:65:
[INFO] [stdout] called `Result::unwrap()` on an `Err` value: Connection refused (os error 111)
[INFO] [stdout] stack backtrace:
[INFO] [stdout]    0:     0x5777e8a3e881 - <<std[70759c8f55707aa4]::sys::backtrace::BacktraceLock>::print::DisplayBacktrace as core[df12db4294e9bfd3]::fmt::Display>::fmt
[INFO] [stdout]    1:     0x5777e8a54b1a - core[df12db4294e9bfd3]::fmt::write
[INFO] [stdout]    2:     0x5777e8a4389c - <alloc[2182bb758b4b3781]::vec::Vec<u8> as core[df12db4294e9bfd3]::io::write::Write>::write_fmt
[INFO] [stdout]    3:     0x5777e8a199d6 - std[70759c8f55707aa4]::panicking::default_hook::{closure#0}
[INFO] [stdout]    4:     0x5777e8a36789 - std[70759c8f55707aa4]::panicking::default_hook
[INFO] [stdout]    5:     0x5777e893a640 - test[9d35eded1c95d3be]::test_main_inner::<test[9d35eded1c95d3be]::test_main_static::{closure#0}>::{closure#0}
[INFO] [stdout]    6:     0x5777e8a36ab2 - std[70759c8f55707aa4]::panicking::panic_with_hook
[INFO] [stdout]    7:     0x5777e8a19a82 - std[70759c8f55707aa4]::panicking::panic_handler::{closure#0}
[INFO] [stdout]    8:     0x5777e8a12199 - std[70759c8f55707aa4]::sys::backtrace::__rust_end_short_backtrace::<std[70759c8f55707aa4]::panicking::panic_handler::{closure#0}, !>
[INFO] [stdout]    9:     0x5777e8a1a97d - __rustc[8fa7c3cbc660c2b3]::rust_begin_unwind
[INFO] [stdout]   10:     0x5777e8a5527c - core[df12db4294e9bfd3]::panicking::panic_fmt
[INFO] [stdout]   11:     0x5777e8a55052 - core[df12db4294e9bfd3]::result::unwrap_failed
[INFO] [stdout]   12:     0x5777e88f203d - test_redis_journal_storage[e725d3fbb3006c69]::new_test_context::{closure#0}
[INFO] [stdout]   13:     0x5777e88f47fe - test_redis_journal_storage[e725d3fbb3006c69]::test_redis_journal_read_write_message_batch::{closure#0}
[INFO] [stdout]   14:     0x5777e8924135 - <tokio[802eaeee5dbcae8]::runtime::scheduler::current_thread::CurrentThread>::block_on::<core[df12db4294e9bfd3]::pin::Pin<&mut dyn core[df12db4294e9bfd3]::future::future::Future<Output = ()>>>
[INFO] [stdout]   15:     0x5777e8910402 - <tokio[802eaeee5dbcae8]::runtime::runtime::Runtime>::block_on::<core[df12db4294e9bfd3]::pin::Pin<&mut dyn core[df12db4294e9bfd3]::future::future::Future<Output = ()>>>
[INFO] [stdout]   16:     0x5777e88f57ae - <test_redis_journal_storage[e725d3fbb3006c69]::test_redis_journal_read_write_message_batch::{closure#0} as core[df12db4294e9bfd3]::ops::function::FnOnce<()>>::call_once
[INFO] [stdout]   17:     0x5777e892d92b - test[9d35eded1c95d3be]::__rust_begin_short_backtrace::<core[df12db4294e9bfd3]::result::Result<(), alloc[2182bb758b4b3781]::string::String>, fn() -> core[df12db4294e9bfd3]::result::Result<(), alloc[2182bb758b4b3781]::string::String>>
[INFO] [stdout]   18:     0x5777e893af95 - test[9d35eded1c95d3be]::run_test::{closure#0}
[INFO] [stdout]   19:     0x5777e8934854 - std[70759c8f55707aa4]::sys::backtrace::__rust_begin_short_backtrace::<test[9d35eded1c95d3be]::run_test::{closure#1}, ()>
[INFO] [stdout]   20:     0x5777e893e0f2 - <std[70759c8f55707aa4]::thread::lifecycle::spawn_unchecked<test[9d35eded1c95d3be]::run_test::{closure#1}, ()>::{closure#1} as core[df12db4294e9bfd3]::ops::function::FnOnce<()>>::call_once::{shim:vtable#0}
[INFO] [stdout]   21:     0x5777e8a3dda9 - <std[70759c8f55707aa4]::sys::thread::unix::Thread>::new::thread_start
[INFO] [stdout]   22:     0x75ee23319dfa - <unknown>
[INFO] [stdout]   23:     0x75ee233ad3d4 - clone
[INFO] [stdout]   24:                0x0 - <unknown>
[INFO] [stdout] 
[INFO] [stdout] ---- test_redis_journal_read_single_message stdout ----
[INFO] [stdout] 
[INFO] [stdout] thread 'test_redis_journal_read_single_message' (1551) panicked at src/journal/mod.rs:77:65:
[INFO] [stdout] called `Result::unwrap()` on an `Err` value: Connection refused (os error 111)
[INFO] [stdout] stack backtrace:
[INFO] [stdout]    0:     0x5777e8a3e881 - <<std[70759c8f55707aa4]::sys::backtrace::BacktraceLock>::print::DisplayBacktrace as core[df12db4294e9bfd3]::fmt::Display>::fmt
[INFO] [stdout]    1:     0x5777e8a54b1a - core[df12db4294e9bfd3]::fmt::write
[INFO] [stdout]    2:     0x5777e8a4389c - <alloc[2182bb758b4b3781]::vec::Vec<u8> as core[df12db4294e9bfd3]::io::write::Write>::write_fmt
[INFO] [stdout]    3:     0x5777e8a199d6 - std[70759c8f55707aa4]::panicking::default_hook::{closure#0}
[INFO] [stdout]    4:     0x5777e8a36789 - std[70759c8f55707aa4]::panicking::default_hook
[INFO] [stdout]    5:     0x5777e893a640 - test[9d35eded1c95d3be]::test_main_inner::<test[9d35eded1c95d3be]::test_main_static::{closure#0}>::{closure#0}
[INFO] [stdout]    6:     0x5777e8a36ab2 - std[70759c8f55707aa4]::panicking::panic_with_hook
[INFO] [stdout]    7:     0x5777e8a19a82 - std[70759c8f55707aa4]::panicking::panic_handler::{closure#0}
[INFO] [stdout]    8:     0x5777e8a12199 - std[70759c8f55707aa4]::sys::backtrace::__rust_end_short_backtrace::<std[70759c8f55707aa4]::panicking::panic_handler::{closure#0}, !>
[INFO] [stdout]    9:     0x5777e8a1a97d - __rustc[8fa7c3cbc660c2b3]::rust_begin_unwind
[INFO] [stdout]   10:     0x5777e8a5527c - core[df12db4294e9bfd3]::panicking::panic_fmt
[INFO] [stdout]   11:     0x5777e8a55052 - core[df12db4294e9bfd3]::result::unwrap_failed
[INFO] [stdout]   12:     0x5777e88f203d - test_redis_journal_storage[e725d3fbb3006c69]::new_test_context::{closure#0}
[INFO] [stdout]   13:     0x5777e88f2a21 - test_redis_journal_storage[e725d3fbb3006c69]::test_redis_journal_read_single_message::{closure#0}
[INFO] [stdout]   14:     0x5777e8924135 - <tokio[802eaeee5dbcae8]::runtime::scheduler::current_thread::CurrentThread>::block_on::<core[df12db4294e9bfd3]::pin::Pin<&mut dyn core[df12db4294e9bfd3]::future::future::Future<Output = ()>>>
[INFO] [stdout]   15:     0x5777e8910402 - <tokio[802eaeee5dbcae8]::runtime::runtime::Runtime>::block_on::<core[df12db4294e9bfd3]::pin::Pin<&mut dyn core[df12db4294e9bfd3]::future::future::Future<Output = ()>>>
[INFO] [stdout]   16:     0x5777e88f522e - <test_redis_journal_storage[e725d3fbb3006c69]::test_redis_journal_read_single_message::{closure#0} as core[df12db4294e9bfd3]::ops::function::FnOnce<()>>::call_once
[INFO] [stdout]   17:     0x5777e892d92b - test[9d35eded1c95d3be]::__rust_begin_short_backtrace::<core[df12db4294e9bfd3]::result::Result<(), alloc[2182bb758b4b3781]::string::String>, fn() -> core[df12db4294e9bfd3]::result::Result<(), alloc[2182bb758b4b3781]::string::String>>
[INFO] [stdout]   18:     0x5777e893af95 - test[9d35eded1c95d3be]::run_test::{closure#0}
[INFO] [stdout]   19:     0x5777e8934854 - std[70759c8f55707aa4]::sys::backtrace::__rust_begin_short_backtrace::<test[9d35eded1c95d3be]::run_test::{closure#1}, ()>
[INFO] [stdout]   20:     0x5777e893e0f2 - <std[70759c8f55707aa4]::thread::lifecycle::spawn_unchecked<test[9d35eded1c95d3be]::run_test::{closure#1}, ()>::{closure#1} as core[df12db4294e9bfd3]::ops::function::FnOnce<()>>::call_once::{shim:vtable#0}
[INFO] [stdout]   21:     0x5777e8a3dda9 - <std[70759c8f55707aa4]::sys::thread::unix::Thread>::new::thread_start
[INFO] [stdout]   22:     0x75ee23319dfa - <unknown>
[INFO] [stdout]   23:     0x75ee233ad3d4 - clone
[INFO] [stdout]   24:                0x0 - <unknown>
[INFO] [stdout] 
[INFO] [stdout] 
[INFO] [stdout] failures:
[INFO] [stdout]     test_redis_journal_delete_messages_range
[INFO] [stdout]     test_redis_journal_read_single_message
[INFO] [stdout]     test_redis_journal_read_write_message_batch
[INFO] [stdout]     test_redis_journal_read_write_messages
[INFO] [stdout]     test_redis_journal_read_write_snapshot
[INFO] [stdout] 
[INFO] [stdout] test result: FAILED. 0 passed; 5 failed; 0 ignored; 0 measured; 0 filtered out; finished in 0.01s
[INFO] [stdout] 
[INFO] running `Command { std: "docker" "inspect" "46a00eaecdf10858f381406d00a669e9c37831637a61fe53841861056e1b83d1", kill_on_drop: false }`
[INFO] running `Command { std: "docker" "rm" "-f" "46a00eaecdf10858f381406d00a669e9c37831637a61fe53841861056e1b83d1", kill_on_drop: false }`
[INFO] [stdout] 46a00eaecdf10858f381406d00a669e9c37831637a61fe53841861056e1b83d1
