[INFO] fetching crate cgz 2026.5.5...
[INFO] testing cgz-2026.5.5 against 1.100.0-beta.1+cargoflags=--release for beta-release-1.100-2
[INFO] extracting crate cgz 2026.5.5 into /workspace/builds/worker-3-tc2/source
[INFO] started tweaking crates.io crate cgz 2026.5.5
[INFO] removed 0 missing tests
[INFO] finished tweaking crates.io crate cgz 2026.5.5
[INFO] tweaked toml for crates.io crate cgz 2026.5.5 written to /workspace/builds/worker-3-tc2/source/Cargo.toml
[INFO] validating manifest of crates.io crate cgz 2026.5.5 on toolchain 1.100.0-beta.1
[INFO] running `Command { std: CARGO_HOME="/workspace/cargo-home" RUSTUP_HOME="/workspace/rustup-home" "/workspace/cargo-home/bin/cargo" "+1.100.0-beta.1" "metadata" "--manifest-path" "Cargo.toml" "--no-deps", kill_on_drop: false }`
[INFO] crate crates.io crate cgz 2026.5.5 already has a lockfile, it will not be regenerated
[INFO] running `Command { std: CARGO_HOME="/workspace/cargo-home" RUSTUP_HOME="/workspace/rustup-home" "/workspace/cargo-home/bin/cargo" "+1.100.0-beta.1" "fetch" "--manifest-path" "Cargo.toml", kill_on_drop: false }`
[INFO] running `Command { std: "docker" "create" "-v" "/var/lib/crater-agent-workspace/builds/worker-3-tc2/source:/opt/rustwide/workdir:ro,Z" "-v" "/var/lib/crater-agent-workspace/builds/worker-3-tc2/target:/opt/rustwide/target:rw,Z" "-v" "/var/lib/crater-agent-workspace/cargo-home:/opt/rustwide/cargo-home:ro,Z" "-v" "/var/lib/crater-agent-workspace/rustup-home:/opt/rustwide/rustup-home:ro,Z" "-m" "1610612736" "--network" "none" "ghcr.io/rust-lang/crates-build-env/linux@sha256:77db811e55d90add9212f6832c23229e3de5f1c1f9905e8cb07319ea15df73ac" "sleep" "infinity", kill_on_drop: false }`
[INFO] [stdout] 2114b9945efdeac5048f4d7b06d506a96df09b7df8bbe9ed7304821776f1b6ed
[INFO] running `Command { std: "docker" "start" "2114b9945efdeac5048f4d7b06d506a96df09b7df8bbe9ed7304821776f1b6ed", kill_on_drop: false }`
[INFO] running `Command { std: "docker" "inspect" "2114b9945efdeac5048f4d7b06d506a96df09b7df8bbe9ed7304821776f1b6ed", kill_on_drop: false }`
[INFO] running `Command { std: "docker" "exec" "-e" "SOURCE_DIR=/opt/rustwide/workdir" "-e" "CARGO_HOME=/opt/rustwide/cargo-home" "-e" "RUSTUP_HOME=/opt/rustwide/rustup-home" "-e" "CARGO_TARGET_DIR=/opt/rustwide/target" "-w" "/opt/rustwide/workdir" "--user" "0:0" "2114b9945efdeac5048f4d7b06d506a96df09b7df8bbe9ed7304821776f1b6ed" "/opt/rustwide/cargo-home/bin/cargo" "+1.100.0-beta.1" "metadata" "--no-deps" "--format-version=1", kill_on_drop: false }`
[INFO] running `Command { std: "docker" "inspect" "2114b9945efdeac5048f4d7b06d506a96df09b7df8bbe9ed7304821776f1b6ed", kill_on_drop: false }`
[INFO] running `Command { std: "docker" "exec" "-e" "SOURCE_DIR=/opt/rustwide/workdir" "-e" "CARGO_HOME=/opt/rustwide/cargo-home" "-e" "RUSTUP_HOME=/opt/rustwide/rustup-home" "-e" "CARGO_TARGET_DIR=/opt/rustwide/target" "-e" "CARGO_INCREMENTAL=0" "-e" "RUST_BACKTRACE=full" "-e" "RUSTFLAGS=--cap-lints=warn" "-e" "RUSTDOCFLAGS=--cap-lints=warn" "-w" "/opt/rustwide/workdir" "--user" "0:0" "2114b9945efdeac5048f4d7b06d506a96df09b7df8bbe9ed7304821776f1b6ed" "/opt/rustwide/cargo-home/bin/cargo" "+1.100.0-beta.1" "build" "--frozen" "--message-format=json" "--release", kill_on_drop: false }`
[INFO] [stderr]    Compiling tree-sitter-language v0.1.7
[INFO] [stderr]    Compiling serde_core v1.0.228
[INFO] [stderr]    Compiling aho-corasick v1.1.4
[INFO] [stderr]    Compiling typenum v1.20.0
[INFO] [stderr]    Compiling serde_json v1.0.149
[INFO] [stderr]    Compiling once_cell v1.21.4
[INFO] [stderr]    Compiling itoa v1.0.18
[INFO] [stderr]    Compiling memchr v2.8.0
[INFO] [stderr]    Compiling libsqlite3-sys v0.30.1
[INFO] [stderr]    Compiling inotify-sys v0.1.5
[INFO] [stderr]    Compiling crossbeam-epoch v0.9.18
[INFO] [stderr]    Compiling tree-sitter-rust v0.24.2
[INFO] [stderr]    Compiling octorus-tree-sitter-moonbit v0.1.0
[INFO] [stderr]    Compiling bstr v1.12.1
[INFO] [stderr]    Compiling deranged v0.5.8
[INFO] [stderr]    Compiling mio v0.8.11
[INFO] [stderr]    Compiling crossbeam-channel v0.5.15
[INFO] [stderr]    Compiling inotify v0.9.6
[INFO] [stderr]    Compiling ahash v0.8.12
[INFO] [stderr]    Compiling filetime v0.2.29
[INFO] [stderr]    Compiling hashbrown v0.14.5
[INFO] [stderr]    Compiling crossbeam-deque v0.8.6
[INFO] [stderr]    Compiling streaming-iterator v0.1.9
[INFO] [stderr]    Compiling num-conv v0.2.1
[INFO] [stderr]    Compiling bitflags v2.11.1
[INFO] [stderr]    Compiling generic-array v0.14.7
[INFO] [stderr]    Compiling notify v6.1.1
[INFO] [stderr]    Compiling hashlink v0.9.1
[INFO] [stderr]    Compiling block-buffer v0.10.4
[INFO] [stderr]    Compiling crypto-common v0.1.7
[INFO] [stderr]    Compiling digest v0.10.7
[INFO] [stderr]    Compiling sha2 v0.10.9
[INFO] [stderr]    Compiling time v0.3.47
[INFO] [stderr]    Compiling regex-automata v0.4.14
[INFO] [stderr]    Compiling tree-sitter v0.26.8
[INFO] [stderr]    Compiling globset v0.4.18
[INFO] [stderr]    Compiling regex v1.12.3
[INFO] [stderr]    Compiling ignore v0.4.25
[INFO] [stderr]    Compiling rusqlite v0.32.1
[INFO] [stderr]    Compiling cgz v2026.5.5 (/opt/rustwide/workdir)
[INFO] [stderr] warning: unused dependency `parking_lot`
[INFO] [stderr]   --> Cargo.toml:18:15
[INFO] [stderr]    |
[INFO] [stderr] 18 | [dependencies.parking_lot]
[INFO] [stderr]    |               ^^^^^^^^^^^^
[INFO] [stderr]    |
[INFO] [stderr]    = note: `cargo::unused_dependencies` is set to `warn` by default
[INFO] [stderr] help: consider removing the dependency on `parking_lot`
[INFO] [stderr] warning: unused dependency `time`
[INFO] [stderr]   --> Cargo.toml:39:15
[INFO] [stderr]    |
[INFO] [stderr] 39 | [dependencies.time]
[INFO] [stderr]    |               ^^^^^
[INFO] [stderr]    |
[INFO] [stderr] help: consider removing the dependency on `time`
[INFO] [stderr] warning: unused dependency `toml`
[INFO] [stderr]   --> Cargo.toml:43:15
[INFO] [stderr]    |
[INFO] [stderr] 43 | [dependencies.toml]
[INFO] [stderr]    |               ^^^^^
[INFO] [stderr]    |
[INFO] [stderr] help: consider removing the dependency on `toml`
[INFO] [stderr] warning: `cgz` (manifest) generated 3 warnings
[INFO] [stderr]     Finished `release` profile [optimized] target(s) in 2m 21s
[INFO] running `Command { std: "docker" "inspect" "2114b9945efdeac5048f4d7b06d506a96df09b7df8bbe9ed7304821776f1b6ed", kill_on_drop: false }`
[INFO] running `Command { std: "docker" "exec" "-e" "SOURCE_DIR=/opt/rustwide/workdir" "-e" "CARGO_HOME=/opt/rustwide/cargo-home" "-e" "RUSTUP_HOME=/opt/rustwide/rustup-home" "-e" "CARGO_TARGET_DIR=/opt/rustwide/target" "-e" "CARGO_INCREMENTAL=0" "-e" "RUST_BACKTRACE=full" "-e" "RUSTFLAGS=--cap-lints=warn" "-e" "RUSTDOCFLAGS=--cap-lints=warn" "-w" "/opt/rustwide/workdir" "--user" "0:0" "2114b9945efdeac5048f4d7b06d506a96df09b7df8bbe9ed7304821776f1b6ed" "/opt/rustwide/cargo-home/bin/cargo" "+1.100.0-beta.1" "test" "--frozen" "--no-run" "--message-format=json" "--release", kill_on_drop: false }`
[INFO] [stderr]    Compiling ahash v0.8.12
[INFO] [stderr]    Compiling hashbrown v0.14.5
[INFO] [stderr]    Compiling hashlink v0.9.1
[INFO] [stderr]    Compiling rusqlite v0.32.1
[INFO] [stderr]    Compiling cgz v2026.5.5 (/opt/rustwide/workdir)
[INFO] [stderr] warning: unused dependency `parking_lot`
[INFO] [stderr]   --> Cargo.toml:18:15
[INFO] [stderr]    |
[INFO] [stderr] 18 | [dependencies.parking_lot]
[INFO] [stderr]    |               ^^^^^^^^^^^^
[INFO] [stderr]    |
[INFO] [stderr]    = note: `cargo::unused_dependencies` is set to `warn` by default
[INFO] [stderr] help: consider removing the dependency on `parking_lot`
[INFO] [stderr] warning: unused dependency `time`
[INFO] [stderr]   --> Cargo.toml:39:15
[INFO] [stderr]    |
[INFO] [stderr] 39 | [dependencies.time]
[INFO] [stderr]    |               ^^^^^
[INFO] [stderr]    |
[INFO] [stderr] help: consider removing the dependency on `time`
[INFO] [stderr] warning: unused dependency `toml`
[INFO] [stderr]   --> Cargo.toml:43:15
[INFO] [stderr]    |
[INFO] [stderr] 43 | [dependencies.toml]
[INFO] [stderr]    |               ^^^^^
[INFO] [stderr]    |
[INFO] [stderr] help: consider removing the dependency on `toml`
[INFO] [stderr] warning: `cgz` (manifest) generated 3 warnings
[INFO] [stderr]     Finished `release` profile [optimized] target(s) in 39.20s
[INFO] running `Command { std: "docker" "inspect" "2114b9945efdeac5048f4d7b06d506a96df09b7df8bbe9ed7304821776f1b6ed", kill_on_drop: false }`
[INFO] running `Command { std: "docker" "exec" "-e" "SOURCE_DIR=/opt/rustwide/workdir" "-e" "CARGO_HOME=/opt/rustwide/cargo-home" "-e" "RUSTUP_HOME=/opt/rustwide/rustup-home" "-e" "CARGO_TARGET_DIR=/opt/rustwide/target" "-e" "CARGO_INCREMENTAL=0" "-e" "RUST_BACKTRACE=full" "-e" "RUSTFLAGS=--cap-lints=warn" "-e" "RUSTDOCFLAGS=--cap-lints=warn" "-w" "/opt/rustwide/workdir" "--user" "0:0" "2114b9945efdeac5048f4d7b06d506a96df09b7df8bbe9ed7304821776f1b6ed" "/opt/rustwide/cargo-home/bin/cargo" "+1.100.0-beta.1" "test" "--frozen" "--release", kill_on_drop: false }`
[INFO] [stderr] warning: unused dependency `parking_lot`
[INFO] [stderr]   --> Cargo.toml:18:15
[INFO] [stderr]    |
[INFO] [stderr] 18 | [dependencies.parking_lot]
[INFO] [stderr]    |               ^^^^^^^^^^^^
[INFO] [stderr]    |
[INFO] [stderr]    = note: `cargo::unused_dependencies` is set to `warn` by default
[INFO] [stderr] help: consider removing the dependency on `parking_lot`
[INFO] [stderr] warning: unused dependency `time`
[INFO] [stderr]   --> Cargo.toml:39:15
[INFO] [stderr]    |
[INFO] [stderr] 39 | [dependencies.time]
[INFO] [stderr]    |               ^^^^^
[INFO] [stderr]    |
[INFO] [stderr] help: consider removing the dependency on `time`
[INFO] [stderr] warning: unused dependency `toml`
[INFO] [stderr]   --> Cargo.toml:43:15
[INFO] [stderr]    |
[INFO] [stderr] 43 | [dependencies.toml]
[INFO] [stderr]    |               ^^^^^
[INFO] [stderr]    |
[INFO] [stderr] help: consider removing the dependency on `toml`
[INFO] [stderr] warning: `cgz` (manifest) generated 3 warnings
[INFO] [stderr]     Finished `release` profile [optimized] target(s) in 0.15s
[INFO] [stderr]      Running unittests src/lib.rs (/opt/rustwide/target/release/build/cgz/8fa897cc648f980c/out/codegraph-8fa897cc648f980c)
[INFO] [stdout] 
[INFO] [stdout] running 13 tests
[INFO] [stdout] test installer::tests::claude_md_replaces_unmarked_codegraph_section ... ok
[INFO] [stdout] test installer::tests::claude_md_replaces_marked_section_and_preserves_content ... ok
[INFO] [stdout] test installer::tests::invalid_json_is_not_overwritten ... ok
[INFO] [stdout] test watcher::tests::test_should_watch_path_excludes_non_included_files ... ok
[INFO] [stdout] test watcher::tests::test_should_watch_path_includes_source_files ... ok
[INFO] [stdout] test watcher::tests::test_should_watch_path_excludes_codegraph_dir ... ok
[INFO] [stdout] test installer::tests::global_install_uses_home_paths ... ok
[INFO] [stdout] test watcher::tests::test_should_watch_path_excludes_build_outputs ... ok
[INFO] [stdout] test installer::tests::local_install_writes_claude_json_and_claude_md ... ok
[INFO] [stdout] test installer::tests::rejects_multiple_targets ... ok
[INFO] [stdout] test installer::tests::permissions_are_explicit_and_preserve_existing_allow_entries ... ok
[INFO] [stdout] test watcher::tests::test_watcher_config_default_debounce ... ok
[INFO] [stdout] test installer::tests::mcp_config_preserves_existing_servers_and_is_idempotent ... ok
[INFO] [stdout] 
[INFO] [stdout] test result: ok. 13 passed; 0 failed; 0 ignored; 0 measured; 0 filtered out; finished in 0.01s
[INFO] [stdout] 
[INFO] [stderr]      Running unittests src/main.rs (/opt/rustwide/target/release/build/cgz/0f2ab9229eff6133/out/cgz-0f2ab9229eff6133)
[INFO] [stdout] 
[INFO] [stderr]      Running tests/agent_context_eval.rs (/opt/rustwide/target/release/build/cgz/a43eb19b76e2898f/out/agent_context_eval-a43eb19b76e2898f)
[INFO] [stdout] running 0 tests
[INFO] [stdout] 
[INFO] [stdout] test result: ok. 0 passed; 0 failed; 0 ignored; 0 measured; 0 filtered out; finished in 0.00s
[INFO] [stdout] 
[INFO] [stdout] 
[INFO] [stdout] running 9 tests
[INFO] [stdout] test affected_uses_rust_test_name_heuristic ... ok
[INFO] [stdout] test affected_uses_rust_workspace_heuristic ... ok
[INFO] [stdout] test explore_report_covers_expected_symbols_and_relationships ... ok
[INFO] [stdout] test context_report_recall_meets_threshold ... ok
[INFO] [stdout] test search_ranking_prefers_exact_symbol_matches ... ok
[INFO] [stdout] test extraction_coverage_captures_expected_node_kinds ... ok
[INFO] [stdout] test explore_report_groups_source_relationships_and_budget ... ok
[INFO] [stdout] test search_recall_and_mrr_meets_thresholds ... ok
[INFO] [stderr]      Running tests/cli_ux.rs (/opt/rustwide/target/release/build/cgz/81d862cf60aeb7c9/out/cli_ux-81d862cf60aeb7c9)
[INFO] [stdout] test agent_context_eval_reaches_expected_symbols_and_files ... ok
[INFO] [stdout] 
[INFO] [stdout] test result: ok. 9 passed; 0 failed; 0 ignored; 0 measured; 0 filtered out; finished in 0.19s
[INFO] [stdout] 
[INFO] [stdout] 
[INFO] [stdout] running 7 tests
[INFO] [stdout] test cli_init_index_exits_nonzero_on_index_errors ... ok
[INFO] [stdout] test cli_sync_shows_human_readable_output ... ok
[INFO] [stdout] test cli_status_json_remains_machine_readable ... ok
[INFO] [stdout] test cli_index_shows_unsupported_errors ... ok
[INFO] [stdout] test cli_index_shows_human_readable_output ... ok
[INFO] [stdout] test cli_index_shows_parse_errors ... ok
[INFO] [stdout] test cli_index_quiet_suppresses_output ... ok
[INFO] [stdout] 
[INFO] [stdout] test result: ok. 7 passed; 0 failed; 0 ignored; 0 measured; 0 filtered out; finished in 0.35s
[INFO] [stdout] 
[INFO] [stderr]      Running tests/files_output.rs (/opt/rustwide/target/release/build/cgz/4569e6903e22a97a/out/files_output-4569e6903e22a97a)
[INFO] [stdout] 
[INFO] [stdout] running 1 test
[INFO] [stdout] Initialized in /tmp/.tmp2H79ic
[INFO] [stderr] Indexing started
[INFO] [stdout] Indexed 3 files, 6 nodes, 4 edges in 28ms
[INFO] [stdout] test cli_files_supports_tree_flat_grouped_filters_and_metadata ... ok
[INFO] [stderr]      Running tests/graph_traversal.rs (/opt/rustwide/target/release/build/cgz/39b3a97ba93deef5/out/graph_traversal-39b3a97ba93deef5)
[INFO] [stdout] 
[INFO] [stdout] test result: ok. 1 passed; 0 failed; 0 ignored; 0 measured; 0 filtered out; finished in 0.15s
[INFO] [stdout] 
[INFO] [stdout] 
[INFO] [stdout] running 1 test
[INFO] [stdout] test graph_traversal_tracks_depth_and_suppresses_duplicates ... ok
[INFO] [stdout] 
[INFO] [stdout] test result: ok. 1 passed; 0 failed; 0 ignored; 0 measured; 0 filtered out; finished in 0.13s
[INFO] [stdout] 
[INFO] [stderr]      Running tests/installer_integration.rs (/opt/rustwide/target/release/build/cgz/e402adc1f8393f06/out/installer_integration-e402adc1f8393f06)
[INFO] [stdout] 
[INFO] [stdout] running 5 tests
[INFO] [stdout] test install_local_writes_project_claude_files ... FAILED
[INFO] [stdout] test install_adds_permissions_only_when_requested ... FAILED
[INFO] [stdout] test install_with_yes_initializes_project ... FAILED
[INFO] [stdout] test install_global_uses_home_claude_files ... FAILED
[INFO] [stdout] test install_no_init_does_not_initialize_project ... FAILED
[INFO] [stderr] error: test failed, to rerun pass `--test installer_integration`
[INFO] [stdout] 
[INFO] [stdout] failures:
[INFO] [stdout] 
[INFO] [stdout] ---- install_local_writes_project_claude_files stdout ----
[INFO] [stdout] 
[INFO] [stdout] thread 'install_local_writes_project_claude_files' (1670) panicked at tests/installer_integration.rs:33:10:
[INFO] [stdout] failed to run cgz install: Os { code: 2, kind: NotFound, message: "No such file or directory" }
[INFO] [stdout] stack backtrace:
[INFO] [stdout]    0:     0x624347257141 - <<std[617be2ca0a6fd877]::sys::backtrace::BacktraceLock>::print::DisplayBacktrace as core[a373ad73a504971]::fmt::Display>::fmt
[INFO] [stdout]    1:     0x62434726bdaa - core[a373ad73a504971]::fmt::write
[INFO] [stdout]    2:     0x62434725b5bc - <alloc[2e1b2a31b91974c5]::vec::Vec<u8> as core[a373ad73a504971]::io::write::Write>::write_fmt
[INFO] [stdout]    3:     0x624347231cb6 - std[617be2ca0a6fd877]::panicking::default_hook::{closure#0}
[INFO] [stdout]    4:     0x62434724eb79 - std[617be2ca0a6fd877]::panicking::default_hook
[INFO] [stdout]    5:     0x6243471e8740 - test[aada8e7e76ba119b]::test_main_inner::{closure#0}
[INFO] [stdout]    6:     0x62434724ed32 - std[617be2ca0a6fd877]::panicking::panic_with_hook
[INFO] [stdout]    7:     0x624347231d62 - std[617be2ca0a6fd877]::panicking::panic_handler::{closure#0}
[INFO] [stdout]    8:     0x62434722a7c9 - std[617be2ca0a6fd877]::sys::backtrace::__rust_end_short_backtrace::<std[617be2ca0a6fd877]::panicking::panic_handler::{closure#0}, !>
[INFO] [stdout]    9:     0x62434723296d - __rustc[ea4f61d10b84890b]::rust_begin_unwind
[INFO] [stdout]   10:     0x62434726c4dc - core[a373ad73a504971]::panicking::panic_fmt
[INFO] [stdout]   11:     0x62434726c2b2 - core[a373ad73a504971]::result::unwrap_failed
[INFO] [stdout]   12:     0x6243471d35be - <installer_integration[21af79dcc8356775]::install_local_writes_project_claude_files::{closure#0} as core[a373ad73a504971]::ops::function::FnOnce<()>>::call_once
[INFO] [stdout]   13:     0x6243471dbb8b - test[aada8e7e76ba119b]::__rust_begin_short_backtrace::<core[a373ad73a504971]::result::Result<(), alloc[2e1b2a31b91974c5]::string::String>, fn() -> core[a373ad73a504971]::result::Result<(), alloc[2e1b2a31b91974c5]::string::String>>
[INFO] [stdout]   14:     0x6243471e8d65 - test[aada8e7e76ba119b]::run_test::{closure#0}
[INFO] [stdout]   15:     0x6243471e2654 - std[617be2ca0a6fd877]::sys::backtrace::__rust_begin_short_backtrace::<test[aada8e7e76ba119b]::run_test::{closure#1}, ()>
[INFO] [stdout]   16:     0x6243471ebdf2 - <std[617be2ca0a6fd877]::thread::lifecycle::spawn_unchecked<test[aada8e7e76ba119b]::run_test::{closure#1}, ()>::{closure#1} as core[a373ad73a504971]::ops::function::FnOnce<()>>::call_once::{shim:vtable#0}
[INFO] [stdout]   17:     0x62434725645f - <std[617be2ca0a6fd877]::sys::thread::unix::Thread>::new::thread_start
[INFO] [stdout]   18:     0x72406d5d5dfa - <unknown>
[INFO] [stdout]   19:     0x72406d6693d4 - clone
[INFO] [stdout]   20:                0x0 - <unknown>
[INFO] [stdout] 
[INFO] [stdout] ---- install_adds_permissions_only_when_requested stdout ----
[INFO] [stdout] 
[INFO] [stdout] thread 'install_adds_permissions_only_when_requested' (1668) panicked at tests/installer_integration.rs:92:10:
[INFO] [stdout] failed to run cgz install: Os { code: 2, kind: NotFound, message: "No such file or directory" }
[INFO] [stdout] stack backtrace:
[INFO] [stdout]    0:     0x624347257141 - <<std[617be2ca0a6fd877]::sys::backtrace::BacktraceLock>::print::DisplayBacktrace as core[a373ad73a504971]::fmt::Display>::fmt
[INFO] [stdout]    1:     0x62434726bdaa - core[a373ad73a504971]::fmt::write
[INFO] [stdout]    2:     0x62434725b5bc - <alloc[2e1b2a31b91974c5]::vec::Vec<u8> as core[a373ad73a504971]::io::write::Write>::write_fmt
[INFO] [stdout]    3:     0x624347231cb6 - std[617be2ca0a6fd877]::panicking::default_hook::{closure#0}
[INFO] [stdout]    4:     0x62434724eb79 - std[617be2ca0a6fd877]::panicking::default_hook
[INFO] [stdout]    5:     0x6243471e8740 - test[aada8e7e76ba119b]::test_main_inner::{closure#0}
[INFO] [stdout]    6:     0x62434724ed32 - std[617be2ca0a6fd877]::panicking::panic_with_hook
[INFO] [stdout]    7:     0x624347231d62 - std[617be2ca0a6fd877]::panicking::panic_handler::{closure#0}
[INFO] [stdout]    8:     0x62434722a7c9 - std[617be2ca0a6fd877]::sys::backtrace::__rust_end_short_backtrace::<std[617be2ca0a6fd877]::panicking::panic_handler::{closure#0}, !>
[INFO] [stdout]    9:     0x62434723296d - __rustc[ea4f61d10b84890b]::rust_begin_unwind
[INFO] [stdout]   10:     0x62434726c4dc - core[a373ad73a504971]::panicking::panic_fmt
[INFO] [stdout]   11:     0x62434726c2b2 - core[a373ad73a504971]::result::unwrap_failed
[INFO] [stdout]   12:     0x6243471d43ba - <installer_integration[21af79dcc8356775]::install_adds_permissions_only_when_requested::{closure#0} as core[a373ad73a504971]::ops::function::FnOnce<()>>::call_once
[INFO] [stdout]   13:     0x6243471dbb8b - test[aada8e7e76ba119b]::__rust_begin_short_backtrace::<core[a373ad73a504971]::result::Result<(), alloc[2e1b2a31b91974c5]::string::String>, fn() -> core[a373ad73a504971]::result::Result<(), alloc[2e1b2a31b91974c5]::string::String>>
[INFO] [stdout]   14:     0x6243471e8d65 - test[aada8e7e76ba119b]::run_test::{closure#0}
[INFO] [stdout]   15:     0x6243471e2654 - std[617be2ca0a6fd877]::sys::backtrace::__rust_begin_short_backtrace::<test[aada8e7e76ba119b]::run_test::{closure#1}, ()>
[INFO] [stdout]   16:     0x6243471ebdf2 - <std[617be2ca0a6fd877]::thread::lifecycle::spawn_unchecked<test[aada8e7e76ba119b]::run_test::{closure#1}, ()>::{closure#1} as core[a373ad73a504971]::ops::function::FnOnce<()>>::call_once::{shim:vtable#0}
[INFO] [stdout]   17:     0x62434725645f - <std[617be2ca0a6fd877]::sys::thread::unix::Thread>::new::thread_start
[INFO] [stdout]   18:     0x72406d5d5dfa - <unknown>
[INFO] [stdout]   19:     0x72406d6693d4 - clone
[INFO] [stdout]   20:                0x0 - <unknown>
[INFO] [stdout] 
[INFO] [stdout] ---- install_with_yes_initializes_project stdout ----
[INFO] [stdout] 
[INFO] [stdout] thread 'install_with_yes_initializes_project' (1672) panicked at tests/installer_integration.rs:139:10:
[INFO] [stdout] failed to run cgz install: Os { code: 2, kind: NotFound, message: "No such file or directory" }
[INFO] [stdout] stack backtrace:
[INFO] [stdout]    0:     0x624347257141 - <<std[617be2ca0a6fd877]::sys::backtrace::BacktraceLock>::print::DisplayBacktrace as core[a373ad73a504971]::fmt::Display>::fmt
[INFO] [stdout]    1:     0x62434726bdaa - core[a373ad73a504971]::fmt::write
[INFO] [stdout]    2:     0x62434725b5bc - <alloc[2e1b2a31b91974c5]::vec::Vec<u8> as core[a373ad73a504971]::io::write::Write>::write_fmt
[INFO] [stdout]    3:     0x624347231cb6 - std[617be2ca0a6fd877]::panicking::default_hook::{closure#0}
[INFO] [stdout]    4:     0x62434724eb79 - std[617be2ca0a6fd877]::panicking::default_hook
[INFO] [stdout]    5:     0x6243471e8740 - test[aada8e7e76ba119b]::test_main_inner::{closure#0}
[INFO] [stdout]    6:     0x62434724ed32 - std[617be2ca0a6fd877]::panicking::panic_with_hook
[INFO] [stdout]    7:     0x624347231d62 - std[617be2ca0a6fd877]::panicking::panic_handler::{closure#0}
[INFO] [stdout]    8:     0x62434722a7c9 - std[617be2ca0a6fd877]::sys::backtrace::__rust_end_short_backtrace::<std[617be2ca0a6fd877]::panicking::panic_handler::{closure#0}, !>
[INFO] [stdout]    9:     0x62434723296d - __rustc[ea4f61d10b84890b]::rust_begin_unwind
[INFO] [stdout]   10:     0x62434726c4dc - core[a373ad73a504971]::panicking::panic_fmt
[INFO] [stdout]   11:     0x62434726c2b2 - core[a373ad73a504971]::result::unwrap_failed
[INFO] [stdout]   12:     0x6243471d203c - <installer_integration[21af79dcc8356775]::install_with_yes_initializes_project::{closure#0} as core[a373ad73a504971]::ops::function::FnOnce<()>>::call_once
[INFO] [stdout]   13:     0x6243471dbb8b - test[aada8e7e76ba119b]::__rust_begin_short_backtrace::<core[a373ad73a504971]::result::Result<(), alloc[2e1b2a31b91974c5]::string::String>, fn() -> core[a373ad73a504971]::result::Result<(), alloc[2e1b2a31b91974c5]::string::String>>
[INFO] [stdout]   14:     0x6243471e8d65 - test[aada8e7e76ba119b]::run_test::{closure#0}
[INFO] [stdout]   15:     0x6243471e2654 - std[617be2ca0a6fd877]::sys::backtrace::__rust_begin_short_backtrace::<test[aada8e7e76ba119b]::run_test::{closure#1}, ()>
[INFO] [stdout]   16:     0x6243471ebdf2 - <std[617be2ca0a6fd877]::thread::lifecycle::spawn_unchecked<test[aada8e7e76ba119b]::run_test::{closure#1}, ()>::{closure#1} as core[a373ad73a504971]::ops::function::FnOnce<()>>::call_once::{shim:vtable#0}
[INFO] [stdout]   17:     0x62434725645f - <std[617be2ca0a6fd877]::sys::thread::unix::Thread>::new::thread_start
[INFO] [stdout]   18:     0x72406d5d5dfa - <unknown>
[INFO] [stdout]   19:     0x72406d6693d4 - clone
[INFO] [stdout]   20:                0x0 - <unknown>
[INFO] [stdout] 
[INFO] [stdout] ---- install_global_uses_home_claude_files stdout ----
[INFO] [stdout] 
[INFO] [stdout] thread 'install_global_uses_home_claude_files' (1669) panicked at tests/installer_integration.rs:69:10:
[INFO] [stdout] failed to run cgz install: Os { code: 2, kind: NotFound, message: "No such file or directory" }
[INFO] [stdout] stack backtrace:
[INFO] [stdout]    0:     0x624347257141 - <<std[617be2ca0a6fd877]::sys::backtrace::BacktraceLock>::print::DisplayBacktrace as core[a373ad73a504971]::fmt::Display>::fmt
[INFO] [stdout]    1:     0x62434726bdaa - core[a373ad73a504971]::fmt::write
[INFO] [stdout]    2:     0x62434725b5bc - <alloc[2e1b2a31b91974c5]::vec::Vec<u8> as core[a373ad73a504971]::io::write::Write>::write_fmt
[INFO] [stdout]    3:     0x624347231cb6 - std[617be2ca0a6fd877]::panicking::default_hook::{closure#0}
[INFO] [stdout]    4:     0x62434724eb79 - std[617be2ca0a6fd877]::panicking::default_hook
[INFO] [stdout]    5:     0x6243471e8740 - test[aada8e7e76ba119b]::test_main_inner::{closure#0}
[INFO] [stdout]    6:     0x62434724ed32 - std[617be2ca0a6fd877]::panicking::panic_with_hook
[INFO] [stdout]    7:     0x624347231d62 - std[617be2ca0a6fd877]::panicking::panic_handler::{closure#0}
[INFO] [stdout]    8:     0x62434722a7c9 - std[617be2ca0a6fd877]::sys::backtrace::__rust_end_short_backtrace::<std[617be2ca0a6fd877]::panicking::panic_handler::{closure#0}, !>
[INFO] [stdout]    9:     0x62434723296d - __rustc[ea4f61d10b84890b]::rust_begin_unwind
[INFO] [stdout]   10:     0x62434726c4dc - core[a373ad73a504971]::panicking::panic_fmt
[INFO] [stdout]   11:     0x62434726c2b2 - core[a373ad73a504971]::result::unwrap_failed
[INFO] [stdout]   12:     0x6243471d26ca - <installer_integration[21af79dcc8356775]::install_global_uses_home_claude_files::{closure#0} as core[a373ad73a504971]::ops::function::FnOnce<()>>::call_once
[INFO] [stdout]   13:     0x6243471dbb8b - test[aada8e7e76ba119b]::__rust_begin_short_backtrace::<core[a373ad73a504971]::result::Result<(), alloc[2e1b2a31b91974c5]::string::String>, fn() -> core[a373ad73a504971]::result::Result<(), alloc[2e1b2a31b91974c5]::string::String>>
[INFO] [stdout]   14:     0x6243471e8d65 - test[aada8e7e76ba119b]::run_test::{closure#0}
[INFO] [stdout]   15:     0x6243471e2654 - std[617be2ca0a6fd877]::sys::backtrace::__rust_begin_short_backtrace::<test[aada8e7e76ba119b]::run_test::{closure#1}, ()>
[INFO] [stdout]   16:     0x6243471ebdf2 - <std[617be2ca0a6fd877]::thread::lifecycle::spawn_unchecked<test[aada8e7e76ba119b]::run_test::{closure#1}, ()>::{closure#1} as core[a373ad73a504971]::ops::function::FnOnce<()>>::call_once::{shim:vtable#0}
[INFO] [stdout]   17:     0x62434725645f - <std[617be2ca0a6fd877]::sys::thread::unix::Thread>::new::thread_start
[INFO] [stdout]   18:     0x72406d5d5dfa - <unknown>
[INFO] [stdout]   19:     0x72406d6693d4 - clone
[INFO] [stdout]   20:                0x0 - <unknown>
[INFO] [stdout] 
[INFO] [stdout] ---- install_no_init_does_not_initialize_project stdout ----
[INFO] [stdout] 
[INFO] [stdout] thread 'install_no_init_does_not_initialize_project' (1671) panicked at tests/installer_integration.rs:119:10:
[INFO] [stdout] failed to run cgz install: Os { code: 2, kind: NotFound, message: "No such file or directory" }
[INFO] [stdout] stack backtrace:
[INFO] [stdout]    0:     0x624347257141 - <<std[617be2ca0a6fd877]::sys::backtrace::BacktraceLock>::print::DisplayBacktrace as core[a373ad73a504971]::fmt::Display>::fmt
[INFO] [stdout]    1:     0x62434726bdaa - core[a373ad73a504971]::fmt::write
[INFO] [stdout]    2:     0x62434725b5bc - <alloc[2e1b2a31b91974c5]::vec::Vec<u8> as core[a373ad73a504971]::io::write::Write>::write_fmt
[INFO] [stdout]    3:     0x624347231cb6 - std[617be2ca0a6fd877]::panicking::default_hook::{closure#0}
[INFO] [stdout]    4:     0x62434724eb79 - std[617be2ca0a6fd877]::panicking::default_hook
[INFO] [stdout]    5:     0x6243471e8740 - test[aada8e7e76ba119b]::test_main_inner::{closure#0}
[INFO] [stdout]    6:     0x62434724ed32 - std[617be2ca0a6fd877]::panicking::panic_with_hook
[INFO] [stdout]    7:     0x624347231d62 - std[617be2ca0a6fd877]::panicking::panic_handler::{closure#0}
[INFO] [stdout]    8:     0x62434722a7c9 - std[617be2ca0a6fd877]::sys::backtrace::__rust_end_short_backtrace::<std[617be2ca0a6fd877]::panicking::panic_handler::{closure#0}, !>
[INFO] [stdout]    9:     0x62434723296d - __rustc[ea4f61d10b84890b]::rust_begin_unwind
[INFO] [stdout]   10:     0x62434726c4dc - core[a373ad73a504971]::panicking::panic_fmt
[INFO] [stdout]   11:     0x62434726c2b2 - core[a373ad73a504971]::result::unwrap_failed
[INFO] [stdout]   12:     0x6243471d3dab - <installer_integration[21af79dcc8356775]::install_no_init_does_not_initialize_project::{closure#0} as core[a373ad73a504971]::ops::function::FnOnce<()>>::call_once
[INFO] [stdout]   13:     0x6243471dbb8b - test[aada8e7e76ba119b]::__rust_begin_short_backtrace::<core[a373ad73a504971]::result::Result<(), alloc[2e1b2a31b91974c5]::string::String>, fn() -> core[a373ad73a504971]::result::Result<(), alloc[2e1b2a31b91974c5]::string::String>>
[INFO] [stdout]   14:     0x6243471e8d65 - test[aada8e7e76ba119b]::run_test::{closure#0}
[INFO] [stdout]   15:     0x6243471e2654 - std[617be2ca0a6fd877]::sys::backtrace::__rust_begin_short_backtrace::<test[aada8e7e76ba119b]::run_test::{closure#1}, ()>
[INFO] [stdout]   16:     0x6243471ebdf2 - <std[617be2ca0a6fd877]::thread::lifecycle::spawn_unchecked<test[aada8e7e76ba119b]::run_test::{closure#1}, ()>::{closure#1} as core[a373ad73a504971]::ops::function::FnOnce<()>>::call_once::{shim:vtable#0}
[INFO] [stdout]   17:     0x62434725645f - <std[617be2ca0a6fd877]::sys::thread::unix::Thread>::new::thread_start
[INFO] [stdout]   18:     0x72406d5d5dfa - <unknown>
[INFO] [stdout]   19:     0x72406d6693d4 - clone
[INFO] [stdout]   20:                0x0 - <unknown>
[INFO] [stdout] 
[INFO] [stdout] 
[INFO] [stdout] failures:
[INFO] [stdout]     install_adds_permissions_only_when_requested
[INFO] [stdout]     install_global_uses_home_claude_files
[INFO] [stdout]     install_local_writes_project_claude_files
[INFO] [stdout]     install_no_init_does_not_initialize_project
[INFO] [stdout]     install_with_yes_initializes_project
[INFO] [stdout] 
[INFO] [stdout] test result: FAILED. 0 passed; 5 failed; 0 ignored; 0 measured; 0 filtered out; finished in 0.01s
[INFO] [stdout] 
[INFO] running `Command { std: "docker" "inspect" "2114b9945efdeac5048f4d7b06d506a96df09b7df8bbe9ed7304821776f1b6ed", kill_on_drop: false }`
[INFO] running `Command { std: "docker" "rm" "-f" "2114b9945efdeac5048f4d7b06d506a96df09b7df8bbe9ed7304821776f1b6ed", kill_on_drop: false }`
[INFO] [stdout] 2114b9945efdeac5048f4d7b06d506a96df09b7df8bbe9ed7304821776f1b6ed
