[INFO] fetching crate cerebrust 0.3.1...
[INFO] testing cerebrust-0.3.1 against 1.99.0-beta.8+cargoflags=--release for beta-release-1.100-2
[INFO] extracting crate cerebrust 0.3.1 into /workspace/builds/worker-6-tc1/source
[INFO] started tweaking crates.io crate cerebrust 0.3.1
[INFO] removed 0 missing examples
[INFO] finished tweaking crates.io crate cerebrust 0.3.1
[INFO] tweaked toml for crates.io crate cerebrust 0.3.1 written to /workspace/builds/worker-6-tc1/source/Cargo.toml
[INFO] validating manifest of crates.io crate cerebrust 0.3.1 on toolchain 1.99.0-beta.8
[INFO] running `Command { std: CARGO_HOME="/workspace/cargo-home" RUSTUP_HOME="/workspace/rustup-home" "/workspace/cargo-home/bin/cargo" "+1.99.0-beta.8" "metadata" "--manifest-path" "Cargo.toml" "--no-deps", kill_on_drop: false }`
[INFO] crate crates.io crate cerebrust 0.3.1 already has a lockfile, it will not be regenerated
[INFO] running `Command { std: CARGO_HOME="/workspace/cargo-home" RUSTUP_HOME="/workspace/rustup-home" "/workspace/cargo-home/bin/cargo" "+1.99.0-beta.8" "fetch" "--manifest-path" "Cargo.toml", kill_on_drop: false }`
[INFO] [stderr]  Downloading crates ...
[INFO] [stderr]   Downloaded custom_debug_derive v0.6.2
[INFO] [stderr]   Downloaded custom_debug v0.6.2
[INFO] [stderr]   Downloaded bluer v0.17.3
[INFO] running `Command { std: "docker" "create" "-v" "/var/lib/crater-agent-workspace/builds/worker-6-tc1/source:/opt/rustwide/workdir:ro,Z" "-v" "/var/lib/crater-agent-workspace/builds/worker-6-tc1/target:/opt/rustwide/target:rw,Z" "-v" "/var/lib/crater-agent-workspace/cargo-home:/opt/rustwide/cargo-home:ro,Z" "-v" "/var/lib/crater-agent-workspace/rustup-home:/opt/rustwide/rustup-home:ro,Z" "-m" "1610612736" "--network" "none" "ghcr.io/rust-lang/crates-build-env/linux@sha256:77db811e55d90add9212f6832c23229e3de5f1c1f9905e8cb07319ea15df73ac" "sleep" "infinity", kill_on_drop: false }`
[INFO] [stdout] 5af02c929ee544645ddf7268f8264cd06ae38c9444b61b0c4f8390da28d21528
[INFO] running `Command { std: "docker" "start" "5af02c929ee544645ddf7268f8264cd06ae38c9444b61b0c4f8390da28d21528", kill_on_drop: false }`
[INFO] running `Command { std: "docker" "inspect" "5af02c929ee544645ddf7268f8264cd06ae38c9444b61b0c4f8390da28d21528", kill_on_drop: false }`
[INFO] running `Command { std: "docker" "exec" "-e" "SOURCE_DIR=/opt/rustwide/workdir" "-e" "CARGO_HOME=/opt/rustwide/cargo-home" "-e" "RUSTUP_HOME=/opt/rustwide/rustup-home" "-e" "CARGO_TARGET_DIR=/opt/rustwide/target" "-w" "/opt/rustwide/workdir" "--user" "0:0" "5af02c929ee544645ddf7268f8264cd06ae38c9444b61b0c4f8390da28d21528" "/opt/rustwide/cargo-home/bin/cargo" "+1.99.0-beta.8" "metadata" "--no-deps" "--format-version=1", kill_on_drop: false }`
[INFO] running `Command { std: "docker" "inspect" "5af02c929ee544645ddf7268f8264cd06ae38c9444b61b0c4f8390da28d21528", kill_on_drop: false }`
[INFO] running `Command { std: "docker" "exec" "-e" "SOURCE_DIR=/opt/rustwide/workdir" "-e" "CARGO_HOME=/opt/rustwide/cargo-home" "-e" "RUSTUP_HOME=/opt/rustwide/rustup-home" "-e" "CARGO_TARGET_DIR=/opt/rustwide/target" "-e" "CARGO_INCREMENTAL=0" "-e" "RUST_BACKTRACE=full" "-e" "RUSTFLAGS=--cap-lints=warn" "-e" "RUSTDOCFLAGS=--cap-lints=warn" "-w" "/opt/rustwide/workdir" "--user" "0:0" "5af02c929ee544645ddf7268f8264cd06ae38c9444b61b0c4f8390da28d21528" "/opt/rustwide/cargo-home/bin/cargo" "+1.99.0-beta.8" "build" "--frozen" "--message-format=json" "--release", kill_on_drop: false }`
[INFO] [stderr]    Compiling proc-macro2 v1.0.94
[INFO] [stderr]    Compiling libc v0.2.171
[INFO] [stderr]    Compiling futures-sink v0.3.31
[INFO] [stderr]    Compiling libdbus-sys v0.2.5
[INFO] [stderr]    Compiling getrandom v0.3.2
[INFO] [stderr]    Compiling num-traits v0.2.19
[INFO] [stderr]    Compiling serde_json v1.0.140
[INFO] [stderr]    Compiling nix v0.29.0
[INFO] [stderr]    Compiling uuid v1.16.0
[INFO] [stderr]    Compiling macaddr v1.0.1
[INFO] [stderr]    Compiling futures-channel v0.3.31
[INFO] [stderr]    Compiling quote v1.0.40
[INFO] [stderr]    Compiling syn v2.0.100
[INFO] [stderr]    Compiling socket2 v0.5.9
[INFO] [stderr]    Compiling mio v1.0.3
[INFO] [stderr]    Compiling darling_core v0.20.11
[INFO] [stderr]    Compiling synstructure v0.13.1
[INFO] [stderr]    Compiling futures-macro v0.3.31
[INFO] [stderr]    Compiling serde_derive v1.0.219
[INFO] [stderr]    Compiling tokio-macros v2.5.0
[INFO] [stderr]    Compiling pin-project-internal v1.1.10
[INFO] [stderr]    Compiling strum_macros v0.26.4
[INFO] [stderr]    Compiling displaydoc v0.2.5
[INFO] [stderr]    Compiling num-derive v0.4.2
[INFO] [stderr]    Compiling tokio v1.44.2
[INFO] [stderr]    Compiling futures-util v0.3.31
[INFO] [stderr]    Compiling pin-project v1.1.10
[INFO] [stderr]    Compiling strum v0.26.3
[INFO] [stderr]    Compiling darling_macro v0.20.11
[INFO] [stderr]    Compiling darling v0.20.11
[INFO] [stderr]    Compiling custom_debug_derive v0.6.2
[INFO] [stderr]    Compiling serde v1.0.219
[INFO] [stderr]    Compiling custom_debug v0.6.2
[INFO] [stderr]    Compiling dbus v0.9.7
[INFO] [stderr]    Compiling futures-executor v0.3.31
[INFO] [stderr]    Compiling futures v0.3.31
[INFO] [stderr]    Compiling tokio-stream v0.1.17
[INFO] [stderr]    Compiling bluer v0.17.3
[INFO] [stderr]    Compiling dbus-crossroads v0.5.2
[INFO] [stderr]    Compiling dbus-tokio v0.7.6
[INFO] [stderr]    Compiling cerebrust v0.3.1 (/opt/rustwide/workdir)
[INFO] [stderr]     Finished `release` profile [optimized] target(s) in 49.56s
[INFO] [stderr] warning: the following packages contain code that will be rejected by a future version of Rust: bluer v0.17.3
[INFO] [stderr] note: to see what the problems were, use the option `--future-incompat-report`, or run `cargo report future-incompatibilities --id 5`
[INFO] running `Command { std: "docker" "inspect" "5af02c929ee544645ddf7268f8264cd06ae38c9444b61b0c4f8390da28d21528", kill_on_drop: false }`
[INFO] running `Command { std: "docker" "exec" "-e" "SOURCE_DIR=/opt/rustwide/workdir" "-e" "CARGO_HOME=/opt/rustwide/cargo-home" "-e" "RUSTUP_HOME=/opt/rustwide/rustup-home" "-e" "CARGO_TARGET_DIR=/opt/rustwide/target" "-e" "CARGO_INCREMENTAL=0" "-e" "RUST_BACKTRACE=full" "-e" "RUSTFLAGS=--cap-lints=warn" "-e" "RUSTDOCFLAGS=--cap-lints=warn" "-w" "/opt/rustwide/workdir" "--user" "0:0" "5af02c929ee544645ddf7268f8264cd06ae38c9444b61b0c4f8390da28d21528" "/opt/rustwide/cargo-home/bin/cargo" "+1.99.0-beta.8" "test" "--frozen" "--no-run" "--message-format=json" "--release", kill_on_drop: false }`
[INFO] [stderr]    Compiling cerebrust v0.3.1 (/opt/rustwide/workdir)
[INFO] [stderr]     Finished `release` profile [optimized] target(s) in 11.06s
[INFO] [stderr] warning: the following packages contain code that will be rejected by a future version of Rust: bluer v0.17.3
[INFO] [stderr] note: to see what the problems were, use the option `--future-incompat-report`, or run `cargo report future-incompatibilities --id 5`
[INFO] running `Command { std: "docker" "inspect" "5af02c929ee544645ddf7268f8264cd06ae38c9444b61b0c4f8390da28d21528", kill_on_drop: false }`
[INFO] running `Command { std: "docker" "exec" "-e" "SOURCE_DIR=/opt/rustwide/workdir" "-e" "CARGO_HOME=/opt/rustwide/cargo-home" "-e" "RUSTUP_HOME=/opt/rustwide/rustup-home" "-e" "CARGO_TARGET_DIR=/opt/rustwide/target" "-e" "CARGO_INCREMENTAL=0" "-e" "RUST_BACKTRACE=full" "-e" "RUSTFLAGS=--cap-lints=warn" "-e" "RUSTDOCFLAGS=--cap-lints=warn" "-w" "/opt/rustwide/workdir" "--user" "0:0" "5af02c929ee544645ddf7268f8264cd06ae38c9444b61b0c4f8390da28d21528" "/opt/rustwide/cargo-home/bin/cargo" "+1.99.0-beta.8" "test" "--frozen" "--release", kill_on_drop: false }`
[INFO] [stderr]     Finished `release` profile [optimized] target(s) in 0.09s
[INFO] [stderr] warning: the following packages contain code that will be rejected by a future version of Rust: bluer v0.17.3
[INFO] [stderr] note: to see what the problems were, use the option `--future-incompat-report`, or run `cargo report future-incompatibilities --id 5`
[INFO] [stderr]      Running unittests src/lib.rs (/opt/rustwide/target/release/deps/cerebrust-2491400617c1709b)
[INFO] [stdout] 
[INFO] [stdout] running 1 test
[INFO] [stdout] test tests::test_build_stream_and_parse ... FAILED
[INFO] [stderr] error: test failed, to rerun pass `--lib`
[INFO] [stdout] 
[INFO] [stdout] failures:
[INFO] [stdout] 
[INFO] [stdout] ---- tests::test_build_stream_and_parse stdout ----
[INFO] [stdout] 
[INFO] [stdout] thread 'tests::test_build_stream_and_parse' (1171) panicked at src/lib.rs:31:14:
[INFO] [stdout] Failed to build RFCOMM stream: Error { kind: Internal(DBus("org.freedesktop.DBus.Error.FileNotFound")), message: "Failed to connect to socket /run/dbus/system_bus_socket: No such file or directory" }
[INFO] [stdout] stack backtrace:
[INFO] [stdout]    0:     0x5d1520cdde71 - <<std[70759c8f55707aa4]::sys::backtrace::BacktraceLock>::print::DisplayBacktrace as core[df12db4294e9bfd3]::fmt::Display>::fmt
[INFO] [stdout]    1:     0x5d1520cf316a - core[df12db4294e9bfd3]::fmt::write
[INFO] [stdout]    2:     0x5d1520ce24cc - <alloc[2182bb758b4b3781]::vec::Vec<u8> as core[df12db4294e9bfd3]::io::write::Write>::write_fmt
[INFO] [stdout]    3:     0x5d1520cb97f6 - std[70759c8f55707aa4]::panicking::default_hook::{closure#0}
[INFO] [stdout]    4:     0x5d1520cd5de9 - std[70759c8f55707aa4]::panicking::default_hook
[INFO] [stdout]    5:     0x5d1520b5e680 - test[9d35eded1c95d3be]::test_main_inner::<test[9d35eded1c95d3be]::test_main_static::{closure#0}>::{closure#0}
[INFO] [stdout]    6:     0x5d1520cd6112 - std[70759c8f55707aa4]::panicking::panic_with_hook
[INFO] [stdout]    7:     0x5d1520cb98a2 - std[70759c8f55707aa4]::panicking::panic_handler::{closure#0}
[INFO] [stdout]    8:     0x5d1520cb25f9 - std[70759c8f55707aa4]::sys::backtrace::__rust_end_short_backtrace::<std[70759c8f55707aa4]::panicking::panic_handler::{closure#0}, !>
[INFO] [stdout]    9:     0x5d1520cba49d - __rustc[8fa7c3cbc660c2b3]::rust_begin_unwind
[INFO] [stdout]   10:     0x5d1520cf38cc - core[df12db4294e9bfd3]::panicking::panic_fmt
[INFO] [stdout]   11:     0x5d1520cf36a2 - core[df12db4294e9bfd3]::result::unwrap_failed
[INFO] [stdout]   12:     0x5d1520b2d551 - cerebrust[b9ad695311d589c1]::tests::test_build_stream_and_parse::{closure#0}
[INFO] [stdout]   13:     0x5d1520b43b83 - <tokio[cdbf9292638b6664]::runtime::scheduler::current_thread::Context>::enter::<core[df12db4294e9bfd3]::task::poll::Poll<()>, <tokio[cdbf9292638b6664]::runtime::scheduler::current_thread::CoreGuard>::block_on<core[df12db4294e9bfd3]::pin::Pin<&mut core[df12db4294e9bfd3]::pin::Pin<&mut dyn core[df12db4294e9bfd3]::future::future::Future<Output = ()>>>>::{closure#0}::{closure#0}>
[INFO] [stdout]   14:     0x5d1520b462b2 - <tokio[cdbf9292638b6664]::runtime::context::scoped::Scoped<tokio[cdbf9292638b6664]::runtime::scheduler::Context>>::set::<<tokio[cdbf9292638b6664]::runtime::scheduler::current_thread::CoreGuard>::enter<<tokio[cdbf9292638b6664]::runtime::scheduler::current_thread::CoreGuard>::block_on<core[df12db4294e9bfd3]::pin::Pin<&mut core[df12db4294e9bfd3]::pin::Pin<&mut dyn core[df12db4294e9bfd3]::future::future::Future<Output = ()>>>>::{closure#0}, core[df12db4294e9bfd3]::option::Option<()>>::{closure#0}, (alloc[2182bb758b4b3781]::boxed::Box<tokio[cdbf9292638b6664]::runtime::scheduler::current_thread::Core>, core[df12db4294e9bfd3]::option::Option<()>)>
[INFO] [stdout]   15:     0x5d1520b42f86 - <tokio[cdbf9292638b6664]::runtime::scheduler::current_thread::CurrentThread>::block_on::<core[df12db4294e9bfd3]::pin::Pin<&mut dyn core[df12db4294e9bfd3]::future::future::Future<Output = ()>>>
[INFO] [stdout]   16:     0x5d1520b4b042 - <tokio[cdbf9292638b6664]::runtime::runtime::Runtime>::block_on::<core[df12db4294e9bfd3]::pin::Pin<&mut dyn core[df12db4294e9bfd3]::future::future::Future<Output = ()>>>
[INFO] [stdout]   17:     0x5d1520b2f35b - cerebrust[b9ad695311d589c1]::tests::test_build_stream_and_parse
[INFO] [stdout]   18:     0x5d1520b48239 - <cerebrust[b9ad695311d589c1]::tests::test_build_stream_and_parse::{closure#0} as core[df12db4294e9bfd3]::ops::function::FnOnce<()>>::call_once
[INFO] [stdout]   19:     0x5d1520b5196b - test[9d35eded1c95d3be]::__rust_begin_short_backtrace::<core[df12db4294e9bfd3]::result::Result<(), alloc[2182bb758b4b3781]::string::String>, fn() -> core[df12db4294e9bfd3]::result::Result<(), alloc[2182bb758b4b3781]::string::String>>
[INFO] [stdout]   20:     0x5d1520b5efd5 - test[9d35eded1c95d3be]::run_test::{closure#0}
[INFO] [stdout]   21:     0x5d1520b58894 - std[70759c8f55707aa4]::sys::backtrace::__rust_begin_short_backtrace::<test[9d35eded1c95d3be]::run_test::{closure#1}, ()>
[INFO] [stdout]   22:     0x5d1520b62132 - <std[70759c8f55707aa4]::thread::lifecycle::spawn_unchecked<test[9d35eded1c95d3be]::run_test::{closure#1}, ()>::{closure#1} as core[df12db4294e9bfd3]::ops::function::FnOnce<()>>::call_once::{shim:vtable#0}
[INFO] [stdout]   23:     0x5d1520cdd739 - <std[70759c8f55707aa4]::sys::thread::unix::Thread>::new::thread_start
[INFO] [stdout]   24:     0x73a027d56dfa - <unknown>
[INFO] [stdout]   25:     0x73a027dea3d4 - clone
[INFO] [stdout]   26:                0x0 - <unknown>
[INFO] [stdout] 
[INFO] [stdout] 
[INFO] [stdout] failures:
[INFO] [stdout]     tests::test_build_stream_and_parse
[INFO] [stdout] 
[INFO] [stdout] test result: FAILED. 0 passed; 1 failed; 0 ignored; 0 measured; 0 filtered out; finished in 0.01s
[INFO] [stdout] 
[INFO] running `Command { std: "docker" "inspect" "5af02c929ee544645ddf7268f8264cd06ae38c9444b61b0c4f8390da28d21528", kill_on_drop: false }`
[INFO] running `Command { std: "docker" "rm" "-f" "5af02c929ee544645ddf7268f8264cd06ae38c9444b61b0c4f8390da28d21528", kill_on_drop: false }`
[INFO] [stdout] 5af02c929ee544645ddf7268f8264cd06ae38c9444b61b0c4f8390da28d21528
