[INFO] fetching crate centaur_technical_indicators 1.3.0...
[INFO] testing centaur_technical_indicators-1.3.0 against 1.100.0-beta.1+cargoflags=--release for beta-release-1.100-2
[INFO] extracting crate centaur_technical_indicators 1.3.0 into /workspace/builds/worker-6-tc2/source
[INFO] started tweaking crates.io crate centaur_technical_indicators 1.3.0
[INFO] removed 0 missing examples
[INFO] finished tweaking crates.io crate centaur_technical_indicators 1.3.0
[INFO] tweaked toml for crates.io crate centaur_technical_indicators 1.3.0 written to /workspace/builds/worker-6-tc2/source/Cargo.toml
[INFO] validating manifest of crates.io crate centaur_technical_indicators 1.3.0 on toolchain 1.100.0-beta.1
[INFO] running `Command { std: CARGO_HOME="/workspace/cargo-home" RUSTUP_HOME="/workspace/rustup-home" "/workspace/cargo-home/bin/cargo" "+1.100.0-beta.1" "metadata" "--manifest-path" "Cargo.toml" "--no-deps", kill_on_drop: false }`
[INFO] crate crates.io crate centaur_technical_indicators 1.3.0 already has a lockfile, it will not be regenerated
[INFO] running `Command { std: CARGO_HOME="/workspace/cargo-home" RUSTUP_HOME="/workspace/rustup-home" "/workspace/cargo-home/bin/cargo" "+1.100.0-beta.1" "fetch" "--manifest-path" "Cargo.toml", kill_on_drop: false }`
[INFO] running `Command { std: "docker" "create" "-v" "/var/lib/crater-agent-workspace/builds/worker-6-tc2/source:/opt/rustwide/workdir:ro,Z" "-v" "/var/lib/crater-agent-workspace/builds/worker-6-tc2/target:/opt/rustwide/target:rw,Z" "-v" "/var/lib/crater-agent-workspace/cargo-home:/opt/rustwide/cargo-home:ro,Z" "-v" "/var/lib/crater-agent-workspace/rustup-home:/opt/rustwide/rustup-home:ro,Z" "-m" "1610612736" "--network" "none" "ghcr.io/rust-lang/crates-build-env/linux@sha256:77db811e55d90add9212f6832c23229e3de5f1c1f9905e8cb07319ea15df73ac" "sleep" "infinity", kill_on_drop: false }`
[INFO] [stdout] 201855b7e63c4bbc9f2fd9381370b70526ebb5a22b2382a411c5a6857bb2f8e0
[INFO] running `Command { std: "docker" "start" "201855b7e63c4bbc9f2fd9381370b70526ebb5a22b2382a411c5a6857bb2f8e0", kill_on_drop: false }`
[INFO] running `Command { std: "docker" "inspect" "201855b7e63c4bbc9f2fd9381370b70526ebb5a22b2382a411c5a6857bb2f8e0", kill_on_drop: false }`
[INFO] running `Command { std: "docker" "exec" "-e" "SOURCE_DIR=/opt/rustwide/workdir" "-e" "CARGO_HOME=/opt/rustwide/cargo-home" "-e" "RUSTUP_HOME=/opt/rustwide/rustup-home" "-e" "CARGO_TARGET_DIR=/opt/rustwide/target" "-w" "/opt/rustwide/workdir" "--user" "0:0" "201855b7e63c4bbc9f2fd9381370b70526ebb5a22b2382a411c5a6857bb2f8e0" "/opt/rustwide/cargo-home/bin/cargo" "+1.100.0-beta.1" "metadata" "--no-deps" "--format-version=1", kill_on_drop: false }`
[INFO] running `Command { std: "docker" "inspect" "201855b7e63c4bbc9f2fd9381370b70526ebb5a22b2382a411c5a6857bb2f8e0", kill_on_drop: false }`
[INFO] running `Command { std: "docker" "exec" "-e" "SOURCE_DIR=/opt/rustwide/workdir" "-e" "CARGO_HOME=/opt/rustwide/cargo-home" "-e" "RUSTUP_HOME=/opt/rustwide/rustup-home" "-e" "CARGO_TARGET_DIR=/opt/rustwide/target" "-e" "CARGO_INCREMENTAL=0" "-e" "RUST_BACKTRACE=full" "-e" "RUSTFLAGS=--cap-lints=warn" "-e" "RUSTDOCFLAGS=--cap-lints=warn" "-w" "/opt/rustwide/workdir" "--user" "0:0" "201855b7e63c4bbc9f2fd9381370b70526ebb5a22b2382a411c5a6857bb2f8e0" "/opt/rustwide/cargo-home/bin/cargo" "+1.100.0-beta.1" "build" "--frozen" "--message-format=json" "--release", kill_on_drop: false }`
[INFO] [stderr]    Compiling centaur_technical_indicators v1.3.0 (/opt/rustwide/workdir)
[INFO] [stderr]     Finished `release` profile [optimized] target(s) in 3.05s
[INFO] running `Command { std: "docker" "inspect" "201855b7e63c4bbc9f2fd9381370b70526ebb5a22b2382a411c5a6857bb2f8e0", kill_on_drop: false }`
[INFO] running `Command { std: "docker" "exec" "-e" "SOURCE_DIR=/opt/rustwide/workdir" "-e" "CARGO_HOME=/opt/rustwide/cargo-home" "-e" "RUSTUP_HOME=/opt/rustwide/rustup-home" "-e" "CARGO_TARGET_DIR=/opt/rustwide/target" "-e" "CARGO_INCREMENTAL=0" "-e" "RUST_BACKTRACE=full" "-e" "RUSTFLAGS=--cap-lints=warn" "-e" "RUSTDOCFLAGS=--cap-lints=warn" "-w" "/opt/rustwide/workdir" "--user" "0:0" "201855b7e63c4bbc9f2fd9381370b70526ebb5a22b2382a411c5a6857bb2f8e0" "/opt/rustwide/cargo-home/bin/cargo" "+1.100.0-beta.1" "test" "--frozen" "--no-run" "--message-format=json" "--release", kill_on_drop: false }`
[INFO] [stderr]    Compiling centaur_technical_indicators v1.3.0 (/opt/rustwide/workdir)
[INFO] [stderr]     Finished `release` profile [optimized] target(s) in 12.41s
[INFO] running `Command { std: "docker" "inspect" "201855b7e63c4bbc9f2fd9381370b70526ebb5a22b2382a411c5a6857bb2f8e0", kill_on_drop: false }`
[INFO] running `Command { std: "docker" "exec" "-e" "SOURCE_DIR=/opt/rustwide/workdir" "-e" "CARGO_HOME=/opt/rustwide/cargo-home" "-e" "RUSTUP_HOME=/opt/rustwide/rustup-home" "-e" "CARGO_TARGET_DIR=/opt/rustwide/target" "-e" "CARGO_INCREMENTAL=0" "-e" "RUST_BACKTRACE=full" "-e" "RUSTFLAGS=--cap-lints=warn" "-e" "RUSTDOCFLAGS=--cap-lints=warn" "-w" "/opt/rustwide/workdir" "--user" "0:0" "201855b7e63c4bbc9f2fd9381370b70526ebb5a22b2382a411c5a6857bb2f8e0" "/opt/rustwide/cargo-home/bin/cargo" "+1.100.0-beta.1" "test" "--frozen" "--release", kill_on_drop: false }`
[INFO] [stderr]     Finished `release` profile [optimized] target(s) in 0.01s
[INFO] [stderr]      Running unittests src/lib.rs (/opt/rustwide/target/release/build/centaur_technical_indicators/be08b51aaa6bb4d0/out/centaur_technical_indicators-be08b51aaa6bb4d0)
[INFO] [stdout] 
[INFO] [stdout] running 599 tests
[INFO] [stdout] test basic_indicators::tests::bulk_cauchy_iqr_scale_period_too_long ... ok
[INFO] [stdout] test basic_indicators::tests::bulk_cauchy_iqr_scale ... ok
[INFO] [stdout] test basic_indicators::tests::bulk_laplace_std_equivalent_period_too_long ... ok
[INFO] [stdout] test basic_indicators::tests::bulk_log_difference_difference ... ok
[INFO] [stdout] test basic_indicators::tests::bulk_log_error ... ok
[INFO] [stdout] test basic_indicators::tests::bulk_log_difference ... ok
[INFO] [stdout] test basic_indicators::tests::bulk_log_standard_deviation ... ok
[INFO] [stdout] test basic_indicators::tests::bulk_mean_no_period_error ... ok
[INFO] [stdout] test basic_indicators::tests::bulk_median ... ok
[INFO] [stdout] test basic_indicators::tests::bulk_median_long_period_error ... ok
[INFO] [stdout] test basic_indicators::tests::bulk_laplace_std_equivalent ... ok
[INFO] [stdout] test basic_indicators::tests::bulk_log ... ok
[INFO] [stdout] test basic_indicators::tests::bulk_laplace_std_equivalent_zero_period ... ok
[INFO] [stdout] test basic_indicators::tests::bulk_mode_no_period_error ... ok
[INFO] [stdout] test basic_indicators::tests::bulk_log_standard_deviation_period_too_long ... ok
[INFO] [stdout] test basic_indicators::tests::bulk_log_standard_deviation_zero_period ... ok
[INFO] [stdout] test basic_indicators::tests::bulk_mean_long_period_error ... ok
[INFO] [stdout] test basic_indicators::tests::bulk_cauchy_iqr_scale_period_less_than_four ... ok
[INFO] [stdout] test basic_indicators::tests::bulk_log_standard_deviation_errors_on_non_positive ... ok
[INFO] [stdout] test basic_indicators::tests::bulk_mean ... ok
[INFO] [stdout] test basic_indicators::tests::bulk_price_distribution_period_too_long ... ok
[INFO] [stdout] test basic_indicators::tests::bulk_absolute_deviation_long_period_error ... ok
[INFO] [stdout] test basic_indicators::tests::bulk_student_t_adjusted_std_period_too_long ... ok
[INFO] [stdout] test basic_indicators::tests::bulk_median_no_period_error ... ok
[INFO] [stdout] test basic_indicators::tests::bulk_student_t_adjusted_std_zero_period ... ok
[INFO] [stdout] test basic_indicators::tests::bulk_mode_long_period_error ... ok
[INFO] [stdout] test basic_indicators::tests::bulk_standard_deviation_no_period_error ... ok
[INFO] [stdout] test basic_indicators::tests::bulk_standard_deviation_long_period_error ... ok
[INFO] [stdout] test basic_indicators::tests::bulk_variance_no_period_error ... ok
[INFO] [stdout] test basic_indicators::tests::cauchy_iqr_scale_basic ... ok
[INFO] [stdout] test basic_indicators::tests::cauchy_iqr_scale_errors_on_short_input ... ok
[INFO] [stdout] test basic_indicators::tests::bulk_variance ... ok
[INFO] [stdout] test basic_indicators::tests::log_standard_deviation_simple_series ... ok
[INFO] [stdout] test basic_indicators::tests::laplace_std_equivalent_matches_sqrt2_mad ... ok
[INFO] [stdout] test basic_indicators::tests::cauchy_iqr_scale_nan_does_not_panic ... ok
[INFO] [stdout] test basic_indicators::tests::single_absolute_deviation_error ... ok
[INFO] [stdout] test basic_indicators::tests::bulk_variance_long_period_error ... ok
[INFO] [stdout] test basic_indicators::tests::single_empirical_quantile_invalid_bounds ... ok
[INFO] [stdout] test basic_indicators::tests::bulk_student_t_adjusted_std_errors_on_low_df ... ok
[INFO] [stdout] test basic_indicators::tests::bulk_empirical_quantile_range_from_distribution ... ok
[INFO] [stdout] test basic_indicators::tests::bulk_student_t_adjusted_std ... ok
[INFO] [stdout] test basic_indicators::tests::bulk_price_distribution_bad_precision ... ok
[INFO] [stdout] test basic_indicators::tests::bulk_absolute_deviation_no_period_error ... ok
[INFO] [stdout] test basic_indicators::tests::bulk_price_distribution_half_precision ... ok
[INFO] [stdout] test basic_indicators::tests::bulk_absolute_deviation ... ok
[INFO] [stdout] test basic_indicators::tests::bulk_mode ... ok
[INFO] [stdout] test basic_indicators::tests::bulk_price_distribution ... ok
[INFO] [stdout] test basic_indicators::tests::single_absolute_deviation ... ok
[INFO] [stdout] test basic_indicators::tests::log_standard_deviation_errors_on_non_positive ... ok
[INFO] [stdout] test basic_indicators::tests::single_empirical_quantile_range_from_distribution_simple ... ok
[INFO] [stdout] test basic_indicators::tests::single_mean ... ok
[INFO] [stdout] test basic_indicators::tests::single_max ... ok
[INFO] [stdout] test basic_indicators::tests::single_mean_empty_prices ... ok
[INFO] [stdout] test basic_indicators::tests::single_log_difference_error_2 ... ok
[INFO] [stdout] test basic_indicators::tests::single_log_difference_error ... ok
[INFO] [stdout] test basic_indicators::tests::bulk_standard_deviation ... ok
[INFO] [stdout] test basic_indicators::tests::bulk_price_distribution_zero_period ... ok
[INFO] [stdout] test basic_indicators::tests::single_max_error ... ok
[INFO] [stdout] test basic_indicators::tests::single_price_distribution_nan_ignored ... ok
[INFO] [stdout] test basic_indicators::tests::single_mean_identical_prices ... ok
[INFO] [stdout] test basic_indicators::tests::single_median_odd ... ok
[INFO] [stdout] test basic_indicators::tests::single_price_distribution ... ok
[INFO] [stdout] test basic_indicators::tests::single_mode_round_up ... ok
[INFO] [stdout] test basic_indicators::tests::single_mode_round_down ... ok
[INFO] [stdout] test basic_indicators::tests::single_min_error ... ok
[INFO] [stdout] test basic_indicators::tests::single_price_distribution_half_precision ... ok
[INFO] [stdout] test basic_indicators::tests::single_median_error ... ok
[INFO] [stdout] test basic_indicators::tests::single_min ... ok
[INFO] [stdout] test basic_indicators::tests::single_price_distribution_bad_precision ... ok
[INFO] [stdout] test basic_indicators::tests::single_log_difference ... ok
[INFO] [stdout] test basic_indicators::tests::single_mode_error ... ok
[INFO] [stdout] test basic_indicators::tests::single_median_even ... ok
[INFO] [stdout] test basic_indicators::tests::single_mode_average ... ok
[INFO] [stdout] test basic_indicators::tests::single_price_distribution_error ... ok
[INFO] [stdout] test basic_indicators::tests::single_standard_deviation ... ok
[INFO] [stdout] test basic_indicators::tests::single_standard_deviation_error ... ok
[INFO] [stdout] test candle_indicators::tests::bulk_constant_bands_error ... ok
[INFO] [stdout] test candle_indicators::tests::bulk_ichimoku_cloud ... ok
[INFO] [stdout] test candle_indicators::tests::bulk_ichimoku_conversion_error ... ok
[INFO] [stdout] test basic_indicators::tests::single_price_distribution_precision_examples ... ok
[INFO] [stdout] test candle_indicators::tests::bulk_constant_bands ... ok
[INFO] [stdout] test basic_indicators::tests::single_price_distribution_same ... ok
[INFO] [stdout] test candle_indicators::tests::bulk_ichimoku_low_size_error ... ok
[INFO] [stdout] test candle_indicators::tests::bulk_donchian_channels ... ok
[INFO] [stdout] test candle_indicators::tests::bulk_donchian_channels_error_empty ... ok
[INFO] [stdout] test candle_indicators::tests::bulk_ichimoku_high_size_error ... ok
[INFO] [stdout] test basic_indicators::tests::single_price_distribution_unique ... ok
[INFO] [stdout] test basic_indicators::tests::single_variance ... ok
[INFO] [stdout] test basic_indicators::tests::single_variance_error ... ok
[INFO] [stdout] test basic_indicators::tests::student_t_adjusted_std_errors_on_low_df ... ok
[INFO] [stdout] test basic_indicators::tests::student_t_adjusted_std_factor_works ... ok
[INFO] [stdout] test candle_indicators::tests::bulk_ichimoku_base_error ... ok
[INFO] [stdout] test candle_indicators::tests::bulk_ichimoku_close_size_error ... ok
[INFO] [stdout] test candle_indicators::tests::bulk_donchian_channels_error_length ... ok
[INFO] [stdout] test candle_indicators::tests::bulk_donchian_channels_error_period ... ok
[INFO] [stdout] test candle_indicators::tests::bulk_keltner_channel_error_close_length ... ok
[INFO] [stdout] test candle_indicators::tests::bulk_keltner_channel_error_empty ... ok
[INFO] [stdout] test candle_indicators::tests::bulk_mcginley_bands_error ... ok
[INFO] [stdout] test candle_indicators::tests::bulk_ichimoku_span_b_error ... ok
[INFO] [stdout] test candle_indicators::tests::bulk_mcginley_bands_no_previous ... ok
[INFO] [stdout] test candle_indicators::tests::bulk_supertrend_error_close_length ... ok
[INFO] [stdout] test candle_indicators::tests::mcginley_dynamic_bands_log_std ... ok
[INFO] [stdout] test candle_indicators::tests::bulk_mcginley_envelope_error ... ok
[INFO] [stdout] test candle_indicators::tests::bulk_mcginley_envelope_no_previous ... ok
[INFO] [stdout] test candle_indicators::tests::bulk_mcginley_envelope_previous ... ok
[INFO] [stdout] test candle_indicators::tests::moving_constant_bands_cauchy_iqr ... ok
[INFO] [stdout] test candle_indicators::tests::moving_constant_bands_laplace_std ... ok
[INFO] [stdout] test candle_indicators::tests::bulk_moving_constant_envelope ... ok
[INFO] [stdout] test candle_indicators::tests::bulk_keltner_channel ... ok
[INFO] [stdout] test candle_indicators::tests::moving_constant_bands_log_std ... ok
[INFO] [stdout] test candle_indicators::tests::bulk_mcginley_bands_previous ... ok
[INFO] [stdout] test candle_indicators::tests::bulk_supertrend_error_empty ... ok
[INFO] [stdout] test candle_indicators::tests::bulk_supertrend_error_high_length ... ok
[INFO] [stdout] test candle_indicators::tests::bulk_supertrend_error_low_length ... ok
[INFO] [stdout] test candle_indicators::tests::bulk_supertrend ... ok
[INFO] [stdout] test candle_indicators::tests::bulk_keltner_channel_error_period ... ok
[INFO] [stdout] test candle_indicators::tests::bulk_moving_constant_envelope_error ... ok
[INFO] [stdout] test candle_indicators::tests::bulk_keltner_channel_error_high_length ... ok
[INFO] [stdout] test candle_indicators::tests::single_donchian_channel_length_error ... ok
[INFO] [stdout] test candle_indicators::tests::single_constant_bands_error ... ok
[INFO] [stdout] test candle_indicators::tests::single_ema_stddev_constant_bands ... ok
[INFO] [stdout] test candle_indicators::tests::bulk_keltner_channel_error_low_length ... ok
[INFO] [stdout] test candle_indicators::tests::single_donchian_channel ... ok
[INFO] [stdout] test candle_indicators::tests::bulk_supertrend_error_period ... ok
[INFO] [stdout] test candle_indicators::tests::moving_constant_bands_student_t ... ok
[INFO] [stdout] test candle_indicators::tests::single_ichimoku_cloud ... ok
[INFO] [stdout] test candle_indicators::tests::single_ema_moving_constant_envelope ... ok
[INFO] [stdout] test candle_indicators::tests::single_ichimoku_close_size_error ... ok
[INFO] [stdout] test candle_indicators::tests::single_donchian_channel_empty_error ... ok
[INFO] [stdout] test candle_indicators::tests::single_ichimoku_base_error ... ok
[INFO] [stdout] test candle_indicators::tests::single_keltner_channel_ema ... ok
[INFO] [stdout] test candle_indicators::tests::single_ichimoku_high_size_error ... ok
[INFO] [stdout] test candle_indicators::tests::single_ichimoku_conversion_error ... ok
[INFO] [stdout] test candle_indicators::tests::single_keltner_channel_ma ... ok
[INFO] [stdout] test candle_indicators::tests::single_keltner_channel_error_close_length ... ok
[INFO] [stdout] test candle_indicators::tests::single_ichimoku_low_size_error ... ok
[INFO] [stdout] test candle_indicators::tests::single_keltner_channel_error_empty ... ok
[INFO] [stdout] test candle_indicators::tests::single_mcginley_bands_error ... ok
[INFO] [stdout] test candle_indicators::tests::single_ma_mode_ad_constant_bands ... ok
[INFO] [stdout] test candle_indicators::tests::single_keltner_channel_sma ... ok
[INFO] [stdout] test candle_indicators::tests::single_ichimoku_span_b_error ... ok
[INFO] [stdout] test candle_indicators::tests::single_keltner_channel_error_high_length ... ok
[INFO] [stdout] test candle_indicators::tests::single_keltner_channel_median ... ok
[INFO] [stdout] test candle_indicators::tests::single_ma_median_ad_constant_bands ... ok
[INFO] [stdout] test candle_indicators::tests::single_mcginley_bands_std_dev_no_previous ... ok
[INFO] [stdout] test candle_indicators::tests::single_mcginley_bands_ulcer_index_no_previous ... ok
[INFO] [stdout] test candle_indicators::tests::single_mcginley_envelope_error ... ok
[INFO] [stdout] test candle_indicators::tests::single_mcginley_bands_mode_ad_no_previous ... ok
[INFO] [stdout] test candle_indicators::tests::single_ma_mean_ad_constant_bands ... ok
[INFO] [stdout] test candle_indicators::tests::single_keltner_channel_error_low_length ... ok
[INFO] [stdout] test candle_indicators::tests::single_moving_constant_envelope_error ... ok
[INFO] [stdout] test candle_indicators::tests::single_pma_moving_constant_envelope ... ok
[INFO] [stdout] test candle_indicators::tests::single_ma_moving_constant_envelope ... ok
[INFO] [stdout] test candle_indicators::tests::single_mode_moving_constant_envelope ... ok
[INFO] [stdout] test candle_indicators::tests::single_ma_stddev_constant_bands ... ok
[INFO] [stdout] test candle_indicators::tests::single_supertrend_error_close_length ... ok
[INFO] [stdout] test candle_indicators::tests::single_supertrend ... ok
[INFO] [stdout] test candle_indicators::tests::single_mcginley_bands_std_dev_previous ... ok
[INFO] [stdout] test candle_indicators::tests::single_ma_ulcer_index_constant_bands ... ok
[INFO] [stdout] test candle_indicators::tests::single_mcginley_envelope_no_previous ... ok
[INFO] [stdout] test candle_indicators::tests::single_pma_stddev_constant_bands ... ok
[INFO] [stdout] test candle_indicators::tests::single_sma_stddev_constant_bands ... ok
[INFO] [stdout] test candle_indicators::tests::single_mcginley_bands_mean_ad_no_previous ... ok
[INFO] [stdout] test chart_trends::tests::favorable_move_errors_on_zero_period ... ok
[INFO] [stdout] test chart_trends::tests::favorable_move_generic_over_series ... ok
[INFO] [stdout] test chart_trends::tests::break_down_trends_std_dev ... ok
[INFO] [stdout] test candle_indicators::tests::single_mcginley_envelope_previous ... ok
[INFO] [stdout] test candle_indicators::tests::single_keltner_channel_mode ... ok
[INFO] [stdout] test chart_trends::tests::favorable_move_errors_on_empty ... ok
[INFO] [stdout] test candle_indicators::tests::single_supertrend_error_empty ... ok
[INFO] [stdout] test candle_indicators::tests::single_median_moving_constant_envelope ... ok
[INFO] [stdout] test candle_indicators::tests::single_keltner_channel_pma ... ok
[INFO] [stdout] test candle_indicators::tests::single_supertrend_error_high_length ... ok
[INFO] [stdout] test chart_trends::tests::favorable_move_errors_on_window_past_end ... ok
[INFO] [stdout] test candle_indicators::tests::single_supertrend_error_low_length ... ok
[INFO] [stdout] test candle_indicators::tests::single_mode_stddev_constant_bands ... ok
[INFO] [stdout] test candle_indicators::tests::single_median_stddev_constant_bands ... ok
[INFO] [stdout] test candle_indicators::tests::single_sma_moving_constant_envelope ... ok
[INFO] [stdout] test chart_trends::tests::favorable_move_inclusive_window_boundary ... ok
[INFO] [stdout] test chart_trends::tests::favorable_move_single_bar_window ... ok
[INFO] [stdout] test chart_trends::tests::overall_trends ... ok
[INFO] [stdout] test chart_trends::tests::peak_favorable_move_nonpositive_when_no_drop ... ok
[INFO] [stdout] test chart_trends::tests::peaks_error ... ok
[INFO] [stdout] test chart_trends::tests::peaks_extremum_at_index_zero ... ok
[INFO] [stdout] test chart_trends::tests::peaks_multiple_peaks ... ok
[INFO] [stdout] test chart_trends::tests::valley_favorable_move_nonpositive_when_no_rise ... ok
[INFO] [stdout] test chart_trends::tests::valleys_all_nan_does_not_panic ... ok
[INFO] [stdout] test candle_indicators::tests::single_mcginley_bands_median_ad_no_previous ... ok
[INFO] [stdout] test chart_trends::tests::valleys_multiple_valleys ... ok
[INFO] [stdout] test chart_trends::tests::peaks_retained_extremum_not_dropped_by_distant_higher_peak ... ok
[INFO] [stdout] test chart_trends::tests::peaks_single_peak ... ok
[INFO] [stdout] test chart_trends::tests::valleys_error ... ok
[INFO] [stdout] test chart_trends::tests::peaks_trend ... ok
[INFO] [stdout] test chart_trends::tests::valleys_extremum_at_index_zero ... ok
[INFO] [stdout] test chart_trends::tests::valley_favorable_move_basic_upward ... ok
[INFO] [stdout] test chart_trends::tests::valleys_multiple_valleys_same_period ... ok
[INFO] [stdout] test correlation_indicators::tests::correlate_asset_prices_laplace_std ... ok
[INFO] [stdout] test chart_trends::tests::peak_favorable_move_basic_downward ... ok
[INFO] [stdout] test correlation_indicators::tests::correlate_asset_prices_log_std ... ok
[INFO] [stdout] test correlation_indicators::tests::single_correlation_ema_std_dev ... ok
[INFO] [stdout] test chart_trends::tests::peaks_all_nan_does_not_panic ... ok
[INFO] [stdout] test chart_trends::tests::peaks_multiple_peaks_same_period ... ok
[INFO] [stdout] test correlation_indicators::tests::single_correlation_b_length_error ... ok
[INFO] [stdout] test correlation_indicators::tests::single_correlation_ma_mean_ad_dev ... ok
[INFO] [stdout] test correlation_indicators::tests::single_correlation_ma_median_ad_dev ... ok
[INFO] [stdout] test correlation_indicators::tests::single_correlation_ma_std_dev ... ok
[INFO] [stdout] test correlation_indicators::tests::single_correlation_median_std_dev ... ok
[INFO] [stdout] test correlation_indicators::tests::single_correlation_mode_std_dev ... ok
[INFO] [stdout] test correlation_indicators::tests::single_correlation_pma_std_dev ... ok
[INFO] [stdout] test correlation_indicators::tests::single_correlation_sma_std_dev ... ok
[INFO] [stdout] test chart_trends::tests::valleys_single_valley ... ok
[INFO] [stdout] test chart_trends::tests::valleys_trend ... ok
[INFO] [stdout] test momentum_indicators::tests::bulk_chaikin_oscillator_high_error ... ok
[INFO] [stdout] test correlation_indicators::tests::bulk_correlation ... ok
[INFO] [stdout] test momentum_indicators::tests::bulk_chaikin_oscillator_long_period_error ... ok
[INFO] [stdout] test correlation_indicators::tests::bulk_correlation_period_error ... ok
[INFO] [stdout] test correlation_indicators::tests::bulk_correlation_size_b_error ... ok
[INFO] [stdout] test chart_trends::tests::valleys_retained_extremum_not_dropped_by_distant_lower_valley ... ok
[INFO] [stdout] test correlation_indicators::tests::single_correlation_ulcer_index_ad_dev ... ok
[INFO] [stdout] test momentum_indicators::tests::bulk_chaikin_oscillator_volume_error ... ok
[INFO] [stdout] test momentum_indicators::tests::bulk_chaikin_oscillator_close_error ... ok
[INFO] [stdout] test momentum_indicators::tests::bulk_chaikin_oscillator_low_error ... ok
[INFO] [stdout] test momentum_indicators::tests::bulk_chaikin_oscillator_no_previous ... ok
[INFO] [stdout] test momentum_indicators::tests::bulk_chaikin_oscillator_period_error ... ok
[INFO] [stdout] test momentum_indicators::tests::bulk_chaikin_oscillator_previous ... ok
[INFO] [stdout] test momentum_indicators::tests::bulk_chande_momentum_oscillator ... ok
[INFO] [stdout] test momentum_indicators::tests::bulk_chande_momentum_oscillator_error_empty ... ok
[INFO] [stdout] test momentum_indicators::tests::bulk_commodity_channel_index_error ... ok
[INFO] [stdout] test momentum_indicators::tests::bulk_ema_slow_stochastic ... ok
[INFO] [stdout] test correlation_indicators::tests::bulk_correlation_size_a_error ... ok
[INFO] [stdout] test correlation_indicators::tests::single_correlation_empty_b_error ... ok
[INFO] [stdout] test correlation_indicators::tests::correlate_asset_prices_cauchy_iqr ... ok
[INFO] [stdout] test momentum_indicators::tests::bulk_exponential_ma_rsi ... ok
[INFO] [stdout] test momentum_indicators::tests::bulk_ema_slowest_stochastic ... ok
[INFO] [stdout] test correlation_indicators::tests::single_correlation_a_length_error ... ok
[INFO] [stdout] test momentum_indicators::tests::bulk_ma_slow_stochastic ... ok
[INFO] [stdout] test momentum_indicators::tests::bulk_ma_slowest_stochastic ... ok
[INFO] [stdout] test correlation_indicators::tests::single_correlation_ma_mode_ad_dev ... ok
[INFO] [stdout] test momentum_indicators::tests::bulk_macd_long_period_error ... ok
[INFO] [stdout] test momentum_indicators::tests::bulk_macd_short_period_error ... ok
[INFO] [stdout] test correlation_indicators::tests::correlate_asset_prices_student_t ... ok
[INFO] [stdout] test correlation_indicators::tests::single_correlation_empty_a_error ... ok
[INFO] [stdout] test momentum_indicators::tests::bulk_mcginley_macd_previous ... ok
[INFO] [stdout] test momentum_indicators::tests::bulk_mcginley_cci_previous ... ok
[INFO] [stdout] test momentum_indicators::tests::bulk_mcginley_macd_error_short_period ... ok
[INFO] [stdout] test momentum_indicators::tests::bulk_mcginley_macd_error_long_period ... ok
[INFO] [stdout] test momentum_indicators::tests::bulk_money_flow_index_length_error ... ok
[INFO] [stdout] test momentum_indicators::tests::bulk_median_slow_stochastic ... ok
[INFO] [stdout] test momentum_indicators::tests::bulk_mcginley_cci_error ... ok
[INFO] [stdout] test momentum_indicators::tests::bulk_money_flow_index_period_error ... ok
[INFO] [stdout] test momentum_indicators::tests::bulk_median_slowest_stochastic ... ok
[INFO] [stdout] test momentum_indicators::tests::bulk_mcginley_cci_no_previous ... ok
[INFO] [stdout] test momentum_indicators::tests::bulk_on_balance_volume_no_previous ... ok
[INFO] [stdout] test momentum_indicators::tests::bulk_on_balance_volume_no_volume_error ... ok
[INFO] [stdout] test momentum_indicators::tests::bulk_percentage_price_oscillator_error_empty ... ok
[INFO] [stdout] test momentum_indicators::tests::bulk_on_balance_volume_previous ... ok
[INFO] [stdout] test momentum_indicators::tests::bulk_percentage_price_oscillator_error_long_period ... ok
[INFO] [stdout] test momentum_indicators::tests::bulk_percentage_price_oscillator ... ok
[INFO] [stdout] test momentum_indicators::tests::bulk_percentage_price_oscillator_error_short_period ... ok
[INFO] [stdout] test momentum_indicators::tests::bulk_pma_slow_stochastic ... ok
[INFO] [stdout] test momentum_indicators::tests::bulk_mode_slowest_stochastic ... ok
[INFO] [stdout] test momentum_indicators::tests::bulk_personalised_ma_rsi ... ok
[INFO] [stdout] test momentum_indicators::tests::bulk_money_flow_index ... ok
[INFO] [stdout] test momentum_indicators::tests::bulk_on_balance_volume_no_price_error ... ok
[INFO] [stdout] test momentum_indicators::tests::bulk_rsi_error ... ok
[INFO] [stdout] test momentum_indicators::tests::bulk_signal_error ... ok
[INFO] [stdout] test momentum_indicators::tests::bulk_chande_momentum_oscillator_error_period ... ok
[INFO] [stdout] test momentum_indicators::tests::bulk_simple_median_rsi ... ok
[INFO] [stdout] test momentum_indicators::tests::bulk_commodity_channel_index ... ok
[INFO] [stdout] test momentum_indicators::tests::bulk_macd ... ok
[INFO] [stdout] test momentum_indicators::tests::bulk_mode_slow_stochastic ... ok
[INFO] [stdout] test momentum_indicators::tests::bulk_pma_slowest_stochastic ... ok
[INFO] [stdout] test momentum_indicators::tests::bulk_rate_of_change ... ok
[INFO] [stdout] test momentum_indicators::tests::bulk_rate_of_change_error ... ok
[INFO] [stdout] test momentum_indicators::tests::bulk_simple_mode_rsi ... ok
[INFO] [stdout] test momentum_indicators::tests::bulk_slow_stochastic_error ... ok
[INFO] [stdout] test momentum_indicators::tests::bulk_mcginley_macd_no_previous ... ok
[INFO] [stdout] test momentum_indicators::tests::bulk_mcginley_macd_error_no_prices ... ok
[INFO] [stdout] test momentum_indicators::tests::bulk_simple_ma_rsi ... ok
[INFO] [stdout] test momentum_indicators::tests::bulk_slowest_stochastic_error ... ok
[INFO] [stdout] test momentum_indicators::tests::bulk_sma_slow_stochastic ... ok
[INFO] [stdout] test momentum_indicators::tests::bulk_sma_slowest_stochastic ... ok
[INFO] [stdout] test momentum_indicators::tests::bulk_stochastic_oscillator_bulk ... ok
[INFO] [stdout] test momentum_indicators::tests::bulk_williams_percent_r ... ok
[INFO] [stdout] test momentum_indicators::tests::bulk_williams_percent_r_close_error ... ok
[INFO] [stdout] test momentum_indicators::tests::bulk_smoothed_ma_rsi ... ok
[INFO] [stdout] test momentum_indicators::tests::bulk_williams_percent_r_high_error ... ok
[INFO] [stdout] test momentum_indicators::tests::bulk_stochastic_oscillator ... ok
[INFO] [stdout] test momentum_indicators::tests::bulk_williams_percent_r_period_error ... ok
[INFO] [stdout] test momentum_indicators::tests::commodity_channel_index_cauchy_iqr ... ok
[INFO] [stdout] test momentum_indicators::tests::bulk_williams_percent_r_low_error ... ok
[INFO] [stdout] test momentum_indicators::tests::commodity_channel_index_laplace_std ... ok
[INFO] [stdout] test momentum_indicators::tests::commodity_channel_index_log_std ... ok
[INFO] [stdout] test momentum_indicators::tests::single_chaikin_oscillator_error_close ... ok
[INFO] [stdout] test momentum_indicators::tests::single_chaikin_oscillator_error_short_period ... ok
[INFO] [stdout] test momentum_indicators::tests::single_chande_momentum_oscillator ... ok
[INFO] [stdout] test momentum_indicators::tests::single_chaikin_oscillator_error_highs ... ok
[INFO] [stdout] test momentum_indicators::tests::single_chaikin_oscillator_sma ... ok
[INFO] [stdout] test momentum_indicators::tests::mcginley_dynamic_cci_log_std ... ok
[INFO] [stdout] test momentum_indicators::tests::single_chande_momentum_oscillator_flat ... ok
[INFO] [stdout] test momentum_indicators::tests::single_chaikin_oscillator_error_lows ... ok
[INFO] [stdout] test momentum_indicators::tests::single_chande_momentum_oscillator_fall ... ok
[INFO] [stdout] test momentum_indicators::tests::single_chaikin_oscillator_mode ... ok
[INFO] [stdout] test momentum_indicators::tests::single_chaikin_oscillator_error_volume ... ok
[INFO] [stdout] test momentum_indicators::tests::single_chaikin_oscillator_different_models ... ok
[INFO] [stdout] test momentum_indicators::tests::single_chaikin_oscillator_pma ... ok
[INFO] [stdout] test momentum_indicators::tests::single_chaikin_oscillator_ema ... ok
[INFO] [stdout] test momentum_indicators::tests::single_ema_signal ... ok
[INFO] [stdout] test momentum_indicators::tests::single_chande_momentum_oscillator_rise ... ok
[INFO] [stdout] test momentum_indicators::tests::single_chaikin_oscillator_median ... ok
[INFO] [stdout] test momentum_indicators::tests::single_chaikin_oscillator_ma ... ok
[INFO] [stdout] test momentum_indicators::tests::commodity_channel_index_student_t ... ok
[INFO] [stdout] test momentum_indicators::tests::single_chaikin_oscillator_ma_previous ... ok
[INFO] [stdout] test momentum_indicators::tests::single_commodity_channel_index_error ... ok
[INFO] [stdout] test momentum_indicators::tests::single_exponential_rsi ... ok
[INFO] [stdout] test momentum_indicators::tests::single_ema_mean_ad_commodity_channel_index ... ok
[INFO] [stdout] test momentum_indicators::tests::single_large_mode_rsi ... ok
[INFO] [stdout] test momentum_indicators::tests::single_ma_macd ... ok
[INFO] [stdout] test momentum_indicators::tests::single_ema_slow_stochastic ... ok
[INFO] [stdout] test momentum_indicators::tests::single_long_median_rsi ... ok
[INFO] [stdout] test momentum_indicators::tests::single_ema_slowest_stochastic ... ok
[INFO] [stdout] test momentum_indicators::tests::single_ma_rsi ... ok
[INFO] [stdout] test momentum_indicators::tests::single_ma_mean_ad_commodity_channel_index ... ok
[INFO] [stdout] test momentum_indicators::tests::single_ema_macd ... ok
[INFO] [stdout] test momentum_indicators::tests::single_ma_median_ad_commodity_channel_index ... ok
[INFO] [stdout] test momentum_indicators::tests::single_ma_mode_ad_commodity_channel_index ... ok
[INFO] [stdout] test momentum_indicators::tests::single_ma_slow_stochastic ... ok
[INFO] [stdout] test momentum_indicators::tests::single_ma_signal ... ok
[INFO] [stdout] test momentum_indicators::tests::single_macd_error ... ok
[INFO] [stdout] test momentum_indicators::tests::single_mcginley_cci_no_previous ... ok
[INFO] [stdout] test momentum_indicators::tests::single_mcginley_cci_previous_mode_absolute_deviation ... ok
[INFO] [stdout] test momentum_indicators::tests::single_ma_ulcer_index_commodity_channel_index ... ok
[INFO] [stdout] test momentum_indicators::tests::single_mcginley_cci_previous_mean_absolute_deviation ... ok
[INFO] [stdout] test momentum_indicators::tests::single_mcginley_cci_previous_standard_deviation ... ok
[INFO] [stdout] test momentum_indicators::tests::single_mcginley_cci_previous_median_absolute_deviation ... ok
[INFO] [stdout] test momentum_indicators::tests::single_mcginley_macd_error_short_period ... ok
[INFO] [stdout] test momentum_indicators::tests::single_mcginley_macd_previous ... ok
[INFO] [stdout] test momentum_indicators::tests::single_ma_std_dev_commodity_channel_index ... ok
[INFO] [stdout] test momentum_indicators::tests::single_mcginley_cci_previous_ulcer_index ... ok
[INFO] [stdout] test momentum_indicators::tests::single_ma_slowest_stochastic ... ok
[INFO] [stdout] test momentum_indicators::tests::single_median_macd ... ok
[INFO] [stdout] test momentum_indicators::tests::single_macd_error_period ... ok
[INFO] [stdout] test momentum_indicators::tests::single_mcginley_macd_error_no_prices ... ok
[INFO] [stdout] test momentum_indicators::tests::single_mcginley_cci_error ... ok
[INFO] [stdout] test momentum_indicators::tests::single_median_slow_stochastic ... ok
[INFO] [stdout] test momentum_indicators::tests::single_median_mean_ad_commodity_channel_index ... ok
[INFO] [stdout] test momentum_indicators::tests::single_median_slowest_stochastic ... ok
[INFO] [stdout] test momentum_indicators::tests::single_mcginley_macd_no_previous ... ok
[INFO] [stdout] test momentum_indicators::tests::single_median_signal ... ok
[INFO] [stdout] test momentum_indicators::tests::single_mode_macd ... ok
[INFO] [stdout] test momentum_indicators::tests::single_on_balance_volume_equal_no_previous ... ok
[INFO] [stdout] test momentum_indicators::tests::single_mode_slow_stochastic ... ok
[INFO] [stdout] test momentum_indicators::tests::single_money_flow_index_error ... ok
[INFO] [stdout] test momentum_indicators::tests::single_on_balance_volume_positive_previous ... ok
[INFO] [stdout] test momentum_indicators::tests::single_money_flow_index ... ok
[INFO] [stdout] test momentum_indicators::tests::single_money_flow_index_only_negative ... ok
[INFO] [stdout] test momentum_indicators::tests::single_only_price_fall_rsi ... ok
[INFO] [stdout] test momentum_indicators::tests::single_only_price_rise_rsi ... ok
[INFO] [stdout] test momentum_indicators::tests::single_percentage_price_oscillator_error_period ... ok
[INFO] [stdout] test momentum_indicators::tests::single_percentge_price_oscillator_ema ... ok
[INFO] [stdout] test momentum_indicators::tests::single_percentage_price_oscillator_error_empty ... ok
[INFO] [stdout] test momentum_indicators::tests::single_percentge_price_oscillator_pma ... ok
[INFO] [stdout] test momentum_indicators::tests::single_personalised_rsi ... ok
[INFO] [stdout] test momentum_indicators::tests::single_money_flow_index_empty_price_error ... ok
[INFO] [stdout] test momentum_indicators::tests::single_percentge_price_oscillator_mode ... ok
[INFO] [stdout] test momentum_indicators::tests::single_percentge_price_oscillator_ma ... ok
[INFO] [stdout] test momentum_indicators::tests::single_percentge_price_oscillator_sma ... FAILED
[INFO] [stdout] test momentum_indicators::tests::single_rate_of_change_equal ... ok
[INFO] [stdout] test momentum_indicators::tests::single_pma_slow_stochastic ... ok
[INFO] [stdout] test momentum_indicators::tests::single_pma_macd ... ok
[INFO] [stdout] test momentum_indicators::tests::single_pma_mean_ad_commodity_channel_index ... ok
[INFO] [stdout] test momentum_indicators::tests::single_pma_signal ... ok
[INFO] [stdout] test momentum_indicators::tests::single_pma_slowest_stochastic ... ok
[INFO] [stdout] test momentum_indicators::tests::single_rsi_error ... ok
[INFO] [stdout] test momentum_indicators::tests::single_short_median_rsi ... ok
[INFO] [stdout] test momentum_indicators::tests::single_slowest_stochastic_error ... ok
[INFO] [stdout] test momentum_indicators::tests::single_sma_cci_with_empirical_iqr ... ok
[INFO] [stdout] test momentum_indicators::tests::single_rate_of_change_positive ... ok
[INFO] [stdout] test momentum_indicators::tests::single_signal_error ... ok
[INFO] [stdout] test momentum_indicators::tests::single_sma_mean_ad_commodity_channel_index ... ok
[INFO] [stdout] test momentum_indicators::tests::single_sma_signal ... ok
[INFO] [stdout] test momentum_indicators::tests::single_sma_slow_stochastic ... ok
[INFO] [stdout] test momentum_indicators::tests::single_rate_of_change_negative ... ok
[INFO] [stdout] test momentum_indicators::tests::single_sma_slowest_stochastic ... ok
[INFO] [stdout] test momentum_indicators::tests::single_slow_stochastic_error ... ok
[INFO] [stdout] test momentum_indicators::tests::single_small_mode_rsi ... ok
[INFO] [stdout] test momentum_indicators::tests::single_sma_macd ... ok
[INFO] [stdout] test momentum_indicators::tests::single_money_flow_index_only_positive ... ok
[INFO] [stdout] test momentum_indicators::tests::single_stochastic_oscillator ... ok
[INFO] [stdout] test momentum_indicators::tests::single_smoothed_rsi ... ok
[INFO] [stdout] test momentum_indicators::tests::single_stochastic_oscillator_all_nan ... ok
[INFO] [stdout] test momentum_indicators::tests::single_williams_percent_r ... ok
[INFO] [stdout] test momentum_indicators::tests::single_money_flow_index_empty_volume_error ... ok
[INFO] [stdout] test momentum_indicators::tests::single_on_balance_volume_equal_previous ... ok
[INFO] [stdout] test momentum_indicators::tests::single_on_balance_volume_negative_no_previous ... ok
[INFO] [stdout] test momentum_indicators::tests::single_on_balance_volume_negative_previous ... ok
[INFO] [stdout] test momentum_indicators::tests::single_mode_mean_ad_commodity_channel_index ... ok
[INFO] [stdout] test momentum_indicators::tests::single_on_balance_volume_positive_no_previous ... ok
[INFO] [stdout] test momentum_indicators::tests::single_mode_signal ... ok
[INFO] [stdout] test momentum_indicators::tests::single_mode_slowest_stochastic ... ok
[INFO] [stdout] test momentum_indicators::tests::single_percentge_price_oscillator_median ... ok
[INFO] [stdout] test momentum_indicators::tests::single_stochastic_oscillator_min ... ok
[INFO] [stdout] test momentum_indicators::tests::single_stochastic_oscillator_max ... ok
[INFO] [stdout] test momentum_indicators::tests::single_stochastic_oscillator_error ... ok
[INFO] [stdout] test moving_average::tests::bulk_exponential_moving_average ... ok
[INFO] [stdout] test moving_average::tests::bulk_mcginley_dynamic ... ok
[INFO] [stdout] test moving_average::tests::single_simple_moving_average ... ok
[INFO] [stdout] test moving_average::tests::bulk_moving_average_error ... ok
[INFO] [stdout] test moving_average::tests::single_personalised_moving_average ... ok
[INFO] [stdout] test moving_average::tests::bulk_simlpe_moving_average ... ok
[INFO] [stdout] test moving_average::tests::single_moving_average_personalised_ma_error ... ok
[INFO] [stdout] test moving_average::tests::bulk_mcginley_dynamic_error ... ok
[INFO] [stdout] test other_indicators::tests::bulk_average_true_range_error_close_length ... ok
[INFO] [stdout] test other_indicators::tests::bulk_average_true_range ... ok
[INFO] [stdout] test moving_average::tests::bulk_personalised_moving_average ... ok
[INFO] [stdout] test other_indicators::tests::bulk_internal_bar_strength ... ok
[INFO] [stdout] test moving_average::tests::bulk_smoothed_moving_average ... ok
[INFO] [stdout] test other_indicators::tests::bulk_internal_bar_strength_error_high_length ... ok
[INFO] [stdout] test other_indicators::tests::bulk_positivity_indicator_error_length ... ok
[INFO] [stdout] test moving_average::tests::single_smoothed_moving_average ... ok
[INFO] [stdout] test other_indicators::tests::bulk_positivity_indicator_error_period ... ok
[INFO] [stdout] test other_indicators::tests::bulk_internal_bar_strength_error_empty ... ok
[INFO] [stdout] test other_indicators::tests::bulk_internal_bar_strength_error_low_length ... ok
[INFO] [stdout] test other_indicators::tests::bulk_positivity_indicator_error_empty ... ok
[INFO] [stdout] test other_indicators::tests::bulk_internal_bar_strength_error_close_length ... ok
[INFO] [stdout] test other_indicators::tests::bulk_positivity_indicator_ma ... ok
[INFO] [stdout] test moving_average::tests::single_exponential_moving_average ... ok
[INFO] [stdout] test moving_average::tests::single_mcginley_dynamic_previous ... ok
[INFO] [stdout] test other_indicators::tests::bulk_positivity_indicator_ema ... ok
[INFO] [stdout] test other_indicators::tests::bulk_average_true_range_error_high_length ... ok
[INFO] [stdout] test moving_average::tests::single_moving_average_error ... ok
[INFO] [stdout] test other_indicators::tests::bulk_positivity_indicator_median ... ok
[INFO] [stdout] test other_indicators::tests::bulk_return_on_investment ... ok
[INFO] [stdout] test other_indicators::tests::bulk_return_on_investment_error ... ok
[INFO] [stdout] test other_indicators::tests::bulk_average_true_range_error_empty ... ok
[INFO] [stdout] test other_indicators::tests::bulk_average_true_range_error_low_length ... ok
[INFO] [stdout] test moving_average::tests::single_mcginley_dynamic_error ... ok
[INFO] [stdout] test other_indicators::tests::bulk_average_true_range_error_period ... ok
[INFO] [stdout] test other_indicators::tests::bulk_true_range ... ok
[INFO] [stdout] test other_indicators::tests::bulk_true_range_close_length_error ... ok
[INFO] [stdout] test other_indicators::tests::bulk_true_range_empty_error ... ok
[INFO] [stdout] test other_indicators::tests::bulk_positivity_indicator_mode ... ok
[INFO] [stdout] test other_indicators::tests::bulk_positivity_indicator_pma ... ok
[INFO] [stdout] test other_indicators::tests::bulk_positivity_indicator_sma ... ok
[INFO] [stdout] test moving_average::tests::single_mcginley_dynamic_no_previous ... ok
[INFO] [stdout] test other_indicators::tests::single_average_true_range_low_length_error ... ok
[INFO] [stdout] test other_indicators::tests::single_average_true_range_median ... ok
[INFO] [stdout] test other_indicators::tests::single_average_true_range_mode ... ok
[INFO] [stdout] test other_indicators::tests::single_average_true_range_empty_error ... ok
[INFO] [stdout] test other_indicators::tests::single_average_true_range_close_length_error ... ok
[INFO] [stdout] test other_indicators::tests::bulk_true_range_high_length_error ... ok
[INFO] [stdout] test other_indicators::tests::single_average_true_range_personalised ... ok
[INFO] [stdout] test other_indicators::tests::single_true_range_high_low ... ok
[INFO] [stdout] test other_indicators::tests::bulk_true_range_low_length_error ... ok
[INFO] [stdout] test other_indicators::tests::single_average_true_range_exponential ... ok
[INFO] [stdout] test strength_indicators::tests::bulk_accumulation_distribution_error_high_length ... ok
[INFO] [stdout] test strength_indicators::tests::bulk_negative_volume_index_all_negative ... ok
[INFO] [stdout] test strength_indicators::tests::bulk_accumulation_distribution_no_previous ... ok
[INFO] [stdout] test strength_indicators::tests::bulk_accumulation_distribution_previous ... ok
[INFO] [stdout] test other_indicators::tests::single_average_true_range_high_length_error ... ok
[INFO] [stdout] test strength_indicators::tests::bulk_negative_volume_index_no_previous ... ok
[INFO] [stdout] test strength_indicators::tests::bulk_positive_volume_index_all_negative ... ok
[INFO] [stdout] test other_indicators::tests::single_average_true_range_simple ... ok
[INFO] [stdout] test strength_indicators::tests::bulk_accumulation_distribution_error_low_length ... ok
[INFO] [stdout] test other_indicators::tests::single_average_true_range_smoothed ... ok
[INFO] [stdout] test strength_indicators::tests::bulk_positive_volume_index_error_length ... ok
[INFO] [stdout] test strength_indicators::tests::bulk_positive_volume_index_no_previous ... ok
[INFO] [stdout] test strength_indicators::tests::bulk_accumulation_distribution_error_volume_length ... ok
[INFO] [stdout] test other_indicators::tests::single_true_range_close_low ... ok
[INFO] [stdout] test strength_indicators::tests::bulk_accumulation_distribution_error_close_length ... ok
[INFO] [stdout] test strength_indicators::tests::bulk_negative_volume_index_error_length ... ok
[INFO] [stdout] test other_indicators::tests::single_internal_bar_strengh ... ok
[INFO] [stdout] test other_indicators::tests::single_true_range_high_close ... ok
[INFO] [stdout] test other_indicators::tests::single_return_on_investment ... ok
[INFO] [stdout] test strength_indicators::tests::bulk_negative_volume_index_previous ... ok
[INFO] [stdout] test strength_indicators::tests::bulk_positive_volume_index_all_positive ... ok
[INFO] [stdout] test strength_indicators::tests::bulk_relative_vigor_index_error_length_low ... ok
[INFO] [stdout] test strength_indicators::tests::bulk_relative_vigor_index_error_length_open ... ok
[INFO] [stdout] test strength_indicators::tests::single_accumulation_distribution_no_previous ... ok
[INFO] [stdout] test strength_indicators::tests::bulk_relative_vigor_index_error_period_high ... ok
[INFO] [stdout] test strength_indicators::tests::bulk_relative_vigor_index_ma ... ok
[INFO] [stdout] test strength_indicators::tests::bulk_relative_vigor_index_error_length_high ... ok
[INFO] [stdout] test strength_indicators::tests::bulk_relative_vigor_index_sinlgle ... ok
[INFO] [stdout] test strength_indicators::tests::bulk_negative_volume_index_all_positive ... ok
[INFO] [stdout] test strength_indicators::tests::bulk_negative_volume_index_error_empty ... ok
[INFO] [stdout] test strength_indicators::tests::single_relative_vigor_index_error_length_low ... ok
[INFO] [stdout] test strength_indicators::tests::single_relative_vigor_index_error_length_open ... ok
[INFO] [stdout] test strength_indicators::tests::single_accumulation_distribution_previous ... ok
[INFO] [stdout] test strength_indicators::tests::single_relative_vigor_index_error_empty ... ok
[INFO] [stdout] test strength_indicators::tests::bulk_relative_vigor_index_error_length_close ... ok
[INFO] [stdout] test strength_indicators::tests::bulk_positive_volume_index_previous ... ok
[INFO] [stdout] test strength_indicators::tests::bulk_relative_vigor_index_error_empty ... ok
[INFO] [stdout] test strength_indicators::tests::single_relative_vigor_index_error_length_high ... ok
[INFO] [stdout] test strength_indicators::tests::bulk_relative_vigor_index_error_period_low ... ok
[INFO] [stdout] test strength_indicators::tests::single_relative_vigor_index_error_length_overall ... ok
[INFO] [stdout] test strength_indicators::tests::bulk_positive_volume_index_error_empty ... ok
[INFO] [stdout] test trend_indicators::tests::bulk_aroon_indicator_period_error ... ok
[INFO] [stdout] test strength_indicators::tests::single_relative_vigor_index_pma ... ok
[INFO] [stdout] test trend_indicators::tests::bulk_aroon_indicator_high_error ... ok
[INFO] [stdout] test strength_indicators::tests::single_relative_vigor_index_ema ... ok
[INFO] [stdout] test strength_indicators::tests::single_relative_vigor_index_error_length_close ... ok
[INFO] [stdout] test trend_indicators::tests::bulk_aroon_oscillator_down_error ... ok
[INFO] [stdout] test trend_indicators::tests::bulk_aroon_oscillator_up_error ... ok
[INFO] [stdout] test strength_indicators::tests::single_relative_vigor_index_sma ... ok
[INFO] [stdout] test strength_indicators::tests::single_relative_vigor_index_ma ... ok
[INFO] [stdout] test strength_indicators::tests::single_relative_vigor_index_median ... ok
[INFO] [stdout] test trend_indicators::tests::bulk_aroon_oscillator ... ok
[INFO] [stdout] test trend_indicators::tests::bulk_aroon_indicator_low_error ... ok
[INFO] [stdout] test trend_indicators::tests::bulk_directional_movement_system_ema ... ok
[INFO] [stdout] test trend_indicators::tests::bulk_directional_movement_system_error_close_length ... ok
[INFO] [stdout] test strength_indicators::tests::single_relative_vigor_index_minimum ... ok
[INFO] [stdout] test strength_indicators::tests::single_relative_vigor_index_mode ... ok
[INFO] [stdout] test strength_indicators::tests::single_volume_index_no_previous ... ok
[INFO] [stdout] test trend_indicators::tests::bulk_aroon_down_error ... ok
[INFO] [stdout] test trend_indicators::tests::bulk_aroon_up ... ok
[INFO] [stdout] test strength_indicators::tests::single_volume_index_previous ... ok
[INFO] [stdout] test trend_indicators::tests::bulk_aroon_up_error ... ok
[INFO] [stdout] test trend_indicators::tests::bulk_aroon_indicator ... ok
[INFO] [stdout] test trend_indicators::tests::bulk_aroon_down ... ok
[INFO] [stdout] test trend_indicators::tests::bulk_directional_movement_system_error_period ... ok
[INFO] [stdout] test trend_indicators::tests::bulk_directional_movement_system_pma ... ok
[INFO] [stdout] test trend_indicators::tests::bulk_parabolic_time_price_system_error_high_length ... ok
[INFO] [stdout] test trend_indicators::tests::bulk_parabolic_time_price_system_short_switch_previous ... ok
[INFO] [stdout] test trend_indicators::tests::bulk_parabolic_time_price_system_error_low_empty ... ok
[INFO] [stdout] test trend_indicators::tests::bulk_directional_movement_system_error_empty ... ok
[INFO] [stdout] test trend_indicators::tests::bulk_directional_movement_system_median ... ok
[INFO] [stdout] test trend_indicators::tests::bulk_parabolic_time_price_system_error_low_length ... ok
[INFO] [stdout] test trend_indicators::tests::bulk_directional_movement_system_mode ... ok
[INFO] [stdout] test trend_indicators::tests::bulk_parabolic_time_price_system_long_no_switch ... ok
[INFO] [stdout] test trend_indicators::tests::bulk_parabolic_time_price_system_long_switch_no_previous ... ok
[INFO] [stdout] test trend_indicators::tests::bulk_parabolic_time_price_system_short_switch_no_previous ... ok
[INFO] [stdout] test trend_indicators::tests::bulk_directional_movement_system_error_high_length ... ok
[INFO] [stdout] test trend_indicators::tests::bulk_directional_movement_system_sma ... ok
[INFO] [stdout] test trend_indicators::tests::bulk_parabolic_time_price_system_error_high_empty ... ok
[INFO] [stdout] test trend_indicators::tests::bulk_true_strength_index ... ok
[INFO] [stdout] test trend_indicators::tests::bulk_parabolic_time_price_system_short_no_switch ... ok
[INFO] [stdout] test trend_indicators::tests::bulk_volume_price_trend_no_previous ... ok
[INFO] [stdout] test trend_indicators::tests::bulk_true_strength_index_error_length ... ok
[INFO] [stdout] test trend_indicators::tests::bulk_volume_price_trend_previous ... ok
[INFO] [stdout] test trend_indicators::tests::bulk_directional_movement_system_error_lows_length ... ok
[INFO] [stdout] test trend_indicators::tests::bulk_directional_movement_system_ma ... ok
[INFO] [stdout] test trend_indicators::tests::bulk_volume_price_trend_error_prices_empty ... ok
[INFO] [stdout] test trend_indicators::tests::single_aroon_down ... ok
[INFO] [stdout] test trend_indicators::tests::bulk_true_strength_index_error_empty ... ok
[INFO] [stdout] test trend_indicators::tests::bulk_volume_price_trend_error_length ... ok
[INFO] [stdout] test trend_indicators::tests::bulk_parabolic_time_price_system_long_switch_previous ... ok
[INFO] [stdout] test trend_indicators::tests::bulk_volume_price_trend_error_volume_empty ... ok
[INFO] [stdout] test trend_indicators::tests::single_aroon_down_error ... ok
[INFO] [stdout] test trend_indicators::tests::single_aroon_indicator_low_error ... ok
[INFO] [stdout] test trend_indicators::tests::single_aroon_up ... ok
[INFO] [stdout] test trend_indicators::tests::single_aroon_oscillator ... ok
[INFO] [stdout] test trend_indicators::tests::single_long_parabolic_price_time_system_min ... ok
[INFO] [stdout] test trend_indicators::tests::single_aroon_up_error ... ok
[INFO] [stdout] test trend_indicators::tests::single_aroon_indicator ... ok
[INFO] [stdout] test trend_indicators::tests::single_aroon_down_all_nan ... ok
[INFO] [stdout] test trend_indicators::tests::single_true_strength_index_ema ... ok
[INFO] [stdout] test trend_indicators::tests::single_aroon_indicator_high_error ... ok
[INFO] [stdout] test trend_indicators::tests::single_aroon_up_all_nan ... ok
[INFO] [stdout] test trend_indicators::tests::single_long_parabolic_price_time_system ... ok
[INFO] [stdout] test trend_indicators::tests::single_true_strength_index_error_empty ... ok
[INFO] [stdout] test trend_indicators::tests::single_volume_price_trend_no_previous ... ok
[INFO] [stdout] test trend_indicators::tests::single_true_strength_index_error_length ... ok
[INFO] [stdout] test trend_indicators::tests::single_true_strength_index_ma ... ok
[INFO] [stdout] test trend_indicators::tests::single_short_parabolic_price_time_system ... ok
[INFO] [stdout] test trend_indicators::tests::single_true_strength_index_sma ... ok
[INFO] [stdout] test trend_indicators::tests::single_volume_price_trend_previous ... ok
[INFO] [stdout] test trend_indicators::tests::single_true_strength_index_median ... ok
[INFO] [stdout] test types::tests::position_display_all_variants ... ok
[INFO] [stdout] test trend_indicators::tests::single_short_parabolic_price_time_system_max ... ok
[INFO] [stdout] test types::tests::abs_dev_config_display ... ok
[INFO] [stdout] test trend_indicators::tests::single_true_strength_index_pma ... ok
[INFO] [stdout] test trend_indicators::tests::single_true_strength_index_mode ... ok
[INFO] [stdout] test validation::tests::test_assert_non_empty_fail ... ok
[INFO] [stdout] test validation::tests::test_assert_non_empty_ok ... ok
[INFO] [stdout] test validation::tests::test_assert_min_period_ok ... ok
[INFO] [stdout] test types::tests::central_point_display_all_variants ... ok
[INFO] [stdout] test types::tests::moving_average_type_display_all_variants ... ok
[INFO] [stdout] test validation::tests::test_assert_min_period_too_small ... ok
[INFO] [stdout] test types::tests::constant_model_type_display_all_variants ... ok
[INFO] [stdout] test validation::tests::test_assert_period_zero ... ok
[INFO] [stdout] test validation::tests::test_assert_period_ok ... ok
[INFO] [stdout] test types::tests::deviation_model_display_all_variants ... ok
[INFO] [stdout] test volatility_indicators::tests::bulk_volatility_system_error_close_length ... ok
[INFO] [stdout] test volatility_indicators::tests::bulk_volatility_system_long_start ... ok
[INFO] [stdout] test validation::tests::test_assert_same_len_ok ... ok
[INFO] [stdout] test volatility_indicators::tests::bulk_volatility_system_error_empty ... ok
[INFO] [stdout] test types::tests::deviation_aggregate_display_all_variants ... ok
[INFO] [stdout] test validation::tests::test_assert_period_too_long ... ok
[INFO] [stdout] test validation::tests::test_assert_positive_zero ... ok
[INFO] [stdout] test validation::tests::test_assert_positive_ok ... ok
[INFO] [stdout] test volatility_indicators::tests::bulk_ulcer_index_error ... ok
[INFO] [stdout] test validation::tests::test_assert_same_len_fail ... ok
[INFO] [stdout] test volatility_indicators::tests::bulk_volatility_system_error_high_length ... ok
[INFO] [stdout] test volatility_indicators::tests::bulk_volatility_system_error_low_length ... ok
[INFO] [stdout] test volatility_indicators::tests::bulk_volatility_system_error_period ... ok
[INFO] [stdout] test volatility_indicators::tests::bulk_ulcer_index ... ok
[INFO] [stdout] test volatility_indicators::tests::single_ulcer_index_error ... ok
[INFO] [stdout] test volatility_indicators::tests::bulk_volatility_system_short_start ... ok
[INFO] [stdout] test volatility_indicators::tests::single_ulcer_index ... ok
[INFO] [stdout] 
[INFO] [stdout] failures:
[INFO] [stdout] 
[INFO] [stdout] ---- momentum_indicators::tests::single_percentge_price_oscillator_sma stdout ----
[INFO] [stdout] 
[INFO] [stdout] thread 'momentum_indicators::tests::single_percentge_price_oscillator_sma' (706) panicked at src/momentum_indicators.rs:4688:9:
[INFO] [stdout] assertion `left == right` failed
[INFO] [stdout]   left: 0.1131763552115475
[INFO] [stdout]  right: 0.1131763552115758
[INFO] [stdout] stack backtrace:
[INFO] [stdout]    0:     0x61a6c0769a51 - <<std[617be2ca0a6fd877]::sys::backtrace::BacktraceLock>::print::DisplayBacktrace as core[a373ad73a504971]::fmt::Display>::fmt
[INFO] [stdout]    1:     0x61a6c077e03a - core[a373ad73a504971]::fmt::write
[INFO] [stdout]    2:     0x61a6c076dc6c - <alloc[2e1b2a31b91974c5]::vec::Vec<u8> as core[a373ad73a504971]::io::write::Write>::write_fmt
[INFO] [stdout]    3:     0x61a6c0745eb6 - std[617be2ca0a6fd877]::panicking::default_hook::{closure#0}
[INFO] [stdout]    4:     0x61a6c07620e9 - std[617be2ca0a6fd877]::panicking::default_hook
[INFO] [stdout]    5:     0x61a6c06fe790 - test[aada8e7e76ba119b]::test_main_inner::{closure#0}
[INFO] [stdout]    6:     0x61a6c07622a2 - std[617be2ca0a6fd877]::panicking::panic_with_hook
[INFO] [stdout]    7:     0x61a6c0745f62 - std[617be2ca0a6fd877]::panicking::panic_handler::{closure#0}
[INFO] [stdout]    8:     0x61a6c073ec79 - std[617be2ca0a6fd877]::sys::backtrace::__rust_end_short_backtrace::<std[617be2ca0a6fd877]::panicking::panic_handler::{closure#0}, !>
[INFO] [stdout]    9:     0x61a6c0746b6d - __rustc[ea4f61d10b84890b]::rust_begin_unwind
[INFO] [stdout]   10:     0x61a6c077e76c - core[a373ad73a504971]::panicking::panic_fmt
[INFO] [stdout]   11:     0x61a6c077e683 - core[a373ad73a504971]::panicking::assert_failed_inner
[INFO] [stdout]   12:     0x61a6c06e5ddd - core[a373ad73a504971]::panicking::assert_failed::<f64, f64>
[INFO] [stdout]   13:     0x61a6c0694a9d - <centaur_technical_indicators[8787201a305a4644]::momentum_indicators::tests::single_percentge_price_oscillator_sma::{closure#0} as core[a373ad73a504971]::ops::function::FnOnce<()>>::call_once
[INFO] [stdout]   14:     0x61a6c06f1bdb - test[aada8e7e76ba119b]::__rust_begin_short_backtrace::<core[a373ad73a504971]::result::Result<(), alloc[2e1b2a31b91974c5]::string::String>, fn() -> core[a373ad73a504971]::result::Result<(), alloc[2e1b2a31b91974c5]::string::String>>
[INFO] [stdout]   15:     0x61a6c06fedb5 - test[aada8e7e76ba119b]::run_test::{closure#0}
[INFO] [stdout]   16:     0x61a6c06f86a4 - std[617be2ca0a6fd877]::sys::backtrace::__rust_begin_short_backtrace::<test[aada8e7e76ba119b]::run_test::{closure#1}, ()>
[INFO] [stdout]   17:     0x61a6c0701e42 - <std[617be2ca0a6fd877]::thread::lifecycle::spawn_unchecked<test[aada8e7e76ba119b]::run_test::{closure#1}, ()>::{closure#1} as core[a373ad73a504971]::ops::function::FnOnce<()>>::call_once::{shim:vtable#0}
[INFO] [stdout]   18:     0x61a6c07692af - <std[617be2ca0a6fd877]::sys::thread::unix::Thread>::new::thread_start
[INFO] [stdout]   19:     0x71e2249f7dfa - <unknown>
[INFO] [stdout]   20:     0x71e224a8b3d4 - clone
[INFO] [stdout]   21:                0x0 - <unknown>
[INFO] [stdout] 
[INFO] [stdout] 
[INFO] [stdout] failures:
[INFO] [stdout]     momentum_indicators::tests::single_percentge_price_oscillator_sma
[INFO] [stdout] 
[INFO] [stdout] test result: FAILED. 598 passed; 1 failed; 0 ignored; 0 measured; 0 filtered out; finished in 0.17s
[INFO] [stdout] 
[INFO] [stderr] error: test failed, to rerun pass `--lib`
[INFO] running `Command { std: "docker" "inspect" "201855b7e63c4bbc9f2fd9381370b70526ebb5a22b2382a411c5a6857bb2f8e0", kill_on_drop: false }`
[INFO] running `Command { std: "docker" "rm" "-f" "201855b7e63c4bbc9f2fd9381370b70526ebb5a22b2382a411c5a6857bb2f8e0", kill_on_drop: false }`
[INFO] [stdout] 201855b7e63c4bbc9f2fd9381370b70526ebb5a22b2382a411c5a6857bb2f8e0
