[INFO] fetching crate cargo-hoist 0.1.11...
[INFO] testing cargo-hoist-0.1.11 against 1.100.0-beta.1+cargoflags=--release for beta-release-1.100-2
[INFO] extracting crate cargo-hoist 0.1.11 into /workspace/builds/worker-4-tc2/source
[INFO] started tweaking crates.io crate cargo-hoist 0.1.11
[INFO] finished tweaking crates.io crate cargo-hoist 0.1.11
[INFO] tweaked toml for crates.io crate cargo-hoist 0.1.11 written to /workspace/builds/worker-4-tc2/source/Cargo.toml
[INFO] validating manifest of crates.io crate cargo-hoist 0.1.11 on toolchain 1.100.0-beta.1
[INFO] running `Command { std: CARGO_HOME="/workspace/cargo-home" RUSTUP_HOME="/workspace/rustup-home" "/workspace/cargo-home/bin/cargo" "+1.100.0-beta.1" "metadata" "--manifest-path" "Cargo.toml" "--no-deps", kill_on_drop: false }`
[INFO] crate crates.io crate cargo-hoist 0.1.11 already has a lockfile, it will not be regenerated
[INFO] running `Command { std: CARGO_HOME="/workspace/cargo-home" RUSTUP_HOME="/workspace/rustup-home" "/workspace/cargo-home/bin/cargo" "+1.100.0-beta.1" "fetch" "--manifest-path" "Cargo.toml", kill_on_drop: false }`
[INFO] [stderr] warning: Cargo.toml: file `/workspace/builds/worker-4-tc2/source/src/main.rs` found to be present in multiple build targets:
[INFO] [stderr]   * `bin` target `cargo-h`
[INFO] [stderr]   * `bin` target `cargo-hoist`
[INFO] [stderr] warning: `package.homepage` is redundant with `package.repository`
[INFO] [stderr]   --> Cargo.toml:61:12
[INFO] [stderr]    |
[INFO] [stderr] 61 | homepage = "https://github.com/refcell/cargo-hoist"
[INFO] [stderr]    |            ^^^^^^^^^^^^^^^^^^^^^^^^^^^^^^^^^^^^^^^^
[INFO] [stderr] ...
[INFO] [stderr] 65 | repository = "https://github.com/refcell/cargo-hoist"
[INFO] [stderr]    |              ----------------------------------------
[INFO] [stderr]    |
[INFO] [stderr]    = note: `cargo::redundant_homepage` is set to `warn` by default
[INFO] [stderr] help: consider removing `package.homepage`
[INFO] [stderr] warning: `cargo-hoist` (manifest) generated 2 warnings
[INFO] running `Command { std: "docker" "create" "-v" "/var/lib/crater-agent-workspace/builds/worker-4-tc2/source:/opt/rustwide/workdir:ro,Z" "-v" "/var/lib/crater-agent-workspace/builds/worker-4-tc2/target:/opt/rustwide/target:rw,Z" "-v" "/var/lib/crater-agent-workspace/cargo-home:/opt/rustwide/cargo-home:ro,Z" "-v" "/var/lib/crater-agent-workspace/rustup-home:/opt/rustwide/rustup-home:ro,Z" "-m" "1610612736" "--network" "none" "ghcr.io/rust-lang/crates-build-env/linux@sha256:77db811e55d90add9212f6832c23229e3de5f1c1f9905e8cb07319ea15df73ac" "sleep" "infinity", kill_on_drop: false }`
[INFO] [stdout] 03c37fec6b336a0f7c4f26da324f0639144d8ef14364dfe2ecd2dd0dd664ccc5
[INFO] running `Command { std: "docker" "start" "03c37fec6b336a0f7c4f26da324f0639144d8ef14364dfe2ecd2dd0dd664ccc5", kill_on_drop: false }`
[INFO] running `Command { std: "docker" "inspect" "03c37fec6b336a0f7c4f26da324f0639144d8ef14364dfe2ecd2dd0dd664ccc5", kill_on_drop: false }`
[INFO] running `Command { std: "docker" "exec" "-e" "SOURCE_DIR=/opt/rustwide/workdir" "-e" "CARGO_HOME=/opt/rustwide/cargo-home" "-e" "RUSTUP_HOME=/opt/rustwide/rustup-home" "-e" "CARGO_TARGET_DIR=/opt/rustwide/target" "-w" "/opt/rustwide/workdir" "--user" "0:0" "03c37fec6b336a0f7c4f26da324f0639144d8ef14364dfe2ecd2dd0dd664ccc5" "/opt/rustwide/cargo-home/bin/cargo" "+1.100.0-beta.1" "metadata" "--no-deps" "--format-version=1", kill_on_drop: false }`
[INFO] running `Command { std: "docker" "inspect" "03c37fec6b336a0f7c4f26da324f0639144d8ef14364dfe2ecd2dd0dd664ccc5", kill_on_drop: false }`
[INFO] running `Command { std: "docker" "exec" "-e" "SOURCE_DIR=/opt/rustwide/workdir" "-e" "CARGO_HOME=/opt/rustwide/cargo-home" "-e" "RUSTUP_HOME=/opt/rustwide/rustup-home" "-e" "CARGO_TARGET_DIR=/opt/rustwide/target" "-e" "CARGO_INCREMENTAL=0" "-e" "RUST_BACKTRACE=full" "-e" "RUSTFLAGS=--cap-lints=warn" "-e" "RUSTDOCFLAGS=--cap-lints=warn" "-w" "/opt/rustwide/workdir" "--user" "0:0" "03c37fec6b336a0f7c4f26da324f0639144d8ef14364dfe2ecd2dd0dd664ccc5" "/opt/rustwide/cargo-home/bin/cargo" "+1.100.0-beta.1" "build" "--frozen" "--message-format=json" "--release", kill_on_drop: false }`
[INFO] [stderr] warning: Cargo.toml: file `/opt/rustwide/workdir/src/main.rs` found to be present in multiple build targets:
[INFO] [stderr]   * `bin` target `cargo-h`
[INFO] [stderr]   * `bin` target `cargo-hoist`
[INFO] [stderr] warning: `package.homepage` is redundant with `package.repository`
[INFO] [stderr]   --> Cargo.toml:61:12
[INFO] [stderr]    |
[INFO] [stderr] 61 | homepage = "https://github.com/refcell/cargo-hoist"
[INFO] [stderr]    |            ^^^^^^^^^^^^^^^^^^^^^^^^^^^^^^^^^^^^^^^^
[INFO] [stderr] ...
[INFO] [stderr] 65 | repository = "https://github.com/refcell/cargo-hoist"
[INFO] [stderr]    |              ----------------------------------------
[INFO] [stderr]    |
[INFO] [stderr]    = note: `cargo::redundant_homepage` is set to `warn` by default
[INFO] [stderr] help: consider removing `package.homepage`
[INFO] [stderr] warning: `cargo-hoist` (manifest) generated 2 warnings
[INFO] [stderr]    Compiling proc-macro2 v1.0.69
[INFO] [stderr]    Compiling unicode-ident v1.0.12
[INFO] [stderr]    Compiling libc v0.2.150
[INFO] [stderr]    Compiling cfg-if v1.0.0
[INFO] [stderr]    Compiling autocfg v1.1.0
[INFO] [stderr]    Compiling log v0.4.20
[INFO] [stderr]    Compiling serde v1.0.192
[INFO] [stderr]    Compiling parking_lot_core v0.9.9
[INFO] [stderr]    Compiling smallvec v1.11.1
[INFO] [stderr]    Compiling signal-hook v0.3.17
[INFO] [stderr]    Compiling once_cell v1.18.0
[INFO] [stderr]    Compiling utf8parse v0.2.1
[INFO] [stderr]    Compiling scopeguard v1.2.0
[INFO] [stderr]    Compiling colorchoice v1.0.0
[INFO] [stderr]    Compiling lazy_static v1.4.0
[INFO] [stderr]    Compiling equivalent v1.0.1
[INFO] [stderr]    Compiling anstyle-parse v0.2.2
[INFO] [stderr]    Compiling anstyle-query v1.0.0
[INFO] [stderr]    Compiling anstyle v1.0.4
[INFO] [stderr]    Compiling hashbrown v0.14.2
[INFO] [stderr]    Compiling thiserror v1.0.50
[INFO] [stderr]    Compiling rustix v0.38.21
[INFO] [stderr]    Compiling clap_lex v0.6.0
[INFO] [stderr]    Compiling overload v0.1.1
[INFO] [stderr]    Compiling linux-raw-sys v0.4.10
[INFO] [stderr]    Compiling strsim v0.10.0
[INFO] [stderr]    Compiling anyhow v1.0.75
[INFO] [stderr]    Compiling unicode-segmentation v1.10.1
[INFO] [stderr]    Compiling lock_api v0.4.11
[INFO] [stderr]    Compiling winnow v0.5.19
[INFO] [stderr]    Compiling bitflags v2.4.1
[INFO] [stderr]    Compiling anstream v0.6.4
[INFO] [stderr]    Compiling bitflags v1.3.2
[INFO] [stderr]    Compiling heck v0.4.1
[INFO] [stderr]    Compiling tracing-core v0.1.32
[INFO] [stderr]    Compiling clap_builder v4.4.7
[INFO] [stderr]    Compiling thread_local v1.1.7
[INFO] [stderr]    Compiling newline-converter v0.2.2
[INFO] [stderr]    Compiling nu-ansi-term v0.46.0
[INFO] [stderr]    Compiling sharded-slab v0.1.7
[INFO] [stderr]    Compiling pin-project-lite v0.2.13
[INFO] [stderr]    Compiling dyn-clone v1.0.16
[INFO] [stderr]    Compiling unicode-width v0.1.11
[INFO] [stderr]    Compiling termcolor v1.3.0
[INFO] [stderr]    Compiling quote v1.0.33
[INFO] [stderr]    Compiling signal-hook-registry v1.4.1
[INFO] [stderr]    Compiling mio v0.8.9
[INFO] [stderr]    Compiling parking_lot v0.12.1
[INFO] [stderr]    Compiling syn v2.0.39
[INFO] [stderr]    Compiling tracing-log v0.1.4
[INFO] [stderr]    Compiling indexmap v2.1.0
[INFO] [stderr]    Compiling signal-hook-mio v0.2.3
[INFO] [stderr]    Compiling crossterm v0.25.0
[INFO] [stderr]    Compiling tracing-subscriber v0.3.17
[INFO] [stderr]    Compiling is-terminal v0.4.9
[INFO] [stderr]    Compiling serde_derive v1.0.192
[INFO] [stderr]    Compiling thiserror-impl v1.0.50
[INFO] [stderr]    Compiling clap_derive v4.4.7
[INFO] [stderr]    Compiling tracing-attributes v0.1.27
[INFO] [stderr]    Compiling inquire v0.6.2
[INFO] [stderr]    Compiling tracing v0.1.40
[INFO] [stderr]    Compiling clap v4.4.7
[INFO] [stderr]    Compiling serde_spanned v0.6.4
[INFO] [stderr]    Compiling toml_datetime v0.6.5
[INFO] [stderr]    Compiling toml_edit v0.21.0
[INFO] [stderr]    Compiling toml v0.8.8
[INFO] [stderr]    Compiling cargo-hoist v0.1.11 (/opt/rustwide/workdir)
[INFO] [stderr]     Finished `release` profile [optimized] target(s) in 1m 15s
[INFO] running `Command { std: "docker" "inspect" "03c37fec6b336a0f7c4f26da324f0639144d8ef14364dfe2ecd2dd0dd664ccc5", kill_on_drop: false }`
[INFO] running `Command { std: "docker" "exec" "-e" "SOURCE_DIR=/opt/rustwide/workdir" "-e" "CARGO_HOME=/opt/rustwide/cargo-home" "-e" "RUSTUP_HOME=/opt/rustwide/rustup-home" "-e" "CARGO_TARGET_DIR=/opt/rustwide/target" "-e" "CARGO_INCREMENTAL=0" "-e" "RUST_BACKTRACE=full" "-e" "RUSTFLAGS=--cap-lints=warn" "-e" "RUSTDOCFLAGS=--cap-lints=warn" "-w" "/opt/rustwide/workdir" "--user" "0:0" "03c37fec6b336a0f7c4f26da324f0639144d8ef14364dfe2ecd2dd0dd664ccc5" "/opt/rustwide/cargo-home/bin/cargo" "+1.100.0-beta.1" "test" "--frozen" "--no-run" "--message-format=json" "--release", kill_on_drop: false }`
[INFO] [stderr] warning: Cargo.toml: file `/opt/rustwide/workdir/src/main.rs` found to be present in multiple build targets:
[INFO] [stderr]   * `bin` target `cargo-h`
[INFO] [stderr]   * `bin` target `cargo-hoist`
[INFO] [stderr] warning: `package.homepage` is redundant with `package.repository`
[INFO] [stderr]   --> Cargo.toml:61:12
[INFO] [stderr]    |
[INFO] [stderr] 61 | homepage = "https://github.com/refcell/cargo-hoist"
[INFO] [stderr]    |            ^^^^^^^^^^^^^^^^^^^^^^^^^^^^^^^^^^^^^^^^
[INFO] [stderr] ...
[INFO] [stderr] 65 | repository = "https://github.com/refcell/cargo-hoist"
[INFO] [stderr]    |              ----------------------------------------
[INFO] [stderr]    |
[INFO] [stderr]    = note: `cargo::redundant_homepage` is set to `warn` by default
[INFO] [stderr] help: consider removing `package.homepage`
[INFO] [stderr] warning: `cargo-hoist` (manifest) generated 2 warnings
[INFO] [stderr]    Compiling futures-core v0.3.29
[INFO] [stderr]    Compiling futures-channel v0.3.29
[INFO] [stderr]    Compiling memchr v2.6.4
[INFO] [stderr]    Compiling futures-task v0.3.29
[INFO] [stderr]    Compiling slab v0.4.9
[INFO] [stderr]    Compiling futures-util v0.3.29
[INFO] [stderr]    Compiling rustix v0.38.21
[INFO] [stderr]    Compiling futures-sink v0.3.29
[INFO] [stderr]    Compiling futures-io v0.3.29
[INFO] [stderr]    Compiling pin-utils v0.1.0
[INFO] [stderr]    Compiling getrandom v0.2.10
[INFO] [stderr]    Compiling predicates-core v1.0.6
[INFO] [stderr]    Compiling doc-comment v0.3.3
[INFO] [stderr]    Compiling either v1.9.0
[INFO] [stderr]    Compiling regex-automata v0.4.3
[INFO] [stderr]    Compiling termtree v0.4.1
[INFO] [stderr]    Compiling ppv-lite86 v0.2.17
[INFO] [stderr]    Compiling difflib v0.4.0
[INFO] [stderr]    Compiling dashmap v5.5.3
[INFO] [stderr]    Compiling itertools v0.11.0
[INFO] [stderr]    Compiling rand_core v0.6.4
[INFO] [stderr]    Compiling predicates-tree v1.0.9
[INFO] [stderr]    Compiling serial_test_derive v2.0.0
[INFO] [stderr]    Compiling wait-timeout v0.2.0
[INFO] [stderr]    Compiling fastrand v2.0.1
[INFO] [stderr]    Compiling rand_chacha v0.3.1
[INFO] [stderr]    Compiling rand v0.8.5
[INFO] [stderr]    Compiling bstr v1.7.0
[INFO] [stderr]    Compiling predicates v3.0.4
[INFO] [stderr]    Compiling assert_cmd v2.0.12
[INFO] [stderr]    Compiling is-terminal v0.4.9
[INFO] [stderr]    Compiling tempfile v3.8.1
[INFO] [stderr]    Compiling cargo-hoist v0.1.11 (/opt/rustwide/workdir)
[INFO] [stderr]    Compiling futures-executor v0.3.29
[INFO] [stderr]    Compiling futures v0.3.29
[INFO] [stderr]    Compiling serial_test v2.0.0
[INFO] [stderr]     Finished `release` profile [optimized] target(s) in 43.39s
[INFO] running `Command { std: "docker" "inspect" "03c37fec6b336a0f7c4f26da324f0639144d8ef14364dfe2ecd2dd0dd664ccc5", kill_on_drop: false }`
[INFO] running `Command { std: "docker" "exec" "-e" "SOURCE_DIR=/opt/rustwide/workdir" "-e" "CARGO_HOME=/opt/rustwide/cargo-home" "-e" "RUSTUP_HOME=/opt/rustwide/rustup-home" "-e" "CARGO_TARGET_DIR=/opt/rustwide/target" "-e" "CARGO_INCREMENTAL=0" "-e" "RUST_BACKTRACE=full" "-e" "RUSTFLAGS=--cap-lints=warn" "-e" "RUSTDOCFLAGS=--cap-lints=warn" "-w" "/opt/rustwide/workdir" "--user" "0:0" "03c37fec6b336a0f7c4f26da324f0639144d8ef14364dfe2ecd2dd0dd664ccc5" "/opt/rustwide/cargo-home/bin/cargo" "+1.100.0-beta.1" "test" "--frozen" "--release", kill_on_drop: false }`
[INFO] [stderr] warning: Cargo.toml: file `/opt/rustwide/workdir/src/main.rs` found to be present in multiple build targets:
[INFO] [stderr]   * `bin` target `cargo-h`
[INFO] [stderr]   * `bin` target `cargo-hoist`
[INFO] [stderr] warning: `package.homepage` is redundant with `package.repository`
[INFO] [stderr]   --> Cargo.toml:61:12
[INFO] [stderr]    |
[INFO] [stderr] 61 | homepage = "https://github.com/refcell/cargo-hoist"
[INFO] [stderr]    |            ^^^^^^^^^^^^^^^^^^^^^^^^^^^^^^^^^^^^^^^^
[INFO] [stderr] ...
[INFO] [stderr] 65 | repository = "https://github.com/refcell/cargo-hoist"
[INFO] [stderr]    |              ----------------------------------------
[INFO] [stderr]    |
[INFO] [stderr]    = note: `cargo::redundant_homepage` is set to `warn` by default
[INFO] [stderr] help: consider removing `package.homepage`
[INFO] [stderr] warning: `cargo-hoist` (manifest) generated 2 warnings
[INFO] [stderr]     Finished `release` profile [optimized] target(s) in 0.29s
[INFO] [stderr]      Running unittests src/lib.rs (/opt/rustwide/target/release/build/cargo-hoist/fbe1d094f6667720/out/cargo_hoist-fbe1d094f6667720)
[INFO] [stdout] 
[INFO] [stdout] running 20 tests
[INFO] [stdout] test binaries::tests::test_copy_to_dir ... ok
[INFO] [stdout] test project::tests::test_extract_missing_target ... ok
[INFO] [stdout] test project::tests::test_missing_target ... ok
[INFO] [stdout] test binaries::tests::test_copy_to_current_dir ... ok
[INFO] [stdout] test project::tests::test_extract_binaries_from_non_dir ... ok
[INFO] [stdout] test executables::tests::test_exec_path ... ok
[INFO] [stdout] test cli::tests::test_cli_list ... FAILED
[INFO] [stdout] test project::tests::test_get_targets ... ok
[INFO] [stdout] test registry::tests::test_install ... ok
[INFO] [stdout] test registry::tests::test_setup ... ok
[INFO] [stdout] test cli::tests::test_cli_nuke ... FAILED
[INFO] [stdout] test cli::tests::test_cli_install ... FAILED
[INFO] [stdout] test project::tests::test_extract_binaries ... ok
[INFO] [stdout] test cli::tests::test_cli_no_args ... FAILED
[INFO] [stdout] test cli::tests::test_cli_unrecognized_subcommand ... FAILED
[INFO] [stdout] [0m[32mSuccessfully hoisted [0m[35mbinary1
[INFO] [stdout] [0m[32mSuccessfully hoisted [0m[35mbinary1
[INFO] [stdout] test registry::tests::test_hoist ... ok
[INFO] [stdout] test project::tests::test_from_none_pathbuf ... ok
[INFO] [stdout] test registry::tests::test_multiple_installs ... ok
[INFO] [stdout] test registry::tests::test_nuke ... ok
[INFO] [stderr] error: test failed, to rerun pass `--lib`
[INFO] [stdout] test project::tests::test_from_none_path ... ok
[INFO] [stdout] 
[INFO] [stdout] failures:
[INFO] [stdout] 
[INFO] [stdout] ---- cli::tests::test_cli_list stdout ----
[INFO] [stdout] 
[INFO] [stdout] thread 'cli::tests::test_cli_list' (2458) panicked at src/cli.rs:156:53:
[INFO] [stdout] called `Result::unwrap()` on an `Err` value: CargoError { cause: Some(NotFoundError { path: "/opt/rustwide/target/release/build/cargo-hoist/fbe1d094f6667720/out/cargo-hoist" }) }
[INFO] [stdout] stack backtrace:
[INFO] [stdout]    0:     0x63144866ec06 - <<std[617be2ca0a6fd877]::sys::backtrace::BacktraceLock>::print::DisplayBacktrace as core[a373ad73a504971]::fmt::Display>::fmt
[INFO] [stdout]    1:     0x6314485f29ba - core[a373ad73a504971]::fmt::write
[INFO] [stdout]    2:     0x63144867764c - <alloc[2e1b2a31b91974c5]::vec::Vec<u8> as core[a373ad73a504971]::io::write::Write>::write_fmt
[INFO] [stdout]    3:     0x631448648d32 - std[617be2ca0a6fd877]::panicking::default_hook::{closure#0}
[INFO] [stdout]    4:     0x631448665781 - std[617be2ca0a6fd877]::panicking::default_hook
[INFO] [stdout]    5:     0x631448665962 - std[617be2ca0a6fd877]::panicking::panic_with_hook
[INFO] [stdout]    6:     0x631448648de2 - std[617be2ca0a6fd877]::panicking::panic_handler::{closure#0}
[INFO] [stdout]    7:     0x631448641829 - std[617be2ca0a6fd877]::sys::backtrace::__rust_end_short_backtrace::<std[617be2ca0a6fd877]::panicking::panic_handler::{closure#0}, !>
[INFO] [stdout]    8:     0x631448649b7d - __rustc[ea4f61d10b84890b]::rust_begin_unwind
[INFO] [stdout]    9:     0x6314485f30dc - core[a373ad73a504971]::panicking::panic_fmt
[INFO] [stdout]   10:     0x6314485f2eb2 - core[a373ad73a504971]::result::unwrap_failed
[INFO] [stdout]   11:     0x6314485d0b79 - <cargo_hoist[3665b7b599705f3a]::cli::tests::test_cli_list::{closure#0} as core[a373ad73a504971]::ops::function::FnOnce<()>>::call_once
[INFO] [stdout]   12:     0x63144862dd7a - serial_test[6af9d27d143a4a1b]::serial_code_lock::local_serial_core
[INFO] [stdout]   13:     0x6314485d0728 - <cargo_hoist[3665b7b599705f3a]::cli::tests::test_cli_list::{closure#0} as core[a373ad73a504971]::ops::function::FnOnce<()>>::call_once
[INFO] [stdout]   14:     0x63144867a1eb - test[aada8e7e76ba119b]::__rust_begin_short_backtrace::<core[a373ad73a504971]::result::Result<(), alloc[2e1b2a31b91974c5]::string::String>, fn() -> core[a373ad73a504971]::result::Result<(), alloc[2e1b2a31b91974c5]::string::String>>
[INFO] [stdout]   15:     0x631448688094 - test[aada8e7e76ba119b]::run_test::{closure#0}
[INFO] [stdout]   16:     0x6314486817c4 - std[617be2ca0a6fd877]::sys::backtrace::__rust_begin_short_backtrace::<test[aada8e7e76ba119b]::run_test::{closure#1}, ()>
[INFO] [stdout]   17:     0x63144868be52 - <std[617be2ca0a6fd877]::thread::lifecycle::spawn_unchecked<test[aada8e7e76ba119b]::run_test::{closure#1}, ()>::{closure#1} as core[a373ad73a504971]::ops::function::FnOnce<()>>::call_once::{shim:vtable#0}
[INFO] [stdout]   18:     0x63144866dea4 - <std[617be2ca0a6fd877]::sys::thread::unix::Thread>::new::thread_start
[INFO] [stdout]   19:     0x7f53eac7bdfa - <unknown>
[INFO] [stdout]   20:     0x7f53ead0f3d4 - clone
[INFO] [stdout]   21:                0x0 - <unknown>
[INFO] [stdout] 
[INFO] [stdout] ---- cli::tests::test_cli_nuke stdout ----
[INFO] [stdout] 
[INFO] [stdout] thread 'cli::tests::test_cli_nuke' (2460) panicked at src/cli.rs:134:53:
[INFO] [stdout] called `Result::unwrap()` on an `Err` value: CargoError { cause: Some(NotFoundError { path: "/opt/rustwide/target/release/build/cargo-hoist/fbe1d094f6667720/out/cargo-hoist" }) }
[INFO] [stdout] stack backtrace:
[INFO] [stdout]    0:     0x63144866ec06 - <<std[617be2ca0a6fd877]::sys::backtrace::BacktraceLock>::print::DisplayBacktrace as core[a373ad73a504971]::fmt::Display>::fmt
[INFO] [stdout]    1:     0x6314485f29ba - core[a373ad73a504971]::fmt::write
[INFO] [stdout]    2:     0x63144867764c - <alloc[2e1b2a31b91974c5]::vec::Vec<u8> as core[a373ad73a504971]::io::write::Write>::write_fmt
[INFO] [stdout]    3:     0x631448648d32 - std[617be2ca0a6fd877]::panicking::default_hook::{closure#0}
[INFO] [stdout]    4:     0x631448665781 - std[617be2ca0a6fd877]::panicking::default_hook
[INFO] [stdout]    5:     0x631448665962 - std[617be2ca0a6fd877]::panicking::panic_with_hook
[INFO] [stdout]    6:     0x631448648de2 - std[617be2ca0a6fd877]::panicking::panic_handler::{closure#0}
[INFO] [stdout]    7:     0x631448641829 - std[617be2ca0a6fd877]::sys::backtrace::__rust_end_short_backtrace::<std[617be2ca0a6fd877]::panicking::panic_handler::{closure#0}, !>
[INFO] [stdout]    8:     0x631448649b7d - __rustc[ea4f61d10b84890b]::rust_begin_unwind
[INFO] [stdout]    9:     0x6314485f30dc - core[a373ad73a504971]::panicking::panic_fmt
[INFO] [stdout]   10:     0x6314485f2eb2 - core[a373ad73a504971]::result::unwrap_failed
[INFO] [stdout]   11:     0x6314485d1150 - <cargo_hoist[3665b7b599705f3a]::cli::tests::test_cli_nuke::{closure#0} as core[a373ad73a504971]::ops::function::FnOnce<()>>::call_once
[INFO] [stdout]   12:     0x63144862dd7a - serial_test[6af9d27d143a4a1b]::serial_code_lock::local_serial_core
[INFO] [stdout]   13:     0x6314485d0758 - <cargo_hoist[3665b7b599705f3a]::cli::tests::test_cli_nuke::{closure#0} as core[a373ad73a504971]::ops::function::FnOnce<()>>::call_once
[INFO] [stdout]   14:     0x63144867a1eb - test[aada8e7e76ba119b]::__rust_begin_short_backtrace::<core[a373ad73a504971]::result::Result<(), alloc[2e1b2a31b91974c5]::string::String>, fn() -> core[a373ad73a504971]::result::Result<(), alloc[2e1b2a31b91974c5]::string::String>>
[INFO] [stdout]   15:     0x631448688094 - test[aada8e7e76ba119b]::run_test::{closure#0}
[INFO] [stdout]   16:     0x6314486817c4 - std[617be2ca0a6fd877]::sys::backtrace::__rust_begin_short_backtrace::<test[aada8e7e76ba119b]::run_test::{closure#1}, ()>
[INFO] [stdout]   17:     0x63144868be52 - <std[617be2ca0a6fd877]::thread::lifecycle::spawn_unchecked<test[aada8e7e76ba119b]::run_test::{closure#1}, ()>::{closure#1} as core[a373ad73a504971]::ops::function::FnOnce<()>>::call_once::{shim:vtable#0}
[INFO] [stdout]   18:     0x63144866dea4 - <std[617be2ca0a6fd877]::sys::thread::unix::Thread>::new::thread_start
[INFO] [stdout]   19:     0x7f53eac7bdfa - <unknown>
[INFO] [stdout]   20:     0x7f53ead0f3d4 - clone
[INFO] [stdout]   21:                0x0 - <unknown>
[INFO] [stdout] 
[INFO] [stdout] ---- cli::tests::test_cli_install stdout ----
[INFO] [stdout] 
[INFO] [stdout] thread 'cli::tests::test_cli_install' (2457) panicked at src/cli.rs:143:53:
[INFO] [stdout] called `Result::unwrap()` on an `Err` value: CargoError { cause: Some(NotFoundError { path: "/opt/rustwide/target/release/build/cargo-hoist/fbe1d094f6667720/out/cargo-hoist" }) }
[INFO] [stdout] stack backtrace:
[INFO] [stdout]    0:     0x63144866ec06 - <<std[617be2ca0a6fd877]::sys::backtrace::BacktraceLock>::print::DisplayBacktrace as core[a373ad73a504971]::fmt::Display>::fmt
[INFO] [stdout]    1:     0x6314485f29ba - core[a373ad73a504971]::fmt::write
[INFO] [stdout]    2:     0x63144867764c - <alloc[2e1b2a31b91974c5]::vec::Vec<u8> as core[a373ad73a504971]::io::write::Write>::write_fmt
[INFO] [stdout]    3:     0x631448648d32 - std[617be2ca0a6fd877]::panicking::default_hook::{closure#0}
[INFO] [stdout]    4:     0x631448665781 - std[617be2ca0a6fd877]::panicking::default_hook
[INFO] [stdout]    5:     0x631448665962 - std[617be2ca0a6fd877]::panicking::panic_with_hook
[INFO] [stdout]    6:     0x631448648de2 - std[617be2ca0a6fd877]::panicking::panic_handler::{closure#0}
[INFO] [stdout]    7:     0x631448641829 - std[617be2ca0a6fd877]::sys::backtrace::__rust_end_short_backtrace::<std[617be2ca0a6fd877]::panicking::panic_handler::{closure#0}, !>
[INFO] [stdout]    8:     0x631448649b7d - __rustc[ea4f61d10b84890b]::rust_begin_unwind
[INFO] [stdout]    9:     0x6314485f30dc - core[a373ad73a504971]::panicking::panic_fmt
[INFO] [stdout]   10:     0x6314485f2eb2 - core[a373ad73a504971]::result::unwrap_failed
[INFO] [stdout]   11:     0x6314485d1780 - <cargo_hoist[3665b7b599705f3a]::cli::tests::test_cli_install::{closure#0} as core[a373ad73a504971]::ops::function::FnOnce<()>>::call_once
[INFO] [stdout]   12:     0x63144862dd7a - serial_test[6af9d27d143a4a1b]::serial_code_lock::local_serial_core
[INFO] [stdout]   13:     0x6314485d0788 - <cargo_hoist[3665b7b599705f3a]::cli::tests::test_cli_install::{closure#0} as core[a373ad73a504971]::ops::function::FnOnce<()>>::call_once
[INFO] [stdout]   14:     0x63144867a1eb - test[aada8e7e76ba119b]::__rust_begin_short_backtrace::<core[a373ad73a504971]::result::Result<(), alloc[2e1b2a31b91974c5]::string::String>, fn() -> core[a373ad73a504971]::result::Result<(), alloc[2e1b2a31b91974c5]::string::String>>
[INFO] [stdout]   15:     0x631448688094 - test[aada8e7e76ba119b]::run_test::{closure#0}
[INFO] [stdout]   16:     0x6314486817c4 - std[617be2ca0a6fd877]::sys::backtrace::__rust_begin_short_backtrace::<test[aada8e7e76ba119b]::run_test::{closure#1}, ()>
[INFO] [stdout]   17:     0x63144868be52 - <std[617be2ca0a6fd877]::thread::lifecycle::spawn_unchecked<test[aada8e7e76ba119b]::run_test::{closure#1}, ()>::{closure#1} as core[a373ad73a504971]::ops::function::FnOnce<()>>::call_once::{shim:vtable#0}
[INFO] [stdout]   18:     0x63144866dea4 - <std[617be2ca0a6fd877]::sys::thread::unix::Thread>::new::thread_start
[INFO] [stdout]   19:     0x7f53eac7bdfa - <unknown>
[INFO] [stdout]   20:     0x7f53ead0f3d4 - clone
[INFO] [stdout]   21:                0x0 - <unknown>
[INFO] [stdout] 
[INFO] [stdout] ---- cli::tests::test_cli_no_args stdout ----
[INFO] [stdout] 
[INFO] [stdout] thread 'cli::tests::test_cli_no_args' (2459) panicked at src/cli.rs:124:53:
[INFO] [stdout] called `Result::unwrap()` on an `Err` value: CargoError { cause: Some(NotFoundError { path: "/opt/rustwide/target/release/build/cargo-hoist/fbe1d094f6667720/out/cargo-hoist" }) }
[INFO] [stdout] stack backtrace:
[INFO] [stdout]    0:     0x63144866ec06 - <<std[617be2ca0a6fd877]::sys::backtrace::BacktraceLock>::print::DisplayBacktrace as core[a373ad73a504971]::fmt::Display>::fmt
[INFO] [stdout]    1:     0x6314485f29ba - core[a373ad73a504971]::fmt::write
[INFO] [stdout]    2:     0x63144867764c - <alloc[2e1b2a31b91974c5]::vec::Vec<u8> as core[a373ad73a504971]::io::write::Write>::write_fmt
[INFO] [stdout]    3:     0x631448648d32 - std[617be2ca0a6fd877]::panicking::default_hook::{closure#0}
[INFO] [stdout]    4:     0x631448665781 - std[617be2ca0a6fd877]::panicking::default_hook
[INFO] [stdout]    5:     0x631448665962 - std[617be2ca0a6fd877]::panicking::panic_with_hook
[INFO] [stdout]    6:     0x631448648de2 - std[617be2ca0a6fd877]::panicking::panic_handler::{closure#0}
[INFO] [stdout]    7:     0x631448641829 - std[617be2ca0a6fd877]::sys::backtrace::__rust_end_short_backtrace::<std[617be2ca0a6fd877]::panicking::panic_handler::{closure#0}, !>
[INFO] [stdout]    8:     0x631448649b7d - __rustc[ea4f61d10b84890b]::rust_begin_unwind
[INFO] [stdout]    9:     0x6314485f30dc - core[a373ad73a504971]::panicking::panic_fmt
[INFO] [stdout]   10:     0x6314485f2eb2 - core[a373ad73a504971]::result::unwrap_failed
[INFO] [stdout]   11:     0x6314485d1dbb - <cargo_hoist[3665b7b599705f3a]::cli::tests::test_cli_no_args::{closure#0} as core[a373ad73a504971]::ops::function::FnOnce<()>>::call_once
[INFO] [stdout]   12:     0x63144862dd7a - serial_test[6af9d27d143a4a1b]::serial_code_lock::local_serial_core
[INFO] [stdout]   13:     0x6314485d07b8 - <cargo_hoist[3665b7b599705f3a]::cli::tests::test_cli_no_args::{closure#0} as core[a373ad73a504971]::ops::function::FnOnce<()>>::call_once
[INFO] [stdout]   14:     0x63144867a1eb - test[aada8e7e76ba119b]::__rust_begin_short_backtrace::<core[a373ad73a504971]::result::Result<(), alloc[2e1b2a31b91974c5]::string::String>, fn() -> core[a373ad73a504971]::result::Result<(), alloc[2e1b2a31b91974c5]::string::String>>
[INFO] [stdout]   15:     0x631448688094 - test[aada8e7e76ba119b]::run_test::{closure#0}
[INFO] [stdout]   16:     0x6314486817c4 - std[617be2ca0a6fd877]::sys::backtrace::__rust_begin_short_backtrace::<test[aada8e7e76ba119b]::run_test::{closure#1}, ()>
[INFO] [stdout]   17:     0x63144868be52 - <std[617be2ca0a6fd877]::thread::lifecycle::spawn_unchecked<test[aada8e7e76ba119b]::run_test::{closure#1}, ()>::{closure#1} as core[a373ad73a504971]::ops::function::FnOnce<()>>::call_once::{shim:vtable#0}
[INFO] [stdout]   18:     0x63144866dea4 - <std[617be2ca0a6fd877]::sys::thread::unix::Thread>::new::thread_start
[INFO] [stdout]   19:     0x7f53eac7bdfa - <unknown>
[INFO] [stdout]   20:     0x7f53ead0f3d4 - clone
[INFO] [stdout]   21:                0x0 - <unknown>
[INFO] [stdout] 
[INFO] [stdout] ---- cli::tests::test_cli_unrecognized_subcommand stdout ----
[INFO] [stdout] 
[INFO] [stdout] thread 'cli::tests::test_cli_unrecognized_subcommand' (2461) panicked at src/cli.rs:165:53:
[INFO] [stdout] called `Result::unwrap()` on an `Err` value: CargoError { cause: Some(NotFoundError { path: "/opt/rustwide/target/release/build/cargo-hoist/fbe1d094f6667720/out/cargo-hoist" }) }
[INFO] [stdout] stack backtrace:
[INFO] [stdout]    0:     0x63144866ec06 - <<std[617be2ca0a6fd877]::sys::backtrace::BacktraceLock>::print::DisplayBacktrace as core[a373ad73a504971]::fmt::Display>::fmt
[INFO] [stdout]    1:     0x6314485f29ba - core[a373ad73a504971]::fmt::write
[INFO] [stdout]    2:     0x63144867764c - <alloc[2e1b2a31b91974c5]::vec::Vec<u8> as core[a373ad73a504971]::io::write::Write>::write_fmt
[INFO] [stdout]    3:     0x631448648d32 - std[617be2ca0a6fd877]::panicking::default_hook::{closure#0}
[INFO] [stdout]    4:     0x631448665781 - std[617be2ca0a6fd877]::panicking::default_hook
[INFO] [stdout]    5:     0x631448665962 - std[617be2ca0a6fd877]::panicking::panic_with_hook
[INFO] [stdout]    6:     0x631448648de2 - std[617be2ca0a6fd877]::panicking::panic_handler::{closure#0}
[INFO] [stdout]    7:     0x631448641829 - std[617be2ca0a6fd877]::sys::backtrace::__rust_end_short_backtrace::<std[617be2ca0a6fd877]::panicking::panic_handler::{closure#0}, !>
[INFO] [stdout]    8:     0x631448649b7d - __rustc[ea4f61d10b84890b]::rust_begin_unwind
[INFO] [stdout]    9:     0x6314485f30dc - core[a373ad73a504971]::panicking::panic_fmt
[INFO] [stdout]   10:     0x6314485f2eb2 - core[a373ad73a504971]::result::unwrap_failed
[INFO] [stdout]   11:     0x6314485d24ce - <cargo_hoist[3665b7b599705f3a]::cli::tests::test_cli_unrecognized_subcommand::{closure#0} as core[a373ad73a504971]::ops::function::FnOnce<()>>::call_once
[INFO] [stdout]   12:     0x63144862dd7a - serial_test[6af9d27d143a4a1b]::serial_code_lock::local_serial_core
[INFO] [stdout]   13:     0x6314485d07e8 - <cargo_hoist[3665b7b599705f3a]::cli::tests::test_cli_unrecognized_subcommand::{closure#0} as core[a373ad73a504971]::ops::function::FnOnce<()>>::call_once
[INFO] [stdout]   14:     0x63144867a1eb - test[aada8e7e76ba119b]::__rust_begin_short_backtrace::<core[a373ad73a504971]::result::Result<(), alloc[2e1b2a31b91974c5]::string::String>, fn() -> core[a373ad73a504971]::result::Result<(), alloc[2e1b2a31b91974c5]::string::String>>
[INFO] [stdout]   15:     0x631448688094 - test[aada8e7e76ba119b]::run_test::{closure#0}
[INFO] [stdout]   16:     0x6314486817c4 - std[617be2ca0a6fd877]::sys::backtrace::__rust_begin_short_backtrace::<test[aada8e7e76ba119b]::run_test::{closure#1}, ()>
[INFO] [stdout]   17:     0x63144868be52 - <std[617be2ca0a6fd877]::thread::lifecycle::spawn_unchecked<test[aada8e7e76ba119b]::run_test::{closure#1}, ()>::{closure#1} as core[a373ad73a504971]::ops::function::FnOnce<()>>::call_once::{shim:vtable#0}
[INFO] [stdout]   18:     0x63144866dea4 - <std[617be2ca0a6fd877]::sys::thread::unix::Thread>::new::thread_start
[INFO] [stdout]   19:     0x7f53eac7bdfa - <unknown>
[INFO] [stdout]   20:     0x7f53ead0f3d4 - clone
[INFO] [stdout]   21:                0x0 - <unknown>
[INFO] [stdout] 
[INFO] [stdout] 
[INFO] [stdout] failures:
[INFO] [stdout]     cli::tests::test_cli_install
[INFO] [stdout]     cli::tests::test_cli_list
[INFO] [stdout]     cli::tests::test_cli_no_args
[INFO] [stdout]     cli::tests::test_cli_nuke
[INFO] [stdout]     cli::tests::test_cli_unrecognized_subcommand
[INFO] [stdout] 
[INFO] [stdout] test result: FAILED. 15 passed; 5 failed; 0 ignored; 0 measured; 0 filtered out; finished in 5.08s
[INFO] [stdout] 
[INFO] running `Command { std: "docker" "inspect" "03c37fec6b336a0f7c4f26da324f0639144d8ef14364dfe2ecd2dd0dd664ccc5", kill_on_drop: false }`
[INFO] running `Command { std: "docker" "rm" "-f" "03c37fec6b336a0f7c4f26da324f0639144d8ef14364dfe2ecd2dd0dd664ccc5", kill_on_drop: false }`
[INFO] [stdout] 03c37fec6b336a0f7c4f26da324f0639144d8ef14364dfe2ecd2dd0dd664ccc5
