[INFO] fetching crate calcit_native_ffi 0.1.3...
[INFO] testing calcit_native_ffi-0.1.3 against 1.100.0-beta.1+cargoflags=--release for beta-release-1.100-2
[INFO] extracting crate calcit_native_ffi 0.1.3 into /workspace/builds/worker-4-tc2/source
[INFO] started tweaking crates.io crate calcit_native_ffi 0.1.3
[INFO] removed 0 missing tests
[INFO] finished tweaking crates.io crate calcit_native_ffi 0.1.3
[INFO] tweaked toml for crates.io crate calcit_native_ffi 0.1.3 written to /workspace/builds/worker-4-tc2/source/Cargo.toml
[INFO] validating manifest of crates.io crate calcit_native_ffi 0.1.3 on toolchain 1.100.0-beta.1
[INFO] running `Command { std: CARGO_HOME="/workspace/cargo-home" RUSTUP_HOME="/workspace/rustup-home" "/workspace/cargo-home/bin/cargo" "+1.100.0-beta.1" "metadata" "--manifest-path" "Cargo.toml" "--no-deps", kill_on_drop: false }`
[INFO] crate crates.io crate calcit_native_ffi 0.1.3 already has a lockfile, it will not be regenerated
[INFO] running `Command { std: CARGO_HOME="/workspace/cargo-home" RUSTUP_HOME="/workspace/rustup-home" "/workspace/cargo-home/bin/cargo" "+1.100.0-beta.1" "fetch" "--manifest-path" "Cargo.toml", kill_on_drop: false }`
[INFO] running `Command { std: "docker" "create" "-v" "/var/lib/crater-agent-workspace/builds/worker-4-tc2/source:/opt/rustwide/workdir:ro,Z" "-v" "/var/lib/crater-agent-workspace/builds/worker-4-tc2/target:/opt/rustwide/target:rw,Z" "-v" "/var/lib/crater-agent-workspace/cargo-home:/opt/rustwide/cargo-home:ro,Z" "-v" "/var/lib/crater-agent-workspace/rustup-home:/opt/rustwide/rustup-home:ro,Z" "-m" "1610612736" "--network" "none" "ghcr.io/rust-lang/crates-build-env/linux@sha256:77db811e55d90add9212f6832c23229e3de5f1c1f9905e8cb07319ea15df73ac" "sleep" "infinity", kill_on_drop: false }`
[INFO] [stdout] 0bd8979ba6063caf5ed00d55bff729586a5110f473ebd53b3d8d82810864b75c
[INFO] running `Command { std: "docker" "start" "0bd8979ba6063caf5ed00d55bff729586a5110f473ebd53b3d8d82810864b75c", kill_on_drop: false }`
[INFO] running `Command { std: "docker" "inspect" "0bd8979ba6063caf5ed00d55bff729586a5110f473ebd53b3d8d82810864b75c", kill_on_drop: false }`
[INFO] running `Command { std: "docker" "exec" "-e" "SOURCE_DIR=/opt/rustwide/workdir" "-e" "CARGO_HOME=/opt/rustwide/cargo-home" "-e" "RUSTUP_HOME=/opt/rustwide/rustup-home" "-e" "CARGO_TARGET_DIR=/opt/rustwide/target" "-w" "/opt/rustwide/workdir" "--user" "0:0" "0bd8979ba6063caf5ed00d55bff729586a5110f473ebd53b3d8d82810864b75c" "/opt/rustwide/cargo-home/bin/cargo" "+1.100.0-beta.1" "metadata" "--no-deps" "--format-version=1", kill_on_drop: false }`
[INFO] running `Command { std: "docker" "inspect" "0bd8979ba6063caf5ed00d55bff729586a5110f473ebd53b3d8d82810864b75c", kill_on_drop: false }`
[INFO] running `Command { std: "docker" "exec" "-e" "SOURCE_DIR=/opt/rustwide/workdir" "-e" "CARGO_HOME=/opt/rustwide/cargo-home" "-e" "RUSTUP_HOME=/opt/rustwide/rustup-home" "-e" "CARGO_TARGET_DIR=/opt/rustwide/target" "-e" "CARGO_INCREMENTAL=0" "-e" "RUST_BACKTRACE=full" "-e" "RUSTFLAGS=--cap-lints=warn" "-e" "RUSTDOCFLAGS=--cap-lints=warn" "-w" "/opt/rustwide/workdir" "--user" "0:0" "0bd8979ba6063caf5ed00d55bff729586a5110f473ebd53b3d8d82810864b75c" "/opt/rustwide/cargo-home/bin/cargo" "+1.100.0-beta.1" "build" "--frozen" "--message-format=json" "--release", kill_on_drop: false }`
[INFO] [stderr]    Compiling proc-macro2 v1.0.107
[INFO] [stderr]    Compiling quote v1.0.47
[INFO] [stderr]    Compiling unicode-ident v1.0.24
[INFO] [stderr]    Compiling serde_core v1.0.229
[INFO] [stderr]    Compiling serde v1.0.229
[INFO] [stderr]    Compiling hex v0.4.3
[INFO] [stderr]    Compiling widestring v0.4.3
[INFO] [stderr]    Compiling unicode-blocks v0.1.10
[INFO] [stderr]    Compiling lazy_static v1.5.0
[INFO] [stderr]    Compiling cjk v0.2.5
[INFO] [stderr]    Compiling syn v3.0.4
[INFO] [stderr]    Compiling serde_derive v1.0.229
[INFO] [stderr]    Compiling cirru_parser v0.2.15
[INFO] [stderr]    Compiling cirru_edn v0.8.0
[INFO] [stderr]    Compiling calcit_native_ffi v0.1.3 (/opt/rustwide/workdir)
[INFO] [stderr]     Finished `release` profile [optimized] target(s) in 21.74s
[INFO] running `Command { std: "docker" "inspect" "0bd8979ba6063caf5ed00d55bff729586a5110f473ebd53b3d8d82810864b75c", kill_on_drop: false }`
[INFO] running `Command { std: "docker" "exec" "-e" "SOURCE_DIR=/opt/rustwide/workdir" "-e" "CARGO_HOME=/opt/rustwide/cargo-home" "-e" "RUSTUP_HOME=/opt/rustwide/rustup-home" "-e" "CARGO_TARGET_DIR=/opt/rustwide/target" "-e" "CARGO_INCREMENTAL=0" "-e" "RUST_BACKTRACE=full" "-e" "RUSTFLAGS=--cap-lints=warn" "-e" "RUSTDOCFLAGS=--cap-lints=warn" "-w" "/opt/rustwide/workdir" "--user" "0:0" "0bd8979ba6063caf5ed00d55bff729586a5110f473ebd53b3d8d82810864b75c" "/opt/rustwide/cargo-home/bin/cargo" "+1.100.0-beta.1" "test" "--frozen" "--no-run" "--message-format=json" "--release", kill_on_drop: false }`
[INFO] [stderr]    Compiling calcit_native_ffi v0.1.3 (/opt/rustwide/workdir)
[INFO] [stderr]     Finished `release` profile [optimized] target(s) in 1.78s
[INFO] running `Command { std: "docker" "inspect" "0bd8979ba6063caf5ed00d55bff729586a5110f473ebd53b3d8d82810864b75c", kill_on_drop: false }`
[INFO] running `Command { std: "docker" "exec" "-e" "SOURCE_DIR=/opt/rustwide/workdir" "-e" "CARGO_HOME=/opt/rustwide/cargo-home" "-e" "RUSTUP_HOME=/opt/rustwide/rustup-home" "-e" "CARGO_TARGET_DIR=/opt/rustwide/target" "-e" "CARGO_INCREMENTAL=0" "-e" "RUST_BACKTRACE=full" "-e" "RUSTFLAGS=--cap-lints=warn" "-e" "RUSTDOCFLAGS=--cap-lints=warn" "-w" "/opt/rustwide/workdir" "--user" "0:0" "0bd8979ba6063caf5ed00d55bff729586a5110f473ebd53b3d8d82810864b75c" "/opt/rustwide/cargo-home/bin/cargo" "+1.100.0-beta.1" "test" "--frozen" "--release", kill_on_drop: false }`
[INFO] [stderr]     Finished `release` profile [optimized] target(s) in 0.06s
[INFO] [stderr]      Running unittests src/lib.rs (/opt/rustwide/target/release/build/calcit_native_ffi/609dd17393fa2e0e/out/calcit_native_ffi-609dd17393fa2e0e)
[INFO] [stdout] 
[INFO] [stdout] running 15 tests
[INFO] [stdout] test abi::tests::descriptor_copy_rejects_version_and_size_mismatches ... ok
[INFO] [stdout] test abi::tests::abi_layouts_remain_stable_on_64_bit_targets ... ok
[INFO] [stdout] test abi::tests::host_and_module_symbol_contracts_are_canonical ... ok
[INFO] [stdout] test abi::tests::descriptor_constructors_fill_the_v1_header ... ok
[INFO] [stdout] test async_ffi::tests::cancellation_before_first_attempt_does_not_enqueue ... ok
[INFO] [stdout] test async_ffi::tests::zero_deadline_attempts_once_and_returns_queue_full ... ok
[INFO] [stdout] test async_ffi::tests::default_backpressure_policy_has_a_deadline ... ok
[INFO] [stdout] test async_ffi::tests::backpressure_policy_retries_queue_full ... ok
[INFO] [stdout] test blocking::tests::blocking_callback_copies_and_releases_host_buffer ... ok
[INFO] [stdout] test buffer::tests::invalid_buffer_metadata_is_rejected ... ok
[INFO] [stdout] test buffer::tests::output_round_trip_uses_matching_allocator ... ok
[INFO] [stdout] test edn::tests::buffer_adapter_round_trips_edn ... ok
[INFO] [stdout] test edn::tests::publish_emit_until_observes_cancellation_before_enqueue ... ok
[INFO] [stderr] error: test failed, to rerun pass `--lib`
[INFO] [stdout] test async_ffi::tests::cancellation_interrupts_retry_wait ... FAILED
[INFO] [stdout] test async_ffi::tests::deadline_does_not_enqueue_again_after_wait_expires ... FAILED
[INFO] [stdout] 
[INFO] [stdout] failures:
[INFO] [stdout] 
[INFO] [stdout] ---- async_ffi::tests::cancellation_interrupts_retry_wait stdout ----
[INFO] [stdout] 
[INFO] [stdout] thread 'async_ffi::tests::cancellation_interrupts_retry_wait' (464) panicked at src/async_ffi.rs:450:9:
[INFO] [stdout] assertion `left == right` failed
[INFO] [stdout]   left: 2
[INFO] [stdout]  right: 1
[INFO] [stdout] stack backtrace:
[INFO] [stdout]    0:     0x64e6fb7f9141 - <<std[617be2ca0a6fd877]::sys::backtrace::BacktraceLock>::print::DisplayBacktrace as core[a373ad73a504971]::fmt::Display>::fmt
[INFO] [stdout]    1:     0x64e6fb80e36a - core[a373ad73a504971]::fmt::write
[INFO] [stdout]    2:     0x64e6fb7fd35c - <alloc[2e1b2a31b91974c5]::vec::Vec<u8> as core[a373ad73a504971]::io::write::Write>::write_fmt
[INFO] [stdout]    3:     0x64e6fb7d54e6 - std[617be2ca0a6fd877]::panicking::default_hook::{closure#0}
[INFO] [stdout]    4:     0x64e6fb7f1719 - std[617be2ca0a6fd877]::panicking::default_hook
[INFO] [stdout]    5:     0x64e6fb768470 - test[aada8e7e76ba119b]::test_main_inner::{closure#0}
[INFO] [stdout]    6:     0x64e6fb7f18d2 - std[617be2ca0a6fd877]::panicking::panic_with_hook
[INFO] [stdout]    7:     0x64e6fb7d5592 - std[617be2ca0a6fd877]::panicking::panic_handler::{closure#0}
[INFO] [stdout]    8:     0x64e6fb7ce2a9 - std[617be2ca0a6fd877]::sys::backtrace::__rust_end_short_backtrace::<std[617be2ca0a6fd877]::panicking::panic_handler::{closure#0}, !>
[INFO] [stdout]    9:     0x64e6fb7d619d - __rustc[ea4f61d10b84890b]::rust_begin_unwind
[INFO] [stdout]   10:     0x64e6fb80ea9c - core[a373ad73a504971]::panicking::panic_fmt
[INFO] [stdout]   11:     0x64e6fb80e9b3 - core[a373ad73a504971]::panicking::assert_failed_inner
[INFO] [stdout]   12:     0x64e6fb7cde7a - core[a373ad73a504971]::panicking::assert_failed::<u32, u32>
[INFO] [stdout]   13:     0x64e6fb758238 - <calcit_native_ffi[fb159270f4bf1cfa]::async_ffi::tests::cancellation_interrupts_retry_wait::{closure#0} as core[a373ad73a504971]::ops::function::FnOnce<()>>::call_once
[INFO] [stdout]   14:     0x64e6fb75b8bb - test[aada8e7e76ba119b]::__rust_begin_short_backtrace::<core[a373ad73a504971]::result::Result<(), alloc[2e1b2a31b91974c5]::string::String>, fn() -> core[a373ad73a504971]::result::Result<(), alloc[2e1b2a31b91974c5]::string::String>>
[INFO] [stdout]   15:     0x64e6fb768a95 - test[aada8e7e76ba119b]::run_test::{closure#0}
[INFO] [stdout]   16:     0x64e6fb762384 - std[617be2ca0a6fd877]::sys::backtrace::__rust_begin_short_backtrace::<test[aada8e7e76ba119b]::run_test::{closure#1}, ()>
[INFO] [stdout]   17:     0x64e6fb76bb22 - <std[617be2ca0a6fd877]::thread::lifecycle::spawn_unchecked<test[aada8e7e76ba119b]::run_test::{closure#1}, ()>::{closure#1} as core[a373ad73a504971]::ops::function::FnOnce<()>>::call_once::{shim:vtable#0}
[INFO] [stdout]   18:     0x64e6fb7f899f - <std[617be2ca0a6fd877]::sys::thread::unix::Thread>::new::thread_start
[INFO] [stdout]   19:     0x74ad9bc10dfa - <unknown>
[INFO] [stdout]   20:     0x74ad9bca43d4 - clone
[INFO] [stdout]   21:                0x0 - <unknown>
[INFO] [stdout] 
[INFO] [stdout] ---- async_ffi::tests::deadline_does_not_enqueue_again_after_wait_expires stdout ----
[INFO] [stdout] 
[INFO] [stdout] thread 'async_ffi::tests::deadline_does_not_enqueue_again_after_wait_expires' (465) panicked at src/async_ffi.rs:408:9:
[INFO] [stdout] assertion `left == right` failed
[INFO] [stdout]   left: 2
[INFO] [stdout]  right: 1
[INFO] [stdout] stack backtrace:
[INFO] [stdout]    0:     0x64e6fb7f9141 - <<std[617be2ca0a6fd877]::sys::backtrace::BacktraceLock>::print::DisplayBacktrace as core[a373ad73a504971]::fmt::Display>::fmt
[INFO] [stdout]    1:     0x64e6fb80e36a - core[a373ad73a504971]::fmt::write
[INFO] [stdout]    2:     0x64e6fb7fd35c - <alloc[2e1b2a31b91974c5]::vec::Vec<u8> as core[a373ad73a504971]::io::write::Write>::write_fmt
[INFO] [stdout]    3:     0x64e6fb7d54e6 - std[617be2ca0a6fd877]::panicking::default_hook::{closure#0}
[INFO] [stdout]    4:     0x64e6fb7f1719 - std[617be2ca0a6fd877]::panicking::default_hook
[INFO] [stdout]    5:     0x64e6fb768470 - test[aada8e7e76ba119b]::test_main_inner::{closure#0}
[INFO] [stdout]    6:     0x64e6fb7f18d2 - std[617be2ca0a6fd877]::panicking::panic_with_hook
[INFO] [stdout]    7:     0x64e6fb7d5592 - std[617be2ca0a6fd877]::panicking::panic_handler::{closure#0}
[INFO] [stdout]    8:     0x64e6fb7ce2a9 - std[617be2ca0a6fd877]::sys::backtrace::__rust_end_short_backtrace::<std[617be2ca0a6fd877]::panicking::panic_handler::{closure#0}, !>
[INFO] [stdout]    9:     0x64e6fb7d619d - __rustc[ea4f61d10b84890b]::rust_begin_unwind
[INFO] [stdout]   10:     0x64e6fb80ea9c - core[a373ad73a504971]::panicking::panic_fmt
[INFO] [stdout]   11:     0x64e6fb80e9b3 - core[a373ad73a504971]::panicking::assert_failed_inner
[INFO] [stdout]   12:     0x64e6fb7cde7a - core[a373ad73a504971]::panicking::assert_failed::<u32, u32>
[INFO] [stdout]   13:     0x64e6fb758521 - <calcit_native_ffi[fb159270f4bf1cfa]::async_ffi::tests::deadline_does_not_enqueue_again_after_wait_expires::{closure#0} as core[a373ad73a504971]::ops::function::FnOnce<()>>::call_once
[INFO] [stdout]   14:     0x64e6fb75b8bb - test[aada8e7e76ba119b]::__rust_begin_short_backtrace::<core[a373ad73a504971]::result::Result<(), alloc[2e1b2a31b91974c5]::string::String>, fn() -> core[a373ad73a504971]::result::Result<(), alloc[2e1b2a31b91974c5]::string::String>>
[INFO] [stdout]   15:     0x64e6fb768a95 - test[aada8e7e76ba119b]::run_test::{closure#0}
[INFO] [stdout]   16:     0x64e6fb762384 - std[617be2ca0a6fd877]::sys::backtrace::__rust_begin_short_backtrace::<test[aada8e7e76ba119b]::run_test::{closure#1}, ()>
[INFO] [stdout]   17:     0x64e6fb76bb22 - <std[617be2ca0a6fd877]::thread::lifecycle::spawn_unchecked<test[aada8e7e76ba119b]::run_test::{closure#1}, ()>::{closure#1} as core[a373ad73a504971]::ops::function::FnOnce<()>>::call_once::{shim:vtable#0}
[INFO] [stdout]   18:     0x64e6fb7f899f - <std[617be2ca0a6fd877]::sys::thread::unix::Thread>::new::thread_start
[INFO] [stdout]   19:     0x74ad9bc10dfa - <unknown>
[INFO] [stdout]   20:     0x74ad9bca43d4 - clone
[INFO] [stdout]   21:                0x0 - <unknown>
[INFO] [stdout] 
[INFO] [stdout] 
[INFO] [stdout] failures:
[INFO] [stdout]     async_ffi::tests::cancellation_interrupts_retry_wait
[INFO] [stdout]     async_ffi::tests::deadline_does_not_enqueue_again_after_wait_expires
[INFO] [stdout] 
[INFO] [stdout] test result: FAILED. 13 passed; 2 failed; 0 ignored; 0 measured; 0 filtered out; finished in 0.02s
[INFO] [stdout] 
[INFO] running `Command { std: "docker" "inspect" "0bd8979ba6063caf5ed00d55bff729586a5110f473ebd53b3d8d82810864b75c", kill_on_drop: false }`
[INFO] running `Command { std: "docker" "rm" "-f" "0bd8979ba6063caf5ed00d55bff729586a5110f473ebd53b3d8d82810864b75c", kill_on_drop: false }`
[INFO] [stdout] 0bd8979ba6063caf5ed00d55bff729586a5110f473ebd53b3d8d82810864b75c
