[INFO] fetching crate bulloak 0.9.2...
[INFO] testing bulloak-0.9.2 against 1.100.0-beta.1+cargoflags=--release for beta-release-1.100-2
[INFO] extracting crate bulloak 0.9.2 into /workspace/builds/worker-4-tc2/source
[INFO] started tweaking crates.io crate bulloak 0.9.2
[INFO] removed 0 missing tests
[INFO] finished tweaking crates.io crate bulloak 0.9.2
[INFO] tweaked toml for crates.io crate bulloak 0.9.2 written to /workspace/builds/worker-4-tc2/source/Cargo.toml
[INFO] validating manifest of crates.io crate bulloak 0.9.2 on toolchain 1.100.0-beta.1
[INFO] running `Command { std: CARGO_HOME="/workspace/cargo-home" RUSTUP_HOME="/workspace/rustup-home" "/workspace/cargo-home/bin/cargo" "+1.100.0-beta.1" "metadata" "--manifest-path" "Cargo.toml" "--no-deps", kill_on_drop: false }`
[INFO] crate crates.io crate bulloak 0.9.2 already has a lockfile, it will not be regenerated
[INFO] running `Command { std: CARGO_HOME="/workspace/cargo-home" RUSTUP_HOME="/workspace/rustup-home" "/workspace/cargo-home/bin/cargo" "+1.100.0-beta.1" "fetch" "--manifest-path" "Cargo.toml", kill_on_drop: false }`
[INFO] [stderr] warning: `package.homepage` is redundant with `package.repository`
[INFO] [stderr]   --> Cargo.toml:70:12
[INFO] [stderr]    |
[INFO] [stderr] 70 | homepage = "https://github.com/alexfertel/bulloak"
[INFO] [stderr]    |            ^^^^^^^^^^^^^^^^^^^^^^^^^^^^^^^^^^^^^^^
[INFO] [stderr] ...
[INFO] [stderr] 75 | repository = "https://github.com/alexfertel/bulloak"
[INFO] [stderr]    |              ---------------------------------------
[INFO] [stderr]    |
[INFO] [stderr]    = note: `cargo::redundant_homepage` is set to `warn` by default
[INFO] [stderr] help: consider removing `package.homepage`
[INFO] [stderr] warning: `bulloak` (manifest) generated 1 warning
[INFO] running `Command { std: "docker" "create" "-v" "/var/lib/crater-agent-workspace/builds/worker-4-tc2/source:/opt/rustwide/workdir:ro,Z" "-v" "/var/lib/crater-agent-workspace/builds/worker-4-tc2/target:/opt/rustwide/target:rw,Z" "-v" "/var/lib/crater-agent-workspace/cargo-home:/opt/rustwide/cargo-home:ro,Z" "-v" "/var/lib/crater-agent-workspace/rustup-home:/opt/rustwide/rustup-home:ro,Z" "-m" "1610612736" "--network" "none" "ghcr.io/rust-lang/crates-build-env/linux@sha256:77db811e55d90add9212f6832c23229e3de5f1c1f9905e8cb07319ea15df73ac" "sleep" "infinity", kill_on_drop: false }`
[INFO] [stdout] 8f3dec9f370c5995eaa5df44dfb40fffea4e8c5d50ade594e4c02ece909ca3b7
[INFO] running `Command { std: "docker" "start" "8f3dec9f370c5995eaa5df44dfb40fffea4e8c5d50ade594e4c02ece909ca3b7", kill_on_drop: false }`
[INFO] running `Command { std: "docker" "inspect" "8f3dec9f370c5995eaa5df44dfb40fffea4e8c5d50ade594e4c02ece909ca3b7", kill_on_drop: false }`
[INFO] running `Command { std: "docker" "exec" "-e" "SOURCE_DIR=/opt/rustwide/workdir" "-e" "CARGO_HOME=/opt/rustwide/cargo-home" "-e" "RUSTUP_HOME=/opt/rustwide/rustup-home" "-e" "CARGO_TARGET_DIR=/opt/rustwide/target" "-w" "/opt/rustwide/workdir" "--user" "0:0" "8f3dec9f370c5995eaa5df44dfb40fffea4e8c5d50ade594e4c02ece909ca3b7" "/opt/rustwide/cargo-home/bin/cargo" "+1.100.0-beta.1" "metadata" "--no-deps" "--format-version=1", kill_on_drop: false }`
[INFO] running `Command { std: "docker" "inspect" "8f3dec9f370c5995eaa5df44dfb40fffea4e8c5d50ade594e4c02ece909ca3b7", kill_on_drop: false }`
[INFO] running `Command { std: "docker" "exec" "-e" "SOURCE_DIR=/opt/rustwide/workdir" "-e" "CARGO_HOME=/opt/rustwide/cargo-home" "-e" "RUSTUP_HOME=/opt/rustwide/rustup-home" "-e" "CARGO_TARGET_DIR=/opt/rustwide/target" "-e" "CARGO_INCREMENTAL=0" "-e" "RUST_BACKTRACE=full" "-e" "RUSTFLAGS=--cap-lints=warn" "-e" "RUSTDOCFLAGS=--cap-lints=warn" "-w" "/opt/rustwide/workdir" "--user" "0:0" "8f3dec9f370c5995eaa5df44dfb40fffea4e8c5d50ade594e4c02ece909ca3b7" "/opt/rustwide/cargo-home/bin/cargo" "+1.100.0-beta.1" "build" "--frozen" "--message-format=json" "--release", kill_on_drop: false }`
[INFO] [stderr] warning: `package.homepage` is redundant with `package.repository`
[INFO] [stderr]   --> Cargo.toml:70:12
[INFO] [stderr]    |
[INFO] [stderr] 70 | homepage = "https://github.com/alexfertel/bulloak"
[INFO] [stderr]    |            ^^^^^^^^^^^^^^^^^^^^^^^^^^^^^^^^^^^^^^^
[INFO] [stderr] ...
[INFO] [stderr] 75 | repository = "https://github.com/alexfertel/bulloak"
[INFO] [stderr]    |              ---------------------------------------
[INFO] [stderr]    |
[INFO] [stderr]    = note: `cargo::redundant_homepage` is set to `warn` by default
[INFO] [stderr] help: consider removing `package.homepage`
[INFO] [stderr] warning: `bulloak` (manifest) generated 1 warning
[INFO] [stderr]    Compiling proc-macro2 v1.0.85
[INFO] [stderr]    Compiling unicode-ident v1.0.12
[INFO] [stderr]    Compiling crunchy v0.2.2
[INFO] [stderr]    Compiling parking_lot_core v0.9.9
[INFO] [stderr]    Compiling lock_api v0.4.11
[INFO] [stderr]    Compiling smallvec v1.11.2
[INFO] [stderr]    Compiling rustix v0.38.25
[INFO] [stderr]    Compiling dirs-sys-next v0.1.2
[INFO] [stderr]    Compiling dirs-next v2.0.0
[INFO] [stderr]    Compiling tiny-keccak v2.0.2
[INFO] [stderr]    Compiling regex-syntax v0.8.2
[INFO] [stderr]    Compiling bitflags v2.10.0
[INFO] [stderr]    Compiling equivalent v1.0.1
[INFO] [stderr]    Compiling hashbrown v0.14.3
[INFO] [stderr]    Compiling linux-raw-sys v0.4.11
[INFO] [stderr]    Compiling term v0.7.0
[INFO] [stderr]    Compiling fixedbitset v0.4.2
[INFO] [stderr]    Compiling new_debug_unreachable v1.0.4
[INFO] [stderr]    Compiling log v0.4.20
[INFO] [stderr]    Compiling parking_lot v0.12.1
[INFO] [stderr]    Compiling bit-vec v0.6.3
[INFO] [stderr]    Compiling either v1.9.0
[INFO] [stderr]    Compiling precomputed-hash v0.1.1
[INFO] [stderr]    Compiling rand_core v0.6.4
[INFO] [stderr]    Compiling bit-set v0.5.3
[INFO] [stderr]    Compiling string_cache v0.8.7
[INFO] [stderr]    Compiling quote v1.0.36
[INFO] [stderr]    Compiling itertools v0.10.5
[INFO] [stderr]    Compiling rand v0.8.5
[INFO] [stderr]    Compiling ena v0.14.2
[INFO] [stderr]    Compiling indexmap v2.1.0
[INFO] [stderr]    Compiling syn v2.0.87
[INFO] [stderr]    Compiling ascii-canvas v3.0.0
[INFO] [stderr]    Compiling phf_shared v0.11.2
[INFO] [stderr]    Compiling regex-syntax v0.7.5
[INFO] [stderr]    Compiling regex-automata v0.4.3
[INFO] [stderr]    Compiling is-terminal v0.4.9
[INFO] [stderr]    Compiling thiserror v1.0.61
[INFO] [stderr]    Compiling diff v0.1.13
[INFO] [stderr]    Compiling serde_core v1.0.228
[INFO] [stderr]    Compiling lalrpop-util v0.20.0
[INFO] [stderr]    Compiling petgraph v0.6.4
[INFO] [stderr]    Compiling syn v1.0.109
[INFO] [stderr]    Compiling unicode-xid v0.2.4
[INFO] [stderr]    Compiling phf_generator v0.11.2
[INFO] [stderr]    Compiling serde v1.0.228
[INFO] [stderr]    Compiling cpufeatures v0.2.11
[INFO] [stderr]    Compiling anyhow v1.0.75
[INFO] [stderr]    Compiling ruint-macro v1.2.1
[INFO] [stderr]    Compiling memchr v2.6.4
[INFO] [stderr]    Compiling regex v1.10.2
[INFO] [stderr]    Compiling utf8parse v0.2.1
[INFO] [stderr]    Compiling anstyle-parse v0.2.2
[INFO] [stderr]    Compiling tracing-core v0.1.32
[INFO] [stderr]    Compiling lalrpop v0.20.0
[INFO] [stderr]    Compiling itertools v0.12.1
[INFO] [stderr]    Compiling ruint v1.17.2
[INFO] [stderr]    Compiling aho-corasick v1.1.2
[INFO] [stderr]    Compiling const-hex v1.10.0
[INFO] [stderr]    Compiling uncased v0.9.9
[INFO] [stderr]    Compiling hex-literal v0.4.1
[INFO] [stderr]    Compiling anstyle-query v1.0.0
[INFO] [stderr]    Compiling yansi v1.0.1
[INFO] [stderr]    Compiling colorchoice v1.0.0
[INFO] [stderr]    Compiling itoa v1.0.9
[INFO] [stderr]    Compiling derive_more v0.99.17
[INFO] [stderr]    Compiling bytes v1.5.0
[INFO] [stderr]    Compiling unicode-width v0.1.11
[INFO] [stderr]    Compiling pin-project-lite v0.2.13
[INFO] [stderr]    Compiling anstyle v1.0.4
[INFO] [stderr]    Compiling anstream v0.6.4
[INFO] [stderr]    Compiling ariadne v0.4.1
[INFO] [stderr]    Compiling figment v0.10.19
[INFO] [stderr]    Compiling clap_lex v0.6.0
[INFO] [stderr]    Compiling clap_builder v4.4.8
[INFO] [stderr]    Compiling owo-colors v3.5.0
[INFO] [stderr]    Compiling thiserror-impl v1.0.61
[INFO] [stderr]    Compiling phf_macros v0.11.2
[INFO] [stderr]    Compiling serde_derive v1.0.228
[INFO] [stderr]    Compiling phf v0.11.2
[INFO] [stderr]    Compiling tracing-attributes v0.1.27
[INFO] [stderr]    Compiling alloy-primitives v0.7.7
[INFO] [stderr]    Compiling tracing v0.1.40
[INFO] [stderr]    Compiling bulloak-syntax v0.9.2
[INFO] [stderr]    Compiling clap_derive v4.4.7
[INFO] [stderr]    Compiling glob v0.3.2
[INFO] [stderr]    Compiling clap v4.4.8
[INFO] [stderr]    Compiling solang-parser v0.3.5
[INFO] [stderr]    Compiling solang-forge-fmt v0.2.0
[INFO] [stderr]    Compiling bulloak-foundry v0.9.2
[INFO] [stderr]    Compiling bulloak v0.9.2 (/opt/rustwide/workdir)
[INFO] [stderr]     Finished `release` profile [optimized] target(s) in 2m 39s
[INFO] running `Command { std: "docker" "inspect" "8f3dec9f370c5995eaa5df44dfb40fffea4e8c5d50ade594e4c02ece909ca3b7", kill_on_drop: false }`
[INFO] running `Command { std: "docker" "exec" "-e" "SOURCE_DIR=/opt/rustwide/workdir" "-e" "CARGO_HOME=/opt/rustwide/cargo-home" "-e" "RUSTUP_HOME=/opt/rustwide/rustup-home" "-e" "CARGO_TARGET_DIR=/opt/rustwide/target" "-e" "CARGO_INCREMENTAL=0" "-e" "RUST_BACKTRACE=full" "-e" "RUSTFLAGS=--cap-lints=warn" "-e" "RUSTDOCFLAGS=--cap-lints=warn" "-w" "/opt/rustwide/workdir" "--user" "0:0" "8f3dec9f370c5995eaa5df44dfb40fffea4e8c5d50ade594e4c02ece909ca3b7" "/opt/rustwide/cargo-home/bin/cargo" "+1.100.0-beta.1" "test" "--frozen" "--no-run" "--message-format=json" "--release", kill_on_drop: false }`
[INFO] [stderr] warning: `package.homepage` is redundant with `package.repository`
[INFO] [stderr]   --> Cargo.toml:70:12
[INFO] [stderr]    |
[INFO] [stderr] 70 | homepage = "https://github.com/alexfertel/bulloak"
[INFO] [stderr]    |            ^^^^^^^^^^^^^^^^^^^^^^^^^^^^^^^^^^^^^^^
[INFO] [stderr] ...
[INFO] [stderr] 75 | repository = "https://github.com/alexfertel/bulloak"
[INFO] [stderr]    |              ---------------------------------------
[INFO] [stderr]    |
[INFO] [stderr]    = note: `cargo::redundant_homepage` is set to `warn` by default
[INFO] [stderr] help: consider removing `package.homepage`
[INFO] [stderr] warning: `bulloak` (manifest) generated 1 warning
[INFO] [stderr]    Compiling serde_core v1.0.228
[INFO] [stderr]    Compiling serde v1.0.228
[INFO] [stderr]    Compiling memoffset v0.9.0
[INFO] [stderr]    Compiling crossbeam-utils v0.8.16
[INFO] [stderr]    Compiling crossbeam-epoch v0.9.15
[INFO] [stderr]    Compiling num-traits v0.2.17
[INFO] [stderr]    Compiling rayon-core v1.12.0
[INFO] [stderr]    Compiling serde_json v1.0.108
[INFO] [stderr]    Compiling rustix v0.38.25
[INFO] [stderr]    Compiling ryu v1.0.15
[INFO] [stderr]    Compiling bitflags v2.10.0
[INFO] [stderr]    Compiling half v1.8.2
[INFO] [stderr]    Compiling ciborium-io v0.2.1
[INFO] [stderr]    Compiling linux-raw-sys v0.4.11
[INFO] [stderr]    Compiling plotters-backend v0.3.5
[INFO] [stderr]    Compiling ciborium-ll v0.2.1
[INFO] [stderr]    Compiling plotters-svg v0.3.5
[INFO] [stderr]    Compiling itertools v0.10.5
[INFO] [stderr]    Compiling cast v0.3.0
[INFO] [stderr]    Compiling crossbeam-deque v0.8.3
[INFO] [stderr]    Compiling walkdir v2.4.0
[INFO] [stderr]    Compiling yansi v0.5.1
[INFO] [stderr]    Compiling oorandom v11.1.3
[INFO] [stderr]    Compiling anes v0.1.6
[INFO] [stderr]    Compiling diff v0.1.13
[INFO] [stderr]    Compiling pretty_assertions v1.4.0
[INFO] [stderr]    Compiling is-terminal v0.4.9
[INFO] [stderr]    Compiling plotters v0.3.5
[INFO] [stderr]    Compiling rayon v1.8.0
[INFO] [stderr]    Compiling criterion-plot v0.5.0
[INFO] [stderr]    Compiling solang-forge-fmt v0.2.0
[INFO] [stderr]    Compiling ciborium v0.2.1
[INFO] [stderr]    Compiling figment v0.10.19
[INFO] [stderr]    Compiling tinytemplate v1.2.1
[INFO] [stderr]    Compiling criterion v0.5.1
[INFO] [stderr]    Compiling bulloak-foundry v0.9.2
[INFO] [stderr]    Compiling bulloak v0.9.2 (/opt/rustwide/workdir)
[INFO] [stderr]     Finished `release` profile [optimized] target(s) in 1m 36s
[INFO] running `Command { std: "docker" "inspect" "8f3dec9f370c5995eaa5df44dfb40fffea4e8c5d50ade594e4c02ece909ca3b7", kill_on_drop: false }`
[INFO] running `Command { std: "docker" "exec" "-e" "SOURCE_DIR=/opt/rustwide/workdir" "-e" "CARGO_HOME=/opt/rustwide/cargo-home" "-e" "RUSTUP_HOME=/opt/rustwide/rustup-home" "-e" "CARGO_TARGET_DIR=/opt/rustwide/target" "-e" "CARGO_INCREMENTAL=0" "-e" "RUST_BACKTRACE=full" "-e" "RUSTFLAGS=--cap-lints=warn" "-e" "RUSTDOCFLAGS=--cap-lints=warn" "-w" "/opt/rustwide/workdir" "--user" "0:0" "8f3dec9f370c5995eaa5df44dfb40fffea4e8c5d50ade594e4c02ece909ca3b7" "/opt/rustwide/cargo-home/bin/cargo" "+1.100.0-beta.1" "test" "--frozen" "--release", kill_on_drop: false }`
[INFO] [stderr] warning: `package.homepage` is redundant with `package.repository`
[INFO] [stderr]   --> Cargo.toml:70:12
[INFO] [stderr]    |
[INFO] [stderr] 70 | homepage = "https://github.com/alexfertel/bulloak"
[INFO] [stderr]    |            ^^^^^^^^^^^^^^^^^^^^^^^^^^^^^^^^^^^^^^^
[INFO] [stderr] ...
[INFO] [stderr] 75 | repository = "https://github.com/alexfertel/bulloak"
[INFO] [stderr]    |              ---------------------------------------
[INFO] [stderr]    |
[INFO] [stderr]    = note: `cargo::redundant_homepage` is set to `warn` by default
[INFO] [stderr] help: consider removing `package.homepage`
[INFO] [stderr] warning: `bulloak` (manifest) generated 1 warning
[INFO] [stderr]     Finished `release` profile [optimized] target(s) in 0.25s
[INFO] [stderr]      Running unittests src/main.rs (/opt/rustwide/target/release/build/bulloak/a969ac512271fe48/out/bulloak-a969ac512271fe48)
[INFO] [stdout] 
[INFO] [stdout] running 6 tests
[INFO] [stdout] test glob::tests::literal_path_round_trips ... ok
[INFO] [stdout] test glob::tests::invalid_pattern_returns_error ... ok
[INFO] [stdout] test glob::tests::forward_slash_glob_works_everywhere ... ok
[INFO] [stdout] test glob::tests::no_such_file_yields_empty ... ok
[INFO] [stdout] test glob::tests::recursive_double_star_glob ... ok
[INFO] [stdout] test glob::tests::simple_star_glob ... ok
[INFO] [stdout] 
[INFO] [stdout] test result: ok. 6 passed; 0 failed; 0 ignored; 0 measured; 0 filtered out; finished in 0.00s
[INFO] [stdout] 
[INFO] [stderr]      Running tests/check.rs (/opt/rustwide/target/release/build/bulloak/a021f95f86adcd4e/out/check-a021f95f86adcd4e)
[INFO] [stdout] 
[INFO] [stdout] running 17 tests
[INFO] [stdout] test checks_contract_name_mismatch ... FAILED
[INFO] [stdout] test checks_contract_name_mismatch_multiple_roots ... FAILED
[INFO] [stdout] test checks_missing_contract ... FAILED
[INFO] [stdout] test check_invalid_glob_warns_but_reports_success ... FAILED
[INFO] [stdout] test checks_invalid_structural_match ... FAILED
[INFO] [stdout] test checks_invalid_tree ... FAILED
[INFO] [stdout] test checks_missing_contract_identifier ... FAILED
[INFO] [stdout] test checks_modifiers_skipped_issue_81 ... FAILED
[INFO] [stdout] test checks_valid_structural_match ... FAILED
[INFO] [stdout] test checks_missing_sol_file ... FAILED
[INFO] [stdout] test fixes_extra_fn_plus_wrong_order ... FAILED
[INFO] [stdout] test fixes_extra_codegen_tree ... FAILED
[INFO] [stdout] test checks_modifiers_skipped ... FAILED
[INFO] [stdout] test fixes_invalid_structural_match ... FAILED
[INFO] [stdout] test fixes_non_matching_contract_names ... FAILED
[INFO] [stdout] test checks_empty_contract ... FAILED
[INFO] [stdout] test fixes_contract_missing ... FAILED
[INFO] [stdout] 
[INFO] [stdout] failures:
[INFO] [stdout] 
[INFO] [stdout] ---- checks_contract_name_mismatch stdout ----
[INFO] [stdout] 
[INFO] [stdout] thread 'checks_contract_name_mismatch' (2660) panicked at tests/common/mod.rs:29:10:
[INFO] [stdout] should execute the command: Os { code: 2, kind: NotFound, message: "No such file or directory" }
[INFO] [stdout] stack backtrace:
[INFO] [stdout]    0:     0x5699cd30bd71 - <<std[617be2ca0a6fd877]::sys::backtrace::BacktraceLock>::print::DisplayBacktrace as core[a373ad73a504971]::fmt::Display>::fmt
[INFO] [stdout]    1:     0x5699cd3201aa - core[a373ad73a504971]::fmt::write
[INFO] [stdout]    2:     0x5699cd3101ec - <alloc[2e1b2a31b91974c5]::vec::Vec<u8> as core[a373ad73a504971]::io::write::Write>::write_fmt
[INFO] [stdout]    3:     0x5699cd2e7e46 - std[617be2ca0a6fd877]::panicking::default_hook::{closure#0}
[INFO] [stdout]    4:     0x5699cd304409 - std[617be2ca0a6fd877]::panicking::default_hook
[INFO] [stdout]    5:     0x5699cd29ca10 - test[aada8e7e76ba119b]::test_main_inner::{closure#0}
[INFO] [stdout]    6:     0x5699cd3045c2 - std[617be2ca0a6fd877]::panicking::panic_with_hook
[INFO] [stdout]    7:     0x5699cd2e7ef2 - std[617be2ca0a6fd877]::panicking::panic_handler::{closure#0}
[INFO] [stdout]    8:     0x5699cd2e0c09 - std[617be2ca0a6fd877]::sys::backtrace::__rust_end_short_backtrace::<std[617be2ca0a6fd877]::panicking::panic_handler::{closure#0}, !>
[INFO] [stdout]    9:     0x5699cd2e8afd - __rustc[ea4f61d10b84890b]::rust_begin_unwind
[INFO] [stdout]   10:     0x5699cd3208dc - core[a373ad73a504971]::panicking::panic_fmt
[INFO] [stdout]   11:     0x5699cd3206b2 - core[a373ad73a504971]::result::unwrap_failed
[INFO] [stdout]   12:     0x5699cd28fbcc - check[d8d29a46408f9fe4]::common::cmd
[INFO] [stdout]   13:     0x5699cd28aa7e - <check[d8d29a46408f9fe4]::checks_contract_name_mismatch::{closure#0} as core[a373ad73a504971]::ops::function::FnOnce<()>>::call_once
[INFO] [stdout]   14:     0x5699cd28fe5b - test[aada8e7e76ba119b]::__rust_begin_short_backtrace::<core[a373ad73a504971]::result::Result<(), alloc[2e1b2a31b91974c5]::string::String>, fn() -> core[a373ad73a504971]::result::Result<(), alloc[2e1b2a31b91974c5]::string::String>>
[INFO] [stdout]   15:     0x5699cd29d035 - test[aada8e7e76ba119b]::run_test::{closure#0}
[INFO] [stdout]   16:     0x5699cd296924 - std[617be2ca0a6fd877]::sys::backtrace::__rust_begin_short_backtrace::<test[aada8e7e76ba119b]::run_test::{closure#1}, ()>
[INFO] [stdout]   17:     0x5699cd2a00c2 - <std[617be2ca0a6fd877]::thread::lifecycle::spawn_unchecked<test[aada8e7e76ba119b]::run_test::{closure#1}, ()>::{closure#1} as core[a373ad73a504971]::ops::function::FnOnce<()>>::call_once::{shim:vtable#0}
[INFO] [stdout]   18:     0x5699cd30b5cf - <std[617be2ca0a6fd877]::sys::thread::unix::Thread>::new::thread_start
[INFO] [stdout]   19:     0x74c8fb5a0dfa - <unknown>
[INFO] [stdout]   20:     0x74c8fb6343d4 - clone
[INFO] [stdout]   21:                0x0 - <unknown>
[INFO] [stdout] 
[INFO] [stdout] ---- checks_contract_name_mismatch_multiple_roots stdout ----
[INFO] [stdout] 
[INFO] [stdout] thread 'checks_contract_name_mismatch_multiple_roots' (2661) panicked at tests/common/mod.rs:29:10:
[INFO] [stdout] should execute the command: Os { code: 2, kind: NotFound, message: "No such file or directory" }
[INFO] [stdout] stack backtrace:
[INFO] [stdout]    0:     0x5699cd30bd71 - <<std[617be2ca0a6fd877]::sys::backtrace::BacktraceLock>::print::DisplayBacktrace as core[a373ad73a504971]::fmt::Display>::fmt
[INFO] [stdout]    1:     0x5699cd3201aa - core[a373ad73a504971]::fmt::write
[INFO] [stdout]    2:     0x5699cd3101ec - <alloc[2e1b2a31b91974c5]::vec::Vec<u8> as core[a373ad73a504971]::io::write::Write>::write_fmt
[INFO] [stdout]    3:     0x5699cd2e7e46 - std[617be2ca0a6fd877]::panicking::default_hook::{closure#0}
[INFO] [stdout]    4:     0x5699cd304409 - std[617be2ca0a6fd877]::panicking::default_hook
[INFO] [stdout]    5:     0x5699cd29ca10 - test[aada8e7e76ba119b]::test_main_inner::{closure#0}
[INFO] [stdout]    6:     0x5699cd3045c2 - std[617be2ca0a6fd877]::panicking::panic_with_hook
[INFO] [stdout]    7:     0x5699cd2e7ef2 - std[617be2ca0a6fd877]::panicking::panic_handler::{closure#0}
[INFO] [stdout]    8:     0x5699cd2e0c09 - std[617be2ca0a6fd877]::sys::backtrace::__rust_end_short_backtrace::<std[617be2ca0a6fd877]::panicking::panic_handler::{closure#0}, !>
[INFO] [stdout]    9:     0x5699cd2e8afd - __rustc[ea4f61d10b84890b]::rust_begin_unwind
[INFO] [stdout]   10:     0x5699cd3208dc - core[a373ad73a504971]::panicking::panic_fmt
[INFO] [stdout]   11:     0x5699cd3206b2 - core[a373ad73a504971]::result::unwrap_failed
[INFO] [stdout]   12:     0x5699cd28fbcc - check[d8d29a46408f9fe4]::common::cmd
[INFO] [stdout]   13:     0x5699cd28d456 - <check[d8d29a46408f9fe4]::checks_contract_name_mismatch_multiple_roots::{closure#0} as core[a373ad73a504971]::ops::function::FnOnce<()>>::call_once
[INFO] [stdout]   14:     0x5699cd28fe5b - test[aada8e7e76ba119b]::__rust_begin_short_backtrace::<core[a373ad73a504971]::result::Result<(), alloc[2e1b2a31b91974c5]::string::String>, fn() -> core[a373ad73a504971]::result::Result<(), alloc[2e1b2a31b91974c5]::string::String>>
[INFO] [stdout]   15:     0x5699cd29d035 - test[aada8e7e76ba119b]::run_test::{closure#0}
[INFO] [stdout]   16:     0x5699cd296924 - std[617be2ca0a6fd877]::sys::backtrace::__rust_begin_short_backtrace::<test[aada8e7e76ba119b]::run_test::{closure#1}, ()>
[INFO] [stdout]   17:     0x5699cd2a00c2 - <std[617be2ca0a6fd877]::thread::lifecycle::spawn_unchecked<test[aada8e7e76ba119b]::run_test::{closure#1}, ()>::{closure#1} as core[a373ad73a504971]::ops::function::FnOnce<()>>::call_once::{shim:vtable#0}
[INFO] [stdout]   18:     0x5699cd30b5cf - <std[617be2ca0a6fd877]::sys::thread::unix::Thread>::new::thread_start
[INFO] [stdout]   19:     0x74c8fb5a0dfa - <unknown>
[INFO] [stdout]   20:     0x74c8fb6343d4 - clone
[INFO] [stdout]   21:                0x0 - <unknown>
[INFO] [stdout] 
[INFO] [stdout] ---- checks_missing_contract stdout ----
[INFO] [stdout] 
[INFO] [stdout] thread 'checks_missing_contract' (2665) panicked at tests/common/mod.rs:29:10:
[INFO] [stdout] should execute the command: Os { code: 2, kind: NotFound, message: "No such file or directory" }
[INFO] [stdout] stack backtrace:
[INFO] [stdout]    0:     0x5699cd30bd71 - <<std[617be2ca0a6fd877]::sys::backtrace::BacktraceLock>::print::DisplayBacktrace as core[a373ad73a504971]::fmt::Display>::fmt
[INFO] [stdout]    1:     0x5699cd3201aa - core[a373ad73a504971]::fmt::write
[INFO] [stdout]    2:     0x5699cd3101ec - <alloc[2e1b2a31b91974c5]::vec::Vec<u8> as core[a373ad73a504971]::io::write::Write>::write_fmt
[INFO] [stdout]    3:     0x5699cd2e7e46 - std[617be2ca0a6fd877]::panicking::default_hook::{closure#0}
[INFO] [stdout]    4:     0x5699cd304409 - std[617be2ca0a6fd877]::panicking::default_hook
[INFO] [stdout]    5:     0x5699cd29ca10 - test[aada8e7e76ba119b]::test_main_inner::{closure#0}
[INFO] [stdout]    6:     0x5699cd3045c2 - std[617be2ca0a6fd877]::panicking::panic_with_hook
[INFO] [stdout]    7:     0x5699cd2e7ef2 - std[617be2ca0a6fd877]::panicking::panic_handler::{closure#0}
[INFO] [stdout]    8:     0x5699cd2e0c09 - std[617be2ca0a6fd877]::sys::backtrace::__rust_end_short_backtrace::<std[617be2ca0a6fd877]::panicking::panic_handler::{closure#0}, !>
[INFO] [stdout]    9:     0x5699cd2e8afd - __rustc[ea4f61d10b84890b]::rust_begin_unwind
[INFO] [stdout]   10:     0x5699cd3208dc - core[a373ad73a504971]::panicking::panic_fmt
[INFO] [stdout]   11:     0x5699cd3206b2 - core[a373ad73a504971]::result::unwrap_failed
[INFO] [stdout]   12:     0x5699cd28fbcc - check[d8d29a46408f9fe4]::common::cmd
[INFO] [stdout]   13:     0x5699cd28995e - <check[d8d29a46408f9fe4]::checks_missing_contract::{closure#0} as core[a373ad73a504971]::ops::function::FnOnce<()>>::call_once
[INFO] [stdout]   14:     0x5699cd28fe5b - test[aada8e7e76ba119b]::__rust_begin_short_backtrace::<core[a373ad73a504971]::result::Result<(), alloc[2e1b2a31b91974c5]::string::String>, fn() -> core[a373ad73a504971]::result::Result<(), alloc[2e1b2a31b91974c5]::string::String>>
[INFO] [stdout]   15:     0x5699cd29d035 - test[aada8e7e76ba119b]::run_test::{closure#0}
[INFO] [stdout]   16:     0x5699cd296924 - std[617be2ca0a6fd877]::sys::backtrace::__rust_begin_short_backtrace::<test[aada8e7e76ba119b]::run_test::{closure#1}, ()>
[INFO] [stdout]   17:     0x5699cd2a00c2 - <std[617be2ca0a6fd877]::thread::lifecycle::spawn_unchecked<test[aada8e7e76ba119b]::run_test::{closure#1}, ()>::{closure#1} as core[a373ad73a504971]::ops::function::FnOnce<()>>::call_once::{shim:vtable#0}
[INFO] [stdout]   18:     0x5699cd30b5cf - <std[617be2ca0a6fd877]::sys::thread::unix::Thread>::new::thread_start
[INFO] [stdout]   19:     0x74c8fb5a0dfa - <unknown>
[INFO] [stdout]   20:     0x74c8fb6343d4 - clone
[INFO] [stdout]   21:                0x0 - <unknown>
[INFO] [stdout] 
[INFO] [stdout] ---- check_invalid_glob_warns_but_reports_success stdout ----
[INFO] [stdout] 
[INFO] [stdout] thread 'check_invalid_glob_warns_but_reports_success' (2659) panicked at tests/common/mod.rs:29:10:
[INFO] [stdout] should execute the command: Os { code: 2, kind: NotFound, message: "No such file or directory" }
[INFO] [stdout] stack backtrace:
[INFO] [stdout]    0:     0x5699cd30bd71 - <<std[617be2ca0a6fd877]::sys::backtrace::BacktraceLock>::print::DisplayBacktrace as core[a373ad73a504971]::fmt::Display>::fmt
[INFO] [stdout]    1:     0x5699cd3201aa - core[a373ad73a504971]::fmt::write
[INFO] [stdout]    2:     0x5699cd3101ec - <alloc[2e1b2a31b91974c5]::vec::Vec<u8> as core[a373ad73a504971]::io::write::Write>::write_fmt
[INFO] [stdout]    3:     0x5699cd2e7e46 - std[617be2ca0a6fd877]::panicking::default_hook::{closure#0}
[INFO] [stdout]    4:     0x5699cd304409 - std[617be2ca0a6fd877]::panicking::default_hook
[INFO] [stdout]    5:     0x5699cd29ca10 - test[aada8e7e76ba119b]::test_main_inner::{closure#0}
[INFO] [stdout]    6:     0x5699cd3045c2 - std[617be2ca0a6fd877]::panicking::panic_with_hook
[INFO] [stdout]    7:     0x5699cd2e7ef2 - std[617be2ca0a6fd877]::panicking::panic_handler::{closure#0}
[INFO] [stdout]    8:     0x5699cd2e0c09 - std[617be2ca0a6fd877]::sys::backtrace::__rust_end_short_backtrace::<std[617be2ca0a6fd877]::panicking::panic_handler::{closure#0}, !>
[INFO] [stdout]    9:     0x5699cd2e8afd - __rustc[ea4f61d10b84890b]::rust_begin_unwind
[INFO] [stdout]   10:     0x5699cd3208dc - core[a373ad73a504971]::panicking::panic_fmt
[INFO] [stdout]   11:     0x5699cd3206b2 - core[a373ad73a504971]::result::unwrap_failed
[INFO] [stdout]   12:     0x5699cd28fbcc - check[d8d29a46408f9fe4]::common::cmd
[INFO] [stdout]   13:     0x5699cd28cf91 - <check[d8d29a46408f9fe4]::check_invalid_glob_warns_but_reports_success::{closure#0} as core[a373ad73a504971]::ops::function::FnOnce<()>>::call_once
[INFO] [stdout]   14:     0x5699cd28fe5b - test[aada8e7e76ba119b]::__rust_begin_short_backtrace::<core[a373ad73a504971]::result::Result<(), alloc[2e1b2a31b91974c5]::string::String>, fn() -> core[a373ad73a504971]::result::Result<(), alloc[2e1b2a31b91974c5]::string::String>>
[INFO] [stdout]   15:     0x5699cd29d035 - test[aada8e7e76ba119b]::run_test::{closure#0}
[INFO] [stdout]   16:     0x5699cd296924 - std[617be2ca0a6fd877]::sys::backtrace::__rust_begin_short_backtrace::<test[aada8e7e76ba119b]::run_test::{closure#1}, ()>
[INFO] [stdout]   17:     0x5699cd2a00c2 - <std[617be2ca0a6fd877]::thread::lifecycle::spawn_unchecked<test[aada8e7e76ba119b]::run_test::{closure#1}, ()>::{closure#1} as core[a373ad73a504971]::ops::function::FnOnce<()>>::call_once::{shim:vtable#0}
[INFO] [stdout]   18:     0x5699cd30b5cf - <std[617be2ca0a6fd877]::sys::thread::unix::Thread>::new::thread_start
[INFO] [stdout]   19:     0x74c8fb5a0dfa - <unknown>
[INFO] [stdout]   20:     0x74c8fb6343d4 - clone
[INFO] [stdout]   21:                0x0 - <unknown>
[INFO] [stdout] 
[INFO] [stdout] ---- checks_invalid_structural_match stdout ----
[INFO] [stdout] 
[INFO] [stdout] thread 'checks_invalid_structural_match' (2663) panicked at tests/common/mod.rs:29:10:
[INFO] [stdout] should execute the command: Os { code: 2, kind: NotFound, message: "No such file or directory" }
[INFO] [stdout] stack backtrace:
[INFO] [stdout]    0:     0x5699cd30bd71 - <<std[617be2ca0a6fd877]::sys::backtrace::BacktraceLock>::print::DisplayBacktrace as core[a373ad73a504971]::fmt::Display>::fmt
[INFO] [stdout]    1:     0x5699cd3201aa - core[a373ad73a504971]::fmt::write
[INFO] [stdout]    2:     0x5699cd3101ec - <alloc[2e1b2a31b91974c5]::vec::Vec<u8> as core[a373ad73a504971]::io::write::Write>::write_fmt
[INFO] [stdout]    3:     0x5699cd2e7e46 - std[617be2ca0a6fd877]::panicking::default_hook::{closure#0}
[INFO] [stdout]    4:     0x5699cd304409 - std[617be2ca0a6fd877]::panicking::default_hook
[INFO] [stdout]    5:     0x5699cd29ca10 - test[aada8e7e76ba119b]::test_main_inner::{closure#0}
[INFO] [stdout]    6:     0x5699cd3045c2 - std[617be2ca0a6fd877]::panicking::panic_with_hook
[INFO] [stdout]    7:     0x5699cd2e7ef2 - std[617be2ca0a6fd877]::panicking::panic_handler::{closure#0}
[INFO] [stdout]    8:     0x5699cd2e0c09 - std[617be2ca0a6fd877]::sys::backtrace::__rust_end_short_backtrace::<std[617be2ca0a6fd877]::panicking::panic_handler::{closure#0}, !>
[INFO] [stdout]    9:     0x5699cd2e8afd - __rustc[ea4f61d10b84890b]::rust_begin_unwind
[INFO] [stdout]   10:     0x5699cd3208dc - core[a373ad73a504971]::panicking::panic_fmt
[INFO] [stdout]   11:     0x5699cd3206b2 - core[a373ad73a504971]::result::unwrap_failed
[INFO] [stdout]   12:     0x5699cd28fbcc - check[d8d29a46408f9fe4]::common::cmd
[INFO] [stdout]   13:     0x5699cd28b789 - <check[d8d29a46408f9fe4]::checks_invalid_structural_match::{closure#0} as core[a373ad73a504971]::ops::function::FnOnce<()>>::call_once
[INFO] [stdout]   14:     0x5699cd28fe5b - test[aada8e7e76ba119b]::__rust_begin_short_backtrace::<core[a373ad73a504971]::result::Result<(), alloc[2e1b2a31b91974c5]::string::String>, fn() -> core[a373ad73a504971]::result::Result<(), alloc[2e1b2a31b91974c5]::string::String>>
[INFO] [stdout]   15:     0x5699cd29d035 - test[aada8e7e76ba119b]::run_test::{closure#0}
[INFO] [stdout]   16:     0x5699cd296924 - std[617be2ca0a6fd877]::sys::backtrace::__rust_begin_short_backtrace::<test[aada8e7e76ba119b]::run_test::{closure#1}, ()>
[INFO] [stdout]   17:     0x5699cd2a00c2 - <std[617be2ca0a6fd877]::thread::lifecycle::spawn_unchecked<test[aada8e7e76ba119b]::run_test::{closure#1}, ()>::{closure#1} as core[a373ad73a504971]::ops::function::FnOnce<()>>::call_once::{shim:vtable#0}
[INFO] [stdout]   18:     0x5699cd30b5cf - <std[617be2ca0a6fd877]::sys::thread::unix::Thread>::new::thread_start
[INFO] [stdout]   19:     0x74c8fb5a0dfa - <unknown>
[INFO] [stdout]   20:     0x74c8fb6343d4 - clone
[INFO] [stdout]   21:                0x0 - <unknown>
[INFO] [stdout] 
[INFO] [stdout] ---- checks_invalid_tree stdout ----
[INFO] [stdout] 
[INFO] [stdout] thread 'checks_invalid_tree' (2664) panicked at tests/common/mod.rs:29:10:
[INFO] [stdout] should execute the command: Os { code: 2, kind: NotFound, message: "No such file or directory" }
[INFO] [stdout] stack backtrace:
[INFO] [stdout]    0:     0x5699cd30bd71 - <<std[617be2ca0a6fd877]::sys::backtrace::BacktraceLock>::print::DisplayBacktrace as core[a373ad73a504971]::fmt::Display>::fmt
[INFO] [stdout]    1:     0x5699cd3201aa - core[a373ad73a504971]::fmt::write
[INFO] [stdout]    2:     0x5699cd3101ec - <alloc[2e1b2a31b91974c5]::vec::Vec<u8> as core[a373ad73a504971]::io::write::Write>::write_fmt
[INFO] [stdout]    3:     0x5699cd2e7e46 - std[617be2ca0a6fd877]::panicking::default_hook::{closure#0}
[INFO] [stdout]    4:     0x5699cd304409 - std[617be2ca0a6fd877]::panicking::default_hook
[INFO] [stdout]    5:     0x5699cd29ca10 - test[aada8e7e76ba119b]::test_main_inner::{closure#0}
[INFO] [stdout]    6:     0x5699cd3045c2 - std[617be2ca0a6fd877]::panicking::panic_with_hook
[INFO] [stdout]    7:     0x5699cd2e7ef2 - std[617be2ca0a6fd877]::panicking::panic_handler::{closure#0}
[INFO] [stdout]    8:     0x5699cd2e0c09 - std[617be2ca0a6fd877]::sys::backtrace::__rust_end_short_backtrace::<std[617be2ca0a6fd877]::panicking::panic_handler::{closure#0}, !>
[INFO] [stdout]    9:     0x5699cd2e8afd - __rustc[ea4f61d10b84890b]::rust_begin_unwind
[INFO] [stdout]   10:     0x5699cd3208dc - core[a373ad73a504971]::panicking::panic_fmt
[INFO] [stdout]   11:     0x5699cd3206b2 - core[a373ad73a504971]::result::unwrap_failed
[INFO] [stdout]   12:     0x5699cd28fbcc - check[d8d29a46408f9fe4]::common::cmd
[INFO] [stdout]   13:     0x5699cd288dee - <check[d8d29a46408f9fe4]::checks_invalid_tree::{closure#0} as core[a373ad73a504971]::ops::function::FnOnce<()>>::call_once
[INFO] [stdout]   14:     0x5699cd28fe5b - test[aada8e7e76ba119b]::__rust_begin_short_backtrace::<core[a373ad73a504971]::result::Result<(), alloc[2e1b2a31b91974c5]::string::String>, fn() -> core[a373ad73a504971]::result::Result<(), alloc[2e1b2a31b91974c5]::string::String>>
[INFO] [stdout]   15:     0x5699cd29d035 - test[aada8e7e76ba119b]::run_test::{closure#0}
[INFO] [stdout]   16:     0x5699cd296924 - std[617be2ca0a6fd877]::sys::backtrace::__rust_begin_short_backtrace::<test[aada8e7e76ba119b]::run_test::{closure#1}, ()>
[INFO] [stdout]   17:     0x5699cd2a00c2 - <std[617be2ca0a6fd877]::thread::lifecycle::spawn_unchecked<test[aada8e7e76ba119b]::run_test::{closure#1}, ()>::{closure#1} as core[a373ad73a504971]::ops::function::FnOnce<()>>::call_once::{shim:vtable#0}
[INFO] [stdout]   18:     0x5699cd30b5cf - <std[617be2ca0a6fd877]::sys::thread::unix::Thread>::new::thread_start
[INFO] [stdout]   19:     0x74c8fb5a0dfa - <unknown>
[INFO] [stdout]   20:     0x74c8fb6343d4 - clone
[INFO] [stdout]   21:                0x0 - <unknown>
[INFO] [stdout] 
[INFO] [stdout] ---- checks_missing_contract_identifier stdout ----
[INFO] [stdout] 
[INFO] [stdout] thread 'checks_missing_contract_identifier' (2666) panicked at tests/common/mod.rs:29:10:
[INFO] [stdout] should execute the command: Os { code: 2, kind: NotFound, message: "No such file or directory" }
[INFO] [stdout] stack backtrace:
[INFO] [stdout]    0:     0x5699cd30bd71 - <<std[617be2ca0a6fd877]::sys::backtrace::BacktraceLock>::print::DisplayBacktrace as core[a373ad73a504971]::fmt::Display>::fmt
[INFO] [stdout]    1:     0x5699cd3201aa - core[a373ad73a504971]::fmt::write
[INFO] [stdout]    2:     0x5699cd3101ec - <alloc[2e1b2a31b91974c5]::vec::Vec<u8> as core[a373ad73a504971]::io::write::Write>::write_fmt
[INFO] [stdout]    3:     0x5699cd2e7e46 - std[617be2ca0a6fd877]::panicking::default_hook::{closure#0}
[INFO] [stdout]    4:     0x5699cd304409 - std[617be2ca0a6fd877]::panicking::default_hook
[INFO] [stdout]    5:     0x5699cd29ca10 - test[aada8e7e76ba119b]::test_main_inner::{closure#0}
[INFO] [stdout]    6:     0x5699cd3045c2 - std[617be2ca0a6fd877]::panicking::panic_with_hook
[INFO] [stdout]    7:     0x5699cd2e7ef2 - std[617be2ca0a6fd877]::panicking::panic_handler::{closure#0}
[INFO] [stdout]    8:     0x5699cd2e0c09 - std[617be2ca0a6fd877]::sys::backtrace::__rust_end_short_backtrace::<std[617be2ca0a6fd877]::panicking::panic_handler::{closure#0}, !>
[INFO] [stdout]    9:     0x5699cd2e8afd - __rustc[ea4f61d10b84890b]::rust_begin_unwind
[INFO] [stdout]   10:     0x5699cd3208dc - core[a373ad73a504971]::panicking::panic_fmt
[INFO] [stdout]   11:     0x5699cd3206b2 - core[a373ad73a504971]::result::unwrap_failed
[INFO] [stdout]   12:     0x5699cd28fbcc - check[d8d29a46408f9fe4]::common::cmd
[INFO] [stdout]   13:     0x5699cd28ca51 - <check[d8d29a46408f9fe4]::checks_missing_contract_identifier::{closure#0} as core[a373ad73a504971]::ops::function::FnOnce<()>>::call_once
[INFO] [stdout]   14:     0x5699cd28fe5b - test[aada8e7e76ba119b]::__rust_begin_short_backtrace::<core[a373ad73a504971]::result::Result<(), alloc[2e1b2a31b91974c5]::string::String>, fn() -> core[a373ad73a504971]::result::Result<(), alloc[2e1b2a31b91974c5]::string::String>>
[INFO] [stdout]   15:     0x5699cd29d035 - test[aada8e7e76ba119b]::run_test::{closure#0}
[INFO] [stdout]   16:     0x5699cd296924 - std[617be2ca0a6fd877]::sys::backtrace::__rust_begin_short_backtrace::<test[aada8e7e76ba119b]::run_test::{closure#1}, ()>
[INFO] [stdout]   17:     0x5699cd2a00c2 - <std[617be2ca0a6fd877]::thread::lifecycle::spawn_unchecked<test[aada8e7e76ba119b]::run_test::{closure#1}, ()>::{closure#1} as core[a373ad73a504971]::ops::function::FnOnce<()>>::call_once::{shim:vtable#0}
[INFO] [stdout]   18:     0x5699cd30b5cf - <std[617be2ca0a6fd877]::sys::thread::unix::Thread>::new::thread_start
[INFO] [stdout]   19:     0x74c8fb5a0dfa - <unknown>
[INFO] [stdout]   20:     0x74c8fb6343d4 - clone
[INFO] [stdout]   21:                0x0 - <unknown>
[INFO] [stdout] 
[INFO] [stdout] ---- checks_modifiers_skipped_issue_81 stdout ----
[INFO] [stdout] 
[INFO] [stdout] thread 'checks_modifiers_skipped_issue_81' (2676) panicked at tests/common/mod.rs:29:10:
[INFO] [stdout] should execute the command: Os { code: 2, kind: NotFound, message: "No such file or directory" }
[INFO] [stdout] stack backtrace:
[INFO] [stdout]    0:     0x5699cd30bd71 - <<std[617be2ca0a6fd877]::sys::backtrace::BacktraceLock>::print::DisplayBacktrace as core[a373ad73a504971]::fmt::Display>::fmt
[INFO] [stdout]    1:     0x5699cd3201aa - core[a373ad73a504971]::fmt::write
[INFO] [stdout]    2:     0x5699cd3101ec - <alloc[2e1b2a31b91974c5]::vec::Vec<u8> as core[a373ad73a504971]::io::write::Write>::write_fmt
[INFO] [stdout]    3:     0x5699cd2e7e46 - std[617be2ca0a6fd877]::panicking::default_hook::{closure#0}
[INFO] [stdout]    4:     0x5699cd304409 - std[617be2ca0a6fd877]::panicking::default_hook
[INFO] [stdout]    5:     0x5699cd29ca10 - test[aada8e7e76ba119b]::test_main_inner::{closure#0}
[INFO] [stdout]    6:     0x5699cd3045c2 - std[617be2ca0a6fd877]::panicking::panic_with_hook
[INFO] [stdout]    7:     0x5699cd2e7ef2 - std[617be2ca0a6fd877]::panicking::panic_handler::{closure#0}
[INFO] [stdout]    8:     0x5699cd2e0c09 - std[617be2ca0a6fd877]::sys::backtrace::__rust_end_short_backtrace::<std[617be2ca0a6fd877]::panicking::panic_handler::{closure#0}, !>
[INFO] [stdout]    9:     0x5699cd2e8afd - __rustc[ea4f61d10b84890b]::rust_begin_unwind
[INFO] [stdout]   10:     0x5699cd3208dc - core[a373ad73a504971]::panicking::panic_fmt
[INFO] [stdout]   11:     0x5699cd3206b2 - core[a373ad73a504971]::result::unwrap_failed
[INFO] [stdout]   12:     0x5699cd28fbcc - check[d8d29a46408f9fe4]::common::cmd
[INFO] [stdout]   13:     0x5699cd28c2af - <check[d8d29a46408f9fe4]::checks_modifiers_skipped_issue_81::{closure#0} as core[a373ad73a504971]::ops::function::FnOnce<()>>::call_once
[INFO] [stdout]   14:     0x5699cd28fe5b - test[aada8e7e76ba119b]::__rust_begin_short_backtrace::<core[a373ad73a504971]::result::Result<(), alloc[2e1b2a31b91974c5]::string::String>, fn() -> core[a373ad73a504971]::result::Result<(), alloc[2e1b2a31b91974c5]::string::String>>
[INFO] [stdout]   15:     0x5699cd29d035 - test[aada8e7e76ba119b]::run_test::{closure#0}
[INFO] [stdout]   16:     0x5699cd296924 - std[617be2ca0a6fd877]::sys::backtrace::__rust_begin_short_backtrace::<test[aada8e7e76ba119b]::run_test::{closure#1}, ()>
[INFO] [stdout]   17:     0x5699cd2a00c2 - <std[617be2ca0a6fd877]::thread::lifecycle::spawn_unchecked<test[aada8e7e76ba119b]::run_test::{closure#1}, ()>::{closure#1} as core[a373ad73a504971]::ops::function::FnOnce<()>>::call_once::{shim:vtable#0}
[INFO] [stdout]   18:     0x5699cd30b5cf - <std[617be2ca0a6fd877]::sys::thread::unix::Thread>::new::thread_start
[INFO] [stdout]   19:     0x74c8fb5a0dfa - <unknown>
[INFO] [stdout]   20:     0x74c8fb6343d4 - clone
[INFO] [stdout]   21:                0x0 - <unknown>
[INFO] [stdout] 
[INFO] [stdout] ---- checks_valid_structural_match stdout ----
[INFO] [stdout] 
[INFO] [stdout] thread 'checks_valid_structural_match' (2678) panicked at tests/common/mod.rs:29:10:
[INFO] [stdout] should execute the command: Os { code: 2, kind: NotFound, message: "No such file or directory" }
[INFO] [stdout] stack backtrace:
[INFO] [stdout]    0:     0x5699cd30bd71 - <<std[617be2ca0a6fd877]::sys::backtrace::BacktraceLock>::print::DisplayBacktrace as core[a373ad73a504971]::fmt::Display>::fmt
[INFO] [stdout]    1:     0x5699cd3201aa - core[a373ad73a504971]::fmt::write
[INFO] [stdout]    2:     0x5699cd3101ec - <alloc[2e1b2a31b91974c5]::vec::Vec<u8> as core[a373ad73a504971]::io::write::Write>::write_fmt
[INFO] [stdout]    3:     0x5699cd2e7e46 - std[617be2ca0a6fd877]::panicking::default_hook::{closure#0}
[INFO] [stdout]    4:     0x5699cd304409 - std[617be2ca0a6fd877]::panicking::default_hook
[INFO] [stdout]    5:     0x5699cd29ca10 - test[aada8e7e76ba119b]::test_main_inner::{closure#0}
[INFO] [stdout]    6:     0x5699cd3045c2 - std[617be2ca0a6fd877]::panicking::panic_with_hook
[INFO] [stdout]    7:     0x5699cd2e7ef2 - std[617be2ca0a6fd877]::panicking::panic_handler::{closure#0}
[INFO] [stdout]    8:     0x5699cd2e0c09 - std[617be2ca0a6fd877]::sys::backtrace::__rust_end_short_backtrace::<std[617be2ca0a6fd877]::panicking::panic_handler::{closure#0}, !>
[INFO] [stdout]    9:     0x5699cd2e8afd - __rustc[ea4f61d10b84890b]::rust_begin_unwind
[INFO] [stdout]   10:     0x5699cd3208dc - core[a373ad73a504971]::panicking::panic_fmt
[INFO] [stdout]   11:     0x5699cd3206b2 - core[a373ad73a504971]::result::unwrap_failed
[INFO] [stdout]   12:     0x5699cd28fbcc - check[d8d29a46408f9fe4]::common::cmd
[INFO] [stdout]   13:     0x5699cd28ae3c - <check[d8d29a46408f9fe4]::checks_valid_structural_match::{closure#0} as core[a373ad73a504971]::ops::function::FnOnce<()>>::call_once
[INFO] [stdout]   14:     0x5699cd28fe5b - test[aada8e7e76ba119b]::__rust_begin_short_backtrace::<core[a373ad73a504971]::result::Result<(), alloc[2e1b2a31b91974c5]::string::String>, fn() -> core[a373ad73a504971]::result::Result<(), alloc[2e1b2a31b91974c5]::string::String>>
[INFO] [stdout]   15:     0x5699cd29d035 - test[aada8e7e76ba119b]::run_test::{closure#0}
[INFO] [stdout]   16:     0x5699cd296924 - std[617be2ca0a6fd877]::sys::backtrace::__rust_begin_short_backtrace::<test[aada8e7e76ba119b]::run_test::{closure#1}, ()>
[INFO] [stdout]   17:     0x5699cd2a00c2 - <std[617be2ca0a6fd877]::thread::lifecycle::spawn_unchecked<test[aada8e7e76ba119b]::run_test::{closure#1}, ()>::{closure#1} as core[a373ad73a504971]::ops::function::FnOnce<()>>::call_once::{shim:vtable#0}
[INFO] [stdout]   18:     0x5699cd30b5cf - <std[617be2ca0a6fd877]::sys::thread::unix::Thread>::new::thread_start
[INFO] [stdout]   19:     0x74c8fb5a0dfa - <unknown>
[INFO] [stdout]   20:     0x74c8fb6343d4 - clone
[INFO] [stdout]   21:                0x0 - <unknown>
[INFO] [stdout] 
[INFO] [stdout] ---- checks_missing_sol_file stdout ----
[INFO] [stdout] 
[INFO] [stdout] thread 'checks_missing_sol_file' (2674) panicked at tests/common/mod.rs:29:10:
[INFO] [stdout] should execute the command: Os { code: 2, kind: NotFound, message: "No such file or directory" }
[INFO] [stdout] stack backtrace:
[INFO] [stdout]    0:     0x5699cd30bd71 - <<std[617be2ca0a6fd877]::sys::backtrace::BacktraceLock>::print::DisplayBacktrace as core[a373ad73a504971]::fmt::Display>::fmt
[INFO] [stdout]    1:     0x5699cd3201aa - core[a373ad73a504971]::fmt::write
[INFO] [stdout]    2:     0x5699cd3101ec - <alloc[2e1b2a31b91974c5]::vec::Vec<u8> as core[a373ad73a504971]::io::write::Write>::write_fmt
[INFO] [stdout]    3:     0x5699cd2e7e46 - std[617be2ca0a6fd877]::panicking::default_hook::{closure#0}
[INFO] [stdout]    4:     0x5699cd304409 - std[617be2ca0a6fd877]::panicking::default_hook
[INFO] [stdout]    5:     0x5699cd29ca10 - test[aada8e7e76ba119b]::test_main_inner::{closure#0}
[INFO] [stdout]    6:     0x5699cd3045c2 - std[617be2ca0a6fd877]::panicking::panic_with_hook
[INFO] [stdout]    7:     0x5699cd2e7ef2 - std[617be2ca0a6fd877]::panicking::panic_handler::{closure#0}
[INFO] [stdout]    8:     0x5699cd2e0c09 - std[617be2ca0a6fd877]::sys::backtrace::__rust_end_short_backtrace::<std[617be2ca0a6fd877]::panicking::panic_handler::{closure#0}, !>
[INFO] [stdout]    9:     0x5699cd2e8afd - __rustc[ea4f61d10b84890b]::rust_begin_unwind
[INFO] [stdout]   10:     0x5699cd3208dc - core[a373ad73a504971]::panicking::panic_fmt
[INFO] [stdout]   11:     0x5699cd3206b2 - core[a373ad73a504971]::result::unwrap_failed
[INFO] [stdout]   12:     0x5699cd28fbcc - check[d8d29a46408f9fe4]::common::cmd
[INFO] [stdout]   13:     0x5699cd289d0e - <check[d8d29a46408f9fe4]::checks_missing_sol_file::{closure#0} as core[a373ad73a504971]::ops::function::FnOnce<()>>::call_once
[INFO] [stdout]   14:     0x5699cd28fe5b - test[aada8e7e76ba119b]::__rust_begin_short_backtrace::<core[a373ad73a504971]::result::Result<(), alloc[2e1b2a31b91974c5]::string::String>, fn() -> core[a373ad73a504971]::result::Result<(), alloc[2e1b2a31b91974c5]::string::String>>
[INFO] [stdout]   15:     0x5699cd29d035 - test[aada8e7e76ba119b]::run_test::{closure#0}
[INFO] [stdout]   16:     0x5699cd296924 - std[617be2ca0a6fd877]::sys::backtrace::__rust_begin_short_backtrace::<test[aada8e7e76ba119b]::run_test::{closure#1}, ()>
[INFO] [stdout]   17:     0x5699cd2a00c2 - <std[617be2ca0a6fd877]::thread::lifecycle::spawn_unchecked<test[aada8e7e76ba119b]::run_test::{closure#1}, ()>::{closure#1} as core[a373ad73a504971]::ops::function::FnOnce<()>>::call_once::{shim:vtable#0}
[INFO] [stdout]   18:     0x5699cd30b5cf - <std[617be2ca0a6fd877]::sys::thread::unix::Thread>::new::thread_start
[INFO] [stdout]   19:     0x74c8fb5a0dfa - <unknown>
[INFO] [stdout]   20:     0x74c8fb6343d4 - clone
[INFO] [stdout]   21:                0x0 - <unknown>
[INFO] [stdout] 
[INFO] [stdout] ---- fixes_extra_fn_plus_wrong_order stdout ----
[INFO] [stdout] 
[INFO] [stdout] thread 'fixes_extra_fn_plus_wrong_order' (2683) panicked at tests/common/mod.rs:29:10:
[INFO] [stdout] should execute the command: Os { code: 2, kind: NotFound, message: "No such file or directory" }
[INFO] [stdout] stack backtrace:
[INFO] [stdout]    0:     0x5699cd30bd71 - <<std[617be2ca0a6fd877]::sys::backtrace::BacktraceLock>::print::DisplayBacktrace as core[a373ad73a504971]::fmt::Display>::fmt
[INFO] [stdout]    1:     0x5699cd3201aa - core[a373ad73a504971]::fmt::write
[INFO] [stdout]    2:     0x5699cd3101ec - <alloc[2e1b2a31b91974c5]::vec::Vec<u8> as core[a373ad73a504971]::io::write::Write>::write_fmt
[INFO] [stdout]    3:     0x5699cd2e7e46 - std[617be2ca0a6fd877]::panicking::default_hook::{closure#0}
[INFO] [stdout]    4:     0x5699cd304409 - std[617be2ca0a6fd877]::panicking::default_hook
[INFO] [stdout]    5:     0x5699cd29ca10 - test[aada8e7e76ba119b]::test_main_inner::{closure#0}
[INFO] [stdout]    6:     0x5699cd3045c2 - std[617be2ca0a6fd877]::panicking::panic_with_hook
[INFO] [stdout]    7:     0x5699cd2e7ef2 - std[617be2ca0a6fd877]::panicking::panic_handler::{closure#0}
[INFO] [stdout]    8:     0x5699cd2e0c09 - std[617be2ca0a6fd877]::sys::backtrace::__rust_end_short_backtrace::<std[617be2ca0a6fd877]::panicking::panic_handler::{closure#0}, !>
[INFO] [stdout]    9:     0x5699cd2e8afd - __rustc[ea4f61d10b84890b]::rust_begin_unwind
[INFO] [stdout]   10:     0x5699cd3208dc - core[a373ad73a504971]::panicking::panic_fmt
[INFO] [stdout]   11:     0x5699cd3206b2 - core[a373ad73a504971]::result::unwrap_failed
[INFO] [stdout]   12:     0x5699cd28fbcc - check[d8d29a46408f9fe4]::common::cmd
[INFO] [stdout]   13:     0x5699cd28becf - <check[d8d29a46408f9fe4]::fixes_extra_fn_plus_wrong_order::{closure#0} as core[a373ad73a504971]::ops::function::FnOnce<()>>::call_once
[INFO] [stdout]   14:     0x5699cd28fe5b - test[aada8e7e76ba119b]::__rust_begin_short_backtrace::<core[a373ad73a504971]::result::Result<(), alloc[2e1b2a31b91974c5]::string::String>, fn() -> core[a373ad73a504971]::result::Result<(), alloc[2e1b2a31b91974c5]::string::String>>
[INFO] [stdout]   15:     0x5699cd29d035 - test[aada8e7e76ba119b]::run_test::{closure#0}
[INFO] [stdout]   16:     0x5699cd296924 - std[617be2ca0a6fd877]::sys::backtrace::__rust_begin_short_backtrace::<test[aada8e7e76ba119b]::run_test::{closure#1}, ()>
[INFO] [stdout]   17:     0x5699cd2a00c2 - <std[617be2ca0a6fd877]::thread::lifecycle::spawn_unchecked<test[aada8e7e76ba119b]::run_test::{closure#1}, ()>::{closure#1} as core[a373ad73a504971]::ops::function::FnOnce<()>>::call_once::{shim:vtable#0}
[INFO] [stdout]   18:     0x5699cd30b5cf - <std[617be2ca0a6fd877]::sys::thread::unix::Thread>::new::thread_start
[INFO] [stdout]   19:     0x74c8fb5a0dfa - <unknown>
[INFO] [stdout]   20:     0x74c8fb6343d4 - clone
[INFO] [stdout]   21:                0x0 - <unknown>
[INFO] [stdout] 
[INFO] [stdout] ---- fixes_extra_codegen_tree stdout ----
[INFO] [stdout] 
[INFO] [stdout] thread 'fixes_extra_codegen_tree' (2682) panicked at tests/common/mod.rs:29:10:
[INFO] [stdout] should execute the command: Os { code: 2, kind: NotFound, message: "No such file or directory" }
[INFO] [stdout] stack backtrace:
[INFO] [stdout]    0:     0x5699cd30bd71 - <<std[617be2ca0a6fd877]::sys::backtrace::BacktraceLock>::print::DisplayBacktrace as core[a373ad73a504971]::fmt::Display>::fmt
[INFO] [stdout]    1:     0x5699cd3201aa - core[a373ad73a504971]::fmt::write
[INFO] [stdout]    2:     0x5699cd3101ec - <alloc[2e1b2a31b91974c5]::vec::Vec<u8> as core[a373ad73a504971]::io::write::Write>::write_fmt
[INFO] [stdout]    3:     0x5699cd2e7e46 - std[617be2ca0a6fd877]::panicking::default_hook::{closure#0}
[INFO] [stdout]    4:     0x5699cd304409 - std[617be2ca0a6fd877]::panicking::default_hook
[INFO] [stdout]    5:     0x5699cd29ca10 - test[aada8e7e76ba119b]::test_main_inner::{closure#0}
[INFO] [stdout]    6:     0x5699cd3045c2 - std[617be2ca0a6fd877]::panicking::panic_with_hook
[INFO] [stdout]    7:     0x5699cd2e7ef2 - std[617be2ca0a6fd877]::panicking::panic_handler::{closure#0}
[INFO] [stdout]    8:     0x5699cd2e0c09 - std[617be2ca0a6fd877]::sys::backtrace::__rust_end_short_backtrace::<std[617be2ca0a6fd877]::panicking::panic_handler::{closure#0}, !>
[INFO] [stdout]    9:     0x5699cd2e8afd - __rustc[ea4f61d10b84890b]::rust_begin_unwind
[INFO] [stdout]   10:     0x5699cd3208dc - core[a373ad73a504971]::panicking::panic_fmt
[INFO] [stdout]   11:     0x5699cd3206b2 - core[a373ad73a504971]::result::unwrap_failed
[INFO] [stdout]   12:     0x5699cd28fbcc - check[d8d29a46408f9fe4]::common::cmd
[INFO] [stdout]   13:     0x5699cd28a65f - <check[d8d29a46408f9fe4]::fixes_extra_codegen_tree::{closure#0} as core[a373ad73a504971]::ops::function::FnOnce<()>>::call_once
[INFO] [stdout]   14:     0x5699cd28fe5b - test[aada8e7e76ba119b]::__rust_begin_short_backtrace::<core[a373ad73a504971]::result::Result<(), alloc[2e1b2a31b91974c5]::string::String>, fn() -> core[a373ad73a504971]::result::Result<(), alloc[2e1b2a31b91974c5]::string::String>>
[INFO] [stdout]   15:     0x5699cd29d035 - test[aada8e7e76ba119b]::run_test::{closure#0}
[INFO] [stdout]   16:     0x5699cd296924 - std[617be2ca0a6fd877]::sys::backtrace::__rust_begin_short_backtrace::<test[aada8e7e76ba119b]::run_test::{closure#1}, ()>
[INFO] [stdout]   17:     0x5699cd2a00c2 - <std[617be2ca0a6fd877]::thread::lifecycle::spawn_unchecked<test[aada8e7e76ba119b]::run_test::{closure#1}, ()>::{closure#1} as core[a373ad73a504971]::ops::function::FnOnce<()>>::call_once::{shim:vtable#0}
[INFO] [stdout]   18:     0x5699cd30b5cf - <std[617be2ca0a6fd877]::sys::thread::unix::Thread>::new::thread_start
[INFO] [stdout]   19:     0x74c8fb5a0dfa - <unknown>
[INFO] [stdout]   20:     0x74c8fb6343d4 - clone
[INFO] [stdout]   21:                0x0 - <unknown>
[INFO] [stdout] 
[INFO] [stdout] ---- checks_modifiers_skipped stdout ----
[INFO] [stdout] 
[INFO] [stdout] thread 'checks_modifiers_skipped' (2675) panicked at tests/common/mod.rs:29:10:
[INFO] [stdout] should execute the command: Os { code: 2, kind: NotFound, message: "No such file or directory" }
[INFO] [stdout] stack backtrace:
[INFO] [stdout]    0:     0x5699cd30bd71 - <<std[617be2ca0a6fd877]::sys::backtrace::BacktraceLock>::print::DisplayBacktrace as core[a373ad73a504971]::fmt::Display>::fmt
[INFO] [stdout]    1:     0x5699cd3201aa - core[a373ad73a504971]::fmt::write
[INFO] [stdout]    2:     0x5699cd3101ec - <alloc[2e1b2a31b91974c5]::vec::Vec<u8> as core[a373ad73a504971]::io::write::Write>::write_fmt
[INFO] [stdout]    3:     0x5699cd2e7e46 - std[617be2ca0a6fd877]::panicking::default_hook::{closure#0}
[INFO] [stdout]    4:     0x5699cd304409 - std[617be2ca0a6fd877]::panicking::default_hook
[INFO] [stdout]    5:     0x5699cd29ca10 - test[aada8e7e76ba119b]::test_main_inner::{closure#0}
[INFO] [stdout]    6:     0x5699cd3045c2 - std[617be2ca0a6fd877]::panicking::panic_with_hook
[INFO] [stdout]    7:     0x5699cd2e7ef2 - std[617be2ca0a6fd877]::panicking::panic_handler::{closure#0}
[INFO] [stdout]    8:     0x5699cd2e0c09 - std[617be2ca0a6fd877]::sys::backtrace::__rust_end_short_backtrace::<std[617be2ca0a6fd877]::panicking::panic_handler::{closure#0}, !>
[INFO] [stdout]    9:     0x5699cd2e8afd - __rustc[ea4f61d10b84890b]::rust_begin_unwind
[INFO] [stdout]   10:     0x5699cd3208dc - core[a373ad73a504971]::panicking::panic_fmt
[INFO] [stdout]   11:     0x5699cd3206b2 - core[a373ad73a504971]::result::unwrap_failed
[INFO] [stdout]   12:     0x5699cd28fbcc - check[d8d29a46408f9fe4]::common::cmd
[INFO] [stdout]   13:     0x5699cd28a0fd - <check[d8d29a46408f9fe4]::checks_modifiers_skipped::{closure#0} as core[a373ad73a504971]::ops::function::FnOnce<()>>::call_once
[INFO] [stdout]   14:     0x5699cd28fe5b - test[aada8e7e76ba119b]::__rust_begin_short_backtrace::<core[a373ad73a504971]::result::Result<(), alloc[2e1b2a31b91974c5]::string::String>, fn() -> core[a373ad73a504971]::result::Result<(), alloc[2e1b2a31b91974c5]::string::String>>
[INFO] [stdout]   15:     0x5699cd29d035 - test[aada8e7e76ba119b]::run_test::{closure#0}
[INFO] [stdout]   16:     0x5699cd296924 - std[617be2ca0a6fd877]::sys::backtrace::__rust_begin_short_backtrace::<test[aada8e7e76ba119b]::run_test::{closure#1}, ()>
[INFO] [stdout]   17:     0x5699cd2a00c2 - <std[617be2ca0a6fd877]::thread::lifecycle::spawn_unchecked<test[aada8e7e76ba119b]::run_test::{closure#1}, ()>::{closure#1} as core[a373ad73a504971]::ops::function::FnOnce<()>>::call_once::{shim:vtable#0}
[INFO] [stdout]   18:     0x5699cd30b5cf - <std[617be2ca0a6fd877]::sys::thread::unix::Thread>::new::thread_start
[INFO] [stdout]   19:     0x74c8fb5a0dfa - <unknown>
[INFO] [stdout]   20:     0x74c8fb6343d4 - clone
[INFO] [stdout]   21:                0x0 - <unknown>
[INFO] [stdout] 
[INFO] [stdout] ---- fixes_invalid_structural_match stdout ----
[INFO] [stdout] 
[INFO] [stdout] thread 'fixes_invalid_structural_match' (2687) panicked at tests/common/mod.rs:29:10:
[INFO] [stdout] should execute the command: Os { code: 2, kind: NotFound, message: "No such file or directory" }
[INFO] [stderr] error: test failed, to rerun pass `--test check`
[INFO] [stdout] stack backtrace:
[INFO] [stdout]    0:     0x5699cd30bd71 - <<std[617be2ca0a6fd877]::sys::backtrace::BacktraceLock>::print::DisplayBacktrace as core[a373ad73a504971]::fmt::Display>::fmt
[INFO] [stdout]    1:     0x5699cd3201aa - core[a373ad73a504971]::fmt::write
[INFO] [stdout]    2:     0x5699cd3101ec - <alloc[2e1b2a31b91974c5]::vec::Vec<u8> as core[a373ad73a504971]::io::write::Write>::write_fmt
[INFO] [stdout]    3:     0x5699cd2e7e46 - std[617be2ca0a6fd877]::panicking::default_hook::{closure#0}
[INFO] [stdout]    4:     0x5699cd304409 - std[617be2ca0a6fd877]::panicking::default_hook
[INFO] [stdout]    5:     0x5699cd29ca10 - test[aada8e7e76ba119b]::test_main_inner::{closure#0}
[INFO] [stdout]    6:     0x5699cd3045c2 - std[617be2ca0a6fd877]::panicking::panic_with_hook
[INFO] [stdout]    7:     0x5699cd2e7ef2 - std[617be2ca0a6fd877]::panicking::panic_handler::{closure#0}
[INFO] [stdout]    8:     0x5699cd2e0c09 - std[617be2ca0a6fd877]::sys::backtrace::__rust_end_short_backtrace::<std[617be2ca0a6fd877]::panicking::panic_handler::{closure#0}, !>
[INFO] [stdout]    9:     0x5699cd2e8afd - __rustc[ea4f61d10b84890b]::rust_begin_unwind
[INFO] [stdout]   10:     0x5699cd3208dc - core[a373ad73a504971]::panicking::panic_fmt
[INFO] [stdout]   11:     0x5699cd3206b2 - core[a373ad73a504971]::result::unwrap_failed
[INFO] [stdout]   12:     0x5699cd28fbcc - check[d8d29a46408f9fe4]::common::cmd
[INFO] [stdout]   13:     0x5699cd28b39c - <check[d8d29a46408f9fe4]::fixes_invalid_structural_match::{closure#0} as core[a373ad73a504971]::ops::function::FnOnce<()>>::call_once
[INFO] [stdout]   14:     0x5699cd28fe5b - test[aada8e7e76ba119b]::__rust_begin_short_backtrace::<core[a373ad73a504971]::result::Result<(), alloc[2e1b2a31b91974c5]::string::String>, fn() -> core[a373ad73a504971]::result::Result<(), alloc[2e1b2a31b91974c5]::string::String>>
[INFO] [stdout]   15:     0x5699cd29d035 - test[aada8e7e76ba119b]::run_test::{closure#0}
[INFO] [stdout]   16:     0x5699cd296924 - std[617be2ca0a6fd877]::sys::backtrace::__rust_begin_short_backtrace::<test[aada8e7e76ba119b]::run_test::{closure#1}, ()>
[INFO] [stdout]   17:     0x5699cd2a00c2 - <std[617be2ca0a6fd877]::thread::lifecycle::spawn_unchecked<test[aada8e7e76ba119b]::run_test::{closure#1}, ()>::{closure#1} as core[a373ad73a504971]::ops::function::FnOnce<()>>::call_once::{shim:vtable#0}
[INFO] [stdout]   18:     0x5699cd30b5cf - <std[617be2ca0a6fd877]::sys::thread::unix::Thread>::new::thread_start
[INFO] [stdout]   19:     0x74c8fb5a0dfa - <unknown>
[INFO] [stdout]   20:     0x74c8fb6343d4 - clone
[INFO] [stdout]   21:                0x0 - <unknown>
[INFO] [stdout] 
[INFO] [stdout] ---- fixes_non_matching_contract_names stdout ----
[INFO] [stdout] 
[INFO] [stdout] thread 'fixes_non_matching_contract_names' (2688) panicked at tests/common/mod.rs:29:10:
[INFO] [stdout] should execute the command: Os { code: 2, kind: NotFound, message: "No such file or directory" }
[INFO] [stdout] stack backtrace:
[INFO] [stdout]    0:     0x5699cd30bd71 - <<std[617be2ca0a6fd877]::sys::backtrace::BacktraceLock>::print::DisplayBacktrace as core[a373ad73a504971]::fmt::Display>::fmt
[INFO] [stdout]    1:     0x5699cd3201aa - core[a373ad73a504971]::fmt::write
[INFO] [stdout]    2:     0x5699cd3101ec - <alloc[2e1b2a31b91974c5]::vec::Vec<u8> as core[a373ad73a504971]::io::write::Write>::write_fmt
[INFO] [stdout]    3:     0x5699cd2e7e46 - std[617be2ca0a6fd877]::panicking::default_hook::{closure#0}
[INFO] [stdout]    4:     0x5699cd304409 - std[617be2ca0a6fd877]::panicking::default_hook
[INFO] [stdout]    5:     0x5699cd29ca10 - test[aada8e7e76ba119b]::test_main_inner::{closure#0}
[INFO] [stdout]    6:     0x5699cd3045c2 - std[617be2ca0a6fd877]::panicking::panic_with_hook
[INFO] [stdout]    7:     0x5699cd2e7ef2 - std[617be2ca0a6fd877]::panicking::panic_handler::{closure#0}
[INFO] [stdout]    8:     0x5699cd2e0c09 - std[617be2ca0a6fd877]::sys::backtrace::__rust_end_short_backtrace::<std[617be2ca0a6fd877]::panicking::panic_handler::{closure#0}, !>
[INFO] [stdout]    9:     0x5699cd2e8afd - __rustc[ea4f61d10b84890b]::rust_begin_unwind
[INFO] [stdout]   10:     0x5699cd3208dc - core[a373ad73a504971]::panicking::panic_fmt
[INFO] [stdout]   11:     0x5699cd3206b2 - core[a373ad73a504971]::result::unwrap_failed
[INFO] [stdout]   12:     0x5699cd28fbcc - check[d8d29a46408f9fe4]::common::cmd
[INFO] [stdout]   13:     0x5699cd28c65f - <check[d8d29a46408f9fe4]::fixes_non_matching_contract_names::{closure#0} as core[a373ad73a504971]::ops::function::FnOnce<()>>::call_once
[INFO] [stdout]   14:     0x5699cd28fe5b - test[aada8e7e76ba119b]::__rust_begin_short_backtrace::<core[a373ad73a504971]::result::Result<(), alloc[2e1b2a31b91974c5]::string::String>, fn() -> core[a373ad73a504971]::result::Result<(), alloc[2e1b2a31b91974c5]::string::String>>
[INFO] [stdout]   15:     0x5699cd29d035 - test[aada8e7e76ba119b]::run_test::{closure#0}
[INFO] [stdout]   16:     0x5699cd296924 - std[617be2ca0a6fd877]::sys::backtrace::__rust_begin_short_backtrace::<test[aada8e7e76ba119b]::run_test::{closure#1}, ()>
[INFO] [stdout]   17:     0x5699cd2a00c2 - <std[617be2ca0a6fd877]::thread::lifecycle::spawn_unchecked<test[aada8e7e76ba119b]::run_test::{closure#1}, ()>::{closure#1} as core[a373ad73a504971]::ops::function::FnOnce<()>>::call_once::{shim:vtable#0}
[INFO] [stdout]   18:     0x5699cd30b5cf - <std[617be2ca0a6fd877]::sys::thread::unix::Thread>::new::thread_start
[INFO] [stdout]   19:     0x74c8fb5a0dfa - <unknown>
[INFO] [stdout]   20:     0x74c8fb6343d4 - clone
[INFO] [stdout]   21:                0x0 - <unknown>
[INFO] [stdout] 
[INFO] [stdout] ---- checks_empty_contract stdout ----
[INFO] [stdout] 
[INFO] [stdout] thread 'checks_empty_contract' (2662) panicked at tests/common/mod.rs:29:10:
[INFO] [stdout] should execute the command: Os { code: 2, kind: NotFound, message: "No such file or directory" }
[INFO] [stdout] stack backtrace:
[INFO] [stdout]    0:     0x5699cd30bd71 - <<std[617be2ca0a6fd877]::sys::backtrace::BacktraceLock>::print::DisplayBacktrace as core[a373ad73a504971]::fmt::Display>::fmt
[INFO] [stdout]    1:     0x5699cd3201aa - core[a373ad73a504971]::fmt::write
[INFO] [stdout]    2:     0x5699cd3101ec - <alloc[2e1b2a31b91974c5]::vec::Vec<u8> as core[a373ad73a504971]::io::write::Write>::write_fmt
[INFO] [stdout]    3:     0x5699cd2e7e46 - std[617be2ca0a6fd877]::panicking::default_hook::{closure#0}
[INFO] [stdout]    4:     0x5699cd304409 - std[617be2ca0a6fd877]::panicking::default_hook
[INFO] [stdout]    5:     0x5699cd29ca10 - test[aada8e7e76ba119b]::test_main_inner::{closure#0}
[INFO] [stdout]    6:     0x5699cd3045c2 - std[617be2ca0a6fd877]::panicking::panic_with_hook
[INFO] [stdout]    7:     0x5699cd2e7ef2 - std[617be2ca0a6fd877]::panicking::panic_handler::{closure#0}
[INFO] [stdout]    8:     0x5699cd2e0c09 - std[617be2ca0a6fd877]::sys::backtrace::__rust_end_short_backtrace::<std[617be2ca0a6fd877]::panicking::panic_handler::{closure#0}, !>
[INFO] [stdout]    9:     0x5699cd2e8afd - __rustc[ea4f61d10b84890b]::rust_begin_unwind
[INFO] [stdout]   10:     0x5699cd3208dc - core[a373ad73a504971]::panicking::panic_fmt
[INFO] [stdout]   11:     0x5699cd3206b2 - core[a373ad73a504971]::result::unwrap_failed
[INFO] [stdout]   12:     0x5699cd28fbcc - check[d8d29a46408f9fe4]::common::cmd
[INFO] [stdout]   13:     0x5699cd28919e - <check[d8d29a46408f9fe4]::checks_empty_contract::{closure#0} as core[a373ad73a504971]::ops::function::FnOnce<()>>::call_once
[INFO] [stdout]   14:     0x5699cd28fe5b - test[aada8e7e76ba119b]::__rust_begin_short_backtrace::<core[a373ad73a504971]::result::Result<(), alloc[2e1b2a31b91974c5]::string::String>, fn() -> core[a373ad73a504971]::result::Result<(), alloc[2e1b2a31b91974c5]::string::String>>
[INFO] [stdout]   15:     0x5699cd29d035 - test[aada8e7e76ba119b]::run_test::{closure#0}
[INFO] [stdout]   16:     0x5699cd296924 - std[617be2ca0a6fd877]::sys::backtrace::__rust_begin_short_backtrace::<test[aada8e7e76ba119b]::run_test::{closure#1}, ()>
[INFO] [stdout]   17:     0x5699cd2a00c2 - <std[617be2ca0a6fd877]::thread::lifecycle::spawn_unchecked<test[aada8e7e76ba119b]::run_test::{closure#1}, ()>::{closure#1} as core[a373ad73a504971]::ops::function::FnOnce<()>>::call_once::{shim:vtable#0}
[INFO] [stdout]   18:     0x5699cd30b5cf - <std[617be2ca0a6fd877]::sys::thread::unix::Thread>::new::thread_start
[INFO] [stdout]   19:     0x74c8fb5a0dfa - <unknown>
[INFO] [stdout]   20:     0x74c8fb6343d4 - clone
[INFO] [stdout]   21:                0x0 - <unknown>
[INFO] [stdout] 
[INFO] [stdout] ---- fixes_contract_missing stdout ----
[INFO] [stdout] 
[INFO] [stdout] thread 'fixes_contract_missing' (2681) panicked at tests/common/mod.rs:29:10:
[INFO] [stdout] should execute the command: Os { code: 2, kind: NotFound, message: "No such file or directory" }
[INFO] [stdout] stack backtrace:
[INFO] [stdout]    0:     0x5699cd30bd71 - <<std[617be2ca0a6fd877]::sys::backtrace::BacktraceLock>::print::DisplayBacktrace as core[a373ad73a504971]::fmt::Display>::fmt
[INFO] [stdout]    1:     0x5699cd3201aa - core[a373ad73a504971]::fmt::write
[INFO] [stdout]    2:     0x5699cd3101ec - <alloc[2e1b2a31b91974c5]::vec::Vec<u8> as core[a373ad73a504971]::io::write::Write>::write_fmt
[INFO] [stdout]    3:     0x5699cd2e7e46 - std[617be2ca0a6fd877]::panicking::default_hook::{closure#0}
[INFO] [stdout]    4:     0x5699cd304409 - std[617be2ca0a6fd877]::panicking::default_hook
[INFO] [stdout]    5:     0x5699cd29ca10 - test[aada8e7e76ba119b]::test_main_inner::{closure#0}
[INFO] [stdout]    6:     0x5699cd3045c2 - std[617be2ca0a6fd877]::panicking::panic_with_hook
[INFO] [stdout]    7:     0x5699cd2e7ef2 - std[617be2ca0a6fd877]::panicking::panic_handler::{closure#0}
[INFO] [stdout]    8:     0x5699cd2e0c09 - std[617be2ca0a6fd877]::sys::backtrace::__rust_end_short_backtrace::<std[617be2ca0a6fd877]::panicking::panic_handler::{closure#0}, !>
[INFO] [stdout]    9:     0x5699cd2e8afd - __rustc[ea4f61d10b84890b]::rust_begin_unwind
[INFO] [stdout]   10:     0x5699cd3208dc - core[a373ad73a504971]::panicking::panic_fmt
[INFO] [stdout]   11:     0x5699cd3206b2 - core[a373ad73a504971]::result::unwrap_failed
[INFO] [stdout]   12:     0x5699cd28fbcc - check[d8d29a46408f9fe4]::common::cmd
[INFO] [stdout]   13:     0x5699cd28957f - <check[d8d29a46408f9fe4]::fixes_contract_missing::{closure#0} as core[a373ad73a504971]::ops::function::FnOnce<()>>::call_once
[INFO] [stdout]   14:     0x5699cd28fe5b - test[aada8e7e76ba119b]::__rust_begin_short_backtrace::<core[a373ad73a504971]::result::Result<(), alloc[2e1b2a31b91974c5]::string::String>, fn() -> core[a373ad73a504971]::result::Result<(), alloc[2e1b2a31b91974c5]::string::String>>
[INFO] [stdout]   15:     0x5699cd29d035 - test[aada8e7e76ba119b]::run_test::{closure#0}
[INFO] [stdout]   16:     0x5699cd296924 - std[617be2ca0a6fd877]::sys::backtrace::__rust_begin_short_backtrace::<test[aada8e7e76ba119b]::run_test::{closure#1}, ()>
[INFO] [stdout]   17:     0x5699cd2a00c2 - <std[617be2ca0a6fd877]::thread::lifecycle::spawn_unchecked<test[aada8e7e76ba119b]::run_test::{closure#1}, ()>::{closure#1} as core[a373ad73a504971]::ops::function::FnOnce<()>>::call_once::{shim:vtable#0}
[INFO] [stdout]   18:     0x5699cd30b5cf - <std[617be2ca0a6fd877]::sys::thread::unix::Thread>::new::thread_start
[INFO] [stdout]   19:     0x74c8fb5a0dfa - <unknown>
[INFO] [stdout]   20:     0x74c8fb6343d4 - clone
[INFO] [stdout]   21:                0x0 - <unknown>
[INFO] [stdout] 
[INFO] [stdout] 
[INFO] [stdout] failures:
[INFO] [stdout]     check_invalid_glob_warns_but_reports_success
[INFO] [stdout]     checks_contract_name_mismatch
[INFO] [stdout]     checks_contract_name_mismatch_multiple_roots
[INFO] [stdout]     checks_empty_contract
[INFO] [stdout]     checks_invalid_structural_match
[INFO] [stdout]     checks_invalid_tree
[INFO] [stdout]     checks_missing_contract
[INFO] [stdout]     checks_missing_contract_identifier
[INFO] [stdout]     checks_missing_sol_file
[INFO] [stdout]     checks_modifiers_skipped
[INFO] [stdout]     checks_modifiers_skipped_issue_81
[INFO] [stdout]     checks_valid_structural_match
[INFO] [stdout]     fixes_contract_missing
[INFO] [stdout]     fixes_extra_codegen_tree
[INFO] [stdout]     fixes_extra_fn_plus_wrong_order
[INFO] [stdout]     fixes_invalid_structural_match
[INFO] [stdout]     fixes_non_matching_contract_names
[INFO] [stdout] 
[INFO] [stdout] test result: FAILED. 0 passed; 17 failed; 0 ignored; 0 measured; 0 filtered out; finished in 0.01s
[INFO] [stdout] 
[INFO] running `Command { std: "docker" "inspect" "8f3dec9f370c5995eaa5df44dfb40fffea4e8c5d50ade594e4c02ece909ca3b7", kill_on_drop: false }`
[INFO] running `Command { std: "docker" "rm" "-f" "8f3dec9f370c5995eaa5df44dfb40fffea4e8c5d50ade594e4c02ece909ca3b7", kill_on_drop: false }`
[INFO] [stdout] 8f3dec9f370c5995eaa5df44dfb40fffea4e8c5d50ade594e4c02ece909ca3b7
