[INFO] fetching crate btctipserver 0.1.0...
[INFO] testing btctipserver-0.1.0 against 1.100.0-beta.1+cargoflags=--release for beta-release-1.100-2
[INFO] extracting crate btctipserver 0.1.0 into /workspace/builds/worker-7-tc2/source
[INFO] started tweaking crates.io crate btctipserver 0.1.0
[INFO] finished tweaking crates.io crate btctipserver 0.1.0
[INFO] tweaked toml for crates.io crate btctipserver 0.1.0 written to /workspace/builds/worker-7-tc2/source/Cargo.toml
[INFO] validating manifest of crates.io crate btctipserver 0.1.0 on toolchain 1.100.0-beta.1
[INFO] running `Command { std: CARGO_HOME="/workspace/cargo-home" RUSTUP_HOME="/workspace/rustup-home" "/workspace/cargo-home/bin/cargo" "+1.100.0-beta.1" "metadata" "--manifest-path" "Cargo.toml" "--no-deps", kill_on_drop: false }`
[INFO] crate crates.io crate btctipserver 0.1.0 already has a lockfile, it will not be regenerated
[INFO] running `Command { std: CARGO_HOME="/workspace/cargo-home" RUSTUP_HOME="/workspace/rustup-home" "/workspace/cargo-home/bin/cargo" "+1.100.0-beta.1" "fetch" "--manifest-path" "Cargo.toml", kill_on_drop: false }`
[INFO] [stderr]     Blocking waiting for file lock on package cache
[INFO] running `Command { std: "docker" "create" "-v" "/var/lib/crater-agent-workspace/builds/worker-7-tc2/source:/opt/rustwide/workdir:ro,Z" "-v" "/var/lib/crater-agent-workspace/builds/worker-7-tc2/target:/opt/rustwide/target:rw,Z" "-v" "/var/lib/crater-agent-workspace/cargo-home:/opt/rustwide/cargo-home:ro,Z" "-v" "/var/lib/crater-agent-workspace/rustup-home:/opt/rustwide/rustup-home:ro,Z" "-m" "1610612736" "--network" "none" "ghcr.io/rust-lang/crates-build-env/linux@sha256:77db811e55d90add9212f6832c23229e3de5f1c1f9905e8cb07319ea15df73ac" "sleep" "infinity", kill_on_drop: false }`
[INFO] [stdout] 593b9153729e63ae7ffb3396e7da5d256ecc7eb8408a4391ddbf0e707b5d41bd
[INFO] running `Command { std: "docker" "start" "593b9153729e63ae7ffb3396e7da5d256ecc7eb8408a4391ddbf0e707b5d41bd", kill_on_drop: false }`
[INFO] running `Command { std: "docker" "inspect" "593b9153729e63ae7ffb3396e7da5d256ecc7eb8408a4391ddbf0e707b5d41bd", kill_on_drop: false }`
[INFO] running `Command { std: "docker" "exec" "-e" "SOURCE_DIR=/opt/rustwide/workdir" "-e" "CARGO_HOME=/opt/rustwide/cargo-home" "-e" "RUSTUP_HOME=/opt/rustwide/rustup-home" "-e" "CARGO_TARGET_DIR=/opt/rustwide/target" "-w" "/opt/rustwide/workdir" "--user" "0:0" "593b9153729e63ae7ffb3396e7da5d256ecc7eb8408a4391ddbf0e707b5d41bd" "/opt/rustwide/cargo-home/bin/cargo" "+1.100.0-beta.1" "metadata" "--no-deps" "--format-version=1", kill_on_drop: false }`
[INFO] running `Command { std: "docker" "inspect" "593b9153729e63ae7ffb3396e7da5d256ecc7eb8408a4391ddbf0e707b5d41bd", kill_on_drop: false }`
[INFO] running `Command { std: "docker" "exec" "-e" "SOURCE_DIR=/opt/rustwide/workdir" "-e" "CARGO_HOME=/opt/rustwide/cargo-home" "-e" "RUSTUP_HOME=/opt/rustwide/rustup-home" "-e" "CARGO_TARGET_DIR=/opt/rustwide/target" "-e" "CARGO_INCREMENTAL=0" "-e" "RUST_BACKTRACE=full" "-e" "RUSTFLAGS=--cap-lints=warn" "-e" "RUSTDOCFLAGS=--cap-lints=warn" "-w" "/opt/rustwide/workdir" "--user" "0:0" "593b9153729e63ae7ffb3396e7da5d256ecc7eb8408a4391ddbf0e707b5d41bd" "/opt/rustwide/cargo-home/bin/cargo" "+1.100.0-beta.1" "build" "--frozen" "--message-format=json" "--release", kill_on_drop: false }`
[INFO] [stderr]    Compiling libc v0.2.86
[INFO] [stderr]    Compiling proc-macro2 v1.0.24
[INFO] [stderr]    Compiling syn v1.0.60
[INFO] [stderr]    Compiling serde_derive v1.0.123
[INFO] [stderr]    Compiling byteorder v1.4.2
[INFO] [stderr]    Compiling once_cell v1.7.0
[INFO] [stderr]    Compiling log v0.4.14
[INFO] [stderr]    Compiling serde v1.0.123
[INFO] [stderr]    Compiling getrandom v0.1.16
[INFO] [stderr]    Compiling ring v0.16.20
[INFO] [stderr]    Compiling secp256k1-sys v0.4.0
[INFO] [stderr]    Compiling proc-macro-error-attr v1.0.4
[INFO] [stderr]    Compiling proc-macro-error v1.0.4
[INFO] [stderr]    Compiling memoffset v0.6.1
[INFO] [stderr]    Compiling crossbeam-utils v0.8.3
[INFO] [stderr]    Compiling memchr v2.3.4
[INFO] [stderr]    Compiling ryu v1.0.5
[INFO] [stderr]    Compiling instant v0.1.9
[INFO] [stderr]    Compiling crc32fast v1.2.1
[INFO] [stderr]    Compiling serde_json v1.0.63
[INFO] [stderr]    Compiling quote v1.0.9
[INFO] [stderr]    Compiling smallvec v1.6.1
[INFO] [stderr]    Compiling parking_lot_core v0.8.3
[INFO] [stderr]    Compiling iovec v0.1.4
[INFO] [stderr]    Compiling rand_core v0.5.1
[INFO] [stderr]    Compiling atty v0.2.14
[INFO] [stderr]    Compiling lock_api v0.4.2
[INFO] [stderr]    Compiling base64 v0.10.1
[INFO] [stderr]    Compiling rand_chacha v0.2.2
[INFO] [stderr]    Compiling tokio v1.4.0
[INFO] [stderr]    Compiling httparse v1.3.5
[INFO] [stderr]    Compiling ahash v0.4.7
[INFO] [stderr]    Compiling unicode-segmentation v1.7.1
[INFO] [stderr]    Compiling rand v0.7.3
[INFO] [stderr]    Compiling hashbrown v0.9.1
[INFO] [stderr]    Compiling aho-corasick v0.7.15
[INFO] [stderr]    Compiling heck v0.3.2
[INFO] [stderr]    Compiling parking_lot v0.11.1
[INFO] [stderr]    Compiling crossbeam-epoch v0.9.3
[INFO] [stderr]    Compiling bytes v0.4.12
[INFO] [stderr]    Compiling fs2 v0.4.3
[INFO] [stderr]    Compiling socks v0.3.3
[INFO] [stderr]    Compiling dlv-list v0.2.2
[INFO] [stderr]    Compiling fxhash v0.2.1
[INFO] [stderr]    Compiling thread_local v1.1.3
[INFO] [stderr]    Compiling maud_htmlescape v0.17.0
[INFO] [stderr]    Compiling regex-syntax v0.6.22
[INFO] [stderr]    Compiling http v0.1.21
[INFO] [stderr]    Compiling clap v2.33.3
[INFO] [stderr]    Compiling structopt-derive v0.4.14
[INFO] [stderr]    Compiling maud_macros v0.22.2
[INFO] [stderr]    Compiling bdk-macros v0.4.0
[INFO] [stderr]    Compiling regex v1.4.3
[INFO] [stderr]    Compiling sled v0.34.6
[INFO] [stderr]    Compiling ordered-multimap v0.3.1
[INFO] [stderr]    Compiling dirs-sys-next v0.1.2
[INFO] [stderr]    Compiling time v0.1.43
[INFO] [stderr]    Compiling num_cpus v1.13.0
[INFO] [stderr]    Compiling webpki v0.21.4
[INFO] [stderr]    Compiling sct v0.6.0
[INFO] [stderr]    Compiling rustls v0.16.0
[INFO] [stderr]    Compiling webpki-roots v0.19.0
[INFO] [stderr]    Compiling log v0.3.9
[INFO] [stderr]    Compiling scoped_threadpool v0.1.9
[INFO] [stderr]    Compiling termcolor v1.1.2
[INFO] [stderr]    Compiling bmp-monochrome v1.0.0
[INFO] [stderr]    Compiling maud v0.22.2
[INFO] [stderr]    Compiling qr_code v1.1.0
[INFO] [stderr]    Compiling env_logger v0.8.3
[INFO] [stderr]    Compiling rust-ini v0.16.1
[INFO] [stderr]    Compiling simple-server v0.4.0
[INFO] [stderr]    Compiling secp256k1 v0.20.1
[INFO] [stderr]    Compiling bitcoin_hashes v0.9.4
[INFO] [stderr]    Compiling dirs-next v2.0.0
[INFO] [stderr]    Compiling structopt v0.3.21
[INFO] [stderr]    Compiling bdk-macros v0.2.0
[INFO] [stderr]    Compiling bitcoin v0.26.0
[INFO] [stderr]    Compiling electrum-client v0.7.0
[INFO] [stderr]    Compiling miniscript v5.1.0
[INFO] [stderr]    Compiling bdk v0.6.0
[INFO] [stderr]    Compiling btctipserver v0.1.0 (/opt/rustwide/workdir)
[INFO] [stderr] warning: unused dependency `bdk-macros`
[INFO] [stderr]  --> Cargo.toml:8:15
[INFO] [stderr]   |
[INFO] [stderr] 8 | [dependencies.bdk-macros]
[INFO] [stderr]   |               ^^^^^^^^^^^
[INFO] [stderr]   |
[INFO] [stderr]   = note: `cargo::unused_dependencies` is set to `warn` by default
[INFO] [stderr] help: consider removing the dependency on `bdk-macros`
[INFO] [stderr] warning: `btctipserver` (manifest) generated 1 warning
[INFO] [stderr]     Finished `release` profile [optimized] target(s) in 3m 20s
[INFO] running `Command { std: "docker" "inspect" "593b9153729e63ae7ffb3396e7da5d256ecc7eb8408a4391ddbf0e707b5d41bd", kill_on_drop: false }`
[INFO] running `Command { std: "docker" "exec" "-e" "SOURCE_DIR=/opt/rustwide/workdir" "-e" "CARGO_HOME=/opt/rustwide/cargo-home" "-e" "RUSTUP_HOME=/opt/rustwide/rustup-home" "-e" "CARGO_TARGET_DIR=/opt/rustwide/target" "-e" "CARGO_INCREMENTAL=0" "-e" "RUST_BACKTRACE=full" "-e" "RUSTFLAGS=--cap-lints=warn" "-e" "RUSTDOCFLAGS=--cap-lints=warn" "-w" "/opt/rustwide/workdir" "--user" "0:0" "593b9153729e63ae7ffb3396e7da5d256ecc7eb8408a4391ddbf0e707b5d41bd" "/opt/rustwide/cargo-home/bin/cargo" "+1.100.0-beta.1" "test" "--frozen" "--no-run" "--message-format=json" "--release", kill_on_drop: false }`
[INFO] [stderr]    Compiling btctipserver v0.1.0 (/opt/rustwide/workdir)
[INFO] [stderr] warning: unused dependency `bdk-macros`
[INFO] [stderr]  --> Cargo.toml:8:15
[INFO] [stderr]   |
[INFO] [stderr] 8 | [dependencies.bdk-macros]
[INFO] [stderr]   |               ^^^^^^^^^^^
[INFO] [stderr]   |
[INFO] [stderr]   = note: `cargo::unused_dependencies` is set to `warn` by default
[INFO] [stderr] help: consider removing the dependency on `bdk-macros`
[INFO] [stderr] warning: `btctipserver` (manifest) generated 1 warning
[INFO] [stderr]     Finished `release` profile [optimized] target(s) in 2.79s
[INFO] running `Command { std: "docker" "inspect" "593b9153729e63ae7ffb3396e7da5d256ecc7eb8408a4391ddbf0e707b5d41bd", kill_on_drop: false }`
[INFO] running `Command { std: "docker" "exec" "-e" "SOURCE_DIR=/opt/rustwide/workdir" "-e" "CARGO_HOME=/opt/rustwide/cargo-home" "-e" "RUSTUP_HOME=/opt/rustwide/rustup-home" "-e" "CARGO_TARGET_DIR=/opt/rustwide/target" "-e" "CARGO_INCREMENTAL=0" "-e" "RUST_BACKTRACE=full" "-e" "RUSTFLAGS=--cap-lints=warn" "-e" "RUSTDOCFLAGS=--cap-lints=warn" "-w" "/opt/rustwide/workdir" "--user" "0:0" "593b9153729e63ae7ffb3396e7da5d256ecc7eb8408a4391ddbf0e707b5d41bd" "/opt/rustwide/cargo-home/bin/cargo" "+1.100.0-beta.1" "test" "--frozen" "--release", kill_on_drop: false }`
[INFO] [stderr] warning: unused dependency `bdk-macros`
[INFO] [stderr]  --> Cargo.toml:8:15
[INFO] [stderr]   |
[INFO] [stderr] 8 | [dependencies.bdk-macros]
[INFO] [stderr]   |               ^^^^^^^^^^^
[INFO] [stderr]   |
[INFO] [stderr]   = note: `cargo::unused_dependencies` is set to `warn` by default
[INFO] [stderr] help: consider removing the dependency on `bdk-macros`
[INFO] [stderr] warning: `btctipserver` (manifest) generated 1 warning
[INFO] [stderr]     Finished `release` profile [optimized] target(s) in 0.12s
[INFO] [stderr]      Running unittests src/main.rs (/opt/rustwide/target/release/build/btctipserver/63b53afee6f4444f/out/btctipserver-63b53afee6f4444f)
[INFO] [stdout] 
[INFO] [stdout] running 2 tests
[INFO] [stdout] test config::test::test_config_from_ini_env ... ok
[INFO] [stdout] test config::test::test_config_from_args ... FAILED
[INFO] [stderr] error: test failed, to rerun pass `--bin btctipserver`
[INFO] [stdout] 
[INFO] [stdout] failures:
[INFO] [stdout] 
[INFO] [stdout] ---- config::test::test_config_from_args stdout ----
[INFO] [stdout] 
[INFO] [stdout] thread 'config::test::test_config_from_args' (1947) panicked at src/config.rs:154:9:
[INFO] [stdout] assertion `left == right` failed
[INFO] [stdout]   left: ConfigOpts { host: "0.0.0.0", port: 8080, data_dir: ".bdk-bitcoin", network: Bitcoin, descriptor: "wpkh(tpubEBr4i6yk5nf5DAaJpsi9N2pPYBeJ7fZ5Z9rmN4977iYLCGco1VyjB9tvvuvYtfZzjD5A8igzgw3HeWeeKFmanHYqksqZXYXGsw5zjnj7KM9/*)", wallet: "btctipserver", electrum_opts: ElectrumOpts { proxy: None, retries: 5, timeout: None, electrum: "ssl://electrum.blockstream.info:60002" } }
[INFO] [stdout]  right: ConfigOpts { host: "0.0.0.0", port: 8080, data_dir: ".bdk-bitcoin", network: Bitcoin, descriptor: "wpkh(tpubEBr4i6yk5nf5DAaJpsi9N2pPYBeJ7fZ5Z9rmN4977iYLCGco1VyjB9tvvuvYtfZzjD5A8igzgw3HeWeeKFmanHYqksqZXYXGsw5zjnj7KM9/*)", wallet: "test", electrum_opts: ElectrumOpts { proxy: Some("127.0.0.1:9150"), retries: 5, timeout: Some(2), electrum: "ssl://electrum.blockstream.info:60003" } }
[INFO] [stdout] stack backtrace:
[INFO] [stdout]    0:     0x597d2246b571 - <<std[617be2ca0a6fd877]::sys::backtrace::BacktraceLock>::print::DisplayBacktrace as core[a373ad73a504971]::fmt::Display>::fmt
[INFO] [stdout]    1:     0x597d2248126a - core[a373ad73a504971]::fmt::write
[INFO] [stdout]    2:     0x597d2246f8ec - <alloc[2e1b2a31b91974c5]::vec::Vec<u8> as core[a373ad73a504971]::io::write::Write>::write_fmt
[INFO] [stdout]    3:     0x597d224475c6 - std[617be2ca0a6fd877]::panicking::default_hook::{closure#0}
[INFO] [stdout]    4:     0x597d22463a59 - std[617be2ca0a6fd877]::panicking::default_hook
[INFO] [stdout]    5:     0x597d223b03f0 - test[aada8e7e76ba119b]::test_main_inner::{closure#0}
[INFO] [stdout]    6:     0x597d22463c12 - std[617be2ca0a6fd877]::panicking::panic_with_hook
[INFO] [stdout]    7:     0x597d22447672 - std[617be2ca0a6fd877]::panicking::panic_handler::{closure#0}
[INFO] [stdout]    8:     0x597d22440099 - std[617be2ca0a6fd877]::sys::backtrace::__rust_end_short_backtrace::<std[617be2ca0a6fd877]::panicking::panic_handler::{closure#0}, !>
[INFO] [stdout]    9:     0x597d2244839d - __rustc[ea4f61d10b84890b]::rust_begin_unwind
[INFO] [stdout]   10:     0x597d2248199c - core[a373ad73a504971]::panicking::panic_fmt
[INFO] [stdout]   11:     0x597d224818b3 - core[a373ad73a504971]::panicking::assert_failed_inner
[INFO] [stdout]   12:     0x597d2239fe11 - core[a373ad73a504971]::panicking::assert_failed::<btctipserver[fcc4d5d17367d140]::config::ConfigOpts, btctipserver[fcc4d5d17367d140]::config::ConfigOpts>
[INFO] [stdout]   13:     0x597d2239b0a7 - <btctipserver[fcc4d5d17367d140]::config::test::test_config_from_args::{closure#0} as core[a373ad73a504971]::ops::function::FnOnce<()>>::call_once
[INFO] [stdout]   14:     0x597d223a383b - test[aada8e7e76ba119b]::__rust_begin_short_backtrace::<core[a373ad73a504971]::result::Result<(), alloc[2e1b2a31b91974c5]::string::String>, fn() -> core[a373ad73a504971]::result::Result<(), alloc[2e1b2a31b91974c5]::string::String>>
[INFO] [stdout]   15:     0x597d223b0a15 - test[aada8e7e76ba119b]::run_test::{closure#0}
[INFO] [stdout]   16:     0x597d223aa304 - std[617be2ca0a6fd877]::sys::backtrace::__rust_begin_short_backtrace::<test[aada8e7e76ba119b]::run_test::{closure#1}, ()>
[INFO] [stdout]   17:     0x597d223b3aa2 - <std[617be2ca0a6fd877]::thread::lifecycle::spawn_unchecked<test[aada8e7e76ba119b]::run_test::{closure#1}, ()>::{closure#1} as core[a373ad73a504971]::ops::function::FnOnce<()>>::call_once::{shim:vtable#0}
[INFO] [stdout]   18:     0x597d2246adcf - <std[617be2ca0a6fd877]::sys::thread::unix::Thread>::new::thread_start
[INFO] [stdout]   19:     0x7c73319d0dfa - <unknown>
[INFO] [stdout]   20:     0x7c7331a643d4 - clone
[INFO] [stdout]   21:                0x0 - <unknown>
[INFO] [stdout] 
[INFO] [stdout] 
[INFO] [stdout] failures:
[INFO] [stdout]     config::test::test_config_from_args
[INFO] [stdout] 
[INFO] [stdout] test result: FAILED. 1 passed; 1 failed; 0 ignored; 0 measured; 0 filtered out; finished in 0.00s
[INFO] [stdout] 
[INFO] running `Command { std: "docker" "inspect" "593b9153729e63ae7ffb3396e7da5d256ecc7eb8408a4391ddbf0e707b5d41bd", kill_on_drop: false }`
[INFO] running `Command { std: "docker" "rm" "-f" "593b9153729e63ae7ffb3396e7da5d256ecc7eb8408a4391ddbf0e707b5d41bd", kill_on_drop: false }`
[INFO] [stdout] 593b9153729e63ae7ffb3396e7da5d256ecc7eb8408a4391ddbf0e707b5d41bd
