[INFO] fetching crate branchy-cli 0.3.2...
[INFO] testing branchy-cli-0.3.2 against 1.100.0-beta.1+cargoflags=--release for beta-release-1.100-2
[INFO] extracting crate branchy-cli 0.3.2 into /workspace/builds/worker-0-tc2/source
[INFO] started tweaking crates.io crate branchy-cli 0.3.2
[INFO] removed 0 missing tests
[INFO] finished tweaking crates.io crate branchy-cli 0.3.2
[INFO] tweaked toml for crates.io crate branchy-cli 0.3.2 written to /workspace/builds/worker-0-tc2/source/Cargo.toml
[INFO] validating manifest of crates.io crate branchy-cli 0.3.2 on toolchain 1.100.0-beta.1
[INFO] running `Command { std: CARGO_HOME="/workspace/cargo-home" RUSTUP_HOME="/workspace/rustup-home" "/workspace/cargo-home/bin/cargo" "+1.100.0-beta.1" "metadata" "--manifest-path" "Cargo.toml" "--no-deps", kill_on_drop: false }`
[INFO] crate crates.io crate branchy-cli 0.3.2 already has a lockfile, it will not be regenerated
[INFO] running `Command { std: CARGO_HOME="/workspace/cargo-home" RUSTUP_HOME="/workspace/rustup-home" "/workspace/cargo-home/bin/cargo" "+1.100.0-beta.1" "fetch" "--manifest-path" "Cargo.toml", kill_on_drop: false }`
[INFO] [stderr] warning: `package.homepage` is redundant with `package.repository`
[INFO] [stderr]   --> Cargo.toml:40:12
[INFO] [stderr]    |
[INFO] [stderr] 40 | homepage = "https://github.com/jqnfxa/branchy-rs"
[INFO] [stderr]    |            ^^^^^^^^^^^^^^^^^^^^^^^^^^^^^^^^^^^^^^
[INFO] [stderr] ...
[INFO] [stderr] 45 | repository = "https://github.com/jqnfxa/branchy-rs"
[INFO] [stderr]    |              --------------------------------------
[INFO] [stderr]    |
[INFO] [stderr]    = note: `cargo::redundant_homepage` is set to `warn` by default
[INFO] [stderr] help: consider removing `package.homepage`
[INFO] [stderr] warning: `branchy-cli` (manifest) generated 1 warning
[INFO] running `Command { std: "docker" "create" "-v" "/var/lib/crater-agent-workspace/builds/worker-0-tc2/source:/opt/rustwide/workdir:ro,Z" "-v" "/var/lib/crater-agent-workspace/builds/worker-0-tc2/target:/opt/rustwide/target:rw,Z" "-v" "/var/lib/crater-agent-workspace/cargo-home:/opt/rustwide/cargo-home:ro,Z" "-v" "/var/lib/crater-agent-workspace/rustup-home:/opt/rustwide/rustup-home:ro,Z" "-m" "1610612736" "--network" "none" "ghcr.io/rust-lang/crates-build-env/linux@sha256:77db811e55d90add9212f6832c23229e3de5f1c1f9905e8cb07319ea15df73ac" "sleep" "infinity", kill_on_drop: false }`
[INFO] [stdout] ac37e2168ae92091780948b7c5207c81c8705f5d0c7aa1872001fc859fe2d0e2
[INFO] running `Command { std: "docker" "start" "ac37e2168ae92091780948b7c5207c81c8705f5d0c7aa1872001fc859fe2d0e2", kill_on_drop: false }`
[INFO] running `Command { std: "docker" "inspect" "ac37e2168ae92091780948b7c5207c81c8705f5d0c7aa1872001fc859fe2d0e2", kill_on_drop: false }`
[INFO] running `Command { std: "docker" "exec" "-e" "SOURCE_DIR=/opt/rustwide/workdir" "-e" "CARGO_HOME=/opt/rustwide/cargo-home" "-e" "RUSTUP_HOME=/opt/rustwide/rustup-home" "-e" "CARGO_TARGET_DIR=/opt/rustwide/target" "-w" "/opt/rustwide/workdir" "--user" "0:0" "ac37e2168ae92091780948b7c5207c81c8705f5d0c7aa1872001fc859fe2d0e2" "/opt/rustwide/cargo-home/bin/cargo" "+1.100.0-beta.1" "metadata" "--no-deps" "--format-version=1", kill_on_drop: false }`
[INFO] running `Command { std: "docker" "inspect" "ac37e2168ae92091780948b7c5207c81c8705f5d0c7aa1872001fc859fe2d0e2", kill_on_drop: false }`
[INFO] running `Command { std: "docker" "exec" "-e" "SOURCE_DIR=/opt/rustwide/workdir" "-e" "CARGO_HOME=/opt/rustwide/cargo-home" "-e" "RUSTUP_HOME=/opt/rustwide/rustup-home" "-e" "CARGO_TARGET_DIR=/opt/rustwide/target" "-e" "CARGO_INCREMENTAL=0" "-e" "RUST_BACKTRACE=full" "-e" "RUSTFLAGS=--cap-lints=warn" "-e" "RUSTDOCFLAGS=--cap-lints=warn" "-w" "/opt/rustwide/workdir" "--user" "0:0" "ac37e2168ae92091780948b7c5207c81c8705f5d0c7aa1872001fc859fe2d0e2" "/opt/rustwide/cargo-home/bin/cargo" "+1.100.0-beta.1" "build" "--frozen" "--message-format=json" "--release", kill_on_drop: false }`
[INFO] [stderr] warning: `package.homepage` is redundant with `package.repository`
[INFO] [stderr]   --> Cargo.toml:40:12
[INFO] [stderr]    |
[INFO] [stderr] 40 | homepage = "https://github.com/jqnfxa/branchy-rs"
[INFO] [stderr]    |            ^^^^^^^^^^^^^^^^^^^^^^^^^^^^^^^^^^^^^^
[INFO] [stderr] ...
[INFO] [stderr] 45 | repository = "https://github.com/jqnfxa/branchy-rs"
[INFO] [stderr]    |              --------------------------------------
[INFO] [stderr]    |
[INFO] [stderr]    = note: `cargo::redundant_homepage` is set to `warn` by default
[INFO] [stderr] help: consider removing `package.homepage`
[INFO] [stderr] warning: `branchy-cli` (manifest) generated 1 warning
[INFO] [stderr]    Compiling syn v3.0.6
[INFO] [stderr]    Compiling branchy-core v0.3.2
[INFO] [stderr]    Compiling dirs-sys v0.5.0
[INFO] [stderr]    Compiling serde_json v1.0.151
[INFO] [stderr]    Compiling directories v6.0.0
[INFO] [stderr]    Compiling serde_derive v1.0.229
[INFO] [stderr]    Compiling clap_derive v4.6.7
[INFO] [stderr]    Compiling clap v4.6.7
[INFO] [stderr]    Compiling serde v1.0.229
[INFO] [stderr]    Compiling branchy-app v0.3.2
[INFO] [stderr]    Compiling branchy-cli v0.3.2 (/opt/rustwide/workdir)
[INFO] [stderr]     Finished `release` profile [optimized] target(s) in 20.39s
[INFO] running `Command { std: "docker" "inspect" "ac37e2168ae92091780948b7c5207c81c8705f5d0c7aa1872001fc859fe2d0e2", kill_on_drop: false }`
[INFO] running `Command { std: "docker" "exec" "-e" "SOURCE_DIR=/opt/rustwide/workdir" "-e" "CARGO_HOME=/opt/rustwide/cargo-home" "-e" "RUSTUP_HOME=/opt/rustwide/rustup-home" "-e" "CARGO_TARGET_DIR=/opt/rustwide/target" "-e" "CARGO_INCREMENTAL=0" "-e" "RUST_BACKTRACE=full" "-e" "RUSTFLAGS=--cap-lints=warn" "-e" "RUSTDOCFLAGS=--cap-lints=warn" "-w" "/opt/rustwide/workdir" "--user" "0:0" "ac37e2168ae92091780948b7c5207c81c8705f5d0c7aa1872001fc859fe2d0e2" "/opt/rustwide/cargo-home/bin/cargo" "+1.100.0-beta.1" "test" "--frozen" "--no-run" "--message-format=json" "--release", kill_on_drop: false }`
[INFO] [stderr] warning: `package.homepage` is redundant with `package.repository`
[INFO] [stderr]   --> Cargo.toml:40:12
[INFO] [stderr]    |
[INFO] [stderr] 40 | homepage = "https://github.com/jqnfxa/branchy-rs"
[INFO] [stderr]    |            ^^^^^^^^^^^^^^^^^^^^^^^^^^^^^^^^^^^^^^
[INFO] [stderr] ...
[INFO] [stderr] 45 | repository = "https://github.com/jqnfxa/branchy-rs"
[INFO] [stderr]    |              --------------------------------------
[INFO] [stderr]    |
[INFO] [stderr]    = note: `cargo::redundant_homepage` is set to `warn` by default
[INFO] [stderr] help: consider removing `package.homepage`
[INFO] [stderr] warning: `branchy-cli` (manifest) generated 1 warning
[INFO] [stderr]    Compiling branchy-cli v0.3.2 (/opt/rustwide/workdir)
[INFO] [stderr]     Finished `release` profile [optimized] target(s) in 2.12s
[INFO] running `Command { std: "docker" "inspect" "ac37e2168ae92091780948b7c5207c81c8705f5d0c7aa1872001fc859fe2d0e2", kill_on_drop: false }`
[INFO] running `Command { std: "docker" "exec" "-e" "SOURCE_DIR=/opt/rustwide/workdir" "-e" "CARGO_HOME=/opt/rustwide/cargo-home" "-e" "RUSTUP_HOME=/opt/rustwide/rustup-home" "-e" "CARGO_TARGET_DIR=/opt/rustwide/target" "-e" "CARGO_INCREMENTAL=0" "-e" "RUST_BACKTRACE=full" "-e" "RUSTFLAGS=--cap-lints=warn" "-e" "RUSTDOCFLAGS=--cap-lints=warn" "-w" "/opt/rustwide/workdir" "--user" "0:0" "ac37e2168ae92091780948b7c5207c81c8705f5d0c7aa1872001fc859fe2d0e2" "/opt/rustwide/cargo-home/bin/cargo" "+1.100.0-beta.1" "test" "--frozen" "--release", kill_on_drop: false }`
[INFO] [stderr] warning: `package.homepage` is redundant with `package.repository`
[INFO] [stderr]   --> Cargo.toml:40:12
[INFO] [stderr]    |
[INFO] [stderr] 40 | homepage = "https://github.com/jqnfxa/branchy-rs"
[INFO] [stderr]    |            ^^^^^^^^^^^^^^^^^^^^^^^^^^^^^^^^^^^^^^
[INFO] [stderr] ...
[INFO] [stderr] 45 | repository = "https://github.com/jqnfxa/branchy-rs"
[INFO] [stderr]    |              --------------------------------------
[INFO] [stderr]    |
[INFO] [stderr]    = note: `cargo::redundant_homepage` is set to `warn` by default
[INFO] [stderr] help: consider removing `package.homepage`
[INFO] [stderr] warning: `branchy-cli` (manifest) generated 1 warning
[INFO] [stderr]     Finished `release` profile [optimized] target(s) in 0.05s
[INFO] [stderr]      Running unittests src/main.rs (/opt/rustwide/target/release/build/branchy-cli/c04a10967ebc0eed/out/branchy-c04a10967ebc0eed)
[INFO] [stdout] 
[INFO] [stderr]      Running tests/cli.rs (/opt/rustwide/target/release/build/branchy-cli/17adc262013fdf3d/out/cli-17adc262013fdf3d)
[INFO] [stdout] running 0 tests
[INFO] [stdout] 
[INFO] [stdout] test result: ok. 0 passed; 0 failed; 0 ignored; 0 measured; 0 filtered out; finished in 0.00s
[INFO] [stdout] 
[INFO] [stdout] 
[INFO] [stdout] running 72 tests
[INFO] [stdout] test a_batch_is_one_change_to_undo ... FAILED
[INFO] [stdout] test a_long_list_of_matches_is_cut_short ... FAILED
[INFO] [stdout] test a_file_and_a_vault_cannot_both_be_named ... FAILED
[INFO] [stdout] test a_limit_says_how_much_was_left_out ... FAILED
[INFO] [stdout] test a_batch_of_comments_is_refused_as_empty ... FAILED
[INFO] [stdout] test a_deadline_survives_a_save_and_reload ... FAILED
[INFO] [stdout] test a_brand_new_graph_says_how_to_start_not_to_look_for_cycles ... FAILED
[INFO] [stdout] test a_link_to_a_document_that_does_not_exist_yet_creates_the_target ... FAILED
[INFO] [stdout] test a_document_written_before_deadlines_still_loads ... FAILED
[INFO] [stdout] test a_corrupt_file_is_reported_not_ignored ... FAILED
[INFO] [stdout] test a_batch_wires_up_tasks_that_had_no_id_when_it_was_written ... FAILED
[INFO] [stdout] test a_deleted_vault_is_reported_rather_than_recreated ... FAILED
[INFO] [stdout] test a_cycle_is_refused_by_name ... FAILED
[INFO] [stdout] test a_deadline_can_be_cleared ... FAILED
[INFO] [stdout] test a_format_two_document_is_written_and_read_back ... FAILED
[INFO] [stdout] test a_document_without_counters_continues_from_its_highest_id ... FAILED
[INFO] [stdout] test a_plain_batch_prints_what_it_made_with_labels ... FAILED
[INFO] [stdout] test a_removed_task_keeps_its_id_after_a_reload ... FAILED
[INFO] [stdout] test a_plain_change_prints_the_row_it_changed ... FAILED
[INFO] [stdout] test a_missing_file_reads_as_an_empty_graph ... FAILED
[INFO] [stdout] test a_new_vault_is_where_the_next_commands_go ... FAILED
[INFO] [stdout] test a_multi_word_name_stays_one_task ... FAILED
[INFO] [stdout] test a_save_through_a_symlink_keeps_the_link_and_updates_the_real_file ... FAILED
[INFO] [stdout] test an_undone_addition_keeps_its_id_spent ... FAILED
[INFO] [stdout] test an_ambiguous_name_is_refused ... FAILED
[INFO] [stdout] test a_removed_direction_keeps_its_id_after_a_reload ... FAILED
[INFO] [stdout] test an_impossible_date_is_refused_before_anything_is_written ... FAILED
[INFO] [stdout] test an_inherited_deadline_reorders_the_queue ... FAILED
[INFO] [stdout] test a_refused_line_leaves_the_whole_batch_unapplied ... FAILED
[INFO] [stdout] test branchy_file_still_wins_over_the_current_vault ... FAILED
[INFO] [stdout] test a_newer_format_is_refused ... FAILED
[INFO] [stdout] test an_ambiguous_name_lists_what_it_matched_with_ids ... FAILED
[INFO] [stdout] test find_says_how_much_a_limit_left_out ... FAILED
[INFO] [stdout] test list_filters_by_status ... FAILED
[INFO] [stdout] test opening_a_vault_moves_the_terminal_to_it ... FAILED
[INFO] [stdout] test list_filters_by_stage ... FAILED
[INFO] [stdout] test every_example_in_the_guide_runs ... FAILED
[INFO] [stdout] test brief_gives_counts_directions_and_the_top_of_the_queue ... FAILED
[INFO] [stdout] test forgetting_a_vault_leaves_its_folder_alone ... FAILED
[INFO] [stdout] test branchy_file_decides_the_document ... FAILED
[INFO] [stdout] test brief_on_an_empty_graph_says_how_to_start ... FAILED
[INFO] [stdout] test help_points_agents_at_the_guide ... FAILED
[INFO] [stdout] test snapshot_carries_the_derived_picture ... FAILED
[INFO] [stdout] test plain_rows_carry_ids_and_whole_names ... FAILED
[INFO] [stdout] test changes_made_at_the_same_moment_are_all_kept ... FAILED
[INFO] [stdout] test removing_a_task_strips_it_from_dependents ... FAILED
[INFO] [stdout] test a_reader_closing_the_pipe_is_not_a_crash ... FAILED
[INFO] [stdout] test find_matches_names_ignoring_case ... FAILED
[INFO] [stdout] test a_new_vault_goes_in_the_current_directory_unless_told_otherwise ... FAILED
[INFO] [stdout] test starting_a_locked_task_is_refused_by_name ... FAILED
[INFO] [stdout] test find_looks_in_notes_only_when_asked_and_lists_them_after_names ... FAILED
[INFO] [stdout] test plain_rows_refer_to_prerequisites_by_id ... FAILED
[INFO] [stdout] test plain_show_ends_with_the_note_as_written ... FAILED
[INFO] [stdout] test overdue_work_is_counted_in_the_tally ... FAILED
[INFO] [stdout] test the_board_shows_every_column ... FAILED
[INFO] [stdout] test the_calendar_marks_an_inherited_deadline ... FAILED
[INFO] [stdout] test the_guide_needs_no_vault ... FAILED
[INFO] [stdout] test the_queue_holds_only_what_is_reachable ... FAILED
[INFO] [stdout] test the_queue_says_which_tasks_are_already_under_way ... FAILED
[INFO] [stdout] test work_survives_between_invocations ... FAILED
[INFO] [stdout] test with_no_vault_the_terminal_says_how_to_start ... FAILED
[INFO] [stdout] test the_list_marks_the_current_vault_and_keeps_five ... FAILED
[INFO] [stdout] test why_says_so_when_nothing_is_in_the_way ... FAILED
[INFO] [stdout] test undo_is_a_stack_and_not_a_toggle ... FAILED
[INFO] [stdout] test the_vault_option_reaches_another_vault_for_one_command_only ... FAILED
[INFO] [stdout] test why_lists_the_work_in_order ... FAILED
[INFO] [stdout] test the_stage_verbs_move_a_task_across_the_board ... FAILED
[INFO] [stdout] test undo_with_no_history_says_so ... FAILED
[INFO] [stdout] test undo_reverses_the_last_change ... FAILED
[INFO] [stdout] test undo_through_a_symlink_keeps_the_link_too ... FAILED
[INFO] [stdout] test snapshot_of_an_empty_graph_is_still_valid ... FAILED
[INFO] [stdout] test undo_runs_out_rather_than_wrapping_around ... FAILED
[INFO] [stdout] 
[INFO] [stdout] failures:
[INFO] [stdout] 
[INFO] [stdout] ---- a_batch_is_one_change_to_undo stdout ----
[INFO] [stdout] 
[INFO] [stdout] thread 'a_batch_is_one_change_to_undo' (448) panicked at tests/cli.rs:51:10:
[INFO] [stdout] binary runs: Os { code: 2, kind: NotFound, message: "No such file or directory" }
[INFO] [stdout] stack backtrace:
[INFO] [stdout]    0:     0x644702eaf311 - <<std[617be2ca0a6fd877]::sys::backtrace::BacktraceLock>::print::DisplayBacktrace as core[a373ad73a504971]::fmt::Display>::fmt
[INFO] [stdout]    1:     0x644702ec377a - core[a373ad73a504971]::fmt::write
[INFO] [stdout]    2:     0x644702eb381c - <alloc[2e1b2a31b91974c5]::vec::Vec<u8> as core[a373ad73a504971]::io::write::Write>::write_fmt
[INFO] [stdout]    3:     0x644702e88e56 - std[617be2ca0a6fd877]::panicking::default_hook::{closure#0}
[INFO] [stdout]    4:     0x644702ea6aa9 - std[617be2ca0a6fd877]::panicking::default_hook
[INFO] [stdout]    5:     0x644702e40740 - test[aada8e7e76ba119b]::test_main_inner::{closure#0}
[INFO] [stdout]    6:     0x644702ea6c62 - std[617be2ca0a6fd877]::panicking::panic_with_hook
[INFO] [stdout]    7:     0x644702e88f02 - std[617be2ca0a6fd877]::panicking::panic_handler::{closure#0}
[INFO] [stdout]    8:     0x644702e81909 - std[617be2ca0a6fd877]::sys::backtrace::__rust_end_short_backtrace::<std[617be2ca0a6fd877]::panicking::panic_handler::{closure#0}, !>
[INFO] [stdout]    9:     0x644702e89bfd - __rustc[ea4f61d10b84890b]::rust_begin_unwind
[INFO] [stdout]   10:     0x644702ec3eac - core[a373ad73a504971]::panicking::panic_fmt
[INFO] [stdout]   11:     0x644702ec3c82 - core[a373ad73a504971]::result::unwrap_failed
[INFO] [stdout]   12:     0x644702e2313f - cli[6933ee3020d0494]::run
[INFO] [stdout]   13:     0x644702e26c3f - <cli[6933ee3020d0494]::a_batch_is_one_change_to_undo::{closure#0} as core[a373ad73a504971]::ops::function::FnOnce<()>>::call_once
[INFO] [stdout]   14:     0x644702e33b8b - test[aada8e7e76ba119b]::__rust_begin_short_backtrace::<core[a373ad73a504971]::result::Result<(), alloc[2e1b2a31b91974c5]::string::String>, fn() -> core[a373ad73a504971]::result::Result<(), alloc[2e1b2a31b91974c5]::string::String>>
[INFO] [stdout]   15:     0x644702e40d65 - test[aada8e7e76ba119b]::run_test::{closure#0}
[INFO] [stdout]   16:     0x644702e3a654 - std[617be2ca0a6fd877]::sys::backtrace::__rust_begin_short_backtrace::<test[aada8e7e76ba119b]::run_test::{closure#1}, ()>
[INFO] [stdout]   17:     0x644702e43df2 - <std[617be2ca0a6fd877]::thread::lifecycle::spawn_unchecked<test[aada8e7e76ba119b]::run_test::{closure#1}, ()>::{closure#1} as core[a373ad73a504971]::ops::function::FnOnce<()>>::call_once::{shim:vtable#0}
[INFO] [stdout]   18:     0x644702eae62f - <std[617be2ca0a6fd877]::sys::thread::unix::Thread>::new::thread_start
[INFO] [stdout]   19:     0x7ae3c273edfa - <unknown>
[INFO] [stdout]   20:     0x7ae3c27d23d4 - clone
[INFO] [stdout]   21:                0x0 - <unknown>
[INFO] [stdout] 
[INFO] [stdout] ---- a_long_list_of_matches_is_cut_short stdout ----
[INFO] [stdout] 
[INFO] [stdout] thread 'a_long_list_of_matches_is_cut_short' (463) panicked at tests/cli.rs:51:10:
[INFO] [stdout] binary runs: Os { code: 2, kind: NotFound, message: "No such file or directory" }
[INFO] [stdout] stack backtrace:
[INFO] [stdout]    0:     0x644702eaf311 - <<std[617be2ca0a6fd877]::sys::backtrace::BacktraceLock>::print::DisplayBacktrace as core[a373ad73a504971]::fmt::Display>::fmt
[INFO] [stdout]    1:     0x644702ec377a - core[a373ad73a504971]::fmt::write
[INFO] [stdout]    2:     0x644702eb381c - <alloc[2e1b2a31b91974c5]::vec::Vec<u8> as core[a373ad73a504971]::io::write::Write>::write_fmt
[INFO] [stdout]    3:     0x644702e88e56 - std[617be2ca0a6fd877]::panicking::default_hook::{closure#0}
[INFO] [stdout]    4:     0x644702ea6aa9 - std[617be2ca0a6fd877]::panicking::default_hook
[INFO] [stdout]    5:     0x644702e40740 - test[aada8e7e76ba119b]::test_main_inner::{closure#0}
[INFO] [stdout]    6:     0x644702ea6c62 - std[617be2ca0a6fd877]::panicking::panic_with_hook
[INFO] [stdout]    7:     0x644702e88f02 - std[617be2ca0a6fd877]::panicking::panic_handler::{closure#0}
[INFO] [stdout]    8:     0x644702e81909 - std[617be2ca0a6fd877]::sys::backtrace::__rust_end_short_backtrace::<std[617be2ca0a6fd877]::panicking::panic_handler::{closure#0}, !>
[INFO] [stdout]    9:     0x644702e89bfd - __rustc[ea4f61d10b84890b]::rust_begin_unwind
[INFO] [stdout]   10:     0x644702ec3eac - core[a373ad73a504971]::panicking::panic_fmt
[INFO] [stdout]   11:     0x644702ec3c82 - core[a373ad73a504971]::result::unwrap_failed
[INFO] [stdout]   12:     0x644702e2313f - cli[6933ee3020d0494]::run
[INFO] [stdout]   13:     0x644702e29100 - <cli[6933ee3020d0494]::a_long_list_of_matches_is_cut_short::{closure#0} as core[a373ad73a504971]::ops::function::FnOnce<()>>::call_once
[INFO] [stdout]   14:     0x644702e33b8b - test[aada8e7e76ba119b]::__rust_begin_short_backtrace::<core[a373ad73a504971]::result::Result<(), alloc[2e1b2a31b91974c5]::string::String>, fn() -> core[a373ad73a504971]::result::Result<(), alloc[2e1b2a31b91974c5]::string::String>>
[INFO] [stdout]   15:     0x644702e40d65 - test[aada8e7e76ba119b]::run_test::{closure#0}
[INFO] [stdout]   16:     0x644702e3a654 - std[617be2ca0a6fd877]::sys::backtrace::__rust_begin_short_backtrace::<test[aada8e7e76ba119b]::run_test::{closure#1}, ()>
[INFO] [stdout]   17:     0x644702e43df2 - <std[617be2ca0a6fd877]::thread::lifecycle::spawn_unchecked<test[aada8e7e76ba119b]::run_test::{closure#1}, ()>::{closure#1} as core[a373ad73a504971]::ops::function::FnOnce<()>>::call_once::{shim:vtable#0}
[INFO] [stdout]   18:     0x644702eae62f - <std[617be2ca0a6fd877]::sys::thread::unix::Thread>::new::thread_start
[INFO] [stdout]   19:     0x7ae3c273edfa - <unknown>
[INFO] [stdout]   20:     0x7ae3c27d23d4 - clone
[INFO] [stdout]   21:                0x0 - <unknown>
[INFO] [stdout] 
[INFO] [stdout] ---- a_file_and_a_vault_cannot_both_be_named stdout ----
[INFO] [stdout] 
[INFO] [stdout] thread 'a_file_and_a_vault_cannot_both_be_named' (459) panicked at tests/cli.rs:650:50:
[INFO] [stdout] binary runs: Os { code: 2, kind: NotFound, message: "No such file or directory" }
[INFO] [stdout] stack backtrace:
[INFO] [stdout]    0:     0x644702eaf311 - <<std[617be2ca0a6fd877]::sys::backtrace::BacktraceLock>::print::DisplayBacktrace as core[a373ad73a504971]::fmt::Display>::fmt
[INFO] [stdout]    1:     0x644702ec377a - core[a373ad73a504971]::fmt::write
[INFO] [stdout]    2:     0x644702eb381c - <alloc[2e1b2a31b91974c5]::vec::Vec<u8> as core[a373ad73a504971]::io::write::Write>::write_fmt
[INFO] [stdout]    3:     0x644702e88e56 - std[617be2ca0a6fd877]::panicking::default_hook::{closure#0}
[INFO] [stdout]    4:     0x644702ea6aa9 - std[617be2ca0a6fd877]::panicking::default_hook
[INFO] [stdout]    5:     0x644702e40740 - test[aada8e7e76ba119b]::test_main_inner::{closure#0}
[INFO] [stdout]    6:     0x644702ea6c62 - std[617be2ca0a6fd877]::panicking::panic_with_hook
[INFO] [stdout]    7:     0x644702e88f02 - std[617be2ca0a6fd877]::panicking::panic_handler::{closure#0}
[INFO] [stdout]    8:     0x644702e81909 - std[617be2ca0a6fd877]::sys::backtrace::__rust_end_short_backtrace::<std[617be2ca0a6fd877]::panicking::panic_handler::{closure#0}, !>
[INFO] [stdout]    9:     0x644702e89bfd - __rustc[ea4f61d10b84890b]::rust_begin_unwind
[INFO] [stdout]   10:     0x644702ec3eac - core[a373ad73a504971]::panicking::panic_fmt
[INFO] [stdout]   11:     0x644702ec3c82 - core[a373ad73a504971]::result::unwrap_failed
[INFO] [stdout]   12:     0x644702e23fdd - <cli[6933ee3020d0494]::Desk>::run
[INFO] [stdout]   13:     0x644702e24576 - <cli[6933ee3020d0494]::Desk>::vault
[INFO] [stdout]   14:     0x644702e2a9b7 - <cli[6933ee3020d0494]::a_file_and_a_vault_cannot_both_be_named::{closure#0} as core[a373ad73a504971]::ops::function::FnOnce<()>>::call_once
[INFO] [stdout]   15:     0x644702e33b8b - test[aada8e7e76ba119b]::__rust_begin_short_backtrace::<core[a373ad73a504971]::result::Result<(), alloc[2e1b2a31b91974c5]::string::String>, fn() -> core[a373ad73a504971]::result::Result<(), alloc[2e1b2a31b91974c5]::string::String>>
[INFO] [stdout]   16:     0x644702e40d65 - test[aada8e7e76ba119b]::run_test::{closure#0}
[INFO] [stdout]   17:     0x644702e3a654 - std[617be2ca0a6fd877]::sys::backtrace::__rust_begin_short_backtrace::<test[aada8e7e76ba119b]::run_test::{closure#1}, ()>
[INFO] [stdout]   18:     0x644702e43df2 - <std[617be2ca0a6fd877]::thread::lifecycle::spawn_unchecked<test[aada8e7e76ba119b]::run_test::{closure#1}, ()>::{closure#1} as core[a373ad73a504971]::ops::function::FnOnce<()>>::call_once::{shim:vtable#0}
[INFO] [stdout]   19:     0x644702eae62f - <std[617be2ca0a6fd877]::sys::thread::unix::Thread>::new::thread_start
[INFO] [stdout]   20:     0x7ae3c273edfa - <unknown>
[INFO] [stdout]   21:     0x7ae3c27d23d4 - clone
[INFO] [stdout]   22:                0x0 - <unknown>
[INFO] [stdout] 
[INFO] [stdout] ---- a_limit_says_how_much_was_left_out stdout ----
[INFO] [stdout] 
[INFO] [stdout] thread 'a_limit_says_how_much_was_left_out' (461) panicked at tests/cli.rs:51:10:
[INFO] [stdout] binary runs: Os { code: 2, kind: NotFound, message: "No such file or directory" }
[INFO] [stdout] stack backtrace:
[INFO] [stdout]    0:     0x644702eaf311 - <<std[617be2ca0a6fd877]::sys::backtrace::BacktraceLock>::print::DisplayBacktrace as core[a373ad73a504971]::fmt::Display>::fmt
[INFO] [stdout]    1:     0x644702ec377a - core[a373ad73a504971]::fmt::write
[INFO] [stdout]    2:     0x644702eb381c - <alloc[2e1b2a31b91974c5]::vec::Vec<u8> as core[a373ad73a504971]::io::write::Write>::write_fmt
[INFO] [stdout]    3:     0x644702e88e56 - std[617be2ca0a6fd877]::panicking::default_hook::{closure#0}
[INFO] [stdout]    4:     0x644702ea6aa9 - std[617be2ca0a6fd877]::panicking::default_hook
[INFO] [stdout]    5:     0x644702e40740 - test[aada8e7e76ba119b]::test_main_inner::{closure#0}
[INFO] [stdout]    6:     0x644702ea6c62 - std[617be2ca0a6fd877]::panicking::panic_with_hook
[INFO] [stdout]    7:     0x644702e88f02 - std[617be2ca0a6fd877]::panicking::panic_handler::{closure#0}
[INFO] [stdout]    8:     0x644702e81909 - std[617be2ca0a6fd877]::sys::backtrace::__rust_end_short_backtrace::<std[617be2ca0a6fd877]::panicking::panic_handler::{closure#0}, !>
[INFO] [stdout]    9:     0x644702e89bfd - __rustc[ea4f61d10b84890b]::rust_begin_unwind
[INFO] [stdout]   10:     0x644702ec3eac - core[a373ad73a504971]::panicking::panic_fmt
[INFO] [stdout]   11:     0x644702ec3c82 - core[a373ad73a504971]::result::unwrap_failed
[INFO] [stdout]   12:     0x644702e2313f - cli[6933ee3020d0494]::run
[INFO] [stdout]   13:     0x644702e28bfa - <cli[6933ee3020d0494]::a_limit_says_how_much_was_left_out::{closure#0} as core[a373ad73a504971]::ops::function::FnOnce<()>>::call_once
[INFO] [stdout]   14:     0x644702e33b8b - test[aada8e7e76ba119b]::__rust_begin_short_backtrace::<core[a373ad73a504971]::result::Result<(), alloc[2e1b2a31b91974c5]::string::String>, fn() -> core[a373ad73a504971]::result::Result<(), alloc[2e1b2a31b91974c5]::string::String>>
[INFO] [stdout]   15:     0x644702e40d65 - test[aada8e7e76ba119b]::run_test::{closure#0}
[INFO] [stdout]   16:     0x644702e3a654 - std[617be2ca0a6fd877]::sys::backtrace::__rust_begin_short_backtrace::<test[aada8e7e76ba119b]::run_test::{closure#1}, ()>
[INFO] [stdout]   17:     0x644702e43df2 - <std[617be2ca0a6fd877]::thread::lifecycle::spawn_unchecked<test[aada8e7e76ba119b]::run_test::{closure#1}, ()>::{closure#1} as core[a373ad73a504971]::ops::function::FnOnce<()>>::call_once::{shim:vtable#0}
[INFO] [stdout]   18:     0x644702eae62f - <std[617be2ca0a6fd877]::sys::thread::unix::Thread>::new::thread_start
[INFO] [stdout]   19:     0x7ae3c273edfa - <unknown>
[INFO] [stdout]   20:     0x7ae3c27d23d4 - clone
[INFO] [stdout]   21:                0x0 - <unknown>
[INFO] [stdout] 
[INFO] [stdout] ---- a_batch_of_comments_is_refused_as_empty stdout ----
[INFO] [stdout] 
[INFO] [stdout] thread 'a_batch_of_comments_is_refused_as_empty' (449) panicked at tests/cli.rs:51:10:
[INFO] [stdout] binary runs: Os { code: 2, kind: NotFound, message: "No such file or directory" }
[INFO] [stdout] stack backtrace:
[INFO] [stdout]    0:     0x644702eaf311 - <<std[617be2ca0a6fd877]::sys::backtrace::BacktraceLock>::print::DisplayBacktrace as core[a373ad73a504971]::fmt::Display>::fmt
[INFO] [stdout]    1:     0x644702ec377a - core[a373ad73a504971]::fmt::write
[INFO] [stdout]    2:     0x644702eb381c - <alloc[2e1b2a31b91974c5]::vec::Vec<u8> as core[a373ad73a504971]::io::write::Write>::write_fmt
[INFO] [stdout]    3:     0x644702e88e56 - std[617be2ca0a6fd877]::panicking::default_hook::{closure#0}
[INFO] [stdout]    4:     0x644702ea6aa9 - std[617be2ca0a6fd877]::panicking::default_hook
[INFO] [stdout]    5:     0x644702e40740 - test[aada8e7e76ba119b]::test_main_inner::{closure#0}
[INFO] [stdout]    6:     0x644702ea6c62 - std[617be2ca0a6fd877]::panicking::panic_with_hook
[INFO] [stdout]    7:     0x644702e88f02 - std[617be2ca0a6fd877]::panicking::panic_handler::{closure#0}
[INFO] [stdout]    8:     0x644702e81909 - std[617be2ca0a6fd877]::sys::backtrace::__rust_end_short_backtrace::<std[617be2ca0a6fd877]::panicking::panic_handler::{closure#0}, !>
[INFO] [stdout]    9:     0x644702e89bfd - __rustc[ea4f61d10b84890b]::rust_begin_unwind
[INFO] [stdout]   10:     0x644702ec3eac - core[a373ad73a504971]::panicking::panic_fmt
[INFO] [stdout]   11:     0x644702ec3c82 - core[a373ad73a504971]::result::unwrap_failed
[INFO] [stdout]   12:     0x644702e2313f - cli[6933ee3020d0494]::run
[INFO] [stdout]   13:     0x644702e2a80a - <cli[6933ee3020d0494]::a_batch_of_comments_is_refused_as_empty::{closure#0} as core[a373ad73a504971]::ops::function::FnOnce<()>>::call_once
[INFO] [stdout]   14:     0x644702e33b8b - test[aada8e7e76ba119b]::__rust_begin_short_backtrace::<core[a373ad73a504971]::result::Result<(), alloc[2e1b2a31b91974c5]::string::String>, fn() -> core[a373ad73a504971]::result::Result<(), alloc[2e1b2a31b91974c5]::string::String>>
[INFO] [stdout]   15:     0x644702e40d65 - test[aada8e7e76ba119b]::run_test::{closure#0}
[INFO] [stdout]   16:     0x644702e3a654 - std[617be2ca0a6fd877]::sys::backtrace::__rust_begin_short_backtrace::<test[aada8e7e76ba119b]::run_test::{closure#1}, ()>
[INFO] [stdout]   17:     0x644702e43df2 - <std[617be2ca0a6fd877]::thread::lifecycle::spawn_unchecked<test[aada8e7e76ba119b]::run_test::{closure#1}, ()>::{closure#1} as core[a373ad73a504971]::ops::function::FnOnce<()>>::call_once::{shim:vtable#0}
[INFO] [stdout]   18:     0x644702eae62f - <std[617be2ca0a6fd877]::sys::thread::unix::Thread>::new::thread_start
[INFO] [stdout]   19:     0x7ae3c273edfa - <unknown>
[INFO] [stdout]   20:     0x7ae3c27d23d4 - clone
[INFO] [stdout]   21:                0x0 - <unknown>
[INFO] [stdout] 
[INFO] [stdout] ---- a_deadline_survives_a_save_and_reload stdout ----
[INFO] [stdout] 
[INFO] [stdout] thread 'a_deadline_survives_a_save_and_reload' (455) panicked at tests/cli.rs:51:10:
[INFO] [stdout] binary runs: Os { code: 2, kind: NotFound, message: "No such file or directory" }
[INFO] [stdout] stack backtrace:
[INFO] [stdout]    0:     0x644702eaf311 - <<std[617be2ca0a6fd877]::sys::backtrace::BacktraceLock>::print::DisplayBacktrace as core[a373ad73a504971]::fmt::Display>::fmt
[INFO] [stdout]    1:     0x644702ec377a - core[a373ad73a504971]::fmt::write
[INFO] [stdout]    2:     0x644702eb381c - <alloc[2e1b2a31b91974c5]::vec::Vec<u8> as core[a373ad73a504971]::io::write::Write>::write_fmt
[INFO] [stdout]    3:     0x644702e88e56 - std[617be2ca0a6fd877]::panicking::default_hook::{closure#0}
[INFO] [stdout]    4:     0x644702ea6aa9 - std[617be2ca0a6fd877]::panicking::default_hook
[INFO] [stdout]    5:     0x644702e40740 - test[aada8e7e76ba119b]::test_main_inner::{closure#0}
[INFO] [stdout]    6:     0x644702ea6c62 - std[617be2ca0a6fd877]::panicking::panic_with_hook
[INFO] [stdout]    7:     0x644702e88f02 - std[617be2ca0a6fd877]::panicking::panic_handler::{closure#0}
[INFO] [stdout]    8:     0x644702e81909 - std[617be2ca0a6fd877]::sys::backtrace::__rust_end_short_backtrace::<std[617be2ca0a6fd877]::panicking::panic_handler::{closure#0}, !>
[INFO] [stdout]    9:     0x644702e89bfd - __rustc[ea4f61d10b84890b]::rust_begin_unwind
[INFO] [stdout]   10:     0x644702ec3eac - core[a373ad73a504971]::panicking::panic_fmt
[INFO] [stdout]   11:     0x644702ec3c82 - core[a373ad73a504971]::result::unwrap_failed
[INFO] [stdout]   12:     0x644702e2313f - cli[6933ee3020d0494]::run
[INFO] [stdout]   13:     0x644702e23bcb - cli[6933ee3020d0494]::seeded
[INFO] [stdout]   14:     0x644702e29d24 - <cli[6933ee3020d0494]::a_deadline_survives_a_save_and_reload::{closure#0} as core[a373ad73a504971]::ops::function::FnOnce<()>>::call_once
[INFO] [stdout]   15:     0x644702e33b8b - test[aada8e7e76ba119b]::__rust_begin_short_backtrace::<core[a373ad73a504971]::result::Result<(), alloc[2e1b2a31b91974c5]::string::String>, fn() -> core[a373ad73a504971]::result::Result<(), alloc[2e1b2a31b91974c5]::string::String>>
[INFO] [stdout]   16:     0x644702e40d65 - test[aada8e7e76ba119b]::run_test::{closure#0}
[INFO] [stdout]   17:     0x644702e3a654 - std[617be2ca0a6fd877]::sys::backtrace::__rust_begin_short_backtrace::<test[aada8e7e76ba119b]::run_test::{closure#1}, ()>
[INFO] [stdout]   18:     0x644702e43df2 - <std[617be2ca0a6fd877]::thread::lifecycle::spawn_unchecked<test[aada8e7e76ba119b]::run_test::{closure#1}, ()>::{closure#1} as core[a373ad73a504971]::ops::function::FnOnce<()>>::call_once::{shim:vtable#0}
[INFO] [stdout]   19:     0x644702eae62f - <std[617be2ca0a6fd877]::sys::thread::unix::Thread>::new::thread_start
[INFO] [stdout]   20:     0x7ae3c273edfa - <unknown>
[INFO] [stdout]   21:     0x7ae3c27d23d4 - clone
[INFO] [stdout]   22:                0x0 - <unknown>
[INFO] [stdout] 
[INFO] [stdout] ---- a_brand_new_graph_says_how_to_start_not_to_look_for_cycles stdout ----
[INFO] [stdout] 
[INFO] [stdout] thread 'a_brand_new_graph_says_how_to_start_not_to_look_for_cycles' (451) panicked at tests/cli.rs:51:10:
[INFO] [stdout] binary runs: Os { code: 2, kind: NotFound, message: "No such file or directory" }
[INFO] [stdout] stack backtrace:
[INFO] [stdout]    0:     0x644702eaf311 - <<std[617be2ca0a6fd877]::sys::backtrace::BacktraceLock>::print::DisplayBacktrace as core[a373ad73a504971]::fmt::Display>::fmt
[INFO] [stdout]    1:     0x644702ec377a - core[a373ad73a504971]::fmt::write
[INFO] [stdout]    2:     0x644702eb381c - <alloc[2e1b2a31b91974c5]::vec::Vec<u8> as core[a373ad73a504971]::io::write::Write>::write_fmt
[INFO] [stdout]    3:     0x644702e88e56 - std[617be2ca0a6fd877]::panicking::default_hook::{closure#0}
[INFO] [stdout]    4:     0x644702ea6aa9 - std[617be2ca0a6fd877]::panicking::default_hook
[INFO] [stdout]    5:     0x644702e40740 - test[aada8e7e76ba119b]::test_main_inner::{closure#0}
[INFO] [stdout]    6:     0x644702ea6c62 - std[617be2ca0a6fd877]::panicking::panic_with_hook
[INFO] [stdout]    7:     0x644702e88f02 - std[617be2ca0a6fd877]::panicking::panic_handler::{closure#0}
[INFO] [stdout]    8:     0x644702e81909 - std[617be2ca0a6fd877]::sys::backtrace::__rust_end_short_backtrace::<std[617be2ca0a6fd877]::panicking::panic_handler::{closure#0}, !>
[INFO] [stdout]    9:     0x644702e89bfd - __rustc[ea4f61d10b84890b]::rust_begin_unwind
[INFO] [stdout]   10:     0x644702ec3eac - core[a373ad73a504971]::panicking::panic_fmt
[INFO] [stdout]   11:     0x644702ec3c82 - core[a373ad73a504971]::result::unwrap_failed
[INFO] [stdout]   12:     0x644702e2313f - cli[6933ee3020d0494]::run
[INFO] [stdout]   13:     0x644702e302b1 - <cli[6933ee3020d0494]::a_brand_new_graph_says_how_to_start_not_to_look_for_cycles::{closure#0} as core[a373ad73a504971]::ops::function::FnOnce<()>>::call_once
[INFO] [stdout]   14:     0x644702e33b8b - test[aada8e7e76ba119b]::__rust_begin_short_backtrace::<core[a373ad73a504971]::result::Result<(), alloc[2e1b2a31b91974c5]::string::String>, fn() -> core[a373ad73a504971]::result::Result<(), alloc[2e1b2a31b91974c5]::string::String>>
[INFO] [stdout]   15:     0x644702e40d65 - test[aada8e7e76ba119b]::run_test::{closure#0}
[INFO] [stdout]   16:     0x644702e3a654 - std[617be2ca0a6fd877]::sys::backtrace::__rust_begin_short_backtrace::<test[aada8e7e76ba119b]::run_test::{closure#1}, ()>
[INFO] [stdout]   17:     0x644702e43df2 - <std[617be2ca0a6fd877]::thread::lifecycle::spawn_unchecked<test[aada8e7e76ba119b]::run_test::{closure#1}, ()>::{closure#1} as core[a373ad73a504971]::ops::function::FnOnce<()>>::call_once::{shim:vtable#0}
[INFO] [stdout]   18:     0x644702eae62f - <std[617be2ca0a6fd877]::sys::thread::unix::Thread>::new::thread_start
[INFO] [stdout]   19:     0x7ae3c273edfa - <unknown>
[INFO] [stdout]   20:     0x7ae3c27d23d4 - clone
[INFO] [stdout]   21:                0x0 - <unknown>
[INFO] [stdout] 
[INFO] [stdout] ---- a_link_to_a_document_that_does_not_exist_yet_creates_the_target stdout ----
[INFO] [stdout] 
[INFO] [stdout] thread 'a_link_to_a_document_that_does_not_exist_yet_creates_the_target' (462) panicked at tests/cli.rs:51:10:
[INFO] [stdout] binary runs: Os { code: 2, kind: NotFound, message: "No such file or directory" }
[INFO] [stdout] stack backtrace:
[INFO] [stdout]    0:     0x644702eaf311 - <<std[617be2ca0a6fd877]::sys::backtrace::BacktraceLock>::print::DisplayBacktrace as core[a373ad73a504971]::fmt::Display>::fmt
[INFO] [stdout]    1:     0x644702ec377a - core[a373ad73a504971]::fmt::write
[INFO] [stdout]    2:     0x644702eb381c - <alloc[2e1b2a31b91974c5]::vec::Vec<u8> as core[a373ad73a504971]::io::write::Write>::write_fmt
[INFO] [stdout]    3:     0x644702e88e56 - std[617be2ca0a6fd877]::panicking::default_hook::{closure#0}
[INFO] [stdout]    4:     0x644702ea6aa9 - std[617be2ca0a6fd877]::panicking::default_hook
[INFO] [stdout]    5:     0x644702e40740 - test[aada8e7e76ba119b]::test_main_inner::{closure#0}
[INFO] [stdout]    6:     0x644702ea6c62 - std[617be2ca0a6fd877]::panicking::panic_with_hook
[INFO] [stdout]    7:     0x644702e88f02 - std[617be2ca0a6fd877]::panicking::panic_handler::{closure#0}
[INFO] [stdout]    8:     0x644702e81909 - std[617be2ca0a6fd877]::sys::backtrace::__rust_end_short_backtrace::<std[617be2ca0a6fd877]::panicking::panic_handler::{closure#0}, !>
[INFO] [stdout]    9:     0x644702e89bfd - __rustc[ea4f61d10b84890b]::rust_begin_unwind
[INFO] [stdout]   10:     0x644702ec3eac - core[a373ad73a504971]::panicking::panic_fmt
[INFO] [stdout]   11:     0x644702ec3c82 - core[a373ad73a504971]::result::unwrap_failed
[INFO] [stdout]   12:     0x644702e2313f - cli[6933ee3020d0494]::run
[INFO] [stdout]   13:     0x644702e30c24 - <cli[6933ee3020d0494]::a_link_to_a_document_that_does_not_exist_yet_creates_the_target::{closure#0} as core[a373ad73a504971]::ops::function::FnOnce<()>>::call_once
[INFO] [stdout]   14:     0x644702e33b8b - test[aada8e7e76ba119b]::__rust_begin_short_backtrace::<core[a373ad73a504971]::result::Result<(), alloc[2e1b2a31b91974c5]::string::String>, fn() -> core[a373ad73a504971]::result::Result<(), alloc[2e1b2a31b91974c5]::string::String>>
[INFO] [stdout]   15:     0x644702e40d65 - test[aada8e7e76ba119b]::run_test::{closure#0}
[INFO] [stdout]   16:     0x644702e3a654 - std[617be2ca0a6fd877]::sys::backtrace::__rust_begin_short_backtrace::<test[aada8e7e76ba119b]::run_test::{closure#1}, ()>
[INFO] [stdout]   17:     0x644702e43df2 - <std[617be2ca0a6fd877]::thread::lifecycle::spawn_unchecked<test[aada8e7e76ba119b]::run_test::{closure#1}, ()>::{closure#1} as core[a373ad73a504971]::ops::function::FnOnce<()>>::call_once::{shim:vtable#0}
[INFO] [stdout]   18:     0x644702eae62f - <std[617be2ca0a6fd877]::sys::thread::unix::Thread>::new::thread_start
[INFO] [stdout]   19:     0x7ae3c273edfa - <unknown>
[INFO] [stdout]   20:     0x7ae3c27d23d4 - clone
[INFO] [stdout]   21:                0x0 - <unknown>
[INFO] [stdout] 
[INFO] [stdout] ---- a_document_written_before_deadlines_still_loads stdout ----
[INFO] [stdout] 
[INFO] [stdout] thread 'a_document_written_before_deadlines_still_loads' (458) panicked at tests/cli.rs:51:10:
[INFO] [stdout] binary runs: Os { code: 2, kind: NotFound, message: "No such file or directory" }
[INFO] [stdout] stack backtrace:
[INFO] [stdout]    0:     0x644702eaf311 - <<std[617be2ca0a6fd877]::sys::backtrace::BacktraceLock>::print::DisplayBacktrace as core[a373ad73a504971]::fmt::Display>::fmt
[INFO] [stdout]    1:     0x644702ec377a - core[a373ad73a504971]::fmt::write
[INFO] [stdout]    2:     0x644702eb381c - <alloc[2e1b2a31b91974c5]::vec::Vec<u8> as core[a373ad73a504971]::io::write::Write>::write_fmt
[INFO] [stdout]    3:     0x644702e88e56 - std[617be2ca0a6fd877]::panicking::default_hook::{closure#0}
[INFO] [stdout]    4:     0x644702ea6aa9 - std[617be2ca0a6fd877]::panicking::default_hook
[INFO] [stdout]    5:     0x644702e40740 - test[aada8e7e76ba119b]::test_main_inner::{closure#0}
[INFO] [stdout]    6:     0x644702ea6c62 - std[617be2ca0a6fd877]::panicking::panic_with_hook
[INFO] [stdout]    7:     0x644702e88f02 - std[617be2ca0a6fd877]::panicking::panic_handler::{closure#0}
[INFO] [stdout]    8:     0x644702e81909 - std[617be2ca0a6fd877]::sys::backtrace::__rust_end_short_backtrace::<std[617be2ca0a6fd877]::panicking::panic_handler::{closure#0}, !>
[INFO] [stdout]    9:     0x644702e89bfd - __rustc[ea4f61d10b84890b]::rust_begin_unwind
[INFO] [stdout]   10:     0x644702ec3eac - core[a373ad73a504971]::panicking::panic_fmt
[INFO] [stdout]   11:     0x644702ec3c82 - core[a373ad73a504971]::result::unwrap_failed
[INFO] [stdout]   12:     0x644702e2313f - cli[6933ee3020d0494]::run
[INFO] [stdout]   13:     0x644702e2e71c - <cli[6933ee3020d0494]::a_document_written_before_deadlines_still_loads::{closure#0} as core[a373ad73a504971]::ops::function::FnOnce<()>>::call_once
[INFO] [stdout]   14:     0x644702e33b8b - test[aada8e7e76ba119b]::__rust_begin_short_backtrace::<core[a373ad73a504971]::result::Result<(), alloc[2e1b2a31b91974c5]::string::String>, fn() -> core[a373ad73a504971]::result::Result<(), alloc[2e1b2a31b91974c5]::string::String>>
[INFO] [stdout]   15:     0x644702e40d65 - test[aada8e7e76ba119b]::run_test::{closure#0}
[INFO] [stdout]   16:     0x644702e3a654 - std[617be2ca0a6fd877]::sys::backtrace::__rust_begin_short_backtrace::<test[aada8e7e76ba119b]::run_test::{closure#1}, ()>
[INFO] [stdout]   17:     0x644702e43df2 - <std[617be2ca0a6fd877]::thread::lifecycle::spawn_unchecked<test[aada8e7e76ba119b]::run_test::{closure#1}, ()>::{closure#1} as core[a373ad73a504971]::ops::function::FnOnce<()>>::call_once::{shim:vtable#0}
[INFO] [stdout]   18:     0x644702eae62f - <std[617be2ca0a6fd877]::sys::thread::unix::Thread>::new::thread_start
[INFO] [stdout]   19:     0x7ae3c273edfa - <unknown>
[INFO] [stdout]   20:     0x7ae3c27d23d4 - clone
[INFO] [stdout]   21:                0x0 - <unknown>
[INFO] [stdout] 
[INFO] [stdout] ---- a_corrupt_file_is_reported_not_ignored stdout ----
[INFO] [stdout] 
[INFO] [stdout] thread 'a_corrupt_file_is_reported_not_ignored' (452) panicked at tests/cli.rs:68:10:
[INFO] [stdout] binary runs: Os { code: 2, kind: NotFound, message: "No such file or directory" }
[INFO] [stdout] stack backtrace:
[INFO] [stdout]    0:     0x644702eaf311 - <<std[617be2ca0a6fd877]::sys::backtrace::BacktraceLock>::print::DisplayBacktrace as core[a373ad73a504971]::fmt::Display>::fmt
[INFO] [stdout]    1:     0x644702ec377a - core[a373ad73a504971]::fmt::write
[INFO] [stdout]    2:     0x644702eb381c - <alloc[2e1b2a31b91974c5]::vec::Vec<u8> as core[a373ad73a504971]::io::write::Write>::write_fmt
[INFO] [stdout]    3:     0x644702e88e56 - std[617be2ca0a6fd877]::panicking::default_hook::{closure#0}
[INFO] [stdout]    4:     0x644702ea6aa9 - std[617be2ca0a6fd877]::panicking::default_hook
[INFO] [stdout]    5:     0x644702e40740 - test[aada8e7e76ba119b]::test_main_inner::{closure#0}
[INFO] [stdout]    6:     0x644702ea6c62 - std[617be2ca0a6fd877]::panicking::panic_with_hook
[INFO] [stdout]    7:     0x644702e88f02 - std[617be2ca0a6fd877]::panicking::panic_handler::{closure#0}
[INFO] [stdout]    8:     0x644702e81909 - std[617be2ca0a6fd877]::sys::backtrace::__rust_end_short_backtrace::<std[617be2ca0a6fd877]::panicking::panic_handler::{closure#0}, !>
[INFO] [stdout]    9:     0x644702e89bfd - __rustc[ea4f61d10b84890b]::rust_begin_unwind
[INFO] [stdout]   10:     0x644702ec3eac - core[a373ad73a504971]::panicking::panic_fmt
[INFO] [stdout]   11:     0x644702ec3c82 - core[a373ad73a504971]::result::unwrap_failed
[INFO] [stdout]   12:     0x644702e23902 - cli[6933ee3020d0494]::fails
[INFO] [stdout]   13:     0x644702e2a1b4 - <cli[6933ee3020d0494]::a_corrupt_file_is_reported_not_ignored::{closure#0} as core[a373ad73a504971]::ops::function::FnOnce<()>>::call_once
[INFO] [stdout]   14:     0x644702e33b8b - test[aada8e7e76ba119b]::__rust_begin_short_backtrace::<core[a373ad73a504971]::result::Result<(), alloc[2e1b2a31b91974c5]::string::String>, fn() -> core[a373ad73a504971]::result::Result<(), alloc[2e1b2a31b91974c5]::string::String>>
[INFO] [stdout]   15:     0x644702e40d65 - test[aada8e7e76ba119b]::run_test::{closure#0}
[INFO] [stdout]   16:     0x644702e3a654 - std[617be2ca0a6fd877]::sys::backtrace::__rust_begin_short_backtrace::<test[aada8e7e76ba119b]::run_test::{closure#1}, ()>
[INFO] [stdout]   17:     0x644702e43df2 - <std[617be2ca0a6fd877]::thread::lifecycle::spawn_unchecked<test[aada8e7e76ba119b]::run_test::{closure#1}, ()>::{closure#1} as core[a373ad73a504971]::ops::function::FnOnce<()>>::call_once::{shim:vtable#0}
[INFO] [stdout]   18:     0x644702eae62f - <std[617be2ca0a6fd877]::sys::thread::unix::Thread>::new::thread_start
[INFO] [stdout]   19:     0x7ae3c273edfa - <unknown>
[INFO] [stdout]   20:     0x7ae3c27d23d4 - clone
[INFO] [stdout]   21:                0x0 - <unknown>
[INFO] [stdout] 
[INFO] [stdout] ---- a_batch_wires_up_tasks_that_had_no_id_when_it_was_written stdout ----
[INFO] [stdout] 
[INFO] [stdout] thread 'a_batch_wires_up_tasks_that_had_no_id_when_it_was_written' (450) panicked at tests/cli.rs:827:10:
[INFO] [stdout] binary runs: Os { code: 2, kind: NotFound, message: "No such file or directory" }
[INFO] [stdout] stack backtrace:
[INFO] [stdout]    0:     0x644702eaf311 - <<std[617be2ca0a6fd877]::sys::backtrace::BacktraceLock>::print::DisplayBacktrace as core[a373ad73a504971]::fmt::Display>::fmt
[INFO] [stdout]    1:     0x644702ec377a - core[a373ad73a504971]::fmt::write
[INFO] [stdout]    2:     0x644702eb381c - <alloc[2e1b2a31b91974c5]::vec::Vec<u8> as core[a373ad73a504971]::io::write::Write>::write_fmt
[INFO] [stdout]    3:     0x644702e88e56 - std[617be2ca0a6fd877]::panicking::default_hook::{closure#0}
[INFO] [stdout]    4:     0x644702ea6aa9 - std[617be2ca0a6fd877]::panicking::default_hook
[INFO] [stdout]    5:     0x644702e40740 - test[aada8e7e76ba119b]::test_main_inner::{closure#0}
[INFO] [stdout]    6:     0x644702ea6c62 - std[617be2ca0a6fd877]::panicking::panic_with_hook
[INFO] [stdout]    7:     0x644702e88f02 - std[617be2ca0a6fd877]::panicking::panic_handler::{closure#0}
[INFO] [stdout]    8:     0x644702e81909 - std[617be2ca0a6fd877]::sys::backtrace::__rust_end_short_backtrace::<std[617be2ca0a6fd877]::panicking::panic_handler::{closure#0}, !>
[INFO] [stdout]    9:     0x644702e89bfd - __rustc[ea4f61d10b84890b]::rust_begin_unwind
[INFO] [stdout]   10:     0x644702ec3eac - core[a373ad73a504971]::panicking::panic_fmt
[INFO] [stdout]   11:     0x644702ec3c82 - core[a373ad73a504971]::result::unwrap_failed
[INFO] [stdout]   12:     0x644702e22ccc - cli[6933ee3020d0494]::run_with_input
[INFO] [stdout]   13:     0x644702e2feac - <cli[6933ee3020d0494]::a_batch_wires_up_tasks_that_had_no_id_when_it_was_written::{closure#0} as core[a373ad73a504971]::ops::function::FnOnce<()>>::call_once
[INFO] [stdout]   14:     0x644702e33b8b - test[aada8e7e76ba119b]::__rust_begin_short_backtrace::<core[a373ad73a504971]::result::Result<(), alloc[2e1b2a31b91974c5]::string::String>, fn() -> core[a373ad73a504971]::result::Result<(), alloc[2e1b2a31b91974c5]::string::String>>
[INFO] [stdout]   15:     0x644702e40d65 - test[aada8e7e76ba119b]::run_test::{closure#0}
[INFO] [stdout]   16:     0x644702e3a654 - std[617be2ca0a6fd877]::sys::backtrace::__rust_begin_short_backtrace::<test[aada8e7e76ba119b]::run_test::{closure#1}, ()>
[INFO] [stdout]   17:     0x644702e43df2 - <std[617be2ca0a6fd877]::thread::lifecycle::spawn_unchecked<test[aada8e7e76ba119b]::run_test::{closure#1}, ()>::{closure#1} as core[a373ad73a504971]::ops::function::FnOnce<()>>::call_once::{shim:vtable#0}
[INFO] [stdout]   18:     0x644702eae62f - <std[617be2ca0a6fd877]::sys::thread::unix::Thread>::new::thread_start
[INFO] [stdout]   19:     0x7ae3c273edfa - <unknown>
[INFO] [stdout]   20:     0x7ae3c27d23d4 - clone
[INFO] [stdout]   21:                0x0 - <unknown>
[INFO] [stdout] 
[INFO] [stdout] ---- a_deleted_vault_is_reported_rather_than_recreated stdout ----
[INFO] [stdout] 
[INFO] [stdout] thread 'a_deleted_vault_is_reported_rather_than_recreated' (456) panicked at tests/cli.rs:650:50:
[INFO] [stdout] binary runs: Os { code: 2, kind: NotFound, message: "No such file or directory" }
[INFO] [stdout] stack backtrace:
[INFO] [stdout]    0:     0x644702eaf311 - <<std[617be2ca0a6fd877]::sys::backtrace::BacktraceLock>::print::DisplayBacktrace as core[a373ad73a504971]::fmt::Display>::fmt
[INFO] [stdout]    1:     0x644702ec377a - core[a373ad73a504971]::fmt::write
[INFO] [stdout]    2:     0x644702eb381c - <alloc[2e1b2a31b91974c5]::vec::Vec<u8> as core[a373ad73a504971]::io::write::Write>::write_fmt
[INFO] [stdout]    3:     0x644702e88e56 - std[617be2ca0a6fd877]::panicking::default_hook::{closure#0}
[INFO] [stdout]    4:     0x644702ea6aa9 - std[617be2ca0a6fd877]::panicking::default_hook
[INFO] [stdout]    5:     0x644702e40740 - test[aada8e7e76ba119b]::test_main_inner::{closure#0}
[INFO] [stdout]    6:     0x644702ea6c62 - std[617be2ca0a6fd877]::panicking::panic_with_hook
[INFO] [stdout]    7:     0x644702e88f02 - std[617be2ca0a6fd877]::panicking::panic_handler::{closure#0}
[INFO] [stdout]    8:     0x644702e81909 - std[617be2ca0a6fd877]::sys::backtrace::__rust_end_short_backtrace::<std[617be2ca0a6fd877]::panicking::panic_handler::{closure#0}, !>
[INFO] [stdout]    9:     0x644702e89bfd - __rustc[ea4f61d10b84890b]::rust_begin_unwind
[INFO] [stdout]   10:     0x644702ec3eac - core[a373ad73a504971]::panicking::panic_fmt
[INFO] [stdout]   11:     0x644702ec3c82 - core[a373ad73a504971]::result::unwrap_failed
[INFO] [stdout]   12:     0x644702e23fdd - <cli[6933ee3020d0494]::Desk>::run
[INFO] [stdout]   13:     0x644702e24576 - <cli[6933ee3020d0494]::Desk>::vault
[INFO] [stdout]   14:     0x644702e2f681 - <cli[6933ee3020d0494]::a_deleted_vault_is_reported_rather_than_recreated::{closure#0} as core[a373ad73a504971]::ops::function::FnOnce<()>>::call_once
[INFO] [stdout]   15:     0x644702e33b8b - test[aada8e7e76ba119b]::__rust_begin_short_backtrace::<core[a373ad73a504971]::result::Result<(), alloc[2e1b2a31b91974c5]::string::String>, fn() -> core[a373ad73a504971]::result::Result<(), alloc[2e1b2a31b91974c5]::string::String>>
[INFO] [stdout]   16:     0x644702e40d65 - test[aada8e7e76ba119b]::run_test::{closure#0}
[INFO] [stdout]   17:     0x644702e3a654 - std[617be2ca0a6fd877]::sys::backtrace::__rust_begin_short_backtrace::<test[aada8e7e76ba119b]::run_test::{closure#1}, ()>
[INFO] [stdout]   18:     0x644702e43df2 - <std[617be2ca0a6fd877]::thread::lifecycle::spawn_unchecked<test[aada8e7e76ba119b]::run_test::{closure#1}, ()>::{closure#1} as core[a373ad73a504971]::ops::function::FnOnce<()>>::call_once::{shim:vtable#0}
[INFO] [stdout]   19:     0x644702eae62f - <std[617be2ca0a6fd877]::sys::thread::unix::Thread>::new::thread_start
[INFO] [stdout]   20:     0x7ae3c273edfa - <unknown>
[INFO] [stdout]   21:     0x7ae3c27d23d4 - clone
[INFO] [stdout]   22:                0x0 - <unknown>
[INFO] [stdout] 
[INFO] [stdout] ---- a_cycle_is_refused_by_name stdout ----
[INFO] [stdout] 
[INFO] [stdout] thread 'a_cycle_is_refused_by_name' (453) panicked at tests/cli.rs:51:10:
[INFO] [stdout] binary runs: Os { code: 2, kind: NotFound, message: "No such file or directory" }
[INFO] [stdout] stack backtrace:
[INFO] [stdout]    0:     0x644702eaf311 - <<std[617be2ca0a6fd877]::sys::backtrace::BacktraceLock>::print::DisplayBacktrace as core[a373ad73a504971]::fmt::Display>::fmt
[INFO] [stdout]    1:     0x644702ec377a - core[a373ad73a504971]::fmt::write
[INFO] [stdout]    2:     0x644702eb381c - <alloc[2e1b2a31b91974c5]::vec::Vec<u8> as core[a373ad73a504971]::io::write::Write>::write_fmt
[INFO] [stdout]    3:     0x644702e88e56 - std[617be2ca0a6fd877]::panicking::default_hook::{closure#0}
[INFO] [stdout]    4:     0x644702ea6aa9 - std[617be2ca0a6fd877]::panicking::default_hook
[INFO] [stdout]    5:     0x644702e40740 - test[aada8e7e76ba119b]::test_main_inner::{closure#0}
[INFO] [stdout]    6:     0x644702ea6c62 - std[617be2ca0a6fd877]::panicking::panic_with_hook
[INFO] [stdout]    7:     0x644702e88f02 - std[617be2ca0a6fd877]::panicking::panic_handler::{closure#0}
[INFO] [stdout]    8:     0x644702e81909 - std[617be2ca0a6fd877]::sys::backtrace::__rust_end_short_backtrace::<std[617be2ca0a6fd877]::panicking::panic_handler::{closure#0}, !>
[INFO] [stdout]    9:     0x644702e89bfd - __rustc[ea4f61d10b84890b]::rust_begin_unwind
[INFO] [stdout]   10:     0x644702ec3eac - core[a373ad73a504971]::panicking::panic_fmt
[INFO] [stdout]   11:     0x644702ec3c82 - core[a373ad73a504971]::result::unwrap_failed
[INFO] [stdout]   12:     0x644702e2313f - cli[6933ee3020d0494]::run
[INFO] [stdout]   13:     0x644702e23bcb - cli[6933ee3020d0494]::seeded
[INFO] [stdout]   14:     0x644702e26247 - <cli[6933ee3020d0494]::a_cycle_is_refused_by_name::{closure#0} as core[a373ad73a504971]::ops::function::FnOnce<()>>::call_once
[INFO] [stdout]   15:     0x644702e33b8b - test[aada8e7e76ba119b]::__rust_begin_short_backtrace::<core[a373ad73a504971]::result::Result<(), alloc[2e1b2a31b91974c5]::string::String>, fn() -> core[a373ad73a504971]::result::Result<(), alloc[2e1b2a31b91974c5]::string::String>>
[INFO] [stdout]   16:     0x644702e40d65 - test[aada8e7e76ba119b]::run_test::{closure#0}
[INFO] [stdout]   17:     0x644702e3a654 - std[617be2ca0a6fd877]::sys::backtrace::__rust_begin_short_backtrace::<test[aada8e7e76ba119b]::run_test::{closure#1}, ()>
[INFO] [stdout]   18:     0x644702e43df2 - <std[617be2ca0a6fd877]::thread::lifecycle::spawn_unchecked<test[aada8e7e76ba119b]::run_test::{closure#1}, ()>::{closure#1} as core[a373ad73a504971]::ops::function::FnOnce<()>>::call_once::{shim:vtable#0}
[INFO] [stdout]   19:     0x644702eae62f - <std[617be2ca0a6fd877]::sys::thread::unix::Thread>::new::thread_start
[INFO] [stdout]   20:     0x7ae3c273edfa - <unknown>
[INFO] [stdout]   21:     0x7ae3c27d23d4 - clone
[INFO] [stdout]   22:                0x0 - <unknown>
[INFO] [stdout] 
[INFO] [stdout] ---- a_deadline_can_be_cleared stdout ----
[INFO] [stdout] 
[INFO] [stdout] thread 'a_deadline_can_be_cleared' (454) panicked at tests/cli.rs:51:10:
[INFO] [stdout] binary runs: Os { code: 2, kind: NotFound, message: "No such file or directory" }
[INFO] [stdout] stack backtrace:
[INFO] [stdout]    0:     0x644702eaf311 - <<std[617be2ca0a6fd877]::sys::backtrace::BacktraceLock>::print::DisplayBacktrace as core[a373ad73a504971]::fmt::Display>::fmt
[INFO] [stdout]    1:     0x644702ec377a - core[a373ad73a504971]::fmt::write
[INFO] [stdout]    2:     0x644702eb381c - <alloc[2e1b2a31b91974c5]::vec::Vec<u8> as core[a373ad73a504971]::io::write::Write>::write_fmt
[INFO] [stdout]    3:     0x644702e88e56 - std[617be2ca0a6fd877]::panicking::default_hook::{closure#0}
[INFO] [stdout]    4:     0x644702ea6aa9 - std[617be2ca0a6fd877]::panicking::default_hook
[INFO] [stdout]    5:     0x644702e40740 - test[aada8e7e76ba119b]::test_main_inner::{closure#0}
[INFO] [stdout]    6:     0x644702ea6c62 - std[617be2ca0a6fd877]::panicking::panic_with_hook
[INFO] [stdout]    7:     0x644702e88f02 - std[617be2ca0a6fd877]::panicking::panic_handler::{closure#0}
[INFO] [stdout]    8:     0x644702e81909 - std[617be2ca0a6fd877]::sys::backtrace::__rust_end_short_backtrace::<std[617be2ca0a6fd877]::panicking::panic_handler::{closure#0}, !>
[INFO] [stdout]    9:     0x644702e89bfd - __rustc[ea4f61d10b84890b]::rust_begin_unwind
[INFO] [stdout]   10:     0x644702ec3eac - core[a373ad73a504971]::panicking::panic_fmt
[INFO] [stdout]   11:     0x644702ec3c82 - core[a373ad73a504971]::result::unwrap_failed
[INFO] [stdout]   12:     0x644702e2313f - cli[6933ee3020d0494]::run
[INFO] [stdout]   13:     0x644702e23bcb - cli[6933ee3020d0494]::seeded
[INFO] [stdout]   14:     0x644702e25f72 - <cli[6933ee3020d0494]::a_deadline_can_be_cleared::{closure#0} as core[a373ad73a504971]::ops::function::FnOnce<()>>::call_once
[INFO] [stdout]   15:     0x644702e33b8b - test[aada8e7e76ba119b]::__rust_begin_short_backtrace::<core[a373ad73a504971]::result::Result<(), alloc[2e1b2a31b91974c5]::string::String>, fn() -> core[a373ad73a504971]::result::Result<(), alloc[2e1b2a31b91974c5]::string::String>>
[INFO] [stdout]   16:     0x644702e40d65 - test[aada8e7e76ba119b]::run_test::{closure#0}
[INFO] [stdout]   17:     0x644702e3a654 - std[617be2ca0a6fd877]::sys::backtrace::__rust_begin_short_backtrace::<test[aada8e7e76ba119b]::run_test::{closure#1}, ()>
[INFO] [stdout]   18:     0x644702e43df2 - <std[617be2ca0a6fd877]::thread::lifecycle::spawn_unchecked<test[aada8e7e76ba119b]::run_test::{closure#1}, ()>::{closure#1} as core[a373ad73a504971]::ops::function::FnOnce<()>>::call_once::{shim:vtable#0}
[INFO] [stdout]   19:     0x644702eae62f - <std[617be2ca0a6fd877]::sys::thread::unix::Thread>::new::thread_start
[INFO] [stdout]   20:     0x7ae3c273edfa - <unknown>
[INFO] [stdout]   21:     0x7ae3c27d23d4 - clone
[INFO] [stdout]   22:                0x0 - <unknown>
[INFO] [stdout] 
[INFO] [stdout] ---- a_format_two_document_is_written_and_read_back stdout ----
[INFO] [stdout] 
[INFO] [stdout] thread 'a_format_two_document_is_written_and_read_back' (460) panicked at tests/cli.rs:51:10:
[INFO] [stdout] binary runs: Os { code: 2, kind: NotFound, message: "No such file or directory" }
[INFO] [stdout] stack backtrace:
[INFO] [stdout]    0:     0x644702eaf311 - <<std[617be2ca0a6fd877]::sys::backtrace::BacktraceLock>::print::DisplayBacktrace as core[a373ad73a504971]::fmt::Display>::fmt
[INFO] [stdout]    1:     0x644702ec377a - core[a373ad73a504971]::fmt::write
[INFO] [stdout]    2:     0x644702eb381c - <alloc[2e1b2a31b91974c5]::vec::Vec<u8> as core[a373ad73a504971]::io::write::Write>::write_fmt
[INFO] [stdout]    3:     0x644702e88e56 - std[617be2ca0a6fd877]::panicking::default_hook::{closure#0}
[INFO] [stdout]    4:     0x644702ea6aa9 - std[617be2ca0a6fd877]::panicking::default_hook
[INFO] [stdout]    5:     0x644702e40740 - test[aada8e7e76ba119b]::test_main_inner::{closure#0}
[INFO] [stdout]    6:     0x644702ea6c62 - std[617be2ca0a6fd877]::panicking::panic_with_hook
[INFO] [stdout]    7:     0x644702e88f02 - std[617be2ca0a6fd877]::panicking::panic_handler::{closure#0}
[INFO] [stdout]    8:     0x644702e81909 - std[617be2ca0a6fd877]::sys::backtrace::__rust_end_short_backtrace::<std[617be2ca0a6fd877]::panicking::panic_handler::{closure#0}, !>
[INFO] [stdout]    9:     0x644702e89bfd - __rustc[ea4f61d10b84890b]::rust_begin_unwind
[INFO] [stdout]   10:     0x644702ec3eac - core[a373ad73a504971]::panicking::panic_fmt
[INFO] [stdout]   11:     0x644702ec3c82 - core[a373ad73a504971]::result::unwrap_failed
[INFO] [stdout]   12:     0x644702e2313f - cli[6933ee3020d0494]::run
[INFO] [stdout]   13:     0x644702e23bcb - cli[6933ee3020d0494]::seeded
[INFO] [stdout]   14:     0x644702e2e004 - <cli[6933ee3020d0494]::a_format_two_document_is_written_and_read_back::{closure#0} as core[a373ad73a504971]::ops::function::FnOnce<()>>::call_once
[INFO] [stdout]   15:     0x644702e33b8b - test[aada8e7e76ba119b]::__rust_begin_short_backtrace::<core[a373ad73a504971]::result::Result<(), alloc[2e1b2a31b91974c5]::string::String>, fn() -> core[a373ad73a504971]::result::Result<(), alloc[2e1b2a31b91974c5]::string::String>>
[INFO] [stdout]   16:     0x644702e40d65 - test[aada8e7e76ba119b]::run_test::{closure#0}
[INFO] [stdout]   17:     0x644702e3a654 - std[617be2ca0a6fd877]::sys::backtrace::__rust_begin_short_backtrace::<test[aada8e7e76ba119b]::run_test::{closure#1}, ()>
[INFO] [stdout]   18:     0x644702e43df2 - <std[617be2ca0a6fd877]::thread::lifecycle::spawn_unchecked<test[aada8e7e76ba119b]::run_test::{closure#1}, ()>::{closure#1} as core[a373ad73a504971]::ops::function::FnOnce<()>>::call_once::{shim:vtable#0}
[INFO] [stdout]   19:     0x644702eae62f - <std[617be2ca0a6fd877]::sys::thread::unix::Thread>::new::thread_start
[INFO] [stdout]   20:     0x7ae3c273edfa - <unknown>
[INFO] [stdout]   21:     0x7ae3c27d23d4 - clone
[INFO] [stdout]   22:                0x0 - <unknown>
[INFO] [stdout] 
[INFO] [stdout] ---- a_document_without_counters_continues_from_its_highest_id stdout ----
[INFO] [stdout] 
[INFO] [stdout] thread 'a_document_without_counters_continues_from_its_highest_id' (457) panicked at tests/cli.rs:51:10:
[INFO] [stdout] binary runs: Os { code: 2, kind: NotFound, message: "No such file or directory" }
[INFO] [stdout] stack backtrace:
[INFO] [stdout]    0:     0x644702eaf311 - <<std[617be2ca0a6fd877]::sys::backtrace::BacktraceLock>::print::DisplayBacktrace as core[a373ad73a504971]::fmt::Display>::fmt
[INFO] [stdout]    1:     0x644702ec377a - core[a373ad73a504971]::fmt::write
[INFO] [stdout]    2:     0x644702eb381c - <alloc[2e1b2a31b91974c5]::vec::Vec<u8> as core[a373ad73a504971]::io::write::Write>::write_fmt
[INFO] [stdout]    3:     0x644702e88e56 - std[617be2ca0a6fd877]::panicking::default_hook::{closure#0}
[INFO] [stdout]    4:     0x644702ea6aa9 - std[617be2ca0a6fd877]::panicking::default_hook
[INFO] [stdout]    5:     0x644702e40740 - test[aada8e7e76ba119b]::test_main_inner::{closure#0}
[INFO] [stdout]    6:     0x644702ea6c62 - std[617be2ca0a6fd877]::panicking::panic_with_hook
[INFO] [stdout]    7:     0x644702e88f02 - std[617be2ca0a6fd877]::panicking::panic_handler::{closure#0}
[INFO] [stdout]    8:     0x644702e81909 - std[617be2ca0a6fd877]::sys::backtrace::__rust_end_short_backtrace::<std[617be2ca0a6fd877]::panicking::panic_handler::{closure#0}, !>
[INFO] [stdout]    9:     0x644702e89bfd - __rustc[ea4f61d10b84890b]::rust_begin_unwind
[INFO] [stdout]   10:     0x644702ec3eac - core[a373ad73a504971]::panicking::panic_fmt
[INFO] [stdout]   11:     0x644702ec3c82 - core[a373ad73a504971]::result::unwrap_failed
[INFO] [stdout]   12:     0x644702e2313f - cli[6933ee3020d0494]::run
[INFO] [stdout]   13:     0x644702e30164 - <cli[6933ee3020d0494]::a_document_without_counters_continues_from_its_highest_id::{closure#0} as core[a373ad73a504971]::ops::function::FnOnce<()>>::call_once
[INFO] [stdout]   14:     0x644702e33b8b - test[aada8e7e76ba119b]::__rust_begin_short_backtrace::<core[a373ad73a504971]::result::Result<(), alloc[2e1b2a31b91974c5]::string::String>, fn() -> core[a373ad73a504971]::result::Result<(), alloc[2e1b2a31b91974c5]::string::String>>
[INFO] [stderr] error: test failed, to rerun pass `--test cli`
[INFO] [stdout]   15:     0x644702e40d65 - test[aada8e7e76ba119b]::run_test::{closure#0}
[INFO] [stdout]   16:     0x644702e3a654 - std[617be2ca0a6fd877]::sys::backtrace::__rust_begin_short_backtrace::<test[aada8e7e76ba119b]::run_test::{closure#1}, ()>
[INFO] [stdout]   17:     0x644702e43df2 - <std[617be2ca0a6fd877]::thread::lifecycle::spawn_unchecked<test[aada8e7e76ba119b]::run_test::{closure#1}, ()>::{closure#1} as core[a373ad73a504971]::ops::function::FnOnce<()>>::call_once::{shim:vtable#0}
[INFO] [stdout]   18:     0x644702eae62f - <std[617be2ca0a6fd877]::sys::thread::unix::Thread>::new::thread_start
[INFO] [stdout]   19:     0x7ae3c273edfa - <unknown>
[INFO] [stdout]   20:     0x7ae3c27d23d4 - clone
[INFO] [stdout]   21:                0x0 - <unknown>
[INFO] [stdout] 
[INFO] [stdout] ---- a_plain_batch_prints_what_it_made_with_labels stdout ----
[INFO] [stdout] 
[INFO] [stdout] thread 'a_plain_batch_prints_what_it_made_with_labels' (485) panicked at tests/cli.rs:827:10:
[INFO] [stdout] binary runs: Os { code: 2, kind: NotFound, message: "No such file or directory" }
[INFO] [stdout] stack backtrace:
[INFO] [stdout]    0:     0x644702eaf311 - <<std[617be2ca0a6fd877]::sys::backtrace::BacktraceLock>::print::DisplayBacktrace as core[a373ad73a504971]::fmt::Display>::fmt
[INFO] [stdout]    1:     0x644702ec377a - core[a373ad73a504971]::fmt::write
[INFO] [stdout]    2:     0x644702eb381c - <alloc[2e1b2a31b91974c5]::vec::Vec<u8> as core[a373ad73a504971]::io::write::Write>::write_fmt
[INFO] [stdout]    3:     0x644702e88e56 - std[617be2ca0a6fd877]::panicking::default_hook::{closure#0}
[INFO] [stdout]    4:     0x644702ea6aa9 - std[617be2ca0a6fd877]::panicking::default_hook
[INFO] [stdout]    5:     0x644702e40740 - test[aada8e7e76ba119b]::test_main_inner::{closure#0}
[INFO] [stdout]    6:     0x644702ea6c62 - std[617be2ca0a6fd877]::panicking::panic_with_hook
[INFO] [stdout]    7:     0x644702e88f02 - std[617be2ca0a6fd877]::panicking::panic_handler::{closure#0}
[INFO] [stdout]    8:     0x644702e81909 - std[617be2ca0a6fd877]::sys::backtrace::__rust_end_short_backtrace::<std[617be2ca0a6fd877]::panicking::panic_handler::{closure#0}, !>
[INFO] [stdout]    9:     0x644702e89bfd - __rustc[ea4f61d10b84890b]::rust_begin_unwind
[INFO] [stdout]   10:     0x644702ec3eac - core[a373ad73a504971]::panicking::panic_fmt
[INFO] [stdout]   11:     0x644702ec3c82 - core[a373ad73a504971]::result::unwrap_failed
[INFO] [stdout]   12:     0x644702e22ccc - cli[6933ee3020d0494]::run_with_input
[INFO] [stdout]   13:     0x644702e2de83 - <cli[6933ee3020d0494]::a_plain_batch_prints_what_it_made_with_labels::{closure#0} as core[a373ad73a504971]::ops::function::FnOnce<()>>::call_once
[INFO] [stdout]   14:     0x644702e33b8b - test[aada8e7e76ba119b]::__rust_begin_short_backtrace::<core[a373ad73a504971]::result::Result<(), alloc[2e1b2a31b91974c5]::string::String>, fn() -> core[a373ad73a504971]::result::Result<(), alloc[2e1b2a31b91974c5]::string::String>>
[INFO] [stdout]   15:     0x644702e40d65 - test[aada8e7e76ba119b]::run_test::{closure#0}
[INFO] [stdout]   16:     0x644702e3a654 - std[617be2ca0a6fd877]::sys::backtrace::__rust_begin_short_backtrace::<test[aada8e7e76ba119b]::run_test::{closure#1}, ()>
[INFO] [stdout]   17:     0x644702e43df2 - <std[617be2ca0a6fd877]::thread::lifecycle::spawn_unchecked<test[aada8e7e76ba119b]::run_test::{closure#1}, ()>::{closure#1} as core[a373ad73a504971]::ops::function::FnOnce<()>>::call_once::{shim:vtable#0}
[INFO] [stdout]   18:     0x644702eae62f - <std[617be2ca0a6fd877]::sys::thread::unix::Thread>::new::thread_start
[INFO] [stdout]   19:     0x7ae3c273edfa - <unknown>
[INFO] [stdout]   20:     0x7ae3c27d23d4 - clone
[INFO] [stdout]   21:                0x0 - <unknown>
[INFO] [stdout] 
[INFO] [stdout] ---- a_removed_task_keeps_its_id_after_a_reload stdout ----
[INFO] [stdout] 
[INFO] [stdout] thread 'a_removed_task_keeps_its_id_after_a_reload' (490) panicked at tests/cli.rs:51:10:
[INFO] [stdout] binary runs: Os { code: 2, kind: NotFound, message: "No such file or directory" }
[INFO] [stdout] stack backtrace:
[INFO] [stdout]    0:     0x644702eaf311 - <<std[617be2ca0a6fd877]::sys::backtrace::BacktraceLock>::print::DisplayBacktrace as core[a373ad73a504971]::fmt::Display>::fmt
[INFO] [stdout]    1:     0x644702ec377a - core[a373ad73a504971]::fmt::write
[INFO] [stdout]    2:     0x644702eb381c - <alloc[2e1b2a31b91974c5]::vec::Vec<u8> as core[a373ad73a504971]::io::write::Write>::write_fmt
[INFO] [stdout]    3:     0x644702e88e56 - std[617be2ca0a6fd877]::panicking::default_hook::{closure#0}
[INFO] [stdout]    4:     0x644702ea6aa9 - std[617be2ca0a6fd877]::panicking::default_hook
[INFO] [stdout]    5:     0x644702e40740 - test[aada8e7e76ba119b]::test_main_inner::{closure#0}
[INFO] [stdout]    6:     0x644702ea6c62 - std[617be2ca0a6fd877]::panicking::panic_with_hook
[INFO] [stdout]    7:     0x644702e88f02 - std[617be2ca0a6fd877]::panicking::panic_handler::{closure#0}
[INFO] [stdout]    8:     0x644702e81909 - std[617be2ca0a6fd877]::sys::backtrace::__rust_end_short_backtrace::<std[617be2ca0a6fd877]::panicking::panic_handler::{closure#0}, !>
[INFO] [stdout]    9:     0x644702e89bfd - __rustc[ea4f61d10b84890b]::rust_begin_unwind
[INFO] [stdout]   10:     0x644702ec3eac - core[a373ad73a504971]::panicking::panic_fmt
[INFO] [stdout]   11:     0x644702ec3c82 - core[a373ad73a504971]::result::unwrap_failed
[INFO] [stdout]   12:     0x644702e2313f - cli[6933ee3020d0494]::run
[INFO] [stdout]   13:     0x644702e2d06b - <cli[6933ee3020d0494]::a_removed_task_keeps_its_id_after_a_reload::{closure#0} as core[a373ad73a504971]::ops::function::FnOnce<()>>::call_once
[INFO] [stdout]   14:     0x644702e33b8b - test[aada8e7e76ba119b]::__rust_begin_short_backtrace::<core[a373ad73a504971]::result::Result<(), alloc[2e1b2a31b91974c5]::string::String>, fn() -> core[a373ad73a504971]::result::Result<(), alloc[2e1b2a31b91974c5]::string::String>>
[INFO] [stdout]   15:     0x644702e40d65 - test[aada8e7e76ba119b]::run_test::{closure#0}
[INFO] [stdout]   16:     0x644702e3a654 - std[617be2ca0a6fd877]::sys::backtrace::__rust_begin_short_backtrace::<test[aada8e7e76ba119b]::run_test::{closure#1}, ()>
[INFO] [stdout]   17:     0x644702e43df2 - <std[617be2ca0a6fd877]::thread::lifecycle::spawn_unchecked<test[aada8e7e76ba119b]::run_test::{closure#1}, ()>::{closure#1} as core[a373ad73a504971]::ops::function::FnOnce<()>>::call_once::{shim:vtable#0}
[INFO] [stdout]   18:     0x644702eae62f - <std[617be2ca0a6fd877]::sys::thread::unix::Thread>::new::thread_start
[INFO] [stdout]   19:     0x7ae3c273edfa - <unknown>
[INFO] [stdout]   20:     0x7ae3c27d23d4 - clone
[INFO] [stdout]   21:                0x0 - <unknown>
[INFO] [stdout] 
[INFO] [stdout] ---- a_plain_change_prints_the_row_it_changed stdout ----
[INFO] [stdout] 
[INFO] [stdout] thread 'a_plain_change_prints_the_row_it_changed' (486) panicked at tests/cli.rs:51:10:
[INFO] [stdout] binary runs: Os { code: 2, kind: NotFound, message: "No such file or directory" }
[INFO] [stdout] stack backtrace:
[INFO] [stdout]    0:     0x644702eaf311 - <<std[617be2ca0a6fd877]::sys::backtrace::BacktraceLock>::print::DisplayBacktrace as core[a373ad73a504971]::fmt::Display>::fmt
[INFO] [stdout]    1:     0x644702ec377a - core[a373ad73a504971]::fmt::write
[INFO] [stdout]    2:     0x644702eb381c - <alloc[2e1b2a31b91974c5]::vec::Vec<u8> as core[a373ad73a504971]::io::write::Write>::write_fmt
[INFO] [stdout]    3:     0x644702e88e56 - std[617be2ca0a6fd877]::panicking::default_hook::{closure#0}
[INFO] [stdout]    4:     0x644702ea6aa9 - std[617be2ca0a6fd877]::panicking::default_hook
[INFO] [stdout]    5:     0x644702e40740 - test[aada8e7e76ba119b]::test_main_inner::{closure#0}
[INFO] [stdout]    6:     0x644702ea6c62 - std[617be2ca0a6fd877]::panicking::panic_with_hook
[INFO] [stdout]    7:     0x644702e88f02 - std[617be2ca0a6fd877]::panicking::panic_handler::{closure#0}
[INFO] [stdout]    8:     0x644702e81909 - std[617be2ca0a6fd877]::sys::backtrace::__rust_end_short_backtrace::<std[617be2ca0a6fd877]::panicking::panic_handler::{closure#0}, !>
[INFO] [stdout]    9:     0x644702e89bfd - __rustc[ea4f61d10b84890b]::rust_begin_unwind
[INFO] [stdout]   10:     0x644702ec3eac - core[a373ad73a504971]::panicking::panic_fmt
[INFO] [stdout]   11:     0x644702ec3c82 - core[a373ad73a504971]::result::unwrap_failed
[INFO] [stdout]   12:     0x644702e2313f - cli[6933ee3020d0494]::run
[INFO] [stdout]   13:     0x644702e23bcb - cli[6933ee3020d0494]::seeded
[INFO] [stdout]   14:     0x644702e2ac20 - <cli[6933ee3020d0494]::a_plain_change_prints_the_row_it_changed::{closure#0} as core[a373ad73a504971]::ops::function::FnOnce<()>>::call_once
[INFO] [stdout]   15:     0x644702e33b8b - test[aada8e7e76ba119b]::__rust_begin_short_backtrace::<core[a373ad73a504971]::result::Result<(), alloc[2e1b2a31b91974c5]::string::String>, fn() -> core[a373ad73a504971]::result::Result<(), alloc[2e1b2a31b91974c5]::string::String>>
[INFO] [stdout]   16:     0x644702e40d65 - test[aada8e7e76ba119b]::run_test::{closure#0}
[INFO] [stdout]   17:     0x644702e3a654 - std[617be2ca0a6fd877]::sys::backtrace::__rust_begin_short_backtrace::<test[aada8e7e76ba119b]::run_test::{closure#1}, ()>
[INFO] [stdout]   18:     0x644702e43df2 - <std[617be2ca0a6fd877]::thread::lifecycle::spawn_unchecked<test[aada8e7e76ba119b]::run_test::{closure#1}, ()>::{closure#1} as core[a373ad73a504971]::ops::function::FnOnce<()>>::call_once::{shim:vtable#0}
[INFO] [stdout]   19:     0x644702eae62f - <std[617be2ca0a6fd877]::sys::thread::unix::Thread>::new::thread_start
[INFO] [stdout]   20:     0x7ae3c273edfa - <unknown>
[INFO] [stdout]   21:     0x7ae3c27d23d4 - clone
[INFO] [stdout]   22:                0x0 - <unknown>
[INFO] [stdout] 
[INFO] [stdout] ---- a_missing_file_reads_as_an_empty_graph stdout ----
[INFO] [stdout] 
[INFO] [stdout] thread 'a_missing_file_reads_as_an_empty_graph' (479) panicked at tests/cli.rs:51:10:
[INFO] [stdout] binary runs: Os { code: 2, kind: NotFound, message: "No such file or directory" }
[INFO] [stdout] stack backtrace:
[INFO] [stdout]    0:     0x644702eaf311 - <<std[617be2ca0a6fd877]::sys::backtrace::BacktraceLock>::print::DisplayBacktrace as core[a373ad73a504971]::fmt::Display>::fmt
[INFO] [stdout]    1:     0x644702ec377a - core[a373ad73a504971]::fmt::write
[INFO] [stdout]    2:     0x644702eb381c - <alloc[2e1b2a31b91974c5]::vec::Vec<u8> as core[a373ad73a504971]::io::write::Write>::write_fmt
[INFO] [stdout]    3:     0x644702e88e56 - std[617be2ca0a6fd877]::panicking::default_hook::{closure#0}
[INFO] [stdout]    4:     0x644702ea6aa9 - std[617be2ca0a6fd877]::panicking::default_hook
[INFO] [stdout]    5:     0x644702e40740 - test[aada8e7e76ba119b]::test_main_inner::{closure#0}
[INFO] [stdout]    6:     0x644702ea6c62 - std[617be2ca0a6fd877]::panicking::panic_with_hook
[INFO] [stdout]    7:     0x644702e88f02 - std[617be2ca0a6fd877]::panicking::panic_handler::{closure#0}
[INFO] [stdout]    8:     0x644702e81909 - std[617be2ca0a6fd877]::sys::backtrace::__rust_end_short_backtrace::<std[617be2ca0a6fd877]::panicking::panic_handler::{closure#0}, !>
[INFO] [stdout]    9:     0x644702e89bfd - __rustc[ea4f61d10b84890b]::rust_begin_unwind
[INFO] [stdout]   10:     0x644702ec3eac - core[a373ad73a504971]::panicking::panic_fmt
[INFO] [stdout]   11:     0x644702ec3c82 - core[a373ad73a504971]::result::unwrap_failed
[INFO] [stdout]   12:     0x644702e2313f - cli[6933ee3020d0494]::run
[INFO] [stdout]   13:     0x644702e2a2fb - <cli[6933ee3020d0494]::a_missing_file_reads_as_an_empty_graph::{closure#0} as core[a373ad73a504971]::ops::function::FnOnce<()>>::call_once
[INFO] [stdout]   14:     0x644702e33b8b - test[aada8e7e76ba119b]::__rust_begin_short_backtrace::<core[a373ad73a504971]::result::Result<(), alloc[2e1b2a31b91974c5]::string::String>, fn() -> core[a373ad73a504971]::result::Result<(), alloc[2e1b2a31b91974c5]::string::String>>
[INFO] [stdout]   15:     0x644702e40d65 - test[aada8e7e76ba119b]::run_test::{closure#0}
[INFO] [stdout]   16:     0x644702e3a654 - std[617be2ca0a6fd877]::sys::backtrace::__rust_begin_short_backtrace::<test[aada8e7e76ba119b]::run_test::{closure#1}, ()>
[INFO] [stdout]   17:     0x644702e43df2 - <std[617be2ca0a6fd877]::thread::lifecycle::spawn_unchecked<test[aada8e7e76ba119b]::run_test::{closure#1}, ()>::{closure#1} as core[a373ad73a504971]::ops::function::FnOnce<()>>::call_once::{shim:vtable#0}
[INFO] [stdout]   18:     0x644702eae62f - <std[617be2ca0a6fd877]::sys::thread::unix::Thread>::new::thread_start
[INFO] [stdout]   19:     0x7ae3c273edfa - <unknown>
[INFO] [stdout]   20:     0x7ae3c27d23d4 - clone
[INFO] [stdout]   21:                0x0 - <unknown>
[INFO] [stdout] 
[INFO] [stdout] ---- a_new_vault_is_where_the_next_commands_go stdout ----
[INFO] [stdout] 
[INFO] [stdout] thread 'a_new_vault_is_where_the_next_commands_go' (483) panicked at tests/cli.rs:650:50:
[INFO] [stdout] binary runs: Os { code: 2, kind: NotFound, message: "No such file or directory" }
[INFO] [stdout] stack backtrace:
[INFO] [stdout]    0:     0x644702eaf311 - <<std[617be2ca0a6fd877]::sys::backtrace::BacktraceLock>::print::DisplayBacktrace as core[a373ad73a504971]::fmt::Display>::fmt
[INFO] [stdout]    1:     0x644702ec377a - core[a373ad73a504971]::fmt::write
[INFO] [stdout]    2:     0x644702eb381c - <alloc[2e1b2a31b91974c5]::vec::Vec<u8> as core[a373ad73a504971]::io::write::Write>::write_fmt
[INFO] [stdout]    3:     0x644702e88e56 - std[617be2ca0a6fd877]::panicking::default_hook::{closure#0}
[INFO] [stdout]    4:     0x644702ea6aa9 - std[617be2ca0a6fd877]::panicking::default_hook
[INFO] [stdout]    5:     0x644702e40740 - test[aada8e7e76ba119b]::test_main_inner::{closure#0}
[INFO] [stdout]    6:     0x644702ea6c62 - std[617be2ca0a6fd877]::panicking::panic_with_hook
[INFO] [stdout]    7:     0x644702e88f02 - std[617be2ca0a6fd877]::panicking::panic_handler::{closure#0}
[INFO] [stdout]    8:     0x644702e81909 - std[617be2ca0a6fd877]::sys::backtrace::__rust_end_short_backtrace::<std[617be2ca0a6fd877]::panicking::panic_handler::{closure#0}, !>
[INFO] [stdout]    9:     0x644702e89bfd - __rustc[ea4f61d10b84890b]::rust_begin_unwind
[INFO] [stdout]   10:     0x644702ec3eac - core[a373ad73a504971]::panicking::panic_fmt
[INFO] [stdout]   11:     0x644702ec3c82 - core[a373ad73a504971]::result::unwrap_failed
[INFO] [stdout]   12:     0x644702e23fdd - <cli[6933ee3020d0494]::Desk>::run
[INFO] [stdout]   13:     0x644702e24576 - <cli[6933ee3020d0494]::Desk>::vault
[INFO] [stdout]   14:     0x644702e2c0d0 - <cli[6933ee3020d0494]::a_new_vault_is_where_the_next_commands_go::{closure#0} as core[a373ad73a504971]::ops::function::FnOnce<()>>::call_once
[INFO] [stdout]   15:     0x644702e33b8b - test[aada8e7e76ba119b]::__rust_begin_short_backtrace::<core[a373ad73a504971]::result::Result<(), alloc[2e1b2a31b91974c5]::string::String>, fn() -> core[a373ad73a504971]::result::Result<(), alloc[2e1b2a31b91974c5]::string::String>>
[INFO] [stdout]   16:     0x644702e40d65 - test[aada8e7e76ba119b]::run_test::{closure#0}
[INFO] [stdout]   17:     0x644702e3a654 - std[617be2ca0a6fd877]::sys::backtrace::__rust_begin_short_backtrace::<test[aada8e7e76ba119b]::run_test::{closure#1}, ()>
[INFO] [stdout]   18:     0x644702e43df2 - <std[617be2ca0a6fd877]::thread::lifecycle::spawn_unchecked<test[aada8e7e76ba119b]::run_test::{closure#1}, ()>::{closure#1} as core[a373ad73a504971]::ops::function::FnOnce<()>>::call_once::{shim:vtable#0}
[INFO] [stdout]   19:     0x644702eae62f - <std[617be2ca0a6fd877]::sys::thread::unix::Thread>::new::thread_start
[INFO] [stdout]   20:     0x7ae3c273edfa - <unknown>
[INFO] [stdout]   21:     0x7ae3c27d23d4 - clone
[INFO] [stdout]   22:                0x0 - <unknown>
[INFO] [stdout] 
[INFO] [stdout] ---- a_multi_word_name_stays_one_task stdout ----
[INFO] [stdout] 
[INFO] [stdout] thread 'a_multi_word_name_stays_one_task' (480) panicked at tests/cli.rs:51:10:
[INFO] [stdout] binary runs: Os { code: 2, kind: NotFound, message: "No such file or directory" }
[INFO] [stdout] stack backtrace:
[INFO] [stdout]    0:     0x644702eaf311 - <<std[617be2ca0a6fd877]::sys::backtrace::BacktraceLock>::print::DisplayBacktrace as core[a373ad73a504971]::fmt::Display>::fmt
[INFO] [stdout]    1:     0x644702ec377a - core[a373ad73a504971]::fmt::write
[INFO] [stdout]    2:     0x644702eb381c - <alloc[2e1b2a31b91974c5]::vec::Vec<u8> as core[a373ad73a504971]::io::write::Write>::write_fmt
[INFO] [stdout]    3:     0x644702e88e56 - std[617be2ca0a6fd877]::panicking::default_hook::{closure#0}
[INFO] [stdout]    4:     0x644702ea6aa9 - std[617be2ca0a6fd877]::panicking::default_hook
[INFO] [stdout]    5:     0x644702e40740 - test[aada8e7e76ba119b]::test_main_inner::{closure#0}
[INFO] [stdout]    6:     0x644702ea6c62 - std[617be2ca0a6fd877]::panicking::panic_with_hook
[INFO] [stdout]    7:     0x644702e88f02 - std[617be2ca0a6fd877]::panicking::panic_handler::{closure#0}
[INFO] [stdout]    8:     0x644702e81909 - std[617be2ca0a6fd877]::sys::backtrace::__rust_end_short_backtrace::<std[617be2ca0a6fd877]::panicking::panic_handler::{closure#0}, !>
[INFO] [stdout]    9:     0x644702e89bfd - __rustc[ea4f61d10b84890b]::rust_begin_unwind
[INFO] [stdout]   10:     0x644702ec3eac - core[a373ad73a504971]::panicking::panic_fmt
[INFO] [stdout]   11:     0x644702ec3c82 - core[a373ad73a504971]::result::unwrap_failed
[INFO] [stdout]   12:     0x644702e2313f - cli[6933ee3020d0494]::run
[INFO] [stdout]   13:     0x644702e23bcb - cli[6933ee3020d0494]::seeded
[INFO] [stdout]   14:     0x644702e27de9 - <cli[6933ee3020d0494]::a_multi_word_name_stays_one_task::{closure#0} as core[a373ad73a504971]::ops::function::FnOnce<()>>::call_once
[INFO] [stdout]   15:     0x644702e33b8b - test[aada8e7e76ba119b]::__rust_begin_short_backtrace::<core[a373ad73a504971]::result::Result<(), alloc[2e1b2a31b91974c5]::string::String>, fn() -> core[a373ad73a504971]::result::Result<(), alloc[2e1b2a31b91974c5]::string::String>>
[INFO] [stdout]   16:     0x644702e40d65 - test[aada8e7e76ba119b]::run_test::{closure#0}
[INFO] [stdout]   17:     0x644702e3a654 - std[617be2ca0a6fd877]::sys::backtrace::__rust_begin_short_backtrace::<test[aada8e7e76ba119b]::run_test::{closure#1}, ()>
[INFO] [stdout]   18:     0x644702e43df2 - <std[617be2ca0a6fd877]::thread::lifecycle::spawn_unchecked<test[aada8e7e76ba119b]::run_test::{closure#1}, ()>::{closure#1} as core[a373ad73a504971]::ops::function::FnOnce<()>>::call_once::{shim:vtable#0}
[INFO] [stdout]   19:     0x644702eae62f - <std[617be2ca0a6fd877]::sys::thread::unix::Thread>::new::thread_start
[INFO] [stdout]   20:     0x7ae3c273edfa - <unknown>
[INFO] [stdout]   21:     0x7ae3c27d23d4 - clone
[INFO] [stdout]   22:                0x0 - <unknown>
[INFO] [stdout] 
[INFO] [stdout] ---- a_save_through_a_symlink_keeps_the_link_and_updates_the_real_file stdout ----
[INFO] [stdout] 
[INFO] [stdout] thread 'a_save_through_a_symlink_keeps_the_link_and_updates_the_real_file' (491) panicked at tests/cli.rs:51:10:
[INFO] [stdout] binary runs: Os { code: 2, kind: NotFound, message: "No such file or directory" }
[INFO] [stdout] stack backtrace:
[INFO] [stdout]    0:     0x644702eaf311 - <<std[617be2ca0a6fd877]::sys::backtrace::BacktraceLock>::print::DisplayBacktrace as core[a373ad73a504971]::fmt::Display>::fmt
[INFO] [stdout]    1:     0x644702ec377a - core[a373ad73a504971]::fmt::write
[INFO] [stdout]    2:     0x644702eb381c - <alloc[2e1b2a31b91974c5]::vec::Vec<u8> as core[a373ad73a504971]::io::write::Write>::write_fmt
[INFO] [stdout]    3:     0x644702e88e56 - std[617be2ca0a6fd877]::panicking::default_hook::{closure#0}
[INFO] [stdout]    4:     0x644702ea6aa9 - std[617be2ca0a6fd877]::panicking::default_hook
[INFO] [stdout]    5:     0x644702e40740 - test[aada8e7e76ba119b]::test_main_inner::{closure#0}
[INFO] [stdout]    6:     0x644702ea6c62 - std[617be2ca0a6fd877]::panicking::panic_with_hook
[INFO] [stdout]    7:     0x644702e88f02 - std[617be2ca0a6fd877]::panicking::panic_handler::{closure#0}
[INFO] [stdout]    8:     0x644702e81909 - std[617be2ca0a6fd877]::sys::backtrace::__rust_end_short_backtrace::<std[617be2ca0a6fd877]::panicking::panic_handler::{closure#0}, !>
[INFO] [stdout]    9:     0x644702e89bfd - __rustc[ea4f61d10b84890b]::rust_begin_unwind
[INFO] [stdout]   10:     0x644702ec3eac - core[a373ad73a504971]::panicking::panic_fmt
[INFO] [stdout]   11:     0x644702ec3c82 - core[a373ad73a504971]::result::unwrap_failed
[INFO] [stdout]   12:     0x644702e2313f - cli[6933ee3020d0494]::run
[INFO] [stdout]   13:     0x644702e30fde - <cli[6933ee3020d0494]::a_save_through_a_symlink_keeps_the_link_and_updates_the_real_file::{closure#0} as core[a373ad73a504971]::ops::function::FnOnce<()>>::call_once
[INFO] [stdout]   14:     0x644702e33b8b - test[aada8e7e76ba119b]::__rust_begin_short_backtrace::<core[a373ad73a504971]::result::Result<(), alloc[2e1b2a31b91974c5]::string::String>, fn() -> core[a373ad73a504971]::result::Result<(), alloc[2e1b2a31b91974c5]::string::String>>
[INFO] [stdout]   15:     0x644702e40d65 - test[aada8e7e76ba119b]::run_test::{closure#0}
[INFO] [stdout]   16:     0x644702e3a654 - std[617be2ca0a6fd877]::sys::backtrace::__rust_begin_short_backtrace::<test[aada8e7e76ba119b]::run_test::{closure#1}, ()>
[INFO] [stdout]   17:     0x644702e43df2 - <std[617be2ca0a6fd877]::thread::lifecycle::spawn_unchecked<test[aada8e7e76ba119b]::run_test::{closure#1}, ()>::{closure#1} as core[a373ad73a504971]::ops::function::FnOnce<()>>::call_once::{shim:vtable#0}
[INFO] [stdout]   18:     0x644702eae62f - <std[617be2ca0a6fd877]::sys::thread::unix::Thread>::new::thread_start
[INFO] [stdout]   19:     0x7ae3c273edfa - <unknown>
[INFO] [stdout]   20:     0x7ae3c27d23d4 - clone
[INFO] [stdout]   21:                0x0 - <unknown>
[INFO] [stdout] 
[INFO] [stdout] ---- an_undone_addition_keeps_its_id_spent stdout ----
[INFO] [stdout] 
[INFO] [stdout] thread 'an_undone_addition_keeps_its_id_spent' (505) panicked at tests/cli.rs:51:10:
[INFO] [stdout] binary runs: Os { code: 2, kind: NotFound, message: "No such file or directory" }
[INFO] [stdout] stack backtrace:
[INFO] [stdout]    0:     0x644702eaf311 - <<std[617be2ca0a6fd877]::sys::backtrace::BacktraceLock>::print::DisplayBacktrace as core[a373ad73a504971]::fmt::Display>::fmt
[INFO] [stdout]    1:     0x644702ec377a - core[a373ad73a504971]::fmt::write
[INFO] [stdout]    2:     0x644702eb381c - <alloc[2e1b2a31b91974c5]::vec::Vec<u8> as core[a373ad73a504971]::io::write::Write>::write_fmt
[INFO] [stdout]    3:     0x644702e88e56 - std[617be2ca0a6fd877]::panicking::default_hook::{closure#0}
[INFO] [stdout]    4:     0x644702ea6aa9 - std[617be2ca0a6fd877]::panicking::default_hook
[INFO] [stdout]    5:     0x644702e40740 - test[aada8e7e76ba119b]::test_main_inner::{closure#0}
[INFO] [stdout]    6:     0x644702ea6c62 - std[617be2ca0a6fd877]::panicking::panic_with_hook
[INFO] [stdout]    7:     0x644702e88f02 - std[617be2ca0a6fd877]::panicking::panic_handler::{closure#0}
[INFO] [stdout]    8:     0x644702e81909 - std[617be2ca0a6fd877]::sys::backtrace::__rust_end_short_backtrace::<std[617be2ca0a6fd877]::panicking::panic_handler::{closure#0}, !>
[INFO] [stdout]    9:     0x644702e89bfd - __rustc[ea4f61d10b84890b]::rust_begin_unwind
[INFO] [stdout]   10:     0x644702ec3eac - core[a373ad73a504971]::panicking::panic_fmt
[INFO] [stdout]   11:     0x644702ec3c82 - core[a373ad73a504971]::result::unwrap_failed
[INFO] [stdout]   12:     0x644702e2313f - cli[6933ee3020d0494]::run
[INFO] [stdout]   13:     0x644702e29f3b - <cli[6933ee3020d0494]::an_undone_addition_keeps_its_id_spent::{closure#0} as core[a373ad73a504971]::ops::function::FnOnce<()>>::call_once
[INFO] [stdout]   14:     0x644702e33b8b - test[aada8e7e76ba119b]::__rust_begin_short_backtrace::<core[a373ad73a504971]::result::Result<(), alloc[2e1b2a31b91974c5]::string::String>, fn() -> core[a373ad73a504971]::result::Result<(), alloc[2e1b2a31b91974c5]::string::String>>
[INFO] [stdout]   15:     0x644702e40d65 - test[aada8e7e76ba119b]::run_test::{closure#0}
[INFO] [stdout]   16:     0x644702e3a654 - std[617be2ca0a6fd877]::sys::backtrace::__rust_begin_short_backtrace::<test[aada8e7e76ba119b]::run_test::{closure#1}, ()>
[INFO] [stdout]   17:     0x644702e43df2 - <std[617be2ca0a6fd877]::thread::lifecycle::spawn_unchecked<test[aada8e7e76ba119b]::run_test::{closure#1}, ()>::{closure#1} as core[a373ad73a504971]::ops::function::FnOnce<()>>::call_once::{shim:vtable#0}
[INFO] [stdout]   18:     0x644702eae62f - <std[617be2ca0a6fd877]::sys::thread::unix::Thread>::new::thread_start
[INFO] [stdout]   19:     0x7ae3c273edfa - <unknown>
[INFO] [stdout]   20:     0x7ae3c27d23d4 - clone
[INFO] [stdout]   21:                0x0 - <unknown>
[INFO] [stdout] 
[INFO] [stdout] ---- an_ambiguous_name_is_refused stdout ----
[INFO] [stdout] 
[INFO] [stdout] thread 'an_ambiguous_name_is_refused' (492) panicked at tests/cli.rs:51:10:
[INFO] [stdout] binary runs: Os { code: 2, kind: NotFound, message: "No such file or directory" }
[INFO] [stdout] stack backtrace:
[INFO] [stdout]    0:     0x644702eaf311 - <<std[617be2ca0a6fd877]::sys::backtrace::BacktraceLock>::print::DisplayBacktrace as core[a373ad73a504971]::fmt::Display>::fmt
[INFO] [stdout]    1:     0x644702ec377a - core[a373ad73a504971]::fmt::write
[INFO] [stdout]    2:     0x644702eb381c - <alloc[2e1b2a31b91974c5]::vec::Vec<u8> as core[a373ad73a504971]::io::write::Write>::write_fmt
[INFO] [stdout]    3:     0x644702e88e56 - std[617be2ca0a6fd877]::panicking::default_hook::{closure#0}
[INFO] [stdout]    4:     0x644702ea6aa9 - std[617be2ca0a6fd877]::panicking::default_hook
[INFO] [stdout]    5:     0x644702e40740 - test[aada8e7e76ba119b]::test_main_inner::{closure#0}
[INFO] [stdout]    6:     0x644702ea6c62 - std[617be2ca0a6fd877]::panicking::panic_with_hook
[INFO] [stdout]    7:     0x644702e88f02 - std[617be2ca0a6fd877]::panicking::panic_handler::{closure#0}
[INFO] [stdout]    8:     0x644702e81909 - std[617be2ca0a6fd877]::sys::backtrace::__rust_end_short_backtrace::<std[617be2ca0a6fd877]::panicking::panic_handler::{closure#0}, !>
[INFO] [stdout]    9:     0x644702e89bfd - __rustc[ea4f61d10b84890b]::rust_begin_unwind
[INFO] [stdout]   10:     0x644702ec3eac - core[a373ad73a504971]::panicking::panic_fmt
[INFO] [stdout]   11:     0x644702ec3c82 - core[a373ad73a504971]::result::unwrap_failed
[INFO] [stdout]   12:     0x644702e2313f - cli[6933ee3020d0494]::run
[INFO] [stdout]   13:     0x644702e26637 - <cli[6933ee3020d0494]::an_ambiguous_name_is_refused::{closure#0} as core[a373ad73a504971]::ops::function::FnOnce<()>>::call_once
[INFO] [stdout]   14:     0x644702e33b8b - test[aada8e7e76ba119b]::__rust_begin_short_backtrace::<core[a373ad73a504971]::result::Result<(), alloc[2e1b2a31b91974c5]::string::String>, fn() -> core[a373ad73a504971]::result::Result<(), alloc[2e1b2a31b91974c5]::string::String>>
[INFO] [stdout]   15:     0x644702e40d65 - test[aada8e7e76ba119b]::run_test::{closure#0}
[INFO] [stdout]   16:     0x644702e3a654 - std[617be2ca0a6fd877]::sys::backtrace::__rust_begin_short_backtrace::<test[aada8e7e76ba119b]::run_test::{closure#1}, ()>
[INFO] [stdout]   17:     0x644702e43df2 - <std[617be2ca0a6fd877]::thread::lifecycle::spawn_unchecked<test[aada8e7e76ba119b]::run_test::{closure#1}, ()>::{closure#1} as core[a373ad73a504971]::ops::function::FnOnce<()>>::call_once::{shim:vtable#0}
[INFO] [stdout]   18:     0x644702eae62f - <std[617be2ca0a6fd877]::sys::thread::unix::Thread>::new::thread_start
[INFO] [stdout]   19:     0x7ae3c273edfa - <unknown>
[INFO] [stdout]   20:     0x7ae3c27d23d4 - clone
[INFO] [stdout]   21:                0x0 - <unknown>
[INFO] [stdout] 
[INFO] [stdout] ---- a_removed_direction_keeps_its_id_after_a_reload stdout ----
[INFO] [stdout] 
[INFO] [stdout] thread 'a_removed_direction_keeps_its_id_after_a_reload' (489) panicked at tests/cli.rs:51:10:
[INFO] [stdout] binary runs: Os { code: 2, kind: NotFound, message: "No such file or directory" }
[INFO] [stdout] stack backtrace:
[INFO] [stdout]    0:     0x644702eaf311 - <<std[617be2ca0a6fd877]::sys::backtrace::BacktraceLock>::print::DisplayBacktrace as core[a373ad73a504971]::fmt::Display>::fmt
[INFO] [stdout]    1:     0x644702ec377a - core[a373ad73a504971]::fmt::write
[INFO] [stdout]    2:     0x644702eb381c - <alloc[2e1b2a31b91974c5]::vec::Vec<u8> as core[a373ad73a504971]::io::write::Write>::write_fmt
[INFO] [stdout]    3:     0x644702e88e56 - std[617be2ca0a6fd877]::panicking::default_hook::{closure#0}
[INFO] [stdout]    4:     0x644702ea6aa9 - std[617be2ca0a6fd877]::panicking::default_hook
[INFO] [stdout]    5:     0x644702e40740 - test[aada8e7e76ba119b]::test_main_inner::{closure#0}
[INFO] [stdout]    6:     0x644702ea6c62 - std[617be2ca0a6fd877]::panicking::panic_with_hook
[INFO] [stdout]    7:     0x644702e88f02 - std[617be2ca0a6fd877]::panicking::panic_handler::{closure#0}
[INFO] [stdout]    8:     0x644702e81909 - std[617be2ca0a6fd877]::sys::backtrace::__rust_end_short_backtrace::<std[617be2ca0a6fd877]::panicking::panic_handler::{closure#0}, !>
[INFO] [stdout]    9:     0x644702e89bfd - __rustc[ea4f61d10b84890b]::rust_begin_unwind
[INFO] [stdout]   10:     0x644702ec3eac - core[a373ad73a504971]::panicking::panic_fmt
[INFO] [stdout]   11:     0x644702ec3c82 - core[a373ad73a504971]::result::unwrap_failed
[INFO] [stdout]   12:     0x644702e2313f - cli[6933ee3020d0494]::run
[INFO] [stdout]   13:     0x644702e2ecab - <cli[6933ee3020d0494]::a_removed_direction_keeps_its_id_after_a_reload::{closure#0} as core[a373ad73a504971]::ops::function::FnOnce<()>>::call_once
[INFO] [stdout]   14:     0x644702e33b8b - test[aada8e7e76ba119b]::__rust_begin_short_backtrace::<core[a373ad73a504971]::result::Result<(), alloc[2e1b2a31b91974c5]::string::String>, fn() -> core[a373ad73a504971]::result::Result<(), alloc[2e1b2a31b91974c5]::string::String>>
[INFO] [stdout]   15:     0x644702e40d65 - test[aada8e7e76ba119b]::run_test::{closure#0}
[INFO] [stdout]   16:     0x644702e3a654 - std[617be2ca0a6fd877]::sys::backtrace::__rust_begin_short_backtrace::<test[aada8e7e76ba119b]::run_test::{closure#1}, ()>
[INFO] [stdout]   17:     0x644702e43df2 - <std[617be2ca0a6fd877]::thread::lifecycle::spawn_unchecked<test[aada8e7e76ba119b]::run_test::{closure#1}, ()>::{closure#1} as core[a373ad73a504971]::ops::function::FnOnce<()>>::call_once::{shim:vtable#0}
[INFO] [stdout]   18:     0x644702eae62f - <std[617be2ca0a6fd877]::sys::thread::unix::Thread>::new::thread_start
[INFO] [stdout]   19:     0x7ae3c273edfa - <unknown>
[INFO] [stdout]   20:     0x7ae3c27d23d4 - clone
[INFO] [stdout]   21:                0x0 - <unknown>
[INFO] [stdout] 
[INFO] [stdout] ---- an_impossible_date_is_refused_before_anything_is_written stdout ----
[INFO] [stdout] 
[INFO] [stdout] thread 'an_impossible_date_is_refused_before_anything_is_written' (497) panicked at tests/cli.rs:51:10:
[INFO] [stdout] binary runs: Os { code: 2, kind: NotFound, message: "No such file or directory" }
[INFO] [stdout] stack backtrace:
[INFO] [stdout]    0:     0x644702eaf311 - <<std[617be2ca0a6fd877]::sys::backtrace::BacktraceLock>::print::DisplayBacktrace as core[a373ad73a504971]::fmt::Display>::fmt
[INFO] [stdout]    1:     0x644702ec377a - core[a373ad73a504971]::fmt::write
[INFO] [stdout]    2:     0x644702eb381c - <alloc[2e1b2a31b91974c5]::vec::Vec<u8> as core[a373ad73a504971]::io::write::Write>::write_fmt
[INFO] [stdout]    3:     0x644702e88e56 - std[617be2ca0a6fd877]::panicking::default_hook::{closure#0}
[INFO] [stdout]    4:     0x644702ea6aa9 - std[617be2ca0a6fd877]::panicking::default_hook
[INFO] [stdout]    5:     0x644702e40740 - test[aada8e7e76ba119b]::test_main_inner::{closure#0}
[INFO] [stdout]    6:     0x644702ea6c62 - std[617be2ca0a6fd877]::panicking::panic_with_hook
[INFO] [stdout]    7:     0x644702e88f02 - std[617be2ca0a6fd877]::panicking::panic_handler::{closure#0}
[INFO] [stdout]    8:     0x644702e81909 - std[617be2ca0a6fd877]::sys::backtrace::__rust_end_short_backtrace::<std[617be2ca0a6fd877]::panicking::panic_handler::{closure#0}, !>
[INFO] [stdout]    9:     0x644702e89bfd - __rustc[ea4f61d10b84890b]::rust_begin_unwind
[INFO] [stdout]   10:     0x644702ec3eac - core[a373ad73a504971]::panicking::panic_fmt
[INFO] [stdout]   11:     0x644702ec3c82 - core[a373ad73a504971]::result::unwrap_failed
[INFO] [stdout]   12:     0x644702e2313f - cli[6933ee3020d0494]::run
[INFO] [stdout]   13:     0x644702e23bcb - cli[6933ee3020d0494]::seeded
[INFO] [stdout]   14:     0x644702e2fcb4 - <cli[6933ee3020d0494]::an_impossible_date_is_refused_before_anything_is_written::{closure#0} as core[a373ad73a504971]::ops::function::FnOnce<()>>::call_once
[INFO] [stdout]   15:     0x644702e33b8b - test[aada8e7e76ba119b]::__rust_begin_short_backtrace::<core[a373ad73a504971]::result::Result<(), alloc[2e1b2a31b91974c5]::string::String>, fn() -> core[a373ad73a504971]::result::Result<(), alloc[2e1b2a31b91974c5]::string::String>>
[INFO] [stdout]   16:     0x644702e40d65 - test[aada8e7e76ba119b]::run_test::{closure#0}
[INFO] [stdout]   17:     0x644702e3a654 - std[617be2ca0a6fd877]::sys::backtrace::__rust_begin_short_backtrace::<test[aada8e7e76ba119b]::run_test::{closure#1}, ()>
[INFO] [stdout]   18:     0x644702e43df2 - <std[617be2ca0a6fd877]::thread::lifecycle::spawn_unchecked<test[aada8e7e76ba119b]::run_test::{closure#1}, ()>::{closure#1} as core[a373ad73a504971]::ops::function::FnOnce<()>>::call_once::{shim:vtable#0}
[INFO] [stdout]   19:     0x644702eae62f - <std[617be2ca0a6fd877]::sys::thread::unix::Thread>::new::thread_start
[INFO] [stdout]   20:     0x7ae3c273edfa - <unknown>
[INFO] [stdout]   21:     0x7ae3c27d23d4 - clone
[INFO] [stdout]   22:                0x0 - <unknown>
[INFO] [stdout] 
[INFO] [stdout] ---- an_inherited_deadline_reorders_the_queue stdout ----
[INFO] [stdout] 
[INFO] [stdout] thread 'an_inherited_deadline_reorders_the_queue' (500) panicked at tests/cli.rs:51:10:
[INFO] [stdout] binary runs: Os { code: 2, kind: NotFound, message: "No such file or directory" }
[INFO] [stdout] stack backtrace:
[INFO] [stdout]    0:     0x644702eaf311 - <<std[617be2ca0a6fd877]::sys::backtrace::BacktraceLock>::print::DisplayBacktrace as core[a373ad73a504971]::fmt::Display>::fmt
[INFO] [stdout]    1:     0x644702ec377a - core[a373ad73a504971]::fmt::write
[INFO] [stdout]    2:     0x644702eb381c - <alloc[2e1b2a31b91974c5]::vec::Vec<u8> as core[a373ad73a504971]::io::write::Write>::write_fmt
[INFO] [stdout]    3:     0x644702e88e56 - std[617be2ca0a6fd877]::panicking::default_hook::{closure#0}
[INFO] [stdout]    4:     0x644702ea6aa9 - std[617be2ca0a6fd877]::panicking::default_hook
[INFO] [stdout]    5:     0x644702e40740 - test[aada8e7e76ba119b]::test_main_inner::{closure#0}
[INFO] [stdout]    6:     0x644702ea6c62 - std[617be2ca0a6fd877]::panicking::panic_with_hook
[INFO] [stdout]    7:     0x644702e88f02 - std[617be2ca0a6fd877]::panicking::panic_handler::{closure#0}
[INFO] [stdout]    8:     0x644702e81909 - std[617be2ca0a6fd877]::sys::backtrace::__rust_end_short_backtrace::<std[617be2ca0a6fd877]::panicking::panic_handler::{closure#0}, !>
[INFO] [stdout]    9:     0x644702e89bfd - __rustc[ea4f61d10b84890b]::rust_begin_unwind
[INFO] [stdout]   10:     0x644702ec3eac - core[a373ad73a504971]::panicking::panic_fmt
[INFO] [stdout]   11:     0x644702ec3c82 - core[a373ad73a504971]::result::unwrap_failed
[INFO] [stdout]   12:     0x644702e2313f - cli[6933ee3020d0494]::run
[INFO] [stdout]   13:     0x644702e23bcb - cli[6933ee3020d0494]::seeded
[INFO] [stdout]   14:     0x644702e2b2da - <cli[6933ee3020d0494]::an_inherited_deadline_reorders_the_queue::{closure#0} as core[a373ad73a504971]::ops::function::FnOnce<()>>::call_once
[INFO] [stdout]   15:     0x644702e33b8b - test[aada8e7e76ba119b]::__rust_begin_short_backtrace::<core[a373ad73a504971]::result::Result<(), alloc[2e1b2a31b91974c5]::string::String>, fn() -> core[a373ad73a504971]::result::Result<(), alloc[2e1b2a31b91974c5]::string::String>>
[INFO] [stdout]   16:     0x644702e40d65 - test[aada8e7e76ba119b]::run_test::{closure#0}
[INFO] [stdout]   17:     0x644702e3a654 - std[617be2ca0a6fd877]::sys::backtrace::__rust_begin_short_backtrace::<test[aada8e7e76ba119b]::run_test::{closure#1}, ()>
[INFO] [stdout]   18:     0x644702e43df2 - <std[617be2ca0a6fd877]::thread::lifecycle::spawn_unchecked<test[aada8e7e76ba119b]::run_test::{closure#1}, ()>::{closure#1} as core[a373ad73a504971]::ops::function::FnOnce<()>>::call_once::{shim:vtable#0}
[INFO] [stdout]   19:     0x644702eae62f - <std[617be2ca0a6fd877]::sys::thread::unix::Thread>::new::thread_start
[INFO] [stdout]   20:     0x7ae3c273edfa - <unknown>
[INFO] [stdout]   21:     0x7ae3c27d23d4 - clone
[INFO] [stdout]   22:                0x0 - <unknown>
[INFO] [stdout] 
[INFO] [stdout] ---- a_refused_line_leaves_the_whole_batch_unapplied stdout ----
[INFO] [stdout] 
[INFO] [stdout] thread 'a_refused_line_leaves_the_whole_batch_unapplied' (488) panicked at tests/cli.rs:51:10:
[INFO] [stdout] binary runs: Os { code: 2, kind: NotFound, message: "No such file or directory" }
[INFO] [stdout] stack backtrace:
[INFO] [stdout]    0:     0x644702eaf311 - <<std[617be2ca0a6fd877]::sys::backtrace::BacktraceLock>::print::DisplayBacktrace as core[a373ad73a504971]::fmt::Display>::fmt
[INFO] [stdout]    1:     0x644702ec377a - core[a373ad73a504971]::fmt::write
[INFO] [stdout]    2:     0x644702eb381c - <alloc[2e1b2a31b91974c5]::vec::Vec<u8> as core[a373ad73a504971]::io::write::Write>::write_fmt
[INFO] [stdout]    3:     0x644702e88e56 - std[617be2ca0a6fd877]::panicking::default_hook::{closure#0}
[INFO] [stdout]    4:     0x644702ea6aa9 - std[617be2ca0a6fd877]::panicking::default_hook
[INFO] [stdout]    5:     0x644702e40740 - test[aada8e7e76ba119b]::test_main_inner::{closure#0}
[INFO] [stdout]    6:     0x644702ea6c62 - std[617be2ca0a6fd877]::panicking::panic_with_hook
[INFO] [stdout]    7:     0x644702e88f02 - std[617be2ca0a6fd877]::panicking::panic_handler::{closure#0}
[INFO] [stdout]    8:     0x644702e81909 - std[617be2ca0a6fd877]::sys::backtrace::__rust_end_short_backtrace::<std[617be2ca0a6fd877]::panicking::panic_handler::{closure#0}, !>
[INFO] [stdout]    9:     0x644702e89bfd - __rustc[ea4f61d10b84890b]::rust_begin_unwind
[INFO] [stdout]   10:     0x644702ec3eac - core[a373ad73a504971]::panicking::panic_fmt
[INFO] [stdout]   11:     0x644702ec3c82 - core[a373ad73a504971]::result::unwrap_failed
[INFO] [stdout]   12:     0x644702e2313f - cli[6933ee3020d0494]::run
[INFO] [stdout]   13:     0x644702e2e928 - <cli[6933ee3020d0494]::a_refused_line_leaves_the_whole_batch_unapplied::{closure#0} as core[a373ad73a504971]::ops::function::FnOnce<()>>::call_once
[INFO] [stdout]   14:     0x644702e33b8b - test[aada8e7e76ba119b]::__rust_begin_short_backtrace::<core[a373ad73a504971]::result::Result<(), alloc[2e1b2a31b91974c5]::string::String>, fn() -> core[a373ad73a504971]::result::Result<(), alloc[2e1b2a31b91974c5]::string::String>>
[INFO] [stdout]   15:     0x644702e40d65 - test[aada8e7e76ba119b]::run_test::{closure#0}
[INFO] [stdout]   16:     0x644702e3a654 - std[617be2ca0a6fd877]::sys::backtrace::__rust_begin_short_backtrace::<test[aada8e7e76ba119b]::run_test::{closure#1}, ()>
[INFO] [stdout]   17:     0x644702e43df2 - <std[617be2ca0a6fd877]::thread::lifecycle::spawn_unchecked<test[aada8e7e76ba119b]::run_test::{closure#1}, ()>::{closure#1} as core[a373ad73a504971]::ops::function::FnOnce<()>>::call_once::{shim:vtable#0}
[INFO] [stdout]   18:     0x644702eae62f - <std[617be2ca0a6fd877]::sys::thread::unix::Thread>::new::thread_start
[INFO] [stdout]   19:     0x7ae3c273edfa - <unknown>
[INFO] [stdout]   20:     0x7ae3c27d23d4 - clone
[INFO] [stdout]   21:                0x0 - <unknown>
[INFO] [stdout] 
[INFO] [stdout] ---- branchy_file_still_wins_over_the_current_vault stdout ----
[INFO] [stdout] 
[INFO] [stdout] thread 'branchy_file_still_wins_over_the_current_vault' (511) panicked at tests/cli.rs:650:50:
[INFO] [stdout] binary runs: Os { code: 2, kind: NotFound, message: "No such file or directory" }
[INFO] [stdout] stack backtrace:
[INFO] [stdout]    0:     0x644702eaf311 - <<std[617be2ca0a6fd877]::sys::backtrace::BacktraceLock>::print::DisplayBacktrace as core[a373ad73a504971]::fmt::Display>::fmt
[INFO] [stdout]    1:     0x644702ec377a - core[a373ad73a504971]::fmt::write
[INFO] [stdout]    2:     0x644702eb381c - <alloc[2e1b2a31b91974c5]::vec::Vec<u8> as core[a373ad73a504971]::io::write::Write>::write_fmt
[INFO] [stdout]    3:     0x644702e88e56 - std[617be2ca0a6fd877]::panicking::default_hook::{closure#0}
[INFO] [stdout]    4:     0x644702ea6aa9 - std[617be2ca0a6fd877]::panicking::default_hook
[INFO] [stdout]    5:     0x644702e40740 - test[aada8e7e76ba119b]::test_main_inner::{closure#0}
[INFO] [stdout]    6:     0x644702ea6c62 - std[617be2ca0a6fd877]::panicking::panic_with_hook
[INFO] [stdout]    7:     0x644702e88f02 - std[617be2ca0a6fd877]::panicking::panic_handler::{closure#0}
[INFO] [stdout]    8:     0x644702e81909 - std[617be2ca0a6fd877]::sys::backtrace::__rust_end_short_backtrace::<std[617be2ca0a6fd877]::panicking::panic_handler::{closure#0}, !>
[INFO] [stdout]    9:     0x644702e89bfd - __rustc[ea4f61d10b84890b]::rust_begin_unwind
[INFO] [stdout]   10:     0x644702ec3eac - core[a373ad73a504971]::panicking::panic_fmt
[INFO] [stdout]   11:     0x644702ec3c82 - core[a373ad73a504971]::result::unwrap_failed
[INFO] [stdout]   12:     0x644702e23fdd - <cli[6933ee3020d0494]::Desk>::run
[INFO] [stdout]   13:     0x644702e24576 - <cli[6933ee3020d0494]::Desk>::vault
[INFO] [stdout]   14:     0x644702e2e28d - <cli[6933ee3020d0494]::branchy_file_still_wins_over_the_current_vault::{closure#0} as core[a373ad73a504971]::ops::function::FnOnce<()>>::call_once
[INFO] [stdout]   15:     0x644702e33b8b - test[aada8e7e76ba119b]::__rust_begin_short_backtrace::<core[a373ad73a504971]::result::Result<(), alloc[2e1b2a31b91974c5]::string::String>, fn() -> core[a373ad73a504971]::result::Result<(), alloc[2e1b2a31b91974c5]::string::String>>
[INFO] [stdout]   16:     0x644702e40d65 - test[aada8e7e76ba119b]::run_test::{closure#0}
[INFO] [stdout]   17:     0x644702e3a654 - std[617be2ca0a6fd877]::sys::backtrace::__rust_begin_short_backtrace::<test[aada8e7e76ba119b]::run_test::{closure#1}, ()>
[INFO] [stdout]   18:     0x644702e43df2 - <std[617be2ca0a6fd877]::thread::lifecycle::spawn_unchecked<test[aada8e7e76ba119b]::run_test::{closure#1}, ()>::{closure#1} as core[a373ad73a504971]::ops::function::FnOnce<()>>::call_once::{shim:vtable#0}
[INFO] [stdout]   19:     0x644702eae62f - <std[617be2ca0a6fd877]::sys::thread::unix::Thread>::new::thread_start
[INFO] [stdout]   20:     0x7ae3c273edfa - <unknown>
[INFO] [stdout]   21:     0x7ae3c27d23d4 - clone
[INFO] [stdout]   22:                0x0 - <unknown>
[INFO] [stdout] 
[INFO] [stdout] ---- a_newer_format_is_refused stdout ----
[INFO] [stdout] 
[INFO] [stdout] thread 'a_newer_format_is_refused' (484) panicked at tests/cli.rs:68:10:
[INFO] [stdout] binary runs: Os { code: 2, kind: NotFound, message: "No such file or directory" }
[INFO] [stdout] stack backtrace:
[INFO] [stdout]    0:     0x644702eaf311 - <<std[617be2ca0a6fd877]::sys::backtrace::BacktraceLock>::print::DisplayBacktrace as core[a373ad73a504971]::fmt::Display>::fmt
[INFO] [stdout]    1:     0x644702ec377a - core[a373ad73a504971]::fmt::write
[INFO] [stdout]    2:     0x644702eb381c - <alloc[2e1b2a31b91974c5]::vec::Vec<u8> as core[a373ad73a504971]::io::write::Write>::write_fmt
[INFO] [stdout]    3:     0x644702e88e56 - std[617be2ca0a6fd877]::panicking::default_hook::{closure#0}
[INFO] [stdout]    4:     0x644702ea6aa9 - std[617be2ca0a6fd877]::panicking::default_hook
[INFO] [stdout]    5:     0x644702e40740 - test[aada8e7e76ba119b]::test_main_inner::{closure#0}
[INFO] [stdout]    6:     0x644702ea6c62 - std[617be2ca0a6fd877]::panicking::panic_with_hook
[INFO] [stdout]    7:     0x644702e88f02 - std[617be2ca0a6fd877]::panicking::panic_handler::{closure#0}
[INFO] [stdout]    8:     0x644702e81909 - std[617be2ca0a6fd877]::sys::backtrace::__rust_end_short_backtrace::<std[617be2ca0a6fd877]::panicking::panic_handler::{closure#0}, !>
[INFO] [stdout]    9:     0x644702e89bfd - __rustc[ea4f61d10b84890b]::rust_begin_unwind
[INFO] [stdout]   10:     0x644702ec3eac - core[a373ad73a504971]::panicking::panic_fmt
[INFO] [stdout]   11:     0x644702ec3c82 - core[a373ad73a504971]::result::unwrap_failed
[INFO] [stdout]   12:     0x644702e23902 - cli[6933ee3020d0494]::fails
[INFO] [stdout]   13:     0x644702e26124 - <cli[6933ee3020d0494]::a_newer_format_is_refused::{closure#0} as core[a373ad73a504971]::ops::function::FnOnce<()>>::call_once
[INFO] [stdout]   14:     0x644702e33b8b - test[aada8e7e76ba119b]::__rust_begin_short_backtrace::<core[a373ad73a504971]::result::Result<(), alloc[2e1b2a31b91974c5]::string::String>, fn() -> core[a373ad73a504971]::result::Result<(), alloc[2e1b2a31b91974c5]::string::String>>
[INFO] [stdout]   15:     0x644702e40d65 - test[aada8e7e76ba119b]::run_test::{closure#0}
[INFO] [stdout]   16:     0x644702e3a654 - std[617be2ca0a6fd877]::sys::backtrace::__rust_begin_short_backtrace::<test[aada8e7e76ba119b]::run_test::{closure#1}, ()>
[INFO] [stdout]   17:     0x644702e43df2 - <std[617be2ca0a6fd877]::thread::lifecycle::spawn_unchecked<test[aada8e7e76ba119b]::run_test::{closure#1}, ()>::{closure#1} as core[a373ad73a504971]::ops::function::FnOnce<()>>::call_once::{shim:vtable#0}
[INFO] [stdout]   18:     0x644702eae62f - <std[617be2ca0a6fd877]::sys::thread::unix::Thread>::new::thread_start
[INFO] [stdout]   19:     0x7ae3c273edfa - <unknown>
[INFO] [stdout]   20:     0x7ae3c27d23d4 - clone
[INFO] [stdout]   21:                0x0 - <unknown>
[INFO] [stdout] 
[INFO] [stdout] ---- an_ambiguous_name_lists_what_it_matched_with_ids stdout ----
[INFO] [stdout] 
[INFO] [stdout] thread 'an_ambiguous_name_lists_what_it_matched_with_ids' (493) panicked at tests/cli.rs:51:10:
[INFO] [stdout] binary runs: Os { code: 2, kind: NotFound, message: "No such file or directory" }
[INFO] [stdout] stack backtrace:
[INFO] [stdout]    0:     0x644702eaf311 - <<std[617be2ca0a6fd877]::sys::backtrace::BacktraceLock>::print::DisplayBacktrace as core[a373ad73a504971]::fmt::Display>::fmt
[INFO] [stdout]    1:     0x644702ec377a - core[a373ad73a504971]::fmt::write
[INFO] [stdout]    2:     0x644702eb381c - <alloc[2e1b2a31b91974c5]::vec::Vec<u8> as core[a373ad73a504971]::io::write::Write>::write_fmt
[INFO] [stdout]    3:     0x644702e88e56 - std[617be2ca0a6fd877]::panicking::default_hook::{closure#0}
[INFO] [stdout]    4:     0x644702ea6aa9 - std[617be2ca0a6fd877]::panicking::default_hook
[INFO] [stdout]    5:     0x644702e40740 - test[aada8e7e76ba119b]::test_main_inner::{closure#0}
[INFO] [stdout]    6:     0x644702ea6c62 - std[617be2ca0a6fd877]::panicking::panic_with_hook
[INFO] [stdout]    7:     0x644702e88f02 - std[617be2ca0a6fd877]::panicking::panic_handler::{closure#0}
[INFO] [stdout]    8:     0x644702e81909 - std[617be2ca0a6fd877]::sys::backtrace::__rust_end_short_backtrace::<std[617be2ca0a6fd877]::panicking::panic_handler::{closure#0}, !>
[INFO] [stdout]    9:     0x644702e89bfd - __rustc[ea4f61d10b84890b]::rust_begin_unwind
[INFO] [stdout]   10:     0x644702ec3eac - core[a373ad73a504971]::panicking::panic_fmt
[INFO] [stdout]   11:     0x644702ec3c82 - core[a373ad73a504971]::result::unwrap_failed
[INFO] [stdout]   12:     0x644702e2313f - cli[6933ee3020d0494]::run
[INFO] [stdout]   13:     0x644702e2f35b - <cli[6933ee3020d0494]::an_ambiguous_name_lists_what_it_matched_with_ids::{closure#0} as core[a373ad73a504971]::ops::function::FnOnce<()>>::call_once
[INFO] [stdout]   14:     0x644702e33b8b - test[aada8e7e76ba119b]::__rust_begin_short_backtrace::<core[a373ad73a504971]::result::Result<(), alloc[2e1b2a31b91974c5]::string::String>, fn() -> core[a373ad73a504971]::result::Result<(), alloc[2e1b2a31b91974c5]::string::String>>
[INFO] [stdout]   15:     0x644702e40d65 - test[aada8e7e76ba119b]::run_test::{closure#0}
[INFO] [stdout]   16:     0x644702e3a654 - std[617be2ca0a6fd877]::sys::backtrace::__rust_begin_short_backtrace::<test[aada8e7e76ba119b]::run_test::{closure#1}, ()>
[INFO] [stdout]   17:     0x644702e43df2 - <std[617be2ca0a6fd877]::thread::lifecycle::spawn_unchecked<test[aada8e7e76ba119b]::run_test::{closure#1}, ()>::{closure#1} as core[a373ad73a504971]::ops::function::FnOnce<()>>::call_once::{shim:vtable#0}
[INFO] [stdout]   18:     0x644702eae62f - <std[617be2ca0a6fd877]::sys::thread::unix::Thread>::new::thread_start
[INFO] [stdout]   19:     0x7ae3c273edfa - <unknown>
[INFO] [stdout]   20:     0x7ae3c27d23d4 - clone
[INFO] [stdout]   21:                0x0 - <unknown>
[INFO] [stdout] 
[INFO] [stdout] ---- find_says_how_much_a_limit_left_out stdout ----
[INFO] [stdout] 
[INFO] [stdout] thread 'find_says_how_much_a_limit_left_out' (525) panicked at tests/cli.rs:51:10:
[INFO] [stdout] binary runs: Os { code: 2, kind: NotFound, message: "No such file or directory" }
[INFO] [stdout] stack backtrace:
[INFO] [stdout]    0:     0x644702eaf311 - <<std[617be2ca0a6fd877]::sys::backtrace::BacktraceLock>::print::DisplayBacktrace as core[a373ad73a504971]::fmt::Display>::fmt
[INFO] [stdout]    1:     0x644702ec377a - core[a373ad73a504971]::fmt::write
[INFO] [stdout]    2:     0x644702eb381c - <alloc[2e1b2a31b91974c5]::vec::Vec<u8> as core[a373ad73a504971]::io::write::Write>::write_fmt
[INFO] [stdout]    3:     0x644702e88e56 - std[617be2ca0a6fd877]::panicking::default_hook::{closure#0}
[INFO] [stdout]    4:     0x644702ea6aa9 - std[617be2ca0a6fd877]::panicking::default_hook
[INFO] [stdout]    5:     0x644702e40740 - test[aada8e7e76ba119b]::test_main_inner::{closure#0}
[INFO] [stdout]    6:     0x644702ea6c62 - std[617be2ca0a6fd877]::panicking::panic_with_hook
[INFO] [stdout]    7:     0x644702e88f02 - std[617be2ca0a6fd877]::panicking::panic_handler::{closure#0}
[INFO] [stdout]    8:     0x644702e81909 - std[617be2ca0a6fd877]::sys::backtrace::__rust_end_short_backtrace::<std[617be2ca0a6fd877]::panicking::panic_handler::{closure#0}, !>
[INFO] [stdout]    9:     0x644702e89bfd - __rustc[ea4f61d10b84890b]::rust_begin_unwind
[INFO] [stdout]   10:     0x644702ec3eac - core[a373ad73a504971]::panicking::panic_fmt
[INFO] [stdout]   11:     0x644702ec3c82 - core[a373ad73a504971]::result::unwrap_failed
[INFO] [stdout]   12:     0x644702e2313f - cli[6933ee3020d0494]::run
[INFO] [stdout]   13:     0x644702e23bcb - cli[6933ee3020d0494]::seeded
[INFO] [stdout]   14:     0x644702e29336 - <cli[6933ee3020d0494]::find_says_how_much_a_limit_left_out::{closure#0} as core[a373ad73a504971]::ops::function::FnOnce<()>>::call_once
[INFO] [stdout]   15:     0x644702e33b8b - test[aada8e7e76ba119b]::__rust_begin_short_backtrace::<core[a373ad73a504971]::result::Result<(), alloc[2e1b2a31b91974c5]::string::String>, fn() -> core[a373ad73a504971]::result::Result<(), alloc[2e1b2a31b91974c5]::string::String>>
[INFO] [stdout]   16:     0x644702e40d65 - test[aada8e7e76ba119b]::run_test::{closure#0}
[INFO] [stdout]   17:     0x644702e3a654 - std[617be2ca0a6fd877]::sys::backtrace::__rust_begin_short_backtrace::<test[aada8e7e76ba119b]::run_test::{closure#1}, ()>
[INFO] [stdout]   18:     0x644702e43df2 - <std[617be2ca0a6fd877]::thread::lifecycle::spawn_unchecked<test[aada8e7e76ba119b]::run_test::{closure#1}, ()>::{closure#1} as core[a373ad73a504971]::ops::function::FnOnce<()>>::call_once::{shim:vtable#0}
[INFO] [stdout]   19:     0x644702eae62f - <std[617be2ca0a6fd877]::sys::thread::unix::Thread>::new::thread_start
[INFO] [stdout]   20:     0x7ae3c273edfa - <unknown>
[INFO] [stdout]   21:     0x7ae3c27d23d4 - clone
[INFO] [stdout]   22:                0x0 - <unknown>
[INFO] [stdout] 
[INFO] [stdout] ---- list_filters_by_status stdout ----
[INFO] [stdout] 
[INFO] [stdout] thread 'list_filters_by_status' (531) panicked at tests/cli.rs:51:10:
[INFO] [stdout] binary runs: Os { code: 2, kind: NotFound, message: "No such file or directory" }
[INFO] [stdout] stack backtrace:
[INFO] [stdout]    0:     0x644702eaf311 - <<std[617be2ca0a6fd877]::sys::backtrace::BacktraceLock>::print::DisplayBacktrace as core[a373ad73a504971]::fmt::Display>::fmt
[INFO] [stdout]    1:     0x644702ec377a - core[a373ad73a504971]::fmt::write
[INFO] [stdout]    2:     0x644702eb381c - <alloc[2e1b2a31b91974c5]::vec::Vec<u8> as core[a373ad73a504971]::io::write::Write>::write_fmt
[INFO] [stdout]    3:     0x644702e88e56 - std[617be2ca0a6fd877]::panicking::default_hook::{closure#0}
[INFO] [stdout]    4:     0x644702ea6aa9 - std[617be2ca0a6fd877]::panicking::default_hook
[INFO] [stdout]    5:     0x644702e40740 - test[aada8e7e76ba119b]::test_main_inner::{closure#0}
[INFO] [stdout]    6:     0x644702ea6c62 - std[617be2ca0a6fd877]::panicking::panic_with_hook
[INFO] [stdout]    7:     0x644702e88f02 - std[617be2ca0a6fd877]::panicking::panic_handler::{closure#0}
[INFO] [stdout]    8:     0x644702e81909 - std[617be2ca0a6fd877]::sys::backtrace::__rust_end_short_backtrace::<std[617be2ca0a6fd877]::panicking::panic_handler::{closure#0}, !>
[INFO] [stdout]    9:     0x644702e89bfd - __rustc[ea4f61d10b84890b]::rust_begin_unwind
[INFO] [stdout]   10:     0x644702ec3eac - core[a373ad73a504971]::panicking::panic_fmt
[INFO] [stdout]   11:     0x644702ec3c82 - core[a373ad73a504971]::result::unwrap_failed
[INFO] [stdout]   12:     0x644702e2313f - cli[6933ee3020d0494]::run
[INFO] [stdout]   13:     0x644702e23bcb - cli[6933ee3020d0494]::seeded
[INFO] [stdout]   14:     0x644702e25aa6 - <cli[6933ee3020d0494]::list_filters_by_status::{closure#0} as core[a373ad73a504971]::ops::function::FnOnce<()>>::call_once
[INFO] [stdout]   15:     0x644702e33b8b - test[aada8e7e76ba119b]::__rust_begin_short_backtrace::<core[a373ad73a504971]::result::Result<(), alloc[2e1b2a31b91974c5]::string::String>, fn() -> core[a373ad73a504971]::result::Result<(), alloc[2e1b2a31b91974c5]::string::String>>
[INFO] [stdout]   16:     0x644702e40d65 - test[aada8e7e76ba119b]::run_test::{closure#0}
[INFO] [stdout]   17:     0x644702e3a654 - std[617be2ca0a6fd877]::sys::backtrace::__rust_begin_short_backtrace::<test[aada8e7e76ba119b]::run_test::{closure#1}, ()>
[INFO] [stdout]   18:     0x644702e43df2 - <std[617be2ca0a6fd877]::thread::lifecycle::spawn_unchecked<test[aada8e7e76ba119b]::run_test::{closure#1}, ()>::{closure#1} as core[a373ad73a504971]::ops::function::FnOnce<()>>::call_once::{shim:vtable#0}
[INFO] [stdout]   19:     0x644702eae62f - <std[617be2ca0a6fd877]::sys::thread::unix::Thread>::new::thread_start
[INFO] [stdout]   20:     0x7ae3c273edfa - <unknown>
[INFO] [stdout]   21:     0x7ae3c27d23d4 - clone
[INFO] [stdout]   22:                0x0 - <unknown>
[INFO] [stdout] 
[INFO] [stdout] ---- opening_a_vault_moves_the_terminal_to_it stdout ----
[INFO] [stdout] 
[INFO] [stdout] thread 'opening_a_vault_moves_the_terminal_to_it' (532) panicked at tests/cli.rs:650:50:
[INFO] [stdout] binary runs: Os { code: 2, kind: NotFound, message: "No such file or directory" }
[INFO] [stdout] stack backtrace:
[INFO] [stdout]    0:     0x644702eaf311 - <<std[617be2ca0a6fd877]::sys::backtrace::BacktraceLock>::print::DisplayBacktrace as core[a373ad73a504971]::fmt::Display>::fmt
[INFO] [stdout]    1:     0x644702ec377a - core[a373ad73a504971]::fmt::write
[INFO] [stdout]    2:     0x644702eb381c - <alloc[2e1b2a31b91974c5]::vec::Vec<u8> as core[a373ad73a504971]::io::write::Write>::write_fmt
[INFO] [stdout]    3:     0x644702e88e56 - std[617be2ca0a6fd877]::panicking::default_hook::{closure#0}
[INFO] [stdout]    4:     0x644702ea6aa9 - std[617be2ca0a6fd877]::panicking::default_hook
[INFO] [stdout]    5:     0x644702e40740 - test[aada8e7e76ba119b]::test_main_inner::{closure#0}
[INFO] [stdout]    6:     0x644702ea6c62 - std[617be2ca0a6fd877]::panicking::panic_with_hook
[INFO] [stdout]    7:     0x644702e88f02 - std[617be2ca0a6fd877]::panicking::panic_handler::{closure#0}
[INFO] [stdout]    8:     0x644702e81909 - std[617be2ca0a6fd877]::sys::backtrace::__rust_end_short_backtrace::<std[617be2ca0a6fd877]::panicking::panic_handler::{closure#0}, !>
[INFO] [stdout]    9:     0x644702e89bfd - __rustc[ea4f61d10b84890b]::rust_begin_unwind
[INFO] [stdout]   10:     0x644702ec3eac - core[a373ad73a504971]::panicking::panic_fmt
[INFO] [stdout]   11:     0x644702ec3c82 - core[a373ad73a504971]::result::unwrap_failed
[INFO] [stdout]   12:     0x644702e23fdd - <cli[6933ee3020d0494]::Desk>::run
[INFO] [stdout]   13:     0x644702e24576 - <cli[6933ee3020d0494]::Desk>::vault
[INFO] [stdout]   14:     0x644702e2b66c - <cli[6933ee3020d0494]::opening_a_vault_moves_the_terminal_to_it::{closure#0} as core[a373ad73a504971]::ops::function::FnOnce<()>>::call_once
[INFO] [stdout]   15:     0x644702e33b8b - test[aada8e7e76ba119b]::__rust_begin_short_backtrace::<core[a373ad73a504971]::result::Result<(), alloc[2e1b2a31b91974c5]::string::String>, fn() -> core[a373ad73a504971]::result::Result<(), alloc[2e1b2a31b91974c5]::string::String>>
[INFO] [stdout]   16:     0x644702e40d65 - test[aada8e7e76ba119b]::run_test::{closure#0}
[INFO] [stdout]   17:     0x644702e3a654 - std[617be2ca0a6fd877]::sys::backtrace::__rust_begin_short_backtrace::<test[aada8e7e76ba119b]::run_test::{closure#1}, ()>
[INFO] [stdout]   18:     0x644702e43df2 - <std[617be2ca0a6fd877]::thread::lifecycle::spawn_unchecked<test[aada8e7e76ba119b]::run_test::{closure#1}, ()>::{closure#1} as core[a373ad73a504971]::ops::function::FnOnce<()>>::call_once::{shim:vtable#0}
[INFO] [stdout]   19:     0x644702eae62f - <std[617be2ca0a6fd877]::sys::thread::unix::Thread>::new::thread_start
[INFO] [stdout]   20:     0x7ae3c273edfa - <unknown>
[INFO] [stdout]   21:     0x7ae3c27d23d4 - clone
[INFO] [stdout]   22:                0x0 - <unknown>
[INFO] [stdout] 
[INFO] [stdout] ---- list_filters_by_stage stdout ----
[INFO] [stdout] 
[INFO] [stdout] thread 'list_filters_by_stage' (529) panicked at tests/cli.rs:51:10:
[INFO] [stdout] binary runs: Os { code: 2, kind: NotFound, message: "No such file or directory" }
[INFO] [stdout] stack backtrace:
[INFO] [stdout]    0:     0x644702eaf311 - <<std[617be2ca0a6fd877]::sys::backtrace::BacktraceLock>::print::DisplayBacktrace as core[a373ad73a504971]::fmt::Display>::fmt
[INFO] [stdout]    1:     0x644702ec377a - core[a373ad73a504971]::fmt::write
[INFO] [stdout]    2:     0x644702eb381c - <alloc[2e1b2a31b91974c5]::vec::Vec<u8> as core[a373ad73a504971]::io::write::Write>::write_fmt
[INFO] [stdout]    3:     0x644702e88e56 - std[617be2ca0a6fd877]::panicking::default_hook::{closure#0}
[INFO] [stdout]    4:     0x644702ea6aa9 - std[617be2ca0a6fd877]::panicking::default_hook
[INFO] [stdout]    5:     0x644702e40740 - test[aada8e7e76ba119b]::test_main_inner::{closure#0}
[INFO] [stdout]    6:     0x644702ea6c62 - std[617be2ca0a6fd877]::panicking::panic_with_hook
[INFO] [stdout]    7:     0x644702e88f02 - std[617be2ca0a6fd877]::panicking::panic_handler::{closure#0}
[INFO] [stdout]    8:     0x644702e81909 - std[617be2ca0a6fd877]::sys::backtrace::__rust_end_short_backtrace::<std[617be2ca0a6fd877]::panicking::panic_handler::{closure#0}, !>
[INFO] [stdout]    9:     0x644702e89bfd - __rustc[ea4f61d10b84890b]::rust_begin_unwind
[INFO] [stdout]   10:     0x644702ec3eac - core[a373ad73a504971]::panicking::panic_fmt
[INFO] [stdout]   11:     0x644702ec3c82 - core[a373ad73a504971]::result::unwrap_failed
[INFO] [stdout]   12:     0x644702e2313f - cli[6933ee3020d0494]::run
[INFO] [stdout]   13:     0x644702e23bcb - cli[6933ee3020d0494]::seeded
[INFO] [stdout]   14:     0x644702e258a6 - <cli[6933ee3020d0494]::list_filters_by_stage::{closure#0} as core[a373ad73a504971]::ops::function::FnOnce<()>>::call_once
[INFO] [stdout]   15:     0x644702e33b8b - test[aada8e7e76ba119b]::__rust_begin_short_backtrace::<core[a373ad73a504971]::result::Result<(), alloc[2e1b2a31b91974c5]::string::String>, fn() -> core[a373ad73a504971]::result::Result<(), alloc[2e1b2a31b91974c5]::string::String>>
[INFO] [stdout]   16:     0x644702e40d65 - test[aada8e7e76ba119b]::run_test::{closure#0}
[INFO] [stdout]   17:     0x644702e3a654 - std[617be2ca0a6fd877]::sys::backtrace::__rust_begin_short_backtrace::<test[aada8e7e76ba119b]::run_test::{closure#1}, ()>
[INFO] [stdout]   18:     0x644702e43df2 - <std[617be2ca0a6fd877]::thread::lifecycle::spawn_unchecked<test[aada8e7e76ba119b]::run_test::{closure#1}, ()>::{closure#1} as core[a373ad73a504971]::ops::function::FnOnce<()>>::call_once::{shim:vtable#0}
[INFO] [stdout]   19:     0x644702eae62f - <std[617be2ca0a6fd877]::sys::thread::unix::Thread>::new::thread_start
[INFO] [stdout]   20:     0x7ae3c273edfa - <unknown>
[INFO] [stdout]   21:     0x7ae3c27d23d4 - clone
[INFO] [stdout]   22:                0x0 - <unknown>
[INFO] [stdout] 
[INFO] [stdout] ---- every_example_in_the_guide_runs stdout ----
[INFO] [stdout] 
[INFO] [stdout] thread 'every_example_in_the_guide_runs' (520) panicked at tests/cli.rs:51:10:
[INFO] [stdout] binary runs: Os { code: 2, kind: NotFound, message: "No such file or directory" }
[INFO] [stdout] stack backtrace:
[INFO] [stdout]    0:     0x644702eaf311 - <<std[617be2ca0a6fd877]::sys::backtrace::BacktraceLock>::print::DisplayBacktrace as core[a373ad73a504971]::fmt::Display>::fmt
[INFO] [stdout]    1:     0x644702ec377a - core[a373ad73a504971]::fmt::write
[INFO] [stdout]    2:     0x644702eb381c - <alloc[2e1b2a31b91974c5]::vec::Vec<u8> as core[a373ad73a504971]::io::write::Write>::write_fmt
[INFO] [stdout]    3:     0x644702e88e56 - std[617be2ca0a6fd877]::panicking::default_hook::{closure#0}
[INFO] [stdout]    4:     0x644702ea6aa9 - std[617be2ca0a6fd877]::panicking::default_hook
[INFO] [stdout]    5:     0x644702e40740 - test[aada8e7e76ba119b]::test_main_inner::{closure#0}
[INFO] [stdout]    6:     0x644702ea6c62 - std[617be2ca0a6fd877]::panicking::panic_with_hook
[INFO] [stdout]    7:     0x644702e88f02 - std[617be2ca0a6fd877]::panicking::panic_handler::{closure#0}
[INFO] [stdout]    8:     0x644702e81909 - std[617be2ca0a6fd877]::sys::backtrace::__rust_end_short_backtrace::<std[617be2ca0a6fd877]::panicking::panic_handler::{closure#0}, !>
[INFO] [stdout]    9:     0x644702e89bfd - __rustc[ea4f61d10b84890b]::rust_begin_unwind
[INFO] [stdout]   10:     0x644702ec3eac - core[a373ad73a504971]::panicking::panic_fmt
[INFO] [stdout]   11:     0x644702ec3c82 - core[a373ad73a504971]::result::unwrap_failed
[INFO] [stdout]   12:     0x644702e2313f - cli[6933ee3020d0494]::run
[INFO] [stdout]   13:     0x644702e27116 - <cli[6933ee3020d0494]::every_example_in_the_guide_runs::{closure#0} as core[a373ad73a504971]::ops::function::FnOnce<()>>::call_once
[INFO] [stdout]   14:     0x644702e33b8b - test[aada8e7e76ba119b]::__rust_begin_short_backtrace::<core[a373ad73a504971]::result::Result<(), alloc[2e1b2a31b91974c5]::string::String>, fn() -> core[a373ad73a504971]::result::Result<(), alloc[2e1b2a31b91974c5]::string::String>>
[INFO] [stdout]   15:     0x644702e40d65 - test[aada8e7e76ba119b]::run_test::{closure#0}
[INFO] [stdout]   16:     0x644702e3a654 - std[617be2ca0a6fd877]::sys::backtrace::__rust_begin_short_backtrace::<test[aada8e7e76ba119b]::run_test::{closure#1}, ()>
[INFO] [stdout]   17:     0x644702e43df2 - <std[617be2ca0a6fd877]::thread::lifecycle::spawn_unchecked<test[aada8e7e76ba119b]::run_test::{closure#1}, ()>::{closure#1} as core[a373ad73a504971]::ops::function::FnOnce<()>>::call_once::{shim:vtable#0}
[INFO] [stdout]   18:     0x644702eae62f - <std[617be2ca0a6fd877]::sys::thread::unix::Thread>::new::thread_start
[INFO] [stdout]   19:     0x7ae3c273edfa - <unknown>
[INFO] [stdout]   20:     0x7ae3c27d23d4 - clone
[INFO] [stdout]   21:                0x0 - <unknown>
[INFO] [stdout] 
[INFO] [stdout] ---- brief_gives_counts_directions_and_the_top_of_the_queue stdout ----
[INFO] [stdout] 
[INFO] [stdout] thread 'brief_gives_counts_directions_and_the_top_of_the_queue' (512) panicked at tests/cli.rs:51:10:
[INFO] [stdout] binary runs: Os { code: 2, kind: NotFound, message: "No such file or directory" }
[INFO] [stdout] stack backtrace:
[INFO] [stdout]    0:     0x644702eaf311 - <<std[617be2ca0a6fd877]::sys::backtrace::BacktraceLock>::print::DisplayBacktrace as core[a373ad73a504971]::fmt::Display>::fmt
[INFO] [stdout]    1:     0x644702ec377a - core[a373ad73a504971]::fmt::write
[INFO] [stdout]    2:     0x644702eb381c - <alloc[2e1b2a31b91974c5]::vec::Vec<u8> as core[a373ad73a504971]::io::write::Write>::write_fmt
[INFO] [stdout]    3:     0x644702e88e56 - std[617be2ca0a6fd877]::panicking::default_hook::{closure#0}
[INFO] [stdout]    4:     0x644702ea6aa9 - std[617be2ca0a6fd877]::panicking::default_hook
[INFO] [stdout]    5:     0x644702e40740 - test[aada8e7e76ba119b]::test_main_inner::{closure#0}
[INFO] [stdout]    6:     0x644702ea6c62 - std[617be2ca0a6fd877]::panicking::panic_with_hook
[INFO] [stdout]    7:     0x644702e88f02 - std[617be2ca0a6fd877]::panicking::panic_handler::{closure#0}
[INFO] [stdout]    8:     0x644702e81909 - std[617be2ca0a6fd877]::sys::backtrace::__rust_end_short_backtrace::<std[617be2ca0a6fd877]::panicking::panic_handler::{closure#0}, !>
[INFO] [stdout]    9:     0x644702e89bfd - __rustc[ea4f61d10b84890b]::rust_begin_unwind
[INFO] [stdout]   10:     0x644702ec3eac - core[a373ad73a504971]::panicking::panic_fmt
[INFO] [stdout]   11:     0x644702ec3c82 - core[a373ad73a504971]::result::unwrap_failed
[INFO] [stdout]   12:     0x644702e2313f - cli[6933ee3020d0494]::run
[INFO] [stdout]   13:     0x644702e23bcb - cli[6933ee3020d0494]::seeded
[INFO] [stdout]   14:     0x644702e2f93a - <cli[6933ee3020d0494]::brief_gives_counts_directions_and_the_top_of_the_queue::{closure#0} as core[a373ad73a504971]::ops::function::FnOnce<()>>::call_once
[INFO] [stdout]   15:     0x644702e33b8b - test[aada8e7e76ba119b]::__rust_begin_short_backtrace::<core[a373ad73a504971]::result::Result<(), alloc[2e1b2a31b91974c5]::string::String>, fn() -> core[a373ad73a504971]::result::Result<(), alloc[2e1b2a31b91974c5]::string::String>>
[INFO] [stdout]   16:     0x644702e40d65 - test[aada8e7e76ba119b]::run_test::{closure#0}
[INFO] [stdout]   17:     0x644702e3a654 - std[617be2ca0a6fd877]::sys::backtrace::__rust_begin_short_backtrace::<test[aada8e7e76ba119b]::run_test::{closure#1}, ()>
[INFO] [stdout]   18:     0x644702e43df2 - <std[617be2ca0a6fd877]::thread::lifecycle::spawn_unchecked<test[aada8e7e76ba119b]::run_test::{closure#1}, ()>::{closure#1} as core[a373ad73a504971]::ops::function::FnOnce<()>>::call_once::{shim:vtable#0}
[INFO] [stdout]   19:     0x644702eae62f - <std[617be2ca0a6fd877]::sys::thread::unix::Thread>::new::thread_start
[INFO] [stdout]   20:     0x7ae3c273edfa - <unknown>
[INFO] [stdout]   21:     0x7ae3c27d23d4 - clone
[INFO] [stdout]   22:                0x0 - <unknown>
[INFO] [stdout] 
[INFO] [stdout] ---- forgetting_a_vault_leaves_its_folder_alone stdout ----
[INFO] [stdout] 
[INFO] [stdout] thread 'forgetting_a_vault_leaves_its_folder_alone' (527) panicked at tests/cli.rs:650:50:
[INFO] [stdout] binary runs: Os { code: 2, kind: NotFound, message: "No such file or directory" }
[INFO] [stdout] stack backtrace:
[INFO] [stdout]    0:     0x644702eaf311 - <<std[617be2ca0a6fd877]::sys::backtrace::BacktraceLock>::print::DisplayBacktrace as core[a373ad73a504971]::fmt::Display>::fmt
[INFO] [stdout]    1:     0x644702ec377a - core[a373ad73a504971]::fmt::write
[INFO] [stdout]    2:     0x644702eb381c - <alloc[2e1b2a31b91974c5]::vec::Vec<u8> as core[a373ad73a504971]::io::write::Write>::write_fmt
[INFO] [stdout]    3:     0x644702e88e56 - std[617be2ca0a6fd877]::panicking::default_hook::{closure#0}
[INFO] [stdout]    4:     0x644702ea6aa9 - std[617be2ca0a6fd877]::panicking::default_hook
[INFO] [stdout]    5:     0x644702e40740 - test[aada8e7e76ba119b]::test_main_inner::{closure#0}
[INFO] [stdout]    6:     0x644702ea6c62 - std[617be2ca0a6fd877]::panicking::panic_with_hook
[INFO] [stdout]    7:     0x644702e88f02 - std[617be2ca0a6fd877]::panicking::panic_handler::{closure#0}
[INFO] [stdout]    8:     0x644702e81909 - std[617be2ca0a6fd877]::sys::backtrace::__rust_end_short_backtrace::<std[617be2ca0a6fd877]::panicking::panic_handler::{closure#0}, !>
[INFO] [stdout]    9:     0x644702e89bfd - __rustc[ea4f61d10b84890b]::rust_begin_unwind
[INFO] [stdout]   10:     0x644702ec3eac - core[a373ad73a504971]::panicking::panic_fmt
[INFO] [stdout]   11:     0x644702ec3c82 - core[a373ad73a504971]::result::unwrap_failed
[INFO] [stdout]   12:     0x644702e23fdd - <cli[6933ee3020d0494]::Desk>::run
[INFO] [stdout]   13:     0x644702e24576 - <cli[6933ee3020d0494]::Desk>::vault
[INFO] [stdout]   14:     0x644702e2d2c9 - <cli[6933ee3020d0494]::forgetting_a_vault_leaves_its_folder_alone::{closure#0} as core[a373ad73a504971]::ops::function::FnOnce<()>>::call_once
[INFO] [stdout]   15:     0x644702e33b8b - test[aada8e7e76ba119b]::__rust_begin_short_backtrace::<core[a373ad73a504971]::result::Result<(), alloc[2e1b2a31b91974c5]::string::String>, fn() -> core[a373ad73a504971]::result::Result<(), alloc[2e1b2a31b91974c5]::string::String>>
[INFO] [stdout]   16:     0x644702e40d65 - test[aada8e7e76ba119b]::run_test::{closure#0}
[INFO] [stdout]   17:     0x644702e3a654 - std[617be2ca0a6fd877]::sys::backtrace::__rust_begin_short_backtrace::<test[aada8e7e76ba119b]::run_test::{closure#1}, ()>
[INFO] [stdout]   18:     0x644702e43df2 - <std[617be2ca0a6fd877]::thread::lifecycle::spawn_unchecked<test[aada8e7e76ba119b]::run_test::{closure#1}, ()>::{closure#1} as core[a373ad73a504971]::ops::function::FnOnce<()>>::call_once::{shim:vtable#0}
[INFO] [stdout]   19:     0x644702eae62f - <std[617be2ca0a6fd877]::sys::thread::unix::Thread>::new::thread_start
[INFO] [stdout]   20:     0x7ae3c273edfa - <unknown>
[INFO] [stdout]   21:     0x7ae3c27d23d4 - clone
[INFO] [stdout]   22:                0x0 - <unknown>
[INFO] [stdout] 
[INFO] [stdout] ---- branchy_file_decides_the_document stdout ----
[INFO] [stdout] 
[INFO] [stdout] thread 'branchy_file_decides_the_document' (506) panicked at tests/cli.rs:51:10:
[INFO] [stdout] binary runs: Os { code: 2, kind: NotFound, message: "No such file or directory" }
[INFO] [stdout] stack backtrace:
[INFO] [stdout]    0:     0x644702eaf311 - <<std[617be2ca0a6fd877]::sys::backtrace::BacktraceLock>::print::DisplayBacktrace as core[a373ad73a504971]::fmt::Display>::fmt
[INFO] [stdout]    1:     0x644702ec377a - core[a373ad73a504971]::fmt::write
[INFO] [stdout]    2:     0x644702eb381c - <alloc[2e1b2a31b91974c5]::vec::Vec<u8> as core[a373ad73a504971]::io::write::Write>::write_fmt
[INFO] [stdout]    3:     0x644702e88e56 - std[617be2ca0a6fd877]::panicking::default_hook::{closure#0}
[INFO] [stdout]    4:     0x644702ea6aa9 - std[617be2ca0a6fd877]::panicking::default_hook
[INFO] [stdout]    5:     0x644702e40740 - test[aada8e7e76ba119b]::test_main_inner::{closure#0}
[INFO] [stdout]    6:     0x644702ea6c62 - std[617be2ca0a6fd877]::panicking::panic_with_hook
[INFO] [stdout]    7:     0x644702e88f02 - std[617be2ca0a6fd877]::panicking::panic_handler::{closure#0}
[INFO] [stdout]    8:     0x644702e81909 - std[617be2ca0a6fd877]::sys::backtrace::__rust_end_short_backtrace::<std[617be2ca0a6fd877]::panicking::panic_handler::{closure#0}, !>
[INFO] [stdout]    9:     0x644702e89bfd - __rustc[ea4f61d10b84890b]::rust_begin_unwind
[INFO] [stdout]   10:     0x644702ec3eac - core[a373ad73a504971]::panicking::panic_fmt
[INFO] [stdout]   11:     0x644702ec3c82 - core[a373ad73a504971]::result::unwrap_failed
[INFO] [stdout]   12:     0x644702e2313f - cli[6933ee3020d0494]::run
[INFO] [stdout]   13:     0x644702e23bcb - cli[6933ee3020d0494]::seeded
[INFO] [stdout]   14:     0x644702e2868a - <cli[6933ee3020d0494]::branchy_file_decides_the_document::{closure#0} as core[a373ad73a504971]::ops::function::FnOnce<()>>::call_once
[INFO] [stdout]   15:     0x644702e33b8b - test[aada8e7e76ba119b]::__rust_begin_short_backtrace::<core[a373ad73a504971]::result::Result<(), alloc[2e1b2a31b91974c5]::string::String>, fn() -> core[a373ad73a504971]::result::Result<(), alloc[2e1b2a31b91974c5]::string::String>>
[INFO] [stdout]   16:     0x644702e40d65 - test[aada8e7e76ba119b]::run_test::{closure#0}
[INFO] [stdout]   17:     0x644702e3a654 - std[617be2ca0a6fd877]::sys::backtrace::__rust_begin_short_backtrace::<test[aada8e7e76ba119b]::run_test::{closure#1}, ()>
[INFO] [stdout]   18:     0x644702e43df2 - <std[617be2ca0a6fd877]::thread::lifecycle::spawn_unchecked<test[aada8e7e76ba119b]::run_test::{closure#1}, ()>::{closure#1} as core[a373ad73a504971]::ops::function::FnOnce<()>>::call_once::{shim:vtable#0}
[INFO] [stdout]   19:     0x644702eae62f - <std[617be2ca0a6fd877]::sys::thread::unix::Thread>::new::thread_start
[INFO] [stdout]   20:     0x7ae3c273edfa - <unknown>
[INFO] [stdout]   21:     0x7ae3c27d23d4 - clone
[INFO] [stdout]   22:                0x0 - <unknown>
[INFO] [stdout] 
[INFO] [stdout] ---- brief_on_an_empty_graph_says_how_to_start stdout ----
[INFO] [stdout] 
[INFO] [stdout] thread 'brief_on_an_empty_graph_says_how_to_start' (513) panicked at tests/cli.rs:51:10:
[INFO] [stdout] binary runs: Os { code: 2, kind: NotFound, message: "No such file or directory" }
[INFO] [stdout] stack backtrace:
[INFO] [stdout]    0:     0x644702eaf311 - <<std[617be2ca0a6fd877]::sys::backtrace::BacktraceLock>::print::DisplayBacktrace as core[a373ad73a504971]::fmt::Display>::fmt
[INFO] [stdout]    1:     0x644702ec377a - core[a373ad73a504971]::fmt::write
[INFO] [stdout]    2:     0x644702eb381c - <alloc[2e1b2a31b91974c5]::vec::Vec<u8> as core[a373ad73a504971]::io::write::Write>::write_fmt
[INFO] [stdout]    3:     0x644702e88e56 - std[617be2ca0a6fd877]::panicking::default_hook::{closure#0}
[INFO] [stdout]    4:     0x644702ea6aa9 - std[617be2ca0a6fd877]::panicking::default_hook
[INFO] [stdout]    5:     0x644702e40740 - test[aada8e7e76ba119b]::test_main_inner::{closure#0}
[INFO] [stdout]    6:     0x644702ea6c62 - std[617be2ca0a6fd877]::panicking::panic_with_hook
[INFO] [stdout]    7:     0x644702e88f02 - std[617be2ca0a6fd877]::panicking::panic_handler::{closure#0}
[INFO] [stdout]    8:     0x644702e81909 - std[617be2ca0a6fd877]::sys::backtrace::__rust_end_short_backtrace::<std[617be2ca0a6fd877]::panicking::panic_handler::{closure#0}, !>
[INFO] [stdout]    9:     0x644702e89bfd - __rustc[ea4f61d10b84890b]::rust_begin_unwind
[INFO] [stdout]   10:     0x644702ec3eac - core[a373ad73a504971]::panicking::panic_fmt
[INFO] [stdout]   11:     0x644702ec3c82 - core[a373ad73a504971]::result::unwrap_failed
[INFO] [stdout]   12:     0x644702e2313f - cli[6933ee3020d0494]::run
[INFO] [stdout]   13:     0x644702e2c3f1 - <cli[6933ee3020d0494]::brief_on_an_empty_graph_says_how_to_start::{closure#0} as core[a373ad73a504971]::ops::function::FnOnce<()>>::call_once
[INFO] [stdout]   14:     0x644702e33b8b - test[aada8e7e76ba119b]::__rust_begin_short_backtrace::<core[a373ad73a504971]::result::Result<(), alloc[2e1b2a31b91974c5]::string::String>, fn() -> core[a373ad73a504971]::result::Result<(), alloc[2e1b2a31b91974c5]::string::String>>
[INFO] [stdout]   15:     0x644702e40d65 - test[aada8e7e76ba119b]::run_test::{closure#0}
[INFO] [stdout]   16:     0x644702e3a654 - std[617be2ca0a6fd877]::sys::backtrace::__rust_begin_short_backtrace::<test[aada8e7e76ba119b]::run_test::{closure#1}, ()>
[INFO] [stdout]   17:     0x644702e43df2 - <std[617be2ca0a6fd877]::thread::lifecycle::spawn_unchecked<test[aada8e7e76ba119b]::run_test::{closure#1}, ()>::{closure#1} as core[a373ad73a504971]::ops::function::FnOnce<()>>::call_once::{shim:vtable#0}
[INFO] [stdout]   18:     0x644702eae62f - <std[617be2ca0a6fd877]::sys::thread::unix::Thread>::new::thread_start
[INFO] [stdout]   19:     0x7ae3c273edfa - <unknown>
[INFO] [stdout]   20:     0x7ae3c27d23d4 - clone
[INFO] [stdout]   21:                0x0 - <unknown>
[INFO] [stdout] 
[INFO] [stdout] ---- help_points_agents_at_the_guide stdout ----
[INFO] [stdout] 
[INFO] [stdout] thread 'help_points_agents_at_the_guide' (528) panicked at tests/cli.rs:1210:10:
[INFO] [stdout] binary runs: Os { code: 2, kind: NotFound, message: "No such file or directory" }
[INFO] [stdout] stack backtrace:
[INFO] [stdout]    0:     0x644702eaf311 - <<std[617be2ca0a6fd877]::sys::backtrace::BacktraceLock>::print::DisplayBacktrace as core[a373ad73a504971]::fmt::Display>::fmt
[INFO] [stdout]    1:     0x644702ec377a - core[a373ad73a504971]::fmt::write
[INFO] [stdout]    2:     0x644702eb381c - <alloc[2e1b2a31b91974c5]::vec::Vec<u8> as core[a373ad73a504971]::io::write::Write>::write_fmt
[INFO] [stdout]    3:     0x644702e88e56 - std[617be2ca0a6fd877]::panicking::default_hook::{closure#0}
[INFO] [stdout]    4:     0x644702ea6aa9 - std[617be2ca0a6fd877]::panicking::default_hook
[INFO] [stdout]    5:     0x644702e40740 - test[aada8e7e76ba119b]::test_main_inner::{closure#0}
[INFO] [stdout]    6:     0x644702ea6c62 - std[617be2ca0a6fd877]::panicking::panic_with_hook
[INFO] [stdout]    7:     0x644702e88f02 - std[617be2ca0a6fd877]::panicking::panic_handler::{closure#0}
[INFO] [stdout]    8:     0x644702e81909 - std[617be2ca0a6fd877]::sys::backtrace::__rust_end_short_backtrace::<std[617be2ca0a6fd877]::panicking::panic_handler::{closure#0}, !>
[INFO] [stdout]    9:     0x644702e89bfd - __rustc[ea4f61d10b84890b]::rust_begin_unwind
[INFO] [stdout]   10:     0x644702ec3eac - core[a373ad73a504971]::panicking::panic_fmt
[INFO] [stdout]   11:     0x644702ec3c82 - core[a373ad73a504971]::result::unwrap_failed
[INFO] [stdout]   12:     0x644702e27cf5 - <cli[6933ee3020d0494]::help_points_agents_at_the_guide::{closure#0} as core[a373ad73a504971]::ops::function::FnOnce<()>>::call_once
[INFO] [stdout]   13:     0x644702e33b8b - test[aada8e7e76ba119b]::__rust_begin_short_backtrace::<core[a373ad73a504971]::result::Result<(), alloc[2e1b2a31b91974c5]::string::String>, fn() -> core[a373ad73a504971]::result::Result<(), alloc[2e1b2a31b91974c5]::string::String>>
[INFO] [stdout]   14:     0x644702e40d65 - test[aada8e7e76ba119b]::run_test::{closure#0}
[INFO] [stdout]   15:     0x644702e3a654 - std[617be2ca0a6fd877]::sys::backtrace::__rust_begin_short_backtrace::<test[aada8e7e76ba119b]::run_test::{closure#1}, ()>
[INFO] [stdout]   16:     0x644702e43df2 - <std[617be2ca0a6fd877]::thread::lifecycle::spawn_unchecked<test[aada8e7e76ba119b]::run_test::{closure#1}, ()>::{closure#1} as core[a373ad73a504971]::ops::function::FnOnce<()>>::call_once::{shim:vtable#0}
[INFO] [stdout]   17:     0x644702eae62f - <std[617be2ca0a6fd877]::sys::thread::unix::Thread>::new::thread_start
[INFO] [stdout]   18:     0x7ae3c273edfa - <unknown>
[INFO] [stdout]   19:     0x7ae3c27d23d4 - clone
[INFO] [stdout]   20:                0x0 - <unknown>
[INFO] [stdout] 
[INFO] [stdout] ---- snapshot_carries_the_derived_picture stdout ----
[INFO] [stdout] 
[INFO] [stdout] thread 'snapshot_carries_the_derived_picture' (546) panicked at tests/cli.rs:51:10:
[INFO] [stdout] binary runs: Os { code: 2, kind: NotFound, message: "No such file or directory" }
[INFO] [stdout] stack backtrace:
[INFO] [stdout]    0:     0x644702eaf311 - <<std[617be2ca0a6fd877]::sys::backtrace::BacktraceLock>::print::DisplayBacktrace as core[a373ad73a504971]::fmt::Display>::fmt
[INFO] [stdout]    1:     0x644702ec377a - core[a373ad73a504971]::fmt::write
[INFO] [stdout]    2:     0x644702eb381c - <alloc[2e1b2a31b91974c5]::vec::Vec<u8> as core[a373ad73a504971]::io::write::Write>::write_fmt
[INFO] [stdout]    3:     0x644702e88e56 - std[617be2ca0a6fd877]::panicking::default_hook::{closure#0}
[INFO] [stdout]    4:     0x644702ea6aa9 - std[617be2ca0a6fd877]::panicking::default_hook
[INFO] [stdout]    5:     0x644702e40740 - test[aada8e7e76ba119b]::test_main_inner::{closure#0}
[INFO] [stdout]    6:     0x644702ea6c62 - std[617be2ca0a6fd877]::panicking::panic_with_hook
[INFO] [stdout]    7:     0x644702e88f02 - std[617be2ca0a6fd877]::panicking::panic_handler::{closure#0}
[INFO] [stdout]    8:     0x644702e81909 - std[617be2ca0a6fd877]::sys::backtrace::__rust_end_short_backtrace::<std[617be2ca0a6fd877]::panicking::panic_handler::{closure#0}, !>
[INFO] [stdout]    9:     0x644702e89bfd - __rustc[ea4f61d10b84890b]::rust_begin_unwind
[INFO] [stdout]   10:     0x644702ec3eac - core[a373ad73a504971]::panicking::panic_fmt
[INFO] [stdout]   11:     0x644702ec3c82 - core[a373ad73a504971]::result::unwrap_failed
[INFO] [stdout]   12:     0x644702e2313f - cli[6933ee3020d0494]::run
[INFO] [stdout]   13:     0x644702e23bcb - cli[6933ee3020d0494]::seeded
[INFO] [stdout]   14:     0x644702e29a74 - <cli[6933ee3020d0494]::snapshot_carries_the_derived_picture::{closure#0} as core[a373ad73a504971]::ops::function::FnOnce<()>>::call_once
[INFO] [stdout]   15:     0x644702e33b8b - test[aada8e7e76ba119b]::__rust_begin_short_backtrace::<core[a373ad73a504971]::result::Result<(), alloc[2e1b2a31b91974c5]::string::String>, fn() -> core[a373ad73a504971]::result::Result<(), alloc[2e1b2a31b91974c5]::string::String>>
[INFO] [stdout]   16:     0x644702e40d65 - test[aada8e7e76ba119b]::run_test::{closure#0}
[INFO] [stdout]   17:     0x644702e3a654 - std[617be2ca0a6fd877]::sys::backtrace::__rust_begin_short_backtrace::<test[aada8e7e76ba119b]::run_test::{closure#1}, ()>
[INFO] [stdout]   18:     0x644702e43df2 - <std[617be2ca0a6fd877]::thread::lifecycle::spawn_unchecked<test[aada8e7e76ba119b]::run_test::{closure#1}, ()>::{closure#1} as core[a373ad73a504971]::ops::function::FnOnce<()>>::call_once::{shim:vtable#0}
[INFO] [stdout]   19:     0x644702eae62f - <std[617be2ca0a6fd877]::sys::thread::unix::Thread>::new::thread_start
[INFO] [stdout]   20:     0x7ae3c273edfa - <unknown>
[INFO] [stdout]   21:     0x7ae3c27d23d4 - clone
[INFO] [stdout]   22:                0x0 - <unknown>
[INFO] [stdout] 
[INFO] [stdout] ---- plain_rows_carry_ids_and_whole_names stdout ----
[INFO] [stdout] 
[INFO] [stdout] thread 'plain_rows_carry_ids_and_whole_names' (535) panicked at tests/cli.rs:51:10:
[INFO] [stdout] binary runs: Os { code: 2, kind: NotFound, message: "No such file or directory" }
[INFO] [stdout] stack backtrace:
[INFO] [stdout]    0:     0x644702eaf311 - <<std[617be2ca0a6fd877]::sys::backtrace::BacktraceLock>::print::DisplayBacktrace as core[a373ad73a504971]::fmt::Display>::fmt
[INFO] [stdout]    1:     0x644702ec377a - core[a373ad73a504971]::fmt::write
[INFO] [stdout]    2:     0x644702eb381c - <alloc[2e1b2a31b91974c5]::vec::Vec<u8> as core[a373ad73a504971]::io::write::Write>::write_fmt
[INFO] [stdout]    3:     0x644702e88e56 - std[617be2ca0a6fd877]::panicking::default_hook::{closure#0}
[INFO] [stdout]    4:     0x644702ea6aa9 - std[617be2ca0a6fd877]::panicking::default_hook
[INFO] [stdout]    5:     0x644702e40740 - test[aada8e7e76ba119b]::test_main_inner::{closure#0}
[INFO] [stdout]    6:     0x644702ea6c62 - std[617be2ca0a6fd877]::panicking::panic_with_hook
[INFO] [stdout]    7:     0x644702e88f02 - std[617be2ca0a6fd877]::panicking::panic_handler::{closure#0}
[INFO] [stdout]    8:     0x644702e81909 - std[617be2ca0a6fd877]::sys::backtrace::__rust_end_short_backtrace::<std[617be2ca0a6fd877]::panicking::panic_handler::{closure#0}, !>
[INFO] [stdout]    9:     0x644702e89bfd - __rustc[ea4f61d10b84890b]::rust_begin_unwind
[INFO] [stdout]   10:     0x644702ec3eac - core[a373ad73a504971]::panicking::panic_fmt
[INFO] [stdout]   11:     0x644702ec3c82 - core[a373ad73a504971]::result::unwrap_failed
[INFO] [stdout]   12:     0x644702e2313f - cli[6933ee3020d0494]::run
[INFO] [stdout]   13:     0x644702e23bcb - cli[6933ee3020d0494]::seeded
[INFO] [stdout]   14:     0x644702e2979a - <cli[6933ee3020d0494]::plain_rows_carry_ids_and_whole_names::{closure#0} as core[a373ad73a504971]::ops::function::FnOnce<()>>::call_once
[INFO] [stdout]   15:     0x644702e33b8b - test[aada8e7e76ba119b]::__rust_begin_short_backtrace::<core[a373ad73a504971]::result::Result<(), alloc[2e1b2a31b91974c5]::string::String>, fn() -> core[a373ad73a504971]::result::Result<(), alloc[2e1b2a31b91974c5]::string::String>>
[INFO] [stdout]   16:     0x644702e40d65 - test[aada8e7e76ba119b]::run_test::{closure#0}
[INFO] [stdout]   17:     0x644702e3a654 - std[617be2ca0a6fd877]::sys::backtrace::__rust_begin_short_backtrace::<test[aada8e7e76ba119b]::run_test::{closure#1}, ()>
[INFO] [stdout]   18:     0x644702e43df2 - <std[617be2ca0a6fd877]::thread::lifecycle::spawn_unchecked<test[aada8e7e76ba119b]::run_test::{closure#1}, ()>::{closure#1} as core[a373ad73a504971]::ops::function::FnOnce<()>>::call_once::{shim:vtable#0}
[INFO] [stdout]   19:     0x644702eae62f - <std[617be2ca0a6fd877]::sys::thread::unix::Thread>::new::thread_start
[INFO] [stdout]   20:     0x7ae3c273edfa - <unknown>
[INFO] [stdout]   21:     0x7ae3c27d23d4 - clone
[INFO] [stdout]   22:                0x0 - <unknown>
[INFO] [stdout] 
[INFO] [stdout] ---- changes_made_at_the_same_moment_are_all_kept stdout ----
[INFO] [stdout] 
[INFO] [stdout] thread 'changes_made_at_the_same_moment_are_all_kept' (519) panicked at tests/cli.rs:51:10:
[INFO] [stdout] binary runs: Os { code: 2, kind: NotFound, message: "No such file or directory" }
[INFO] [stdout] stack backtrace:
[INFO] [stdout]    0:     0x644702eaf311 - <<std[617be2ca0a6fd877]::sys::backtrace::BacktraceLock>::print::DisplayBacktrace as core[a373ad73a504971]::fmt::Display>::fmt
[INFO] [stdout]    1:     0x644702ec377a - core[a373ad73a504971]::fmt::write
[INFO] [stdout]    2:     0x644702eb381c - <alloc[2e1b2a31b91974c5]::vec::Vec<u8> as core[a373ad73a504971]::io::write::Write>::write_fmt
[INFO] [stdout]    3:     0x644702e88e56 - std[617be2ca0a6fd877]::panicking::default_hook::{closure#0}
[INFO] [stdout]    4:     0x644702ea6aa9 - std[617be2ca0a6fd877]::panicking::default_hook
[INFO] [stdout]    5:     0x644702e40740 - test[aada8e7e76ba119b]::test_main_inner::{closure#0}
[INFO] [stdout]    6:     0x644702ea6c62 - std[617be2ca0a6fd877]::panicking::panic_with_hook
[INFO] [stdout]    7:     0x644702e88f02 - std[617be2ca0a6fd877]::panicking::panic_handler::{closure#0}
[INFO] [stdout]    8:     0x644702e81909 - std[617be2ca0a6fd877]::sys::backtrace::__rust_end_short_backtrace::<std[617be2ca0a6fd877]::panicking::panic_handler::{closure#0}, !>
[INFO] [stdout]    9:     0x644702e89bfd - __rustc[ea4f61d10b84890b]::rust_begin_unwind
[INFO] [stdout]   10:     0x644702ec3eac - core[a373ad73a504971]::panicking::panic_fmt
[INFO] [stdout]   11:     0x644702ec3c82 - core[a373ad73a504971]::result::unwrap_failed
[INFO] [stdout]   12:     0x644702e2313f - cli[6933ee3020d0494]::run
[INFO] [stdout]   13:     0x644702e2d53c - <cli[6933ee3020d0494]::changes_made_at_the_same_moment_are_all_kept::{closure#0} as core[a373ad73a504971]::ops::function::FnOnce<()>>::call_once
[INFO] [stdout]   14:     0x644702e33b8b - test[aada8e7e76ba119b]::__rust_begin_short_backtrace::<core[a373ad73a504971]::result::Result<(), alloc[2e1b2a31b91974c5]::string::String>, fn() -> core[a373ad73a504971]::result::Result<(), alloc[2e1b2a31b91974c5]::string::String>>
[INFO] [stdout]   15:     0x644702e40d65 - test[aada8e7e76ba119b]::run_test::{closure#0}
[INFO] [stdout]   16:     0x644702e3a654 - std[617be2ca0a6fd877]::sys::backtrace::__rust_begin_short_backtrace::<test[aada8e7e76ba119b]::run_test::{closure#1}, ()>
[INFO] [stdout]   17:     0x644702e43df2 - <std[617be2ca0a6fd877]::thread::lifecycle::spawn_unchecked<test[aada8e7e76ba119b]::run_test::{closure#1}, ()>::{closure#1} as core[a373ad73a504971]::ops::function::FnOnce<()>>::call_once::{shim:vtable#0}
[INFO] [stdout]   18:     0x644702eae62f - <std[617be2ca0a6fd877]::sys::thread::unix::Thread>::new::thread_start
[INFO] [stdout]   19:     0x7ae3c273edfa - <unknown>
[INFO] [stdout]   20:     0x7ae3c27d23d4 - clone
[INFO] [stdout]   21:                0x0 - <unknown>
[INFO] [stdout] 
[INFO] [stdout] ---- removing_a_task_strips_it_from_dependents stdout ----
[INFO] [stdout] 
[INFO] [stdout] thread 'removing_a_task_strips_it_from_dependents' (545) panicked at tests/cli.rs:51:10:
[INFO] [stdout] binary runs: Os { code: 2, kind: NotFound, message: "No such file or directory" }
[INFO] [stdout] stack backtrace:
[INFO] [stdout]    0:     0x644702eaf311 - <<std[617be2ca0a6fd877]::sys::backtrace::BacktraceLock>::print::DisplayBacktrace as core[a373ad73a504971]::fmt::Display>::fmt
[INFO] [stdout]    1:     0x644702ec377a - core[a373ad73a504971]::fmt::write
[INFO] [stdout]    2:     0x644702eb381c - <alloc[2e1b2a31b91974c5]::vec::Vec<u8> as core[a373ad73a504971]::io::write::Write>::write_fmt
[INFO] [stdout]    3:     0x644702e88e56 - std[617be2ca0a6fd877]::panicking::default_hook::{closure#0}
[INFO] [stdout]    4:     0x644702ea6aa9 - std[617be2ca0a6fd877]::panicking::default_hook
[INFO] [stdout]    5:     0x644702e40740 - test[aada8e7e76ba119b]::test_main_inner::{closure#0}
[INFO] [stdout]    6:     0x644702ea6c62 - std[617be2ca0a6fd877]::panicking::panic_with_hook
[INFO] [stdout]    7:     0x644702e88f02 - std[617be2ca0a6fd877]::panicking::panic_handler::{closure#0}
[INFO] [stdout]    8:     0x644702e81909 - std[617be2ca0a6fd877]::sys::backtrace::__rust_end_short_backtrace::<std[617be2ca0a6fd877]::panicking::panic_handler::{closure#0}, !>
[INFO] [stdout]    9:     0x644702e89bfd - __rustc[ea4f61d10b84890b]::rust_begin_unwind
[INFO] [stdout]   10:     0x644702ec3eac - core[a373ad73a504971]::panicking::panic_fmt
[INFO] [stdout]   11:     0x644702ec3c82 - core[a373ad73a504971]::result::unwrap_failed
[INFO] [stdout]   12:     0x644702e2313f - cli[6933ee3020d0494]::run
[INFO] [stdout]   13:     0x644702e23bcb - cli[6933ee3020d0494]::seeded
[INFO] [stdout]   14:     0x644702e2c4e4 - <cli[6933ee3020d0494]::removing_a_task_strips_it_from_dependents::{closure#0} as core[a373ad73a504971]::ops::function::FnOnce<()>>::call_once
[INFO] [stdout]   15:     0x644702e33b8b - test[aada8e7e76ba119b]::__rust_begin_short_backtrace::<core[a373ad73a504971]::result::Result<(), alloc[2e1b2a31b91974c5]::string::String>, fn() -> core[a373ad73a504971]::result::Result<(), alloc[2e1b2a31b91974c5]::string::String>>
[INFO] [stdout]   16:     0x644702e40d65 - test[aada8e7e76ba119b]::run_test::{closure#0}
[INFO] [stdout]   17:     0x644702e3a654 - std[617be2ca0a6fd877]::sys::backtrace::__rust_begin_short_backtrace::<test[aada8e7e76ba119b]::run_test::{closure#1}, ()>
[INFO] [stdout]   18:     0x644702e43df2 - <std[617be2ca0a6fd877]::thread::lifecycle::spawn_unchecked<test[aada8e7e76ba119b]::run_test::{closure#1}, ()>::{closure#1} as core[a373ad73a504971]::ops::function::FnOnce<()>>::call_once::{shim:vtable#0}
[INFO] [stdout]   19:     0x644702eae62f - <std[617be2ca0a6fd877]::sys::thread::unix::Thread>::new::thread_start
[INFO] [stdout]   20:     0x7ae3c273edfa - <unknown>
[INFO] [stdout]   21:     0x7ae3c27d23d4 - clone
[INFO] [stdout]   22:                0x0 - <unknown>
[INFO] [stdout] 
[INFO] [stdout] ---- a_reader_closing_the_pipe_is_not_a_crash stdout ----
[INFO] [stdout] 
[INFO] [stdout] thread 'a_reader_closing_the_pipe_is_not_a_crash' (487) panicked at tests/cli.rs:538:10:
[INFO] [stdout] binary runs: Os { code: 2, kind: NotFound, message: "No such file or directory" }
[INFO] [stdout] stack backtrace:
[INFO] [stdout]    0:     0x644702eaf311 - <<std[617be2ca0a6fd877]::sys::backtrace::BacktraceLock>::print::DisplayBacktrace as core[a373ad73a504971]::fmt::Display>::fmt
[INFO] [stdout]    1:     0x644702ec377a - core[a373ad73a504971]::fmt::write
[INFO] [stdout]    2:     0x644702eb381c - <alloc[2e1b2a31b91974c5]::vec::Vec<u8> as core[a373ad73a504971]::io::write::Write>::write_fmt
[INFO] [stdout]    3:     0x644702e88e56 - std[617be2ca0a6fd877]::panicking::default_hook::{closure#0}
[INFO] [stdout]    4:     0x644702ea6aa9 - std[617be2ca0a6fd877]::panicking::default_hook
[INFO] [stdout]    5:     0x644702e40740 - test[aada8e7e76ba119b]::test_main_inner::{closure#0}
[INFO] [stdout]    6:     0x644702ea6c62 - std[617be2ca0a6fd877]::panicking::panic_with_hook
[INFO] [stdout]    7:     0x644702e88f02 - std[617be2ca0a6fd877]::panicking::panic_handler::{closure#0}
[INFO] [stdout]    8:     0x644702e81909 - std[617be2ca0a6fd877]::sys::backtrace::__rust_end_short_backtrace::<std[617be2ca0a6fd877]::panicking::panic_handler::{closure#0}, !>
[INFO] [stdout]    9:     0x644702e89bfd - __rustc[ea4f61d10b84890b]::rust_begin_unwind
[INFO] [stdout]   10:     0x644702ec3eac - core[a373ad73a504971]::panicking::panic_fmt
[INFO] [stdout]   11:     0x644702ec3c82 - core[a373ad73a504971]::result::unwrap_failed
[INFO] [stdout]   12:     0x644702e2b12b - <cli[6933ee3020d0494]::a_reader_closing_the_pipe_is_not_a_crash::{closure#0} as core[a373ad73a504971]::ops::function::FnOnce<()>>::call_once
[INFO] [stdout]   13:     0x644702e33b8b - test[aada8e7e76ba119b]::__rust_begin_short_backtrace::<core[a373ad73a504971]::result::Result<(), alloc[2e1b2a31b91974c5]::string::String>, fn() -> core[a373ad73a504971]::result::Result<(), alloc[2e1b2a31b91974c5]::string::String>>
[INFO] [stdout]   14:     0x644702e40d65 - test[aada8e7e76ba119b]::run_test::{closure#0}
[INFO] [stdout]   15:     0x644702e3a654 - std[617be2ca0a6fd877]::sys::backtrace::__rust_begin_short_backtrace::<test[aada8e7e76ba119b]::run_test::{closure#1}, ()>
[INFO] [stdout]   16:     0x644702e43df2 - <std[617be2ca0a6fd877]::thread::lifecycle::spawn_unchecked<test[aada8e7e76ba119b]::run_test::{closure#1}, ()>::{closure#1} as core[a373ad73a504971]::ops::function::FnOnce<()>>::call_once::{shim:vtable#0}
[INFO] [stdout]   17:     0x644702eae62f - <std[617be2ca0a6fd877]::sys::thread::unix::Thread>::new::thread_start
[INFO] [stdout]   18:     0x7ae3c273edfa - <unknown>
[INFO] [stdout]   19:     0x7ae3c27d23d4 - clone
[INFO] [stdout]   20:                0x0 - <unknown>
[INFO] [stdout] 
[INFO] [stdout] ---- find_matches_names_ignoring_case stdout ----
[INFO] [stdout] 
[INFO] [stdout] thread 'find_matches_names_ignoring_case' (524) panicked at tests/cli.rs:51:10:
[INFO] [stdout] binary runs: Os { code: 2, kind: NotFound, message: "No such file or directory" }
[INFO] [stdout] stack backtrace:
[INFO] [stdout]    0:     0x644702eaf311 - <<std[617be2ca0a6fd877]::sys::backtrace::BacktraceLock>::print::DisplayBacktrace as core[a373ad73a504971]::fmt::Display>::fmt
[INFO] [stdout]    1:     0x644702ec377a - core[a373ad73a504971]::fmt::write
[INFO] [stdout]    2:     0x644702eb381c - <alloc[2e1b2a31b91974c5]::vec::Vec<u8> as core[a373ad73a504971]::io::write::Write>::write_fmt
[INFO] [stdout]    3:     0x644702e88e56 - std[617be2ca0a6fd877]::panicking::default_hook::{closure#0}
[INFO] [stdout]    4:     0x644702ea6aa9 - std[617be2ca0a6fd877]::panicking::default_hook
[INFO] [stdout]    5:     0x644702e40740 - test[aada8e7e76ba119b]::test_main_inner::{closure#0}
[INFO] [stdout]    6:     0x644702ea6c62 - std[617be2ca0a6fd877]::panicking::panic_with_hook
[INFO] [stdout]    7:     0x644702e88f02 - std[617be2ca0a6fd877]::panicking::panic_handler::{closure#0}
[INFO] [stdout]    8:     0x644702e81909 - std[617be2ca0a6fd877]::sys::backtrace::__rust_end_short_backtrace::<std[617be2ca0a6fd877]::panicking::panic_handler::{closure#0}, !>
[INFO] [stdout]    9:     0x644702e89bfd - __rustc[ea4f61d10b84890b]::rust_begin_unwind
[INFO] [stdout]   10:     0x644702ec3eac - core[a373ad73a504971]::panicking::panic_fmt
[INFO] [stdout]   11:     0x644702ec3c82 - core[a373ad73a504971]::result::unwrap_failed
[INFO] [stdout]   12:     0x644702e2313f - cli[6933ee3020d0494]::run
[INFO] [stdout]   13:     0x644702e23bcb - cli[6933ee3020d0494]::seeded
[INFO] [stdout]   14:     0x644702e27fd6 - <cli[6933ee3020d0494]::find_matches_names_ignoring_case::{closure#0} as core[a373ad73a504971]::ops::function::FnOnce<()>>::call_once
[INFO] [stdout]   15:     0x644702e33b8b - test[aada8e7e76ba119b]::__rust_begin_short_backtrace::<core[a373ad73a504971]::result::Result<(), alloc[2e1b2a31b91974c5]::string::String>, fn() -> core[a373ad73a504971]::result::Result<(), alloc[2e1b2a31b91974c5]::string::String>>
[INFO] [stdout]   16:     0x644702e40d65 - test[aada8e7e76ba119b]::run_test::{closure#0}
[INFO] [stdout]   17:     0x644702e3a654 - std[617be2ca0a6fd877]::sys::backtrace::__rust_begin_short_backtrace::<test[aada8e7e76ba119b]::run_test::{closure#1}, ()>
[INFO] [stdout]   18:     0x644702e43df2 - <std[617be2ca0a6fd877]::thread::lifecycle::spawn_unchecked<test[aada8e7e76ba119b]::run_test::{closure#1}, ()>::{closure#1} as core[a373ad73a504971]::ops::function::FnOnce<()>>::call_once::{shim:vtable#0}
[INFO] [stdout]   19:     0x644702eae62f - <std[617be2ca0a6fd877]::sys::thread::unix::Thread>::new::thread_start
[INFO] [stdout]   20:     0x7ae3c273edfa - <unknown>
[INFO] [stdout]   21:     0x7ae3c27d23d4 - clone
[INFO] [stdout]   22:                0x0 - <unknown>
[INFO] [stdout] 
[INFO] [stdout] ---- a_new_vault_goes_in_the_current_directory_unless_told_otherwise stdout ----
[INFO] [stdout] 
[INFO] [stdout] thread 'a_new_vault_goes_in_the_current_directory_unless_told_otherwise' (481) panicked at tests/cli.rs:650:50:
[INFO] [stdout] binary runs: Os { code: 2, kind: NotFound, message: "No such file or directory" }
[INFO] [stdout] stack backtrace:
[INFO] [stdout]    0:     0x644702eaf311 - <<std[617be2ca0a6fd877]::sys::backtrace::BacktraceLock>::print::DisplayBacktrace as core[a373ad73a504971]::fmt::Display>::fmt
[INFO] [stdout]    1:     0x644702ec377a - core[a373ad73a504971]::fmt::write
[INFO] [stdout]    2:     0x644702eb381c - <alloc[2e1b2a31b91974c5]::vec::Vec<u8> as core[a373ad73a504971]::io::write::Write>::write_fmt
[INFO] [stdout]    3:     0x644702e88e56 - std[617be2ca0a6fd877]::panicking::default_hook::{closure#0}
[INFO] [stdout]    4:     0x644702ea6aa9 - std[617be2ca0a6fd877]::panicking::default_hook
[INFO] [stdout]    5:     0x644702e40740 - test[aada8e7e76ba119b]::test_main_inner::{closure#0}
[INFO] [stdout]    6:     0x644702ea6c62 - std[617be2ca0a6fd877]::panicking::panic_with_hook
[INFO] [stdout]    7:     0x644702e88f02 - std[617be2ca0a6fd877]::panicking::panic_handler::{closure#0}
[INFO] [stdout]    8:     0x644702e81909 - std[617be2ca0a6fd877]::sys::backtrace::__rust_end_short_backtrace::<std[617be2ca0a6fd877]::panicking::panic_handler::{closure#0}, !>
[INFO] [stdout]    9:     0x644702e89bfd - __rustc[ea4f61d10b84890b]::rust_begin_unwind
[INFO] [stdout]   10:     0x644702ec3eac - core[a373ad73a504971]::panicking::panic_fmt
[INFO] [stdout]   11:     0x644702ec3c82 - core[a373ad73a504971]::result::unwrap_failed
[INFO] [stdout]   12:     0x644702e23fdd - <cli[6933ee3020d0494]::Desk>::run
[INFO] [stdout]   13:     0x644702e30df9 - <cli[6933ee3020d0494]::a_new_vault_goes_in_the_current_directory_unless_told_otherwise::{closure#0} as core[a373ad73a504971]::ops::function::FnOnce<()>>::call_once
[INFO] [stdout]   14:     0x644702e33b8b - test[aada8e7e76ba119b]::__rust_begin_short_backtrace::<core[a373ad73a504971]::result::Result<(), alloc[2e1b2a31b91974c5]::string::String>, fn() -> core[a373ad73a504971]::result::Result<(), alloc[2e1b2a31b91974c5]::string::String>>
[INFO] [stdout]   15:     0x644702e40d65 - test[aada8e7e76ba119b]::run_test::{closure#0}
[INFO] [stdout]   16:     0x644702e3a654 - std[617be2ca0a6fd877]::sys::backtrace::__rust_begin_short_backtrace::<test[aada8e7e76ba119b]::run_test::{closure#1}, ()>
[INFO] [stdout]   17:     0x644702e43df2 - <std[617be2ca0a6fd877]::thread::lifecycle::spawn_unchecked<test[aada8e7e76ba119b]::run_test::{closure#1}, ()>::{closure#1} as core[a373ad73a504971]::ops::function::FnOnce<()>>::call_once::{shim:vtable#0}
[INFO] [stdout]   18:     0x644702eae62f - <std[617be2ca0a6fd877]::sys::thread::unix::Thread>::new::thread_start
[INFO] [stdout]   19:     0x7ae3c273edfa - <unknown>
[INFO] [stdout]   20:     0x7ae3c27d23d4 - clone
[INFO] [stdout]   21:                0x0 - <unknown>
[INFO] [stdout] 
[INFO] [stdout] ---- starting_a_locked_task_is_refused_by_name stdout ----
[INFO] [stdout] 
[INFO] [stdout] thread 'starting_a_locked_task_is_refused_by_name' (552) panicked at tests/cli.rs:51:10:
[INFO] [stdout] binary runs: Os { code: 2, kind: NotFound, message: "No such file or directory" }
[INFO] [stdout] stack backtrace:
[INFO] [stdout]    0:     0x644702eaf311 - <<std[617be2ca0a6fd877]::sys::backtrace::BacktraceLock>::print::DisplayBacktrace as core[a373ad73a504971]::fmt::Display>::fmt
[INFO] [stdout]    1:     0x644702ec377a - core[a373ad73a504971]::fmt::write
[INFO] [stdout]    2:     0x644702eb381c - <alloc[2e1b2a31b91974c5]::vec::Vec<u8> as core[a373ad73a504971]::io::write::Write>::write_fmt
[INFO] [stdout]    3:     0x644702e88e56 - std[617be2ca0a6fd877]::panicking::default_hook::{closure#0}
[INFO] [stdout]    4:     0x644702ea6aa9 - std[617be2ca0a6fd877]::panicking::default_hook
[INFO] [stdout]    5:     0x644702e40740 - test[aada8e7e76ba119b]::test_main_inner::{closure#0}
[INFO] [stdout]    6:     0x644702ea6c62 - std[617be2ca0a6fd877]::panicking::panic_with_hook
[INFO] [stdout]    7:     0x644702e88f02 - std[617be2ca0a6fd877]::panicking::panic_handler::{closure#0}
[INFO] [stdout]    8:     0x644702e81909 - std[617be2ca0a6fd877]::sys::backtrace::__rust_end_short_backtrace::<std[617be2ca0a6fd877]::panicking::panic_handler::{closure#0}, !>
[INFO] [stdout]    9:     0x644702e89bfd - __rustc[ea4f61d10b84890b]::rust_begin_unwind
[INFO] [stdout]   10:     0x644702ec3eac - core[a373ad73a504971]::panicking::panic_fmt
[INFO] [stdout]   11:     0x644702ec3c82 - core[a373ad73a504971]::result::unwrap_failed
[INFO] [stdout]   12:     0x644702e2313f - cli[6933ee3020d0494]::run
[INFO] [stdout]   13:     0x644702e23bcb - cli[6933ee3020d0494]::seeded
[INFO] [stdout]   14:     0x644702e2c7e6 - <cli[6933ee3020d0494]::starting_a_locked_task_is_refused_by_name::{closure#0} as core[a373ad73a504971]::ops::function::FnOnce<()>>::call_once
[INFO] [stdout]   15:     0x644702e33b8b - test[aada8e7e76ba119b]::__rust_begin_short_backtrace::<core[a373ad73a504971]::result::Result<(), alloc[2e1b2a31b91974c5]::string::String>, fn() -> core[a373ad73a504971]::result::Result<(), alloc[2e1b2a31b91974c5]::string::String>>
[INFO] [stdout]   16:     0x644702e40d65 - test[aada8e7e76ba119b]::run_test::{closure#0}
[INFO] [stdout]   17:     0x644702e3a654 - std[617be2ca0a6fd877]::sys::backtrace::__rust_begin_short_backtrace::<test[aada8e7e76ba119b]::run_test::{closure#1}, ()>
[INFO] [stdout]   18:     0x644702e43df2 - <std[617be2ca0a6fd877]::thread::lifecycle::spawn_unchecked<test[aada8e7e76ba119b]::run_test::{closure#1}, ()>::{closure#1} as core[a373ad73a504971]::ops::function::FnOnce<()>>::call_once::{shim:vtable#0}
[INFO] [stdout]   19:     0x644702eae62f - <std[617be2ca0a6fd877]::sys::thread::unix::Thread>::new::thread_start
[INFO] [stdout]   20:     0x7ae3c273edfa - <unknown>
[INFO] [stdout]   21:     0x7ae3c27d23d4 - clone
[INFO] [stdout]   22:                0x0 - <unknown>
[INFO] [stdout] 
[INFO] [stdout] ---- find_looks_in_notes_only_when_asked_and_lists_them_after_names stdout ----
[INFO] [stdout] 
[INFO] [stdout] thread 'find_looks_in_notes_only_when_asked_and_lists_them_after_names' (523) panicked at tests/cli.rs:51:10:
[INFO] [stdout] binary runs: Os { code: 2, kind: NotFound, message: "No such file or directory" }
[INFO] [stdout] stack backtrace:
[INFO] [stdout]    0:     0x644702eaf311 - <<std[617be2ca0a6fd877]::sys::backtrace::BacktraceLock>::print::DisplayBacktrace as core[a373ad73a504971]::fmt::Display>::fmt
[INFO] [stdout]    1:     0x644702ec377a - core[a373ad73a504971]::fmt::write
[INFO] [stdout]    2:     0x644702eb381c - <alloc[2e1b2a31b91974c5]::vec::Vec<u8> as core[a373ad73a504971]::io::write::Write>::write_fmt
[INFO] [stdout]    3:     0x644702e88e56 - std[617be2ca0a6fd877]::panicking::default_hook::{closure#0}
[INFO] [stdout]    4:     0x644702ea6aa9 - std[617be2ca0a6fd877]::panicking::default_hook
[INFO] [stdout]    5:     0x644702e40740 - test[aada8e7e76ba119b]::test_main_inner::{closure#0}
[INFO] [stdout]    6:     0x644702ea6c62 - std[617be2ca0a6fd877]::panicking::panic_with_hook
[INFO] [stdout]    7:     0x644702e88f02 - std[617be2ca0a6fd877]::panicking::panic_handler::{closure#0}
[INFO] [stdout]    8:     0x644702e81909 - std[617be2ca0a6fd877]::sys::backtrace::__rust_end_short_backtrace::<std[617be2ca0a6fd877]::panicking::panic_handler::{closure#0}, !>
[INFO] [stdout]    9:     0x644702e89bfd - __rustc[ea4f61d10b84890b]::rust_begin_unwind
[INFO] [stdout]   10:     0x644702ec3eac - core[a373ad73a504971]::panicking::panic_fmt
[INFO] [stdout]   11:     0x644702ec3c82 - core[a373ad73a504971]::result::unwrap_failed
[INFO] [stdout]   12:     0x644702e2313f - cli[6933ee3020d0494]::run
[INFO] [stdout]   13:     0x644702e23bcb - cli[6933ee3020d0494]::seeded
[INFO] [stdout]   14:     0x644702e3089c - <cli[6933ee3020d0494]::find_looks_in_notes_only_when_asked_and_lists_them_after_names::{closure#0} as core[a373ad73a504971]::ops::function::FnOnce<()>>::call_once
[INFO] [stdout]   15:     0x644702e33b8b - test[aada8e7e76ba119b]::__rust_begin_short_backtrace::<core[a373ad73a504971]::result::Result<(), alloc[2e1b2a31b91974c5]::string::String>, fn() -> core[a373ad73a504971]::result::Result<(), alloc[2e1b2a31b91974c5]::string::String>>
[INFO] [stdout]   16:     0x644702e40d65 - test[aada8e7e76ba119b]::run_test::{closure#0}
[INFO] [stdout]   17:     0x644702e3a654 - std[617be2ca0a6fd877]::sys::backtrace::__rust_begin_short_backtrace::<test[aada8e7e76ba119b]::run_test::{closure#1}, ()>
[INFO] [stdout]   18:     0x644702e43df2 - <std[617be2ca0a6fd877]::thread::lifecycle::spawn_unchecked<test[aada8e7e76ba119b]::run_test::{closure#1}, ()>::{closure#1} as core[a373ad73a504971]::ops::function::FnOnce<()>>::call_once::{shim:vtable#0}
[INFO] [stdout]   19:     0x644702eae62f - <std[617be2ca0a6fd877]::sys::thread::unix::Thread>::new::thread_start
[INFO] [stdout]   20:     0x7ae3c273edfa - <unknown>
[INFO] [stdout]   21:     0x7ae3c27d23d4 - clone
[INFO] [stdout]   22:                0x0 - <unknown>
[INFO] [stdout] 
[INFO] [stdout] ---- plain_rows_refer_to_prerequisites_by_id stdout ----
[INFO] [stdout] 
[INFO] [stdout] thread 'plain_rows_refer_to_prerequisites_by_id' (537) panicked at tests/cli.rs:51:10:
[INFO] [stdout] binary runs: Os { code: 2, kind: NotFound, message: "No such file or directory" }
[INFO] [stdout] stack backtrace:
[INFO] [stdout]    0:     0x644702eaf311 - <<std[617be2ca0a6fd877]::sys::backtrace::BacktraceLock>::print::DisplayBacktrace as core[a373ad73a504971]::fmt::Display>::fmt
[INFO] [stdout]    1:     0x644702ec377a - core[a373ad73a504971]::fmt::write
[INFO] [stdout]    2:     0x644702eb381c - <alloc[2e1b2a31b91974c5]::vec::Vec<u8> as core[a373ad73a504971]::io::write::Write>::write_fmt
[INFO] [stdout]    3:     0x644702e88e56 - std[617be2ca0a6fd877]::panicking::default_hook::{closure#0}
[INFO] [stdout]    4:     0x644702ea6aa9 - std[617be2ca0a6fd877]::panicking::default_hook
[INFO] [stdout]    5:     0x644702e40740 - test[aada8e7e76ba119b]::test_main_inner::{closure#0}
[INFO] [stdout]    6:     0x644702ea6c62 - std[617be2ca0a6fd877]::panicking::panic_with_hook
[INFO] [stdout]    7:     0x644702e88f02 - std[617be2ca0a6fd877]::panicking::panic_handler::{closure#0}
[INFO] [stdout]    8:     0x644702e81909 - std[617be2ca0a6fd877]::sys::backtrace::__rust_end_short_backtrace::<std[617be2ca0a6fd877]::panicking::panic_handler::{closure#0}, !>
[INFO] [stdout]    9:     0x644702e89bfd - __rustc[ea4f61d10b84890b]::rust_begin_unwind
[INFO] [stdout]   10:     0x644702ec3eac - core[a373ad73a504971]::panicking::panic_fmt
[INFO] [stdout]   11:     0x644702ec3c82 - core[a373ad73a504971]::result::unwrap_failed
[INFO] [stdout]   12:     0x644702e2313f - cli[6933ee3020d0494]::run
[INFO] [stdout]   13:     0x644702e23bcb - cli[6933ee3020d0494]::seeded
[INFO] [stdout]   14:     0x644702e2aad5 - <cli[6933ee3020d0494]::plain_rows_refer_to_prerequisites_by_id::{closure#0} as core[a373ad73a504971]::ops::function::FnOnce<()>>::call_once
[INFO] [stdout]   15:     0x644702e33b8b - test[aada8e7e76ba119b]::__rust_begin_short_backtrace::<core[a373ad73a504971]::result::Result<(), alloc[2e1b2a31b91974c5]::string::String>, fn() -> core[a373ad73a504971]::result::Result<(), alloc[2e1b2a31b91974c5]::string::String>>
[INFO] [stdout]   16:     0x644702e40d65 - test[aada8e7e76ba119b]::run_test::{closure#0}
[INFO] [stdout]   17:     0x644702e3a654 - std[617be2ca0a6fd877]::sys::backtrace::__rust_begin_short_backtrace::<test[aada8e7e76ba119b]::run_test::{closure#1}, ()>
[INFO] [stdout]   18:     0x644702e43df2 - <std[617be2ca0a6fd877]::thread::lifecycle::spawn_unchecked<test[aada8e7e76ba119b]::run_test::{closure#1}, ()>::{closure#1} as core[a373ad73a504971]::ops::function::FnOnce<()>>::call_once::{shim:vtable#0}
[INFO] [stdout]   19:     0x644702eae62f - <std[617be2ca0a6fd877]::sys::thread::unix::Thread>::new::thread_start
[INFO] [stdout]   20:     0x7ae3c273edfa - <unknown>
[INFO] [stdout]   21:     0x7ae3c27d23d4 - clone
[INFO] [stdout]   22:                0x0 - <unknown>
[INFO] [stdout] 
[INFO] [stdout] ---- plain_show_ends_with_the_note_as_written stdout ----
[INFO] [stdout] 
[INFO] [stdout] thread 'plain_show_ends_with_the_note_as_written' (541) panicked at tests/cli.rs:51:10:
[INFO] [stdout] binary runs: Os { code: 2, kind: NotFound, message: "No such file or directory" }
[INFO] [stdout] stack backtrace:
[INFO] [stdout]    0:     0x644702eaf311 - <<std[617be2ca0a6fd877]::sys::backtrace::BacktraceLock>::print::DisplayBacktrace as core[a373ad73a504971]::fmt::Display>::fmt
[INFO] [stdout]    1:     0x644702ec377a - core[a373ad73a504971]::fmt::write
[INFO] [stdout]    2:     0x644702eb381c - <alloc[2e1b2a31b91974c5]::vec::Vec<u8> as core[a373ad73a504971]::io::write::Write>::write_fmt
[INFO] [stdout]    3:     0x644702e88e56 - std[617be2ca0a6fd877]::panicking::default_hook::{closure#0}
[INFO] [stdout]    4:     0x644702ea6aa9 - std[617be2ca0a6fd877]::panicking::default_hook
[INFO] [stdout]    5:     0x644702e40740 - test[aada8e7e76ba119b]::test_main_inner::{closure#0}
[INFO] [stdout]    6:     0x644702ea6c62 - std[617be2ca0a6fd877]::panicking::panic_with_hook
[INFO] [stdout]    7:     0x644702e88f02 - std[617be2ca0a6fd877]::panicking::panic_handler::{closure#0}
[INFO] [stdout]    8:     0x644702e81909 - std[617be2ca0a6fd877]::sys::backtrace::__rust_end_short_backtrace::<std[617be2ca0a6fd877]::panicking::panic_handler::{closure#0}, !>
[INFO] [stdout]    9:     0x644702e89bfd - __rustc[ea4f61d10b84890b]::rust_begin_unwind
[INFO] [stdout]   10:     0x644702ec3eac - core[a373ad73a504971]::panicking::panic_fmt
[INFO] [stdout]   11:     0x644702ec3c82 - core[a373ad73a504971]::result::unwrap_failed
[INFO] [stdout]   12:     0x644702e2313f - cli[6933ee3020d0494]::run
[INFO] [stdout]   13:     0x644702e23bcb - cli[6933ee3020d0494]::seeded
[INFO] [stdout]   14:     0x644702e2bc64 - <cli[6933ee3020d0494]::plain_show_ends_with_the_note_as_written::{closure#0} as core[a373ad73a504971]::ops::function::FnOnce<()>>::call_once
[INFO] [stdout]   15:     0x644702e33b8b - test[aada8e7e76ba119b]::__rust_begin_short_backtrace::<core[a373ad73a504971]::result::Result<(), alloc[2e1b2a31b91974c5]::string::String>, fn() -> core[a373ad73a504971]::result::Result<(), alloc[2e1b2a31b91974c5]::string::String>>
[INFO] [stdout]   16:     0x644702e40d65 - test[aada8e7e76ba119b]::run_test::{closure#0}
[INFO] [stdout]   17:     0x644702e3a654 - std[617be2ca0a6fd877]::sys::backtrace::__rust_begin_short_backtrace::<test[aada8e7e76ba119b]::run_test::{closure#1}, ()>
[INFO] [stdout]   18:     0x644702e43df2 - <std[617be2ca0a6fd877]::thread::lifecycle::spawn_unchecked<test[aada8e7e76ba119b]::run_test::{closure#1}, ()>::{closure#1} as core[a373ad73a504971]::ops::function::FnOnce<()>>::call_once::{shim:vtable#0}
[INFO] [stdout]   19:     0x644702eae62f - <std[617be2ca0a6fd877]::sys::thread::unix::Thread>::new::thread_start
[INFO] [stdout]   20:     0x7ae3c273edfa - <unknown>
[INFO] [stdout]   21:     0x7ae3c27d23d4 - clone
[INFO] [stdout]   22:                0x0 - <unknown>
[INFO] [stdout] 
[INFO] [stdout] ---- overdue_work_is_counted_in_the_tally stdout ----
[INFO] [stdout] 
[INFO] [stdout] thread 'overdue_work_is_counted_in_the_tally' (533) panicked at tests/cli.rs:51:10:
[INFO] [stdout] binary runs: Os { code: 2, kind: NotFound, message: "No such file or directory" }
[INFO] [stdout] stack backtrace:
[INFO] [stdout]    0:     0x644702eaf311 - <<std[617be2ca0a6fd877]::sys::backtrace::BacktraceLock>::print::DisplayBacktrace as core[a373ad73a504971]::fmt::Display>::fmt
[INFO] [stdout]    1:     0x644702ec377a - core[a373ad73a504971]::fmt::write
[INFO] [stdout]    2:     0x644702eb381c - <alloc[2e1b2a31b91974c5]::vec::Vec<u8> as core[a373ad73a504971]::io::write::Write>::write_fmt
[INFO] [stdout]    3:     0x644702e88e56 - std[617be2ca0a6fd877]::panicking::default_hook::{closure#0}
[INFO] [stdout]    4:     0x644702ea6aa9 - std[617be2ca0a6fd877]::panicking::default_hook
[INFO] [stdout]    5:     0x644702e40740 - test[aada8e7e76ba119b]::test_main_inner::{closure#0}
[INFO] [stdout]    6:     0x644702ea6c62 - std[617be2ca0a6fd877]::panicking::panic_with_hook
[INFO] [stdout]    7:     0x644702e88f02 - std[617be2ca0a6fd877]::panicking::panic_handler::{closure#0}
[INFO] [stdout]    8:     0x644702e81909 - std[617be2ca0a6fd877]::sys::backtrace::__rust_end_short_backtrace::<std[617be2ca0a6fd877]::panicking::panic_handler::{closure#0}, !>
[INFO] [stdout]    9:     0x644702e89bfd - __rustc[ea4f61d10b84890b]::rust_begin_unwind
[INFO] [stdout]   10:     0x644702ec3eac - core[a373ad73a504971]::panicking::panic_fmt
[INFO] [stdout]   11:     0x644702ec3c82 - core[a373ad73a504971]::result::unwrap_failed
[INFO] [stdout]   12:     0x644702e2313f - cli[6933ee3020d0494]::run
[INFO] [stdout]   13:     0x644702e23bcb - cli[6933ee3020d0494]::seeded
[INFO] [stdout]   14:     0x644702e29514 - <cli[6933ee3020d0494]::overdue_work_is_counted_in_the_tally::{closure#0} as core[a373ad73a504971]::ops::function::FnOnce<()>>::call_once
[INFO] [stdout]   15:     0x644702e33b8b - test[aada8e7e76ba119b]::__rust_begin_short_backtrace::<core[a373ad73a504971]::result::Result<(), alloc[2e1b2a31b91974c5]::string::String>, fn() -> core[a373ad73a504971]::result::Result<(), alloc[2e1b2a31b91974c5]::string::String>>
[INFO] [stdout]   16:     0x644702e40d65 - test[aada8e7e76ba119b]::run_test::{closure#0}
[INFO] [stdout]   17:     0x644702e3a654 - std[617be2ca0a6fd877]::sys::backtrace::__rust_begin_short_backtrace::<test[aada8e7e76ba119b]::run_test::{closure#1}, ()>
[INFO] [stdout]   18:     0x644702e43df2 - <std[617be2ca0a6fd877]::thread::lifecycle::spawn_unchecked<test[aada8e7e76ba119b]::run_test::{closure#1}, ()>::{closure#1} as core[a373ad73a504971]::ops::function::FnOnce<()>>::call_once::{shim:vtable#0}
[INFO] [stdout]   19:     0x644702eae62f - <std[617be2ca0a6fd877]::sys::thread::unix::Thread>::new::thread_start
[INFO] [stdout]   20:     0x7ae3c273edfa - <unknown>
[INFO] [stdout]   21:     0x7ae3c27d23d4 - clone
[INFO] [stdout]   22:                0x0 - <unknown>
[INFO] [stdout] 
[INFO] [stdout] ---- the_board_shows_every_column stdout ----
[INFO] [stdout] 
[INFO] [stdout] thread 'the_board_shows_every_column' (553) panicked at tests/cli.rs:51:10:
[INFO] [stdout] binary runs: Os { code: 2, kind: NotFound, message: "No such file or directory" }
[INFO] [stdout] stack backtrace:
[INFO] [stdout]    0:     0x644702eaf311 - <<std[617be2ca0a6fd877]::sys::backtrace::BacktraceLock>::print::DisplayBacktrace as core[a373ad73a504971]::fmt::Display>::fmt
[INFO] [stdout]    1:     0x644702ec377a - core[a373ad73a504971]::fmt::write
[INFO] [stdout]    2:     0x644702eb381c - <alloc[2e1b2a31b91974c5]::vec::Vec<u8> as core[a373ad73a504971]::io::write::Write>::write_fmt
[INFO] [stdout]    3:     0x644702e88e56 - std[617be2ca0a6fd877]::panicking::default_hook::{closure#0}
[INFO] [stdout]    4:     0x644702ea6aa9 - std[617be2ca0a6fd877]::panicking::default_hook
[INFO] [stdout]    5:     0x644702e40740 - test[aada8e7e76ba119b]::test_main_inner::{closure#0}
[INFO] [stdout]    6:     0x644702ea6c62 - std[617be2ca0a6fd877]::panicking::panic_with_hook
[INFO] [stdout]    7:     0x644702e88f02 - std[617be2ca0a6fd877]::panicking::panic_handler::{closure#0}
[INFO] [stdout]    8:     0x644702e81909 - std[617be2ca0a6fd877]::sys::backtrace::__rust_end_short_backtrace::<std[617be2ca0a6fd877]::panicking::panic_handler::{closure#0}, !>
[INFO] [stdout]    9:     0x644702e89bfd - __rustc[ea4f61d10b84890b]::rust_begin_unwind
[INFO] [stdout]   10:     0x644702ec3eac - core[a373ad73a504971]::panicking::panic_fmt
[INFO] [stdout]   11:     0x644702ec3c82 - core[a373ad73a504971]::result::unwrap_failed
[INFO] [stdout]   12:     0x644702e2313f - cli[6933ee3020d0494]::run
[INFO] [stdout]   13:     0x644702e23bcb - cli[6933ee3020d0494]::seeded
[INFO] [stdout]   14:     0x644702e267c7 - <cli[6933ee3020d0494]::the_board_shows_every_column::{closure#0} as core[a373ad73a504971]::ops::function::FnOnce<()>>::call_once
[INFO] [stdout]   15:     0x644702e33b8b - test[aada8e7e76ba119b]::__rust_begin_short_backtrace::<core[a373ad73a504971]::result::Result<(), alloc[2e1b2a31b91974c5]::string::String>, fn() -> core[a373ad73a504971]::result::Result<(), alloc[2e1b2a31b91974c5]::string::String>>
[INFO] [stdout]   16:     0x644702e40d65 - test[aada8e7e76ba119b]::run_test::{closure#0}
[INFO] [stdout]   17:     0x644702e3a654 - std[617be2ca0a6fd877]::sys::backtrace::__rust_begin_short_backtrace::<test[aada8e7e76ba119b]::run_test::{closure#1}, ()>
[INFO] [stdout]   18:     0x644702e43df2 - <std[617be2ca0a6fd877]::thread::lifecycle::spawn_unchecked<test[aada8e7e76ba119b]::run_test::{closure#1}, ()>::{closure#1} as core[a373ad73a504971]::ops::function::FnOnce<()>>::call_once::{shim:vtable#0}
[INFO] [stdout]   19:     0x644702eae62f - <std[617be2ca0a6fd877]::sys::thread::unix::Thread>::new::thread_start
[INFO] [stdout]   20:     0x7ae3c273edfa - <unknown>
[INFO] [stdout]   21:     0x7ae3c27d23d4 - clone
[INFO] [stdout]   22:                0x0 - <unknown>
[INFO] [stdout] 
[INFO] [stdout] ---- the_calendar_marks_an_inherited_deadline stdout ----
[INFO] [stdout] 
[INFO] [stdout] thread 'the_calendar_marks_an_inherited_deadline' (554) panicked at tests/cli.rs:51:10:
[INFO] [stdout] binary runs: Os { code: 2, kind: NotFound, message: "No such file or directory" }
[INFO] [stdout] stack backtrace:
[INFO] [stdout]    0:     0x644702eaf311 - <<std[617be2ca0a6fd877]::sys::backtrace::BacktraceLock>::print::DisplayBacktrace as core[a373ad73a504971]::fmt::Display>::fmt
[INFO] [stdout]    1:     0x644702ec377a - core[a373ad73a504971]::fmt::write
[INFO] [stdout]    2:     0x644702eb381c - <alloc[2e1b2a31b91974c5]::vec::Vec<u8> as core[a373ad73a504971]::io::write::Write>::write_fmt
[INFO] [stdout]    3:     0x644702e88e56 - std[617be2ca0a6fd877]::panicking::default_hook::{closure#0}
[INFO] [stdout]    4:     0x644702ea6aa9 - std[617be2ca0a6fd877]::panicking::default_hook
[INFO] [stdout]    5:     0x644702e40740 - test[aada8e7e76ba119b]::test_main_inner::{closure#0}
[INFO] [stdout]    6:     0x644702ea6c62 - std[617be2ca0a6fd877]::panicking::panic_with_hook
[INFO] [stdout]    7:     0x644702e88f02 - std[617be2ca0a6fd877]::panicking::panic_handler::{closure#0}
[INFO] [stdout]    8:     0x644702e81909 - std[617be2ca0a6fd877]::sys::backtrace::__rust_end_short_backtrace::<std[617be2ca0a6fd877]::panicking::panic_handler::{closure#0}, !>
[INFO] [stdout]    9:     0x644702e89bfd - __rustc[ea4f61d10b84890b]::rust_begin_unwind
[INFO] [stdout]   10:     0x644702ec3eac - core[a373ad73a504971]::panicking::panic_fmt
[INFO] [stdout]   11:     0x644702ec3c82 - core[a373ad73a504971]::result::unwrap_failed
[INFO] [stdout]   12:     0x644702e2313f - cli[6933ee3020d0494]::run
[INFO] [stdout]   13:     0x644702e23bcb - cli[6933ee3020d0494]::seeded
[INFO] [stdout]   14:     0x644702e2bdfa - <cli[6933ee3020d0494]::the_calendar_marks_an_inherited_deadline::{closure#0} as core[a373ad73a504971]::ops::function::FnOnce<()>>::call_once
[INFO] [stdout]   15:     0x644702e33b8b - test[aada8e7e76ba119b]::__rust_begin_short_backtrace::<core[a373ad73a504971]::result::Result<(), alloc[2e1b2a31b91974c5]::string::String>, fn() -> core[a373ad73a504971]::result::Result<(), alloc[2e1b2a31b91974c5]::string::String>>
[INFO] [stdout]   16:     0x644702e40d65 - test[aada8e7e76ba119b]::run_test::{closure#0}
[INFO] [stdout]   17:     0x644702e3a654 - std[617be2ca0a6fd877]::sys::backtrace::__rust_begin_short_backtrace::<test[aada8e7e76ba119b]::run_test::{closure#1}, ()>
[INFO] [stdout]   18:     0x644702e43df2 - <std[617be2ca0a6fd877]::thread::lifecycle::spawn_unchecked<test[aada8e7e76ba119b]::run_test::{closure#1}, ()>::{closure#1} as core[a373ad73a504971]::ops::function::FnOnce<()>>::call_once::{shim:vtable#0}
[INFO] [stdout]   19:     0x644702eae62f - <std[617be2ca0a6fd877]::sys::thread::unix::Thread>::new::thread_start
[INFO] [stdout]   20:     0x7ae3c273edfa - <unknown>
[INFO] [stdout]   21:     0x7ae3c27d23d4 - clone
[INFO] [stdout]   22:                0x0 - <unknown>
[INFO] [stdout] 
[INFO] [stdout] ---- the_guide_needs_no_vault stdout ----
[INFO] [stdout] 
[INFO] [stdout] thread 'the_guide_needs_no_vault' (555) panicked at tests/cli.rs:1087:10:
[INFO] [stdout] binary runs: Os { code: 2, kind: NotFound, message: "No such file or directory" }
[INFO] [stdout] stack backtrace:
[INFO] [stdout]    0:     0x644702eaf311 - <<std[617be2ca0a6fd877]::sys::backtrace::BacktraceLock>::print::DisplayBacktrace as core[a373ad73a504971]::fmt::Display>::fmt
[INFO] [stdout]    1:     0x644702ec377a - core[a373ad73a504971]::fmt::write
[INFO] [stdout]    2:     0x644702eb381c - <alloc[2e1b2a31b91974c5]::vec::Vec<u8> as core[a373ad73a504971]::io::write::Write>::write_fmt
[INFO] [stdout]    3:     0x644702e88e56 - std[617be2ca0a6fd877]::panicking::default_hook::{closure#0}
[INFO] [stdout]    4:     0x644702ea6aa9 - std[617be2ca0a6fd877]::panicking::default_hook
[INFO] [stdout]    5:     0x644702e40740 - test[aada8e7e76ba119b]::test_main_inner::{closure#0}
[INFO] [stdout]    6:     0x644702ea6c62 - std[617be2ca0a6fd877]::panicking::panic_with_hook
[INFO] [stdout]    7:     0x644702e88f02 - std[617be2ca0a6fd877]::panicking::panic_handler::{closure#0}
[INFO] [stdout]    8:     0x644702e81909 - std[617be2ca0a6fd877]::sys::backtrace::__rust_end_short_backtrace::<std[617be2ca0a6fd877]::panicking::panic_handler::{closure#0}, !>
[INFO] [stdout]    9:     0x644702e89bfd - __rustc[ea4f61d10b84890b]::rust_begin_unwind
[INFO] [stdout]   10:     0x644702ec3eac - core[a373ad73a504971]::panicking::panic_fmt
[INFO] [stdout]   11:     0x644702ec3c82 - core[a373ad73a504971]::result::unwrap_failed
[INFO] [stdout]   12:     0x644702e25e8e - <cli[6933ee3020d0494]::the_guide_needs_no_vault::{closure#0} as core[a373ad73a504971]::ops::function::FnOnce<()>>::call_once
[INFO] [stdout]   13:     0x644702e33b8b - test[aada8e7e76ba119b]::__rust_begin_short_backtrace::<core[a373ad73a504971]::result::Result<(), alloc[2e1b2a31b91974c5]::string::String>, fn() -> core[a373ad73a504971]::result::Result<(), alloc[2e1b2a31b91974c5]::string::String>>
[INFO] [stdout]   14:     0x644702e40d65 - test[aada8e7e76ba119b]::run_test::{closure#0}
[INFO] [stdout]   15:     0x644702e3a654 - std[617be2ca0a6fd877]::sys::backtrace::__rust_begin_short_backtrace::<test[aada8e7e76ba119b]::run_test::{closure#1}, ()>
[INFO] [stdout]   16:     0x644702e43df2 - <std[617be2ca0a6fd877]::thread::lifecycle::spawn_unchecked<test[aada8e7e76ba119b]::run_test::{closure#1}, ()>::{closure#1} as core[a373ad73a504971]::ops::function::FnOnce<()>>::call_once::{shim:vtable#0}
[INFO] [stdout]   17:     0x644702eae62f - <std[617be2ca0a6fd877]::sys::thread::unix::Thread>::new::thread_start
[INFO] [stdout]   18:     0x7ae3c273edfa - <unknown>
[INFO] [stdout]   19:     0x7ae3c27d23d4 - clone
[INFO] [stdout]   20:                0x0 - <unknown>
[INFO] [stdout] 
[INFO] [stdout] ---- the_queue_holds_only_what_is_reachable stdout ----
[INFO] [stdout] 
[INFO] [stdout] thread 'the_queue_holds_only_what_is_reachable' (565) panicked at tests/cli.rs:51:10:
[INFO] [stdout] binary runs: Os { code: 2, kind: NotFound, message: "No such file or directory" }
[INFO] [stdout] stack backtrace:
[INFO] [stdout]    0:     0x644702eaf311 - <<std[617be2ca0a6fd877]::sys::backtrace::BacktraceLock>::print::DisplayBacktrace as core[a373ad73a504971]::fmt::Display>::fmt
[INFO] [stdout]    1:     0x644702ec377a - core[a373ad73a504971]::fmt::write
[INFO] [stdout]    2:     0x644702eb381c - <alloc[2e1b2a31b91974c5]::vec::Vec<u8> as core[a373ad73a504971]::io::write::Write>::write_fmt
[INFO] [stdout]    3:     0x644702e88e56 - std[617be2ca0a6fd877]::panicking::default_hook::{closure#0}
[INFO] [stdout]    4:     0x644702ea6aa9 - std[617be2ca0a6fd877]::panicking::default_hook
[INFO] [stdout]    5:     0x644702e40740 - test[aada8e7e76ba119b]::test_main_inner::{closure#0}
[INFO] [stdout]    6:     0x644702ea6c62 - std[617be2ca0a6fd877]::panicking::panic_with_hook
[INFO] [stdout]    7:     0x644702e88f02 - std[617be2ca0a6fd877]::panicking::panic_handler::{closure#0}
[INFO] [stdout]    8:     0x644702e81909 - std[617be2ca0a6fd877]::sys::backtrace::__rust_end_short_backtrace::<std[617be2ca0a6fd877]::panicking::panic_handler::{closure#0}, !>
[INFO] [stdout]    9:     0x644702e89bfd - __rustc[ea4f61d10b84890b]::rust_begin_unwind
[INFO] [stdout]   10:     0x644702ec3eac - core[a373ad73a504971]::panicking::panic_fmt
[INFO] [stdout]   11:     0x644702ec3c82 - core[a373ad73a504971]::result::unwrap_failed
[INFO] [stdout]   12:     0x644702e2313f - cli[6933ee3020d0494]::run
[INFO] [stdout]   13:     0x644702e23bcb - cli[6933ee3020d0494]::seeded
[INFO] [stdout]   14:     0x644702e2a486 - <cli[6933ee3020d0494]::the_queue_holds_only_what_is_reachable::{closure#0} as core[a373ad73a504971]::ops::function::FnOnce<()>>::call_once
[INFO] [stdout]   15:     0x644702e33b8b - test[aada8e7e76ba119b]::__rust_begin_short_backtrace::<core[a373ad73a504971]::result::Result<(), alloc[2e1b2a31b91974c5]::string::String>, fn() -> core[a373ad73a504971]::result::Result<(), alloc[2e1b2a31b91974c5]::string::String>>
[INFO] [stdout]   16:     0x644702e40d65 - test[aada8e7e76ba119b]::run_test::{closure#0}
[INFO] [stdout]   17:     0x644702e3a654 - std[617be2ca0a6fd877]::sys::backtrace::__rust_begin_short_backtrace::<test[aada8e7e76ba119b]::run_test::{closure#1}, ()>
[INFO] [stdout]   18:     0x644702e43df2 - <std[617be2ca0a6fd877]::thread::lifecycle::spawn_unchecked<test[aada8e7e76ba119b]::run_test::{closure#1}, ()>::{closure#1} as core[a373ad73a504971]::ops::function::FnOnce<()>>::call_once::{shim:vtable#0}
[INFO] [stdout]   19:     0x644702eae62f - <std[617be2ca0a6fd877]::sys::thread::unix::Thread>::new::thread_start
[INFO] [stdout]   20:     0x7ae3c273edfa - <unknown>
[INFO] [stdout]   21:     0x7ae3c27d23d4 - clone
[INFO] [stdout]   22:                0x0 - <unknown>
[INFO] [stdout] 
[INFO] [stdout] ---- the_queue_says_which_tasks_are_already_under_way stdout ----
[INFO] [stdout] 
[INFO] [stdout] thread 'the_queue_says_which_tasks_are_already_under_way' (566) panicked at tests/cli.rs:51:10:
[INFO] [stdout] binary runs: Os { code: 2, kind: NotFound, message: "No such file or directory" }
[INFO] [stdout] stack backtrace:
[INFO] [stdout]    0:     0x644702eaf311 - <<std[617be2ca0a6fd877]::sys::backtrace::BacktraceLock>::print::DisplayBacktrace as core[a373ad73a504971]::fmt::Display>::fmt
[INFO] [stdout]    1:     0x644702ec377a - core[a373ad73a504971]::fmt::write
[INFO] [stdout]    2:     0x644702eb381c - <alloc[2e1b2a31b91974c5]::vec::Vec<u8> as core[a373ad73a504971]::io::write::Write>::write_fmt
[INFO] [stdout]    3:     0x644702e88e56 - std[617be2ca0a6fd877]::panicking::default_hook::{closure#0}
[INFO] [stdout]    4:     0x644702ea6aa9 - std[617be2ca0a6fd877]::panicking::default_hook
[INFO] [stdout]    5:     0x644702e40740 - test[aada8e7e76ba119b]::test_main_inner::{closure#0}
[INFO] [stdout]    6:     0x644702ea6c62 - std[617be2ca0a6fd877]::panicking::panic_with_hook
[INFO] [stdout]    7:     0x644702e88f02 - std[617be2ca0a6fd877]::panicking::panic_handler::{closure#0}
[INFO] [stdout]    8:     0x644702e81909 - std[617be2ca0a6fd877]::sys::backtrace::__rust_end_short_backtrace::<std[617be2ca0a6fd877]::panicking::panic_handler::{closure#0}, !>
[INFO] [stdout]    9:     0x644702e89bfd - __rustc[ea4f61d10b84890b]::rust_begin_unwind
[INFO] [stdout]   10:     0x644702ec3eac - core[a373ad73a504971]::panicking::panic_fmt
[INFO] [stdout]   11:     0x644702ec3c82 - core[a373ad73a504971]::result::unwrap_failed
[INFO] [stdout]   12:     0x644702e2313f - cli[6933ee3020d0494]::run
[INFO] [stdout]   13:     0x644702e23bcb - cli[6933ee3020d0494]::seeded
[INFO] [stdout]   14:     0x644702e2f512 - <cli[6933ee3020d0494]::the_queue_says_which_tasks_are_already_under_way::{closure#0} as core[a373ad73a504971]::ops::function::FnOnce<()>>::call_once
[INFO] [stdout]   15:     0x644702e33b8b - test[aada8e7e76ba119b]::__rust_begin_short_backtrace::<core[a373ad73a504971]::result::Result<(), alloc[2e1b2a31b91974c5]::string::String>, fn() -> core[a373ad73a504971]::result::Result<(), alloc[2e1b2a31b91974c5]::string::String>>
[INFO] [stdout]   16:     0x644702e40d65 - test[aada8e7e76ba119b]::run_test::{closure#0}
[INFO] [stdout]   17:     0x644702e3a654 - std[617be2ca0a6fd877]::sys::backtrace::__rust_begin_short_backtrace::<test[aada8e7e76ba119b]::run_test::{closure#1}, ()>
[INFO] [stdout]   18:     0x644702e43df2 - <std[617be2ca0a6fd877]::thread::lifecycle::spawn_unchecked<test[aada8e7e76ba119b]::run_test::{closure#1}, ()>::{closure#1} as core[a373ad73a504971]::ops::function::FnOnce<()>>::call_once::{shim:vtable#0}
[INFO] [stdout]   19:     0x644702eae62f - <std[617be2ca0a6fd877]::sys::thread::unix::Thread>::new::thread_start
[INFO] [stdout]   20:     0x7ae3c273edfa - <unknown>
[INFO] [stdout]   21:     0x7ae3c27d23d4 - clone
[INFO] [stdout]   22:                0x0 - <unknown>
[INFO] [stdout] 
[INFO] [stdout] ---- work_survives_between_invocations stdout ----
[INFO] [stdout] 
[INFO] [stdout] thread 'work_survives_between_invocations' (579) panicked at tests/cli.rs:51:10:
[INFO] [stdout] binary runs: Os { code: 2, kind: NotFound, message: "No such file or directory" }
[INFO] [stdout] stack backtrace:
[INFO] [stdout]    0:     0x644702eaf311 - <<std[617be2ca0a6fd877]::sys::backtrace::BacktraceLock>::print::DisplayBacktrace as core[a373ad73a504971]::fmt::Display>::fmt
[INFO] [stdout]    1:     0x644702ec377a - core[a373ad73a504971]::fmt::write
[INFO] [stdout]    2:     0x644702eb381c - <alloc[2e1b2a31b91974c5]::vec::Vec<u8> as core[a373ad73a504971]::io::write::Write>::write_fmt
[INFO] [stdout]    3:     0x644702e88e56 - std[617be2ca0a6fd877]::panicking::default_hook::{closure#0}
[INFO] [stdout]    4:     0x644702ea6aa9 - std[617be2ca0a6fd877]::panicking::default_hook
[INFO] [stdout]    5:     0x644702e40740 - test[aada8e7e76ba119b]::test_main_inner::{closure#0}
[INFO] [stdout]    6:     0x644702ea6c62 - std[617be2ca0a6fd877]::panicking::panic_with_hook
[INFO] [stdout]    7:     0x644702e88f02 - std[617be2ca0a6fd877]::panicking::panic_handler::{closure#0}
[INFO] [stdout]    8:     0x644702e81909 - std[617be2ca0a6fd877]::sys::backtrace::__rust_end_short_backtrace::<std[617be2ca0a6fd877]::panicking::panic_handler::{closure#0}, !>
[INFO] [stdout]    9:     0x644702e89bfd - __rustc[ea4f61d10b84890b]::rust_begin_unwind
[INFO] [stdout]   10:     0x644702ec3eac - core[a373ad73a504971]::panicking::panic_fmt
[INFO] [stdout]   11:     0x644702ec3c82 - core[a373ad73a504971]::result::unwrap_failed
[INFO] [stdout]   12:     0x644702e2313f - cli[6933ee3020d0494]::run
[INFO] [stdout]   13:     0x644702e23bcb - cli[6933ee3020d0494]::seeded
[INFO] [stdout]   14:     0x644702e28a27 - <cli[6933ee3020d0494]::work_survives_between_invocations::{closure#0} as core[a373ad73a504971]::ops::function::FnOnce<()>>::call_once
[INFO] [stdout]   15:     0x644702e33b8b - test[aada8e7e76ba119b]::__rust_begin_short_backtrace::<core[a373ad73a504971]::result::Result<(), alloc[2e1b2a31b91974c5]::string::String>, fn() -> core[a373ad73a504971]::result::Result<(), alloc[2e1b2a31b91974c5]::string::String>>
[INFO] [stdout]   16:     0x644702e40d65 - test[aada8e7e76ba119b]::run_test::{closure#0}
[INFO] [stdout]   17:     0x644702e3a654 - std[617be2ca0a6fd877]::sys::backtrace::__rust_begin_short_backtrace::<test[aada8e7e76ba119b]::run_test::{closure#1}, ()>
[INFO] [stdout]   18:     0x644702e43df2 - <std[617be2ca0a6fd877]::thread::lifecycle::spawn_unchecked<test[aada8e7e76ba119b]::run_test::{closure#1}, ()>::{closure#1} as core[a373ad73a504971]::ops::function::FnOnce<()>>::call_once::{shim:vtable#0}
[INFO] [stdout]   19:     0x644702eae62f - <std[617be2ca0a6fd877]::sys::thread::unix::Thread>::new::thread_start
[INFO] [stdout]   20:     0x7ae3c273edfa - <unknown>
[INFO] [stdout]   21:     0x7ae3c27d23d4 - clone
[INFO] [stdout]   22:                0x0 - <unknown>
[INFO] [stdout] 
[INFO] [stdout] ---- with_no_vault_the_terminal_says_how_to_start stdout ----
[INFO] [stdout] 
[INFO] [stdout] thread 'with_no_vault_the_terminal_says_how_to_start' (578) panicked at tests/cli.rs:661:50:
[INFO] [stdout] binary runs: Os { code: 2, kind: NotFound, message: "No such file or directory" }
[INFO] [stdout] stack backtrace:
[INFO] [stdout]    0:     0x644702eaf311 - <<std[617be2ca0a6fd877]::sys::backtrace::BacktraceLock>::print::DisplayBacktrace as core[a373ad73a504971]::fmt::Display>::fmt
[INFO] [stdout]    1:     0x644702ec377a - core[a373ad73a504971]::fmt::write
[INFO] [stdout]    2:     0x644702eb381c - <alloc[2e1b2a31b91974c5]::vec::Vec<u8> as core[a373ad73a504971]::io::write::Write>::write_fmt
[INFO] [stdout]    3:     0x644702e88e56 - std[617be2ca0a6fd877]::panicking::default_hook::{closure#0}
[INFO] [stdout]    4:     0x644702ea6aa9 - std[617be2ca0a6fd877]::panicking::default_hook
[INFO] [stdout]    5:     0x644702e40740 - test[aada8e7e76ba119b]::test_main_inner::{closure#0}
[INFO] [stdout]    6:     0x644702ea6c62 - std[617be2ca0a6fd877]::panicking::panic_with_hook
[INFO] [stdout]    7:     0x644702e88f02 - std[617be2ca0a6fd877]::panicking::panic_handler::{closure#0}
[INFO] [stdout]    8:     0x644702e81909 - std[617be2ca0a6fd877]::sys::backtrace::__rust_end_short_backtrace::<std[617be2ca0a6fd877]::panicking::panic_handler::{closure#0}, !>
[INFO] [stdout]    9:     0x644702e89bfd - __rustc[ea4f61d10b84890b]::rust_begin_unwind
[INFO] [stdout]   10:     0x644702ec3eac - core[a373ad73a504971]::panicking::panic_fmt
[INFO] [stdout]   11:     0x644702ec3c82 - core[a373ad73a504971]::result::unwrap_failed
[INFO] [stdout]   12:     0x644702e242d7 - <cli[6933ee3020d0494]::Desk>::fails
[INFO] [stdout]   13:     0x644702e2dccb - <cli[6933ee3020d0494]::with_no_vault_the_terminal_says_how_to_start::{closure#0} as core[a373ad73a504971]::ops::function::FnOnce<()>>::call_once
[INFO] [stdout]   14:     0x644702e33b8b - test[aada8e7e76ba119b]::__rust_begin_short_backtrace::<core[a373ad73a504971]::result::Result<(), alloc[2e1b2a31b91974c5]::string::String>, fn() -> core[a373ad73a504971]::result::Result<(), alloc[2e1b2a31b91974c5]::string::String>>
[INFO] [stdout]   15:     0x644702e40d65 - test[aada8e7e76ba119b]::run_test::{closure#0}
[INFO] [stdout]   16:     0x644702e3a654 - std[617be2ca0a6fd877]::sys::backtrace::__rust_begin_short_backtrace::<test[aada8e7e76ba119b]::run_test::{closure#1}, ()>
[INFO] [stdout]   17:     0x644702e43df2 - <std[617be2ca0a6fd877]::thread::lifecycle::spawn_unchecked<test[aada8e7e76ba119b]::run_test::{closure#1}, ()>::{closure#1} as core[a373ad73a504971]::ops::function::FnOnce<()>>::call_once::{shim:vtable#0}
[INFO] [stdout]   18:     0x644702eae62f - <std[617be2ca0a6fd877]::sys::thread::unix::Thread>::new::thread_start
[INFO] [stdout]   19:     0x7ae3c273edfa - <unknown>
[INFO] [stdout]   20:     0x7ae3c27d23d4 - clone
[INFO] [stdout]   21:                0x0 - <unknown>
[INFO] [stdout] 
[INFO] [stdout] ---- the_list_marks_the_current_vault_and_keeps_five stdout ----
[INFO] [stdout] 
[INFO] [stdout] thread 'the_list_marks_the_current_vault_and_keeps_five' (556) panicked at tests/cli.rs:650:50:
[INFO] [stdout] binary runs: Os { code: 2, kind: NotFound, message: "No such file or directory" }
[INFO] [stdout] stack backtrace:
[INFO] [stdout]    0:     0x644702eaf311 - <<std[617be2ca0a6fd877]::sys::backtrace::BacktraceLock>::print::DisplayBacktrace as core[a373ad73a504971]::fmt::Display>::fmt
[INFO] [stdout]    1:     0x644702ec377a - core[a373ad73a504971]::fmt::write
[INFO] [stdout]    2:     0x644702eb381c - <alloc[2e1b2a31b91974c5]::vec::Vec<u8> as core[a373ad73a504971]::io::write::Write>::write_fmt
[INFO] [stdout]    3:     0x644702e88e56 - std[617be2ca0a6fd877]::panicking::default_hook::{closure#0}
[INFO] [stdout]    4:     0x644702ea6aa9 - std[617be2ca0a6fd877]::panicking::default_hook
[INFO] [stdout]    5:     0x644702e40740 - test[aada8e7e76ba119b]::test_main_inner::{closure#0}
[INFO] [stdout]    6:     0x644702ea6c62 - std[617be2ca0a6fd877]::panicking::panic_with_hook
[INFO] [stdout]    7:     0x644702e88f02 - std[617be2ca0a6fd877]::panicking::panic_handler::{closure#0}
[INFO] [stdout]    8:     0x644702e81909 - std[617be2ca0a6fd877]::sys::backtrace::__rust_end_short_backtrace::<std[617be2ca0a6fd877]::panicking::panic_handler::{closure#0}, !>
[INFO] [stdout]    9:     0x644702e89bfd - __rustc[ea4f61d10b84890b]::rust_begin_unwind
[INFO] [stdout]   10:     0x644702ec3eac - core[a373ad73a504971]::panicking::panic_fmt
[INFO] [stdout]   11:     0x644702ec3c82 - core[a373ad73a504971]::result::unwrap_failed
[INFO] [stdout]   12:     0x644702e23fdd - <cli[6933ee3020d0494]::Desk>::run
[INFO] [stdout]   13:     0x644702e24576 - <cli[6933ee3020d0494]::Desk>::vault
[INFO] [stdout]   14:     0x644702e2eebf - <cli[6933ee3020d0494]::the_list_marks_the_current_vault_and_keeps_five::{closure#0} as core[a373ad73a504971]::ops::function::FnOnce<()>>::call_once
[INFO] [stdout]   15:     0x644702e33b8b - test[aada8e7e76ba119b]::__rust_begin_short_backtrace::<core[a373ad73a504971]::result::Result<(), alloc[2e1b2a31b91974c5]::string::String>, fn() -> core[a373ad73a504971]::result::Result<(), alloc[2e1b2a31b91974c5]::string::String>>
[INFO] [stdout]   16:     0x644702e40d65 - test[aada8e7e76ba119b]::run_test::{closure#0}
[INFO] [stdout]   17:     0x644702e3a654 - std[617be2ca0a6fd877]::sys::backtrace::__rust_begin_short_backtrace::<test[aada8e7e76ba119b]::run_test::{closure#1}, ()>
[INFO] [stdout]   18:     0x644702e43df2 - <std[617be2ca0a6fd877]::thread::lifecycle::spawn_unchecked<test[aada8e7e76ba119b]::run_test::{closure#1}, ()>::{closure#1} as core[a373ad73a504971]::ops::function::FnOnce<()>>::call_once::{shim:vtable#0}
[INFO] [stdout]   19:     0x644702eae62f - <std[617be2ca0a6fd877]::sys::thread::unix::Thread>::new::thread_start
[INFO] [stdout]   20:     0x7ae3c273edfa - <unknown>
[INFO] [stdout]   21:     0x7ae3c27d23d4 - clone
[INFO] [stdout]   22:                0x0 - <unknown>
[INFO] [stdout] 
[INFO] [stdout] ---- why_says_so_when_nothing_is_in_the_way stdout ----
[INFO] [stdout] 
[INFO] [stdout] thread 'why_says_so_when_nothing_is_in_the_way' (577) panicked at tests/cli.rs:51:10:
[INFO] [stdout] binary runs: Os { code: 2, kind: NotFound, message: "No such file or directory" }
[INFO] [stdout] stack backtrace:
[INFO] [stdout]    0:     0x644702eaf311 - <<std[617be2ca0a6fd877]::sys::backtrace::BacktraceLock>::print::DisplayBacktrace as core[a373ad73a504971]::fmt::Display>::fmt
[INFO] [stdout]    1:     0x644702ec377a - core[a373ad73a504971]::fmt::write
[INFO] [stdout]    2:     0x644702eb381c - <alloc[2e1b2a31b91974c5]::vec::Vec<u8> as core[a373ad73a504971]::io::write::Write>::write_fmt
[INFO] [stdout]    3:     0x644702e88e56 - std[617be2ca0a6fd877]::panicking::default_hook::{closure#0}
[INFO] [stdout]    4:     0x644702ea6aa9 - std[617be2ca0a6fd877]::panicking::default_hook
[INFO] [stdout]    5:     0x644702e40740 - test[aada8e7e76ba119b]::test_main_inner::{closure#0}
[INFO] [stdout]    6:     0x644702ea6c62 - std[617be2ca0a6fd877]::panicking::panic_with_hook
[INFO] [stdout]    7:     0x644702e88f02 - std[617be2ca0a6fd877]::panicking::panic_handler::{closure#0}
[INFO] [stdout]    8:     0x644702e81909 - std[617be2ca0a6fd877]::sys::backtrace::__rust_end_short_backtrace::<std[617be2ca0a6fd877]::panicking::panic_handler::{closure#0}, !>
[INFO] [stdout]    9:     0x644702e89bfd - __rustc[ea4f61d10b84890b]::rust_begin_unwind
[INFO] [stdout]   10:     0x644702ec3eac - core[a373ad73a504971]::panicking::panic_fmt
[INFO] [stdout]   11:     0x644702ec3c82 - core[a373ad73a504971]::result::unwrap_failed
[INFO] [stdout]   12:     0x644702e2313f - cli[6933ee3020d0494]::run
[INFO] [stdout]   13:     0x644702e23bcb - cli[6933ee3020d0494]::seeded
[INFO] [stdout]   14:     0x644702e2a6d0 - <cli[6933ee3020d0494]::why_says_so_when_nothing_is_in_the_way::{closure#0} as core[a373ad73a504971]::ops::function::FnOnce<()>>::call_once
[INFO] [stdout]   15:     0x644702e33b8b - test[aada8e7e76ba119b]::__rust_begin_short_backtrace::<core[a373ad73a504971]::result::Result<(), alloc[2e1b2a31b91974c5]::string::String>, fn() -> core[a373ad73a504971]::result::Result<(), alloc[2e1b2a31b91974c5]::string::String>>
[INFO] [stdout]   16:     0x644702e40d65 - test[aada8e7e76ba119b]::run_test::{closure#0}
[INFO] [stdout]   17:     0x644702e3a654 - std[617be2ca0a6fd877]::sys::backtrace::__rust_begin_short_backtrace::<test[aada8e7e76ba119b]::run_test::{closure#1}, ()>
[INFO] [stdout]   18:     0x644702e43df2 - <std[617be2ca0a6fd877]::thread::lifecycle::spawn_unchecked<test[aada8e7e76ba119b]::run_test::{closure#1}, ()>::{closure#1} as core[a373ad73a504971]::ops::function::FnOnce<()>>::call_once::{shim:vtable#0}
[INFO] [stdout]   19:     0x644702eae62f - <std[617be2ca0a6fd877]::sys::thread::unix::Thread>::new::thread_start
[INFO] [stdout]   20:     0x7ae3c273edfa - <unknown>
[INFO] [stdout]   21:     0x7ae3c27d23d4 - clone
[INFO] [stdout]   22:                0x0 - <unknown>
[INFO] [stdout] 
[INFO] [stdout] ---- undo_is_a_stack_and_not_a_toggle stdout ----
[INFO] [stdout] 
[INFO] [stdout] thread 'undo_is_a_stack_and_not_a_toggle' (571) panicked at tests/cli.rs:51:10:
[INFO] [stdout] binary runs: Os { code: 2, kind: NotFound, message: "No such file or directory" }
[INFO] [stdout] stack backtrace:
[INFO] [stdout]    0:     0x644702eaf311 - <<std[617be2ca0a6fd877]::sys::backtrace::BacktraceLock>::print::DisplayBacktrace as core[a373ad73a504971]::fmt::Display>::fmt
[INFO] [stdout]    1:     0x644702ec377a - core[a373ad73a504971]::fmt::write
[INFO] [stdout]    2:     0x644702eb381c - <alloc[2e1b2a31b91974c5]::vec::Vec<u8> as core[a373ad73a504971]::io::write::Write>::write_fmt
[INFO] [stdout]    3:     0x644702e88e56 - std[617be2ca0a6fd877]::panicking::default_hook::{closure#0}
[INFO] [stdout]    4:     0x644702ea6aa9 - std[617be2ca0a6fd877]::panicking::default_hook
[INFO] [stdout]    5:     0x644702e40740 - test[aada8e7e76ba119b]::test_main_inner::{closure#0}
[INFO] [stdout]    6:     0x644702ea6c62 - std[617be2ca0a6fd877]::panicking::panic_with_hook
[INFO] [stdout]    7:     0x644702e88f02 - std[617be2ca0a6fd877]::panicking::panic_handler::{closure#0}
[INFO] [stdout]    8:     0x644702e81909 - std[617be2ca0a6fd877]::sys::backtrace::__rust_end_short_backtrace::<std[617be2ca0a6fd877]::panicking::panic_handler::{closure#0}, !>
[INFO] [stdout]    9:     0x644702e89bfd - __rustc[ea4f61d10b84890b]::rust_begin_unwind
[INFO] [stdout]   10:     0x644702ec3eac - core[a373ad73a504971]::panicking::panic_fmt
[INFO] [stdout]   11:     0x644702ec3c82 - core[a373ad73a504971]::result::unwrap_failed
[INFO] [stdout]   12:     0x644702e2313f - cli[6933ee3020d0494]::run
[INFO] [stdout]   13:     0x644702e23bcb - cli[6933ee3020d0494]::seeded
[INFO] [stdout]   14:     0x644702e281f7 - <cli[6933ee3020d0494]::undo_is_a_stack_and_not_a_toggle::{closure#0} as core[a373ad73a504971]::ops::function::FnOnce<()>>::call_once
[INFO] [stdout]   15:     0x644702e33b8b - test[aada8e7e76ba119b]::__rust_begin_short_backtrace::<core[a373ad73a504971]::result::Result<(), alloc[2e1b2a31b91974c5]::string::String>, fn() -> core[a373ad73a504971]::result::Result<(), alloc[2e1b2a31b91974c5]::string::String>>
[INFO] [stdout]   16:     0x644702e40d65 - test[aada8e7e76ba119b]::run_test::{closure#0}
[INFO] [stdout]   17:     0x644702e3a654 - std[617be2ca0a6fd877]::sys::backtrace::__rust_begin_short_backtrace::<test[aada8e7e76ba119b]::run_test::{closure#1}, ()>
[INFO] [stdout]   18:     0x644702e43df2 - <std[617be2ca0a6fd877]::thread::lifecycle::spawn_unchecked<test[aada8e7e76ba119b]::run_test::{closure#1}, ()>::{closure#1} as core[a373ad73a504971]::ops::function::FnOnce<()>>::call_once::{shim:vtable#0}
[INFO] [stdout]   19:     0x644702eae62f - <std[617be2ca0a6fd877]::sys::thread::unix::Thread>::new::thread_start
[INFO] [stdout]   20:     0x7ae3c273edfa - <unknown>
[INFO] [stdout]   21:     0x7ae3c27d23d4 - clone
[INFO] [stdout]   22:                0x0 - <unknown>
[INFO] [stdout] 
[INFO] [stdout] ---- the_vault_option_reaches_another_vault_for_one_command_only stdout ----
[INFO] [stdout] 
[INFO] [stdout] thread 'the_vault_option_reaches_another_vault_for_one_command_only' (570) panicked at tests/cli.rs:650:50:
[INFO] [stdout] binary runs: Os { code: 2, kind: NotFound, message: "No such file or directory" }
[INFO] [stdout] stack backtrace:
[INFO] [stdout]    0:     0x644702eaf311 - <<std[617be2ca0a6fd877]::sys::backtrace::BacktraceLock>::print::DisplayBacktrace as core[a373ad73a504971]::fmt::Display>::fmt
[INFO] [stdout]    1:     0x644702ec377a - core[a373ad73a504971]::fmt::write
[INFO] [stdout]    2:     0x644702eb381c - <alloc[2e1b2a31b91974c5]::vec::Vec<u8> as core[a373ad73a504971]::io::write::Write>::write_fmt
[INFO] [stdout]    3:     0x644702e88e56 - std[617be2ca0a6fd877]::panicking::default_hook::{closure#0}
[INFO] [stdout]    4:     0x644702ea6aa9 - std[617be2ca0a6fd877]::panicking::default_hook
[INFO] [stdout]    5:     0x644702e40740 - test[aada8e7e76ba119b]::test_main_inner::{closure#0}
[INFO] [stdout]    6:     0x644702ea6c62 - std[617be2ca0a6fd877]::panicking::panic_with_hook
[INFO] [stdout]    7:     0x644702e88f02 - std[617be2ca0a6fd877]::panicking::panic_handler::{closure#0}
[INFO] [stdout]    8:     0x644702e81909 - std[617be2ca0a6fd877]::sys::backtrace::__rust_end_short_backtrace::<std[617be2ca0a6fd877]::panicking::panic_handler::{closure#0}, !>
[INFO] [stdout]    9:     0x644702e89bfd - __rustc[ea4f61d10b84890b]::rust_begin_unwind
[INFO] [stdout]   10:     0x644702ec3eac - core[a373ad73a504971]::panicking::panic_fmt
[INFO] [stdout]   11:     0x644702ec3c82 - core[a373ad73a504971]::result::unwrap_failed
[INFO] [stdout]   12:     0x644702e23fdd - <cli[6933ee3020d0494]::Desk>::run
[INFO] [stdout]   13:     0x644702e24576 - <cli[6933ee3020d0494]::Desk>::vault
[INFO] [stdout]   14:     0x644702e304cb - <cli[6933ee3020d0494]::the_vault_option_reaches_another_vault_for_one_command_only::{closure#0} as core[a373ad73a504971]::ops::function::FnOnce<()>>::call_once
[INFO] [stdout]   15:     0x644702e33b8b - test[aada8e7e76ba119b]::__rust_begin_short_backtrace::<core[a373ad73a504971]::result::Result<(), alloc[2e1b2a31b91974c5]::string::String>, fn() -> core[a373ad73a504971]::result::Result<(), alloc[2e1b2a31b91974c5]::string::String>>
[INFO] [stdout]   16:     0x644702e40d65 - test[aada8e7e76ba119b]::run_test::{closure#0}
[INFO] [stdout]   17:     0x644702e3a654 - std[617be2ca0a6fd877]::sys::backtrace::__rust_begin_short_backtrace::<test[aada8e7e76ba119b]::run_test::{closure#1}, ()>
[INFO] [stdout]   18:     0x644702e43df2 - <std[617be2ca0a6fd877]::thread::lifecycle::spawn_unchecked<test[aada8e7e76ba119b]::run_test::{closure#1}, ()>::{closure#1} as core[a373ad73a504971]::ops::function::FnOnce<()>>::call_once::{shim:vtable#0}
[INFO] [stdout]   19:     0x644702eae62f - <std[617be2ca0a6fd877]::sys::thread::unix::Thread>::new::thread_start
[INFO] [stdout]   20:     0x7ae3c273edfa - <unknown>
[INFO] [stdout]   21:     0x7ae3c27d23d4 - clone
[INFO] [stdout]   22:                0x0 - <unknown>
[INFO] [stdout] 
[INFO] [stdout] ---- why_lists_the_work_in_order stdout ----
[INFO] [stdout] 
[INFO] [stdout] thread 'why_lists_the_work_in_order' (576) panicked at tests/cli.rs:51:10:
[INFO] [stdout] binary runs: Os { code: 2, kind: NotFound, message: "No such file or directory" }
[INFO] [stdout] stack backtrace:
[INFO] [stdout]    0:     0x644702eaf311 - <<std[617be2ca0a6fd877]::sys::backtrace::BacktraceLock>::print::DisplayBacktrace as core[a373ad73a504971]::fmt::Display>::fmt
[INFO] [stdout]    1:     0x644702ec377a - core[a373ad73a504971]::fmt::write
[INFO] [stdout]    2:     0x644702eb381c - <alloc[2e1b2a31b91974c5]::vec::Vec<u8> as core[a373ad73a504971]::io::write::Write>::write_fmt
[INFO] [stdout]    3:     0x644702e88e56 - std[617be2ca0a6fd877]::panicking::default_hook::{closure#0}
[INFO] [stdout]    4:     0x644702ea6aa9 - std[617be2ca0a6fd877]::panicking::default_hook
[INFO] [stdout]    5:     0x644702e40740 - test[aada8e7e76ba119b]::test_main_inner::{closure#0}
[INFO] [stdout]    6:     0x644702ea6c62 - std[617be2ca0a6fd877]::panicking::panic_with_hook
[INFO] [stdout]    7:     0x644702e88f02 - std[617be2ca0a6fd877]::panicking::panic_handler::{closure#0}
[INFO] [stdout]    8:     0x644702e81909 - std[617be2ca0a6fd877]::sys::backtrace::__rust_end_short_backtrace::<std[617be2ca0a6fd877]::panicking::panic_handler::{closure#0}, !>
[INFO] [stdout]    9:     0x644702e89bfd - __rustc[ea4f61d10b84890b]::rust_begin_unwind
[INFO] [stdout]   10:     0x644702ec3eac - core[a373ad73a504971]::panicking::panic_fmt
[INFO] [stdout]   11:     0x644702ec3c82 - core[a373ad73a504971]::result::unwrap_failed
[INFO] [stdout]   12:     0x644702e2313f - cli[6933ee3020d0494]::run
[INFO] [stdout]   13:     0x644702e23bcb - cli[6933ee3020d0494]::seeded
[INFO] [stdout]   14:     0x644702e26447 - <cli[6933ee3020d0494]::why_lists_the_work_in_order::{closure#0} as core[a373ad73a504971]::ops::function::FnOnce<()>>::call_once
[INFO] [stdout]   15:     0x644702e33b8b - test[aada8e7e76ba119b]::__rust_begin_short_backtrace::<core[a373ad73a504971]::result::Result<(), alloc[2e1b2a31b91974c5]::string::String>, fn() -> core[a373ad73a504971]::result::Result<(), alloc[2e1b2a31b91974c5]::string::String>>
[INFO] [stdout]   16:     0x644702e40d65 - test[aada8e7e76ba119b]::run_test::{closure#0}
[INFO] [stdout]   17:     0x644702e3a654 - std[617be2ca0a6fd877]::sys::backtrace::__rust_begin_short_backtrace::<test[aada8e7e76ba119b]::run_test::{closure#1}, ()>
[INFO] [stdout]   18:     0x644702e43df2 - <std[617be2ca0a6fd877]::thread::lifecycle::spawn_unchecked<test[aada8e7e76ba119b]::run_test::{closure#1}, ()>::{closure#1} as core[a373ad73a504971]::ops::function::FnOnce<()>>::call_once::{shim:vtable#0}
[INFO] [stdout]   19:     0x644702eae62f - <std[617be2ca0a6fd877]::sys::thread::unix::Thread>::new::thread_start
[INFO] [stdout]   20:     0x7ae3c273edfa - <unknown>
[INFO] [stdout]   21:     0x7ae3c27d23d4 - clone
[INFO] [stdout]   22:                0x0 - <unknown>
[INFO] [stdout] 
[INFO] [stdout] ---- the_stage_verbs_move_a_task_across_the_board stdout ----
[INFO] [stdout] 
[INFO] [stdout] thread 'the_stage_verbs_move_a_task_across_the_board' (569) panicked at tests/cli.rs:51:10:
[INFO] [stdout] binary runs: Os { code: 2, kind: NotFound, message: "No such file or directory" }
[INFO] [stdout] stack backtrace:
[INFO] [stdout]    0:     0x644702eaf311 - <<std[617be2ca0a6fd877]::sys::backtrace::BacktraceLock>::print::DisplayBacktrace as core[a373ad73a504971]::fmt::Display>::fmt
[INFO] [stdout]    1:     0x644702ec377a - core[a373ad73a504971]::fmt::write
[INFO] [stdout]    2:     0x644702eb381c - <alloc[2e1b2a31b91974c5]::vec::Vec<u8> as core[a373ad73a504971]::io::write::Write>::write_fmt
[INFO] [stdout]    3:     0x644702e88e56 - std[617be2ca0a6fd877]::panicking::default_hook::{closure#0}
[INFO] [stdout]    4:     0x644702ea6aa9 - std[617be2ca0a6fd877]::panicking::default_hook
[INFO] [stdout]    5:     0x644702e40740 - test[aada8e7e76ba119b]::test_main_inner::{closure#0}
[INFO] [stdout]    6:     0x644702ea6c62 - std[617be2ca0a6fd877]::panicking::panic_with_hook
[INFO] [stdout]    7:     0x644702e88f02 - std[617be2ca0a6fd877]::panicking::panic_handler::{closure#0}
[INFO] [stdout]    8:     0x644702e81909 - std[617be2ca0a6fd877]::sys::backtrace::__rust_end_short_backtrace::<std[617be2ca0a6fd877]::panicking::panic_handler::{closure#0}, !>
[INFO] [stdout]    9:     0x644702e89bfd - __rustc[ea4f61d10b84890b]::rust_begin_unwind
[INFO] [stdout]   10:     0x644702ec3eac - core[a373ad73a504971]::panicking::panic_fmt
[INFO] [stdout]   11:     0x644702ec3c82 - core[a373ad73a504971]::result::unwrap_failed
[INFO] [stdout]   12:     0x644702e2313f - cli[6933ee3020d0494]::run
[INFO] [stdout]   13:     0x644702e23bcb - cli[6933ee3020d0494]::seeded
[INFO] [stdout]   14:     0x644702e2d984 - <cli[6933ee3020d0494]::the_stage_verbs_move_a_task_across_the_board::{closure#0} as core[a373ad73a504971]::ops::function::FnOnce<()>>::call_once
[INFO] [stdout]   15:     0x644702e33b8b - test[aada8e7e76ba119b]::__rust_begin_short_backtrace::<core[a373ad73a504971]::result::Result<(), alloc[2e1b2a31b91974c5]::string::String>, fn() -> core[a373ad73a504971]::result::Result<(), alloc[2e1b2a31b91974c5]::string::String>>
[INFO] [stdout]   16:     0x644702e40d65 - test[aada8e7e76ba119b]::run_test::{closure#0}
[INFO] [stdout]   17:     0x644702e3a654 - std[617be2ca0a6fd877]::sys::backtrace::__rust_begin_short_backtrace::<test[aada8e7e76ba119b]::run_test::{closure#1}, ()>
[INFO] [stdout]   18:     0x644702e43df2 - <std[617be2ca0a6fd877]::thread::lifecycle::spawn_unchecked<test[aada8e7e76ba119b]::run_test::{closure#1}, ()>::{closure#1} as core[a373ad73a504971]::ops::function::FnOnce<()>>::call_once::{shim:vtable#0}
[INFO] [stdout]   19:     0x644702eae62f - <std[617be2ca0a6fd877]::sys::thread::unix::Thread>::new::thread_start
[INFO] [stdout]   20:     0x7ae3c273edfa - <unknown>
[INFO] [stdout]   21:     0x7ae3c27d23d4 - clone
[INFO] [stdout]   22:                0x0 - <unknown>
[INFO] [stdout] 
[INFO] [stdout] ---- undo_with_no_history_says_so stdout ----
[INFO] [stdout] 
[INFO] [stdout] thread 'undo_with_no_history_says_so' (575) panicked at tests/cli.rs:68:10:
[INFO] [stdout] binary runs: Os { code: 2, kind: NotFound, message: "No such file or directory" }
[INFO] [stdout] stack backtrace:
[INFO] [stdout]    0:     0x644702eaf311 - <<std[617be2ca0a6fd877]::sys::backtrace::BacktraceLock>::print::DisplayBacktrace as core[a373ad73a504971]::fmt::Display>::fmt
[INFO] [stdout]    1:     0x644702ec377a - core[a373ad73a504971]::fmt::write
[INFO] [stdout]    2:     0x644702eb381c - <alloc[2e1b2a31b91974c5]::vec::Vec<u8> as core[a373ad73a504971]::io::write::Write>::write_fmt
[INFO] [stdout]    3:     0x644702e88e56 - std[617be2ca0a6fd877]::panicking::default_hook::{closure#0}
[INFO] [stdout]    4:     0x644702ea6aa9 - std[617be2ca0a6fd877]::panicking::default_hook
[INFO] [stdout]    5:     0x644702e40740 - test[aada8e7e76ba119b]::test_main_inner::{closure#0}
[INFO] [stdout]    6:     0x644702ea6c62 - std[617be2ca0a6fd877]::panicking::panic_with_hook
[INFO] [stdout]    7:     0x644702e88f02 - std[617be2ca0a6fd877]::panicking::panic_handler::{closure#0}
[INFO] [stdout]    8:     0x644702e81909 - std[617be2ca0a6fd877]::sys::backtrace::__rust_end_short_backtrace::<std[617be2ca0a6fd877]::panicking::panic_handler::{closure#0}, !>
[INFO] [stdout]    9:     0x644702e89bfd - __rustc[ea4f61d10b84890b]::rust_begin_unwind
[INFO] [stdout]   10:     0x644702ec3eac - core[a373ad73a504971]::panicking::panic_fmt
[INFO] [stdout]   11:     0x644702ec3c82 - core[a373ad73a504971]::result::unwrap_failed
[INFO] [stdout]   12:     0x644702e23902 - cli[6933ee3020d0494]::fails
[INFO] [stdout]   13:     0x644702e26b21 - <cli[6933ee3020d0494]::undo_with_no_history_says_so::{closure#0} as core[a373ad73a504971]::ops::function::FnOnce<()>>::call_once
[INFO] [stdout]   14:     0x644702e33b8b - test[aada8e7e76ba119b]::__rust_begin_short_backtrace::<core[a373ad73a504971]::result::Result<(), alloc[2e1b2a31b91974c5]::string::String>, fn() -> core[a373ad73a504971]::result::Result<(), alloc[2e1b2a31b91974c5]::string::String>>
[INFO] [stdout]   15:     0x644702e40d65 - test[aada8e7e76ba119b]::run_test::{closure#0}
[INFO] [stdout]   16:     0x644702e3a654 - std[617be2ca0a6fd877]::sys::backtrace::__rust_begin_short_backtrace::<test[aada8e7e76ba119b]::run_test::{closure#1}, ()>
[INFO] [stdout]   17:     0x644702e43df2 - <std[617be2ca0a6fd877]::thread::lifecycle::spawn_unchecked<test[aada8e7e76ba119b]::run_test::{closure#1}, ()>::{closure#1} as core[a373ad73a504971]::ops::function::FnOnce<()>>::call_once::{shim:vtable#0}
[INFO] [stdout]   18:     0x644702eae62f - <std[617be2ca0a6fd877]::sys::thread::unix::Thread>::new::thread_start
[INFO] [stdout]   19:     0x7ae3c273edfa - <unknown>
[INFO] [stdout]   20:     0x7ae3c27d23d4 - clone
[INFO] [stdout]   21:                0x0 - <unknown>
[INFO] [stdout] 
[INFO] [stdout] ---- undo_reverses_the_last_change stdout ----
[INFO] [stdout] 
[INFO] [stdout] thread 'undo_reverses_the_last_change' (572) panicked at tests/cli.rs:51:10:
[INFO] [stdout] binary runs: Os { code: 2, kind: NotFound, message: "No such file or directory" }
[INFO] [stdout] stack backtrace:
[INFO] [stdout]    0:     0x644702eaf311 - <<std[617be2ca0a6fd877]::sys::backtrace::BacktraceLock>::print::DisplayBacktrace as core[a373ad73a504971]::fmt::Display>::fmt
[INFO] [stdout]    1:     0x644702ec377a - core[a373ad73a504971]::fmt::write
[INFO] [stdout]    2:     0x644702eb381c - <alloc[2e1b2a31b91974c5]::vec::Vec<u8> as core[a373ad73a504971]::io::write::Write>::write_fmt
[INFO] [stdout]    3:     0x644702e88e56 - std[617be2ca0a6fd877]::panicking::default_hook::{closure#0}
[INFO] [stdout]    4:     0x644702ea6aa9 - std[617be2ca0a6fd877]::panicking::default_hook
[INFO] [stdout]    5:     0x644702e40740 - test[aada8e7e76ba119b]::test_main_inner::{closure#0}
[INFO] [stdout]    6:     0x644702ea6c62 - std[617be2ca0a6fd877]::panicking::panic_with_hook
[INFO] [stdout]    7:     0x644702e88f02 - std[617be2ca0a6fd877]::panicking::panic_handler::{closure#0}
[INFO] [stdout]    8:     0x644702e81909 - std[617be2ca0a6fd877]::sys::backtrace::__rust_end_short_backtrace::<std[617be2ca0a6fd877]::panicking::panic_handler::{closure#0}, !>
[INFO] [stdout]    9:     0x644702e89bfd - __rustc[ea4f61d10b84890b]::rust_begin_unwind
[INFO] [stdout]   10:     0x644702ec3eac - core[a373ad73a504971]::panicking::panic_fmt
[INFO] [stdout]   11:     0x644702ec3c82 - core[a373ad73a504971]::result::unwrap_failed
[INFO] [stdout]   12:     0x644702e2313f - cli[6933ee3020d0494]::run
[INFO] [stdout]   13:     0x644702e23bcb - cli[6933ee3020d0494]::seeded
[INFO] [stdout]   14:     0x644702e26e94 - <cli[6933ee3020d0494]::undo_reverses_the_last_change::{closure#0} as core[a373ad73a504971]::ops::function::FnOnce<()>>::call_once
[INFO] [stdout]   15:     0x644702e33b8b - test[aada8e7e76ba119b]::__rust_begin_short_backtrace::<core[a373ad73a504971]::result::Result<(), alloc[2e1b2a31b91974c5]::string::String>, fn() -> core[a373ad73a504971]::result::Result<(), alloc[2e1b2a31b91974c5]::string::String>>
[INFO] [stdout]   16:     0x644702e40d65 - test[aada8e7e76ba119b]::run_test::{closure#0}
[INFO] [stdout]   17:     0x644702e3a654 - std[617be2ca0a6fd877]::sys::backtrace::__rust_begin_short_backtrace::<test[aada8e7e76ba119b]::run_test::{closure#1}, ()>
[INFO] [stdout]   18:     0x644702e43df2 - <std[617be2ca0a6fd877]::thread::lifecycle::spawn_unchecked<test[aada8e7e76ba119b]::run_test::{closure#1}, ()>::{closure#1} as core[a373ad73a504971]::ops::function::FnOnce<()>>::call_once::{shim:vtable#0}
[INFO] [stdout]   19:     0x644702eae62f - <std[617be2ca0a6fd877]::sys::thread::unix::Thread>::new::thread_start
[INFO] [stdout]   20:     0x7ae3c273edfa - <unknown>
[INFO] [stdout]   21:     0x7ae3c27d23d4 - clone
[INFO] [stdout]   22:                0x0 - <unknown>
[INFO] [stdout] 
[INFO] [stdout] ---- undo_through_a_symlink_keeps_the_link_too stdout ----
[INFO] [stdout] 
[INFO] [stdout] thread 'undo_through_a_symlink_keeps_the_link_too' (574) panicked at tests/cli.rs:51:10:
[INFO] [stdout] binary runs: Os { code: 2, kind: NotFound, message: "No such file or directory" }
[INFO] [stdout] stack backtrace:
[INFO] [stdout]    0:     0x644702eaf311 - <<std[617be2ca0a6fd877]::sys::backtrace::BacktraceLock>::print::DisplayBacktrace as core[a373ad73a504971]::fmt::Display>::fmt
[INFO] [stdout]    1:     0x644702ec377a - core[a373ad73a504971]::fmt::write
[INFO] [stdout]    2:     0x644702eb381c - <alloc[2e1b2a31b91974c5]::vec::Vec<u8> as core[a373ad73a504971]::io::write::Write>::write_fmt
[INFO] [stdout]    3:     0x644702e88e56 - std[617be2ca0a6fd877]::panicking::default_hook::{closure#0}
[INFO] [stdout]    4:     0x644702ea6aa9 - std[617be2ca0a6fd877]::panicking::default_hook
[INFO] [stdout]    5:     0x644702e40740 - test[aada8e7e76ba119b]::test_main_inner::{closure#0}
[INFO] [stdout]    6:     0x644702ea6c62 - std[617be2ca0a6fd877]::panicking::panic_with_hook
[INFO] [stdout]    7:     0x644702e88f02 - std[617be2ca0a6fd877]::panicking::panic_handler::{closure#0}
[INFO] [stdout]    8:     0x644702e81909 - std[617be2ca0a6fd877]::sys::backtrace::__rust_end_short_backtrace::<std[617be2ca0a6fd877]::panicking::panic_handler::{closure#0}, !>
[INFO] [stdout]    9:     0x644702e89bfd - __rustc[ea4f61d10b84890b]::rust_begin_unwind
[INFO] [stdout]   10:     0x644702ec3eac - core[a373ad73a504971]::panicking::panic_fmt
[INFO] [stdout]   11:     0x644702ec3c82 - core[a373ad73a504971]::result::unwrap_failed
[INFO] [stdout]   12:     0x644702e2313f - cli[6933ee3020d0494]::run
[INFO] [stdout]   13:     0x644702e2cd2e - <cli[6933ee3020d0494]::undo_through_a_symlink_keeps_the_link_too::{closure#0} as core[a373ad73a504971]::ops::function::FnOnce<()>>::call_once
[INFO] [stdout]   14:     0x644702e33b8b - test[aada8e7e76ba119b]::__rust_begin_short_backtrace::<core[a373ad73a504971]::result::Result<(), alloc[2e1b2a31b91974c5]::string::String>, fn() -> core[a373ad73a504971]::result::Result<(), alloc[2e1b2a31b91974c5]::string::String>>
[INFO] [stdout]   15:     0x644702e40d65 - test[aada8e7e76ba119b]::run_test::{closure#0}
[INFO] [stdout]   16:     0x644702e3a654 - std[617be2ca0a6fd877]::sys::backtrace::__rust_begin_short_backtrace::<test[aada8e7e76ba119b]::run_test::{closure#1}, ()>
[INFO] [stdout]   17:     0x644702e43df2 - <std[617be2ca0a6fd877]::thread::lifecycle::spawn_unchecked<test[aada8e7e76ba119b]::run_test::{closure#1}, ()>::{closure#1} as core[a373ad73a504971]::ops::function::FnOnce<()>>::call_once::{shim:vtable#0}
[INFO] [stdout]   18:     0x644702eae62f - <std[617be2ca0a6fd877]::sys::thread::unix::Thread>::new::thread_start
[INFO] [stdout]   19:     0x7ae3c273edfa - <unknown>
[INFO] [stdout]   20:     0x7ae3c27d23d4 - clone
[INFO] [stdout]   21:                0x0 - <unknown>
[INFO] [stdout] 
[INFO] [stdout] ---- snapshot_of_an_empty_graph_is_still_valid stdout ----
[INFO] [stdout] 
[INFO] [stdout] thread 'snapshot_of_an_empty_graph_is_still_valid' (547) panicked at tests/cli.rs:51:10:
[INFO] [stdout] binary runs: Os { code: 2, kind: NotFound, message: "No such file or directory" }
[INFO] [stdout] stack backtrace:
[INFO] [stdout]    0:     0x644702eaf311 - <<std[617be2ca0a6fd877]::sys::backtrace::BacktraceLock>::print::DisplayBacktrace as core[a373ad73a504971]::fmt::Display>::fmt
[INFO] [stdout]    1:     0x644702ec377a - core[a373ad73a504971]::fmt::write
[INFO] [stdout]    2:     0x644702eb381c - <alloc[2e1b2a31b91974c5]::vec::Vec<u8> as core[a373ad73a504971]::io::write::Write>::write_fmt
[INFO] [stdout]    3:     0x644702e88e56 - std[617be2ca0a6fd877]::panicking::default_hook::{closure#0}
[INFO] [stdout]    4:     0x644702ea6aa9 - std[617be2ca0a6fd877]::panicking::default_hook
[INFO] [stdout]    5:     0x644702e40740 - test[aada8e7e76ba119b]::test_main_inner::{closure#0}
[INFO] [stdout]    6:     0x644702ea6c62 - std[617be2ca0a6fd877]::panicking::panic_with_hook
[INFO] [stdout]    7:     0x644702e88f02 - std[617be2ca0a6fd877]::panicking::panic_handler::{closure#0}
[INFO] [stdout]    8:     0x644702e81909 - std[617be2ca0a6fd877]::sys::backtrace::__rust_end_short_backtrace::<std[617be2ca0a6fd877]::panicking::panic_handler::{closure#0}, !>
[INFO] [stdout]    9:     0x644702e89bfd - __rustc[ea4f61d10b84890b]::rust_begin_unwind
[INFO] [stdout]   10:     0x644702ec3eac - core[a373ad73a504971]::panicking::panic_fmt
[INFO] [stdout]   11:     0x644702ec3c82 - core[a373ad73a504971]::result::unwrap_failed
[INFO] [stdout]   12:     0x644702e2313f - cli[6933ee3020d0494]::run
[INFO] [stdout]   13:     0x644702e2c6e1 - <cli[6933ee3020d0494]::snapshot_of_an_empty_graph_is_still_valid::{closure#0} as core[a373ad73a504971]::ops::function::FnOnce<()>>::call_once
[INFO] [stdout]   14:     0x644702e33b8b - test[aada8e7e76ba119b]::__rust_begin_short_backtrace::<core[a373ad73a504971]::result::Result<(), alloc[2e1b2a31b91974c5]::string::String>, fn() -> core[a373ad73a504971]::result::Result<(), alloc[2e1b2a31b91974c5]::string::String>>
[INFO] [stdout]   15:     0x644702e40d65 - test[aada8e7e76ba119b]::run_test::{closure#0}
[INFO] [stdout]   16:     0x644702e3a654 - std[617be2ca0a6fd877]::sys::backtrace::__rust_begin_short_backtrace::<test[aada8e7e76ba119b]::run_test::{closure#1}, ()>
[INFO] [stdout]   17:     0x644702e43df2 - <std[617be2ca0a6fd877]::thread::lifecycle::spawn_unchecked<test[aada8e7e76ba119b]::run_test::{closure#1}, ()>::{closure#1} as core[a373ad73a504971]::ops::function::FnOnce<()>>::call_once::{shim:vtable#0}
[INFO] [stdout]   18:     0x644702eae62f - <std[617be2ca0a6fd877]::sys::thread::unix::Thread>::new::thread_start
[INFO] [stdout]   19:     0x7ae3c273edfa - <unknown>
[INFO] [stdout]   20:     0x7ae3c27d23d4 - clone
[INFO] [stdout]   21:                0x0 - <unknown>
[INFO] [stdout] 
[INFO] [stdout] ---- undo_runs_out_rather_than_wrapping_around stdout ----
[INFO] [stdout] 
[INFO] [stdout] thread 'undo_runs_out_rather_than_wrapping_around' (573) panicked at tests/cli.rs:51:10:
[INFO] [stdout] binary runs: Os { code: 2, kind: NotFound, message: "No such file or directory" }
[INFO] [stdout] stack backtrace:
[INFO] [stdout]    0:     0x644702eaf311 - <<std[617be2ca0a6fd877]::sys::backtrace::BacktraceLock>::print::DisplayBacktrace as core[a373ad73a504971]::fmt::Display>::fmt
[INFO] [stdout]    1:     0x644702ec377a - core[a373ad73a504971]::fmt::write
[INFO] [stdout]    2:     0x644702eb381c - <alloc[2e1b2a31b91974c5]::vec::Vec<u8> as core[a373ad73a504971]::io::write::Write>::write_fmt
[INFO] [stdout]    3:     0x644702e88e56 - std[617be2ca0a6fd877]::panicking::default_hook::{closure#0}
[INFO] [stdout]    4:     0x644702ea6aa9 - std[617be2ca0a6fd877]::panicking::default_hook
[INFO] [stdout]    5:     0x644702e40740 - test[aada8e7e76ba119b]::test_main_inner::{closure#0}
[INFO] [stdout]    6:     0x644702ea6c62 - std[617be2ca0a6fd877]::panicking::panic_with_hook
[INFO] [stdout]    7:     0x644702e88f02 - std[617be2ca0a6fd877]::panicking::panic_handler::{closure#0}
[INFO] [stdout]    8:     0x644702e81909 - std[617be2ca0a6fd877]::sys::backtrace::__rust_end_short_backtrace::<std[617be2ca0a6fd877]::panicking::panic_handler::{closure#0}, !>
[INFO] [stdout]    9:     0x644702e89bfd - __rustc[ea4f61d10b84890b]::rust_begin_unwind
[INFO] [stdout]   10:     0x644702ec3eac - core[a373ad73a504971]::panicking::panic_fmt
[INFO] [stdout]   11:     0x644702ec3c82 - core[a373ad73a504971]::result::unwrap_failed
[INFO] [stdout]   12:     0x644702e2313f - cli[6933ee3020d0494]::run
[INFO] [stdout]   13:     0x644702e23bcb - cli[6933ee3020d0494]::seeded
[INFO] [stdout]   14:     0x644702e2c93d - <cli[6933ee3020d0494]::undo_runs_out_rather_than_wrapping_around::{closure#0} as core[a373ad73a504971]::ops::function::FnOnce<()>>::call_once
[INFO] [stdout]   15:     0x644702e33b8b - test[aada8e7e76ba119b]::__rust_begin_short_backtrace::<core[a373ad73a504971]::result::Result<(), alloc[2e1b2a31b91974c5]::string::String>, fn() -> core[a373ad73a504971]::result::Result<(), alloc[2e1b2a31b91974c5]::string::String>>
[INFO] [stdout]   16:     0x644702e40d65 - test[aada8e7e76ba119b]::run_test::{closure#0}
[INFO] [stdout]   17:     0x644702e3a654 - std[617be2ca0a6fd877]::sys::backtrace::__rust_begin_short_backtrace::<test[aada8e7e76ba119b]::run_test::{closure#1}, ()>
[INFO] [stdout]   18:     0x644702e43df2 - <std[617be2ca0a6fd877]::thread::lifecycle::spawn_unchecked<test[aada8e7e76ba119b]::run_test::{closure#1}, ()>::{closure#1} as core[a373ad73a504971]::ops::function::FnOnce<()>>::call_once::{shim:vtable#0}
[INFO] [stdout]   19:     0x644702eae62f - <std[617be2ca0a6fd877]::sys::thread::unix::Thread>::new::thread_start
[INFO] [stdout]   20:     0x7ae3c273edfa - <unknown>
[INFO] [stdout]   21:     0x7ae3c27d23d4 - clone
[INFO] [stdout]   22:                0x0 - <unknown>
[INFO] [stdout] 
[INFO] [stdout] 
[INFO] [stdout] failures:
[INFO] [stdout]     a_batch_is_one_change_to_undo
[INFO] [stdout]     a_batch_of_comments_is_refused_as_empty
[INFO] [stdout]     a_batch_wires_up_tasks_that_had_no_id_when_it_was_written
[INFO] [stdout]     a_brand_new_graph_says_how_to_start_not_to_look_for_cycles
[INFO] [stdout]     a_corrupt_file_is_reported_not_ignored
[INFO] [stdout]     a_cycle_is_refused_by_name
[INFO] [stdout]     a_deadline_can_be_cleared
[INFO] [stdout]     a_deadline_survives_a_save_and_reload
[INFO] [stdout]     a_deleted_vault_is_reported_rather_than_recreated
[INFO] [stdout]     a_document_without_counters_continues_from_its_highest_id
[INFO] [stdout]     a_document_written_before_deadlines_still_loads
[INFO] [stdout]     a_file_and_a_vault_cannot_both_be_named
[INFO] [stdout]     a_format_two_document_is_written_and_read_back
[INFO] [stdout]     a_limit_says_how_much_was_left_out
[INFO] [stdout]     a_link_to_a_document_that_does_not_exist_yet_creates_the_target
[INFO] [stdout]     a_long_list_of_matches_is_cut_short
[INFO] [stdout]     a_missing_file_reads_as_an_empty_graph
[INFO] [stdout]     a_multi_word_name_stays_one_task
[INFO] [stdout]     a_new_vault_goes_in_the_current_directory_unless_told_otherwise
[INFO] [stdout]     a_new_vault_is_where_the_next_commands_go
[INFO] [stdout]     a_newer_format_is_refused
[INFO] [stdout]     a_plain_batch_prints_what_it_made_with_labels
[INFO] [stdout]     a_plain_change_prints_the_row_it_changed
[INFO] [stdout]     a_reader_closing_the_pipe_is_not_a_crash
[INFO] [stdout]     a_refused_line_leaves_the_whole_batch_unapplied
[INFO] [stdout]     a_removed_direction_keeps_its_id_after_a_reload
[INFO] [stdout]     a_removed_task_keeps_its_id_after_a_reload
[INFO] [stdout]     a_save_through_a_symlink_keeps_the_link_and_updates_the_real_file
[INFO] [stdout]     an_ambiguous_name_is_refused
[INFO] [stdout]     an_ambiguous_name_lists_what_it_matched_with_ids
[INFO] [stdout]     an_impossible_date_is_refused_before_anything_is_written
[INFO] [stdout]     an_inherited_deadline_reorders_the_queue
[INFO] [stdout]     an_undone_addition_keeps_its_id_spent
[INFO] [stdout]     branchy_file_decides_the_document
[INFO] [stdout]     branchy_file_still_wins_over_the_current_vault
[INFO] [stdout]     brief_gives_counts_directions_and_the_top_of_the_queue
[INFO] [stdout]     brief_on_an_empty_graph_says_how_to_start
[INFO] [stdout]     changes_made_at_the_same_moment_are_all_kept
[INFO] [stdout]     every_example_in_the_guide_runs
[INFO] [stdout]     find_looks_in_notes_only_when_asked_and_lists_them_after_names
[INFO] [stdout]     find_matches_names_ignoring_case
[INFO] [stdout]     find_says_how_much_a_limit_left_out
[INFO] [stdout]     forgetting_a_vault_leaves_its_folder_alone
[INFO] [stdout]     help_points_agents_at_the_guide
[INFO] [stdout]     list_filters_by_stage
[INFO] [stdout]     list_filters_by_status
[INFO] [stdout]     opening_a_vault_moves_the_terminal_to_it
[INFO] [stdout]     overdue_work_is_counted_in_the_tally
[INFO] [stdout]     plain_rows_carry_ids_and_whole_names
[INFO] [stdout]     plain_rows_refer_to_prerequisites_by_id
[INFO] [stdout]     plain_show_ends_with_the_note_as_written
[INFO] [stdout]     removing_a_task_strips_it_from_dependents
[INFO] [stdout]     snapshot_carries_the_derived_picture
[INFO] [stdout]     snapshot_of_an_empty_graph_is_still_valid
[INFO] [stdout]     starting_a_locked_task_is_refused_by_name
[INFO] [stdout]     the_board_shows_every_column
[INFO] [stdout]     the_calendar_marks_an_inherited_deadline
[INFO] [stdout]     the_guide_needs_no_vault
[INFO] [stdout]     the_list_marks_the_current_vault_and_keeps_five
[INFO] [stdout]     the_queue_holds_only_what_is_reachable
[INFO] [stdout]     the_queue_says_which_tasks_are_already_under_way
[INFO] [stdout]     the_stage_verbs_move_a_task_across_the_board
[INFO] [stdout]     the_vault_option_reaches_another_vault_for_one_command_only
[INFO] [stdout]     undo_is_a_stack_and_not_a_toggle
[INFO] [stdout]     undo_reverses_the_last_change
[INFO] [stdout]     undo_runs_out_rather_than_wrapping_around
[INFO] [stdout]     undo_through_a_symlink_keeps_the_link_too
[INFO] [stdout]     undo_with_no_history_says_so
[INFO] [stdout]     why_lists_the_work_in_order
[INFO] [stdout]     why_says_so_when_nothing_is_in_the_way
[INFO] [stdout]     with_no_vault_the_terminal_says_how_to_start
[INFO] [stdout]     work_survives_between_invocations
[INFO] [stdout] 
[INFO] [stdout] test result: FAILED. 0 passed; 72 failed; 0 ignored; 0 measured; 0 filtered out; finished in 0.06s
[INFO] [stdout] 
[INFO] running `Command { std: "docker" "inspect" "ac37e2168ae92091780948b7c5207c81c8705f5d0c7aa1872001fc859fe2d0e2", kill_on_drop: false }`
[INFO] running `Command { std: "docker" "rm" "-f" "ac37e2168ae92091780948b7c5207c81c8705f5d0c7aa1872001fc859fe2d0e2", kill_on_drop: false }`
[INFO] [stdout] ac37e2168ae92091780948b7c5207c81c8705f5d0c7aa1872001fc859fe2d0e2
