[INFO] fetching crate boxology-classifier 0.2.2...
[INFO] testing boxology-classifier-0.2.2 against 1.100.0-beta.1+cargoflags=--release for beta-release-1.100-2
[INFO] extracting crate boxology-classifier 0.2.2 into /workspace/builds/worker-4-tc2/source
[INFO] started tweaking crates.io crate boxology-classifier 0.2.2
[INFO] removed 0 missing tests
[INFO] finished tweaking crates.io crate boxology-classifier 0.2.2
[INFO] tweaked toml for crates.io crate boxology-classifier 0.2.2 written to /workspace/builds/worker-4-tc2/source/Cargo.toml
[INFO] validating manifest of crates.io crate boxology-classifier 0.2.2 on toolchain 1.100.0-beta.1
[INFO] running `Command { std: CARGO_HOME="/workspace/cargo-home" RUSTUP_HOME="/workspace/rustup-home" "/workspace/cargo-home/bin/cargo" "+1.100.0-beta.1" "metadata" "--manifest-path" "Cargo.toml" "--no-deps", kill_on_drop: false }`
[INFO] crate crates.io crate boxology-classifier 0.2.2 already has a lockfile, it will not be regenerated
[INFO] running `Command { std: CARGO_HOME="/workspace/cargo-home" RUSTUP_HOME="/workspace/rustup-home" "/workspace/cargo-home/bin/cargo" "+1.100.0-beta.1" "fetch" "--manifest-path" "Cargo.toml", kill_on_drop: false }`
[INFO] [stderr] warning: `package.homepage` is redundant with `package.repository`
[INFO] [stderr]   --> Cargo.toml:28:12
[INFO] [stderr]    |
[INFO] [stderr] 28 | homepage = "https://github.com/fontanierh/boxology"
[INFO] [stderr]    |            ^^^^^^^^^^^^^^^^^^^^^^^^^^^^^^^^^^^^^^^^
[INFO] [stderr] ...
[INFO] [stderr] 33 | repository = "https://github.com/fontanierh/boxology"
[INFO] [stderr]    |              ----------------------------------------
[INFO] [stderr]    |
[INFO] [stderr]    = note: `cargo::redundant_homepage` is set to `warn` by default
[INFO] [stderr] help: consider removing `package.homepage`
[INFO] [stderr] warning: `boxology-classifier` (manifest) generated 1 warning
[INFO] running `Command { std: "docker" "create" "-v" "/var/lib/crater-agent-workspace/builds/worker-4-tc2/source:/opt/rustwide/workdir:ro,Z" "-v" "/var/lib/crater-agent-workspace/builds/worker-4-tc2/target:/opt/rustwide/target:rw,Z" "-v" "/var/lib/crater-agent-workspace/cargo-home:/opt/rustwide/cargo-home:ro,Z" "-v" "/var/lib/crater-agent-workspace/rustup-home:/opt/rustwide/rustup-home:ro,Z" "-m" "1610612736" "--network" "none" "ghcr.io/rust-lang/crates-build-env/linux@sha256:77db811e55d90add9212f6832c23229e3de5f1c1f9905e8cb07319ea15df73ac" "sleep" "infinity", kill_on_drop: false }`
[INFO] [stdout] e781b7b193c1d8a3288ad70591234a8f3d629afd661d4612ea77c72f0b57de7c
[INFO] running `Command { std: "docker" "start" "e781b7b193c1d8a3288ad70591234a8f3d629afd661d4612ea77c72f0b57de7c", kill_on_drop: false }`
[INFO] running `Command { std: "docker" "inspect" "e781b7b193c1d8a3288ad70591234a8f3d629afd661d4612ea77c72f0b57de7c", kill_on_drop: false }`
[INFO] running `Command { std: "docker" "exec" "-e" "SOURCE_DIR=/opt/rustwide/workdir" "-e" "CARGO_HOME=/opt/rustwide/cargo-home" "-e" "RUSTUP_HOME=/opt/rustwide/rustup-home" "-e" "CARGO_TARGET_DIR=/opt/rustwide/target" "-w" "/opt/rustwide/workdir" "--user" "0:0" "e781b7b193c1d8a3288ad70591234a8f3d629afd661d4612ea77c72f0b57de7c" "/opt/rustwide/cargo-home/bin/cargo" "+1.100.0-beta.1" "metadata" "--no-deps" "--format-version=1", kill_on_drop: false }`
[INFO] running `Command { std: "docker" "inspect" "e781b7b193c1d8a3288ad70591234a8f3d629afd661d4612ea77c72f0b57de7c", kill_on_drop: false }`
[INFO] running `Command { std: "docker" "exec" "-e" "SOURCE_DIR=/opt/rustwide/workdir" "-e" "CARGO_HOME=/opt/rustwide/cargo-home" "-e" "RUSTUP_HOME=/opt/rustwide/rustup-home" "-e" "CARGO_TARGET_DIR=/opt/rustwide/target" "-e" "CARGO_INCREMENTAL=0" "-e" "RUST_BACKTRACE=full" "-e" "RUSTFLAGS=--cap-lints=warn" "-e" "RUSTDOCFLAGS=--cap-lints=warn" "-w" "/opt/rustwide/workdir" "--user" "0:0" "e781b7b193c1d8a3288ad70591234a8f3d629afd661d4612ea77c72f0b57de7c" "/opt/rustwide/cargo-home/bin/cargo" "+1.100.0-beta.1" "build" "--frozen" "--message-format=json" "--release", kill_on_drop: false }`
[INFO] [stderr] warning: `package.homepage` is redundant with `package.repository`
[INFO] [stderr]   --> Cargo.toml:28:12
[INFO] [stderr]    |
[INFO] [stderr] 28 | homepage = "https://github.com/fontanierh/boxology"
[INFO] [stderr]    |            ^^^^^^^^^^^^^^^^^^^^^^^^^^^^^^^^^^^^^^^^
[INFO] [stderr] ...
[INFO] [stderr] 33 | repository = "https://github.com/fontanierh/boxology"
[INFO] [stderr]    |              ----------------------------------------
[INFO] [stderr]    |
[INFO] [stderr]    = note: `cargo::redundant_homepage` is set to `warn` by default
[INFO] [stderr] help: consider removing `package.homepage`
[INFO] [stderr] warning: `boxology-classifier` (manifest) generated 1 warning
[INFO] [stderr]    Compiling serde_core v1.0.229
[INFO] [stderr]    Compiling serde_json v1.0.150
[INFO] [stderr]    Compiling base64 v0.22.1
[INFO] [stderr]    Compiling unicode-ident v1.0.24
[INFO] [stderr]    Compiling tokio v1.53.0
[INFO] [stderr]    Compiling unicode-normalization v0.1.25
[INFO] [stderr]    Compiling tokio-util v0.7.18
[INFO] [stderr]    Compiling boxology-contract v0.2.2
[INFO] [stderr]    Compiling boxology-schema v0.2.2
[INFO] [stderr]    Compiling boxology-classifier v0.2.2 (/opt/rustwide/workdir)
[INFO] [stderr]     Finished `release` profile [optimized] target(s) in 13.06s
[INFO] running `Command { std: "docker" "inspect" "e781b7b193c1d8a3288ad70591234a8f3d629afd661d4612ea77c72f0b57de7c", kill_on_drop: false }`
[INFO] running `Command { std: "docker" "exec" "-e" "SOURCE_DIR=/opt/rustwide/workdir" "-e" "CARGO_HOME=/opt/rustwide/cargo-home" "-e" "RUSTUP_HOME=/opt/rustwide/rustup-home" "-e" "CARGO_TARGET_DIR=/opt/rustwide/target" "-e" "CARGO_INCREMENTAL=0" "-e" "RUST_BACKTRACE=full" "-e" "RUSTFLAGS=--cap-lints=warn" "-e" "RUSTDOCFLAGS=--cap-lints=warn" "-w" "/opt/rustwide/workdir" "--user" "0:0" "e781b7b193c1d8a3288ad70591234a8f3d629afd661d4612ea77c72f0b57de7c" "/opt/rustwide/cargo-home/bin/cargo" "+1.100.0-beta.1" "test" "--frozen" "--no-run" "--message-format=json" "--release", kill_on_drop: false }`
[INFO] [stderr] warning: `package.homepage` is redundant with `package.repository`
[INFO] [stderr]   --> Cargo.toml:28:12
[INFO] [stderr]    |
[INFO] [stderr] 28 | homepage = "https://github.com/fontanierh/boxology"
[INFO] [stderr]    |            ^^^^^^^^^^^^^^^^^^^^^^^^^^^^^^^^^^^^^^^^
[INFO] [stderr] ...
[INFO] [stderr] 33 | repository = "https://github.com/fontanierh/boxology"
[INFO] [stderr]    |              ----------------------------------------
[INFO] [stderr]    |
[INFO] [stderr]    = note: `cargo::redundant_homepage` is set to `warn` by default
[INFO] [stderr] help: consider removing `package.homepage`
[INFO] [stderr] warning: `boxology-classifier` (manifest) generated 1 warning
[INFO] [stderr]    Compiling proc-macro2 v1.0.107
[INFO] [stderr]    Compiling syn v3.0.0
[INFO] [stderr]    Compiling boxology-classifier v0.2.2 (/opt/rustwide/workdir)
[INFO] [stderr]     Finished `release` profile [optimized] target(s) in 22.21s
[INFO] running `Command { std: "docker" "inspect" "e781b7b193c1d8a3288ad70591234a8f3d629afd661d4612ea77c72f0b57de7c", kill_on_drop: false }`
[INFO] running `Command { std: "docker" "exec" "-e" "SOURCE_DIR=/opt/rustwide/workdir" "-e" "CARGO_HOME=/opt/rustwide/cargo-home" "-e" "RUSTUP_HOME=/opt/rustwide/rustup-home" "-e" "CARGO_TARGET_DIR=/opt/rustwide/target" "-e" "CARGO_INCREMENTAL=0" "-e" "RUST_BACKTRACE=full" "-e" "RUSTFLAGS=--cap-lints=warn" "-e" "RUSTDOCFLAGS=--cap-lints=warn" "-w" "/opt/rustwide/workdir" "--user" "0:0" "e781b7b193c1d8a3288ad70591234a8f3d629afd661d4612ea77c72f0b57de7c" "/opt/rustwide/cargo-home/bin/cargo" "+1.100.0-beta.1" "test" "--frozen" "--release", kill_on_drop: false }`
[INFO] [stderr] warning: `package.homepage` is redundant with `package.repository`
[INFO] [stderr]   --> Cargo.toml:28:12
[INFO] [stderr]    |
[INFO] [stderr] 28 | homepage = "https://github.com/fontanierh/boxology"
[INFO] [stderr]    |            ^^^^^^^^^^^^^^^^^^^^^^^^^^^^^^^^^^^^^^^^
[INFO] [stderr] ...
[INFO] [stderr] 33 | repository = "https://github.com/fontanierh/boxology"
[INFO] [stderr]    |              ----------------------------------------
[INFO] [stderr]    |
[INFO] [stderr]    = note: `cargo::redundant_homepage` is set to `warn` by default
[INFO] [stderr] help: consider removing `package.homepage`
[INFO] [stderr] warning: `boxology-classifier` (manifest) generated 1 warning
[INFO] [stderr]     Finished `release` profile [optimized] target(s) in 0.07s
[INFO] [stderr]      Running unittests src/lib.rs (/opt/rustwide/target/release/build/boxology-classifier/b00726deef8caabe/out/boxology_classifier-b00726deef8caabe)
[INFO] [stdout] 
[INFO] [stdout] running 63 tests
[INFO] [stdout] test tests::box_id_is_a_pairing_error_before_the_fail_closed_default ... ok
[INFO] [stdout] test tests::capability_removed_is_incompatible ... ok
[INFO] [stdout] test tests::exposure_and_idempotency_directions_have_distinct_codes ... ok
[INFO] [stdout] test tests::classes_have_exact_order_and_names ... ok
[INFO] [stdout] test tests::capability_changes_emit_independent_metadata_kinds_in_contract_order ... ok
[INFO] [stdout] test tests::collection_shape_changes_fail_closed ... ok
[INFO] [stdout] test tests::capability_rename_is_remove_plus_add ... ok
[INFO] [stdout] test tests::error_declaration_kind_transitions_are_paired_before_add_remove ... ok
[INFO] [stdout] test tests::input_name_and_leaf_changes_share_one_path_and_sort_by_code ... ok
[INFO] [stdout] test tests::hostile_identity_path_is_escaped_end_to_end ... ok
[INFO] [stdout] test tests::independently_built_identical_documents_are_unchanged ... ok
[INFO] [stdout] test tests::input_name_changed_is_incompatible ... ok
[INFO] [stdout] test tests::equal_revision_variant_addition_is_integrity_error ... ok
[INFO] [stdout] test tests::capability_expression_changes_keep_existing_named_findings ... ok
[INFO] [stdout] test tests::capability_added_is_additive ... ok
[INFO] [stdout] test tests::hostile_controls_render_exactly_in_both_formats ... ok
[INFO] [stdout] test tests::input_leaf_changed_is_incompatible ... ok
[INFO] [stdout] test tests::capability_metadata_rows_are_exact_and_maximum_severity_wins ... ok
[INFO] [stdout] test tests::introduced_and_removed_are_exact ... ok
[INFO] [stdout] test tests::mixed_variant_addition_and_capability_docs_keeps_conditional_verdict ... ok
[INFO] [stdout] test tests::maximum_severity_wins_in_both_finding_orders ... ok
[INFO] [stdout] test tests::mixed_variant_addition_and_type_docs_keeps_conditional_verdict ... ok
[INFO] [stdout] test tests::named_field_changes_emit_aligned_raw_kinds_in_deterministic_order ... ok
[INFO] [stdout] test tests::named_field_rename_is_raw_remove_then_add ... ok
[INFO] [stdout] test tests::multiple_referenced_error_variant_additions_are_sorted ... ok
[INFO] [stdout] test tests::named_payload_field_rows_are_exact_and_sorted ... ok
[INFO] [stdout] test tests::named_payload_field_reorder_stays_fail_closed ... ok
[INFO] [stdout] test tests::output_leaf_changed_is_incompatible ... ok
[INFO] [stdout] test tests::pairing_errors_render_exactly ... ok
[INFO] [stdout] test tests::payload_value_metadata_and_type_classify_independently ... ok
[INFO] [stdout] test tests::provenance_only_difference_is_unchanged ... ok
[INFO] [stdout] test tests::public_seam_is_send_sync_static ... ok
[INFO] [stdout] test tests::reachability_uses_union_of_both_capability_graphs ... ok
[INFO] [stdout] test tests::report_fields_render_exactly_once_and_inventory_is_fixed ... ok
[INFO] [stdout] test tests::revision_only_difference_is_integrity_silence ... ok
[INFO] [stdout] test tests::structured_d5_findings_are_exact_and_role_ordered ... ok
[INFO] [stdout] test tests::single_referenced_error_variant_addition_is_conditional ... ok
[INFO] [stdout] test tests::structured_raw_change_corpus_is_exact ... ok
[INFO] [stdout] test tests::type_changes_detects_types_reorder ... ok
[INFO] [stdout] test tests::structured_reused_and_fail_closed_rows_are_exact ... ok
[INFO] [stdout] test tests::report_renderings_are_byte_exact ... ok
[INFO] [stdout] test tests::type_added_with_referencing_capability_is_additive ... ok
[INFO] [stdout] test tests::type_changes_detects_coarse_payload_change ... ok
[INFO] [stdout] test tests::supplementary_format_control_is_escaped_end_to_end ... FAILED
[INFO] [stdout] test tests::type_changes_detects_variant_removal ... ok
[INFO] [stdout] test tests::type_deprecation_changed_is_deprecation ... ok
[INFO] [stdout] test tests::structured_reachability_uses_both_graphs_and_reaches_a_fixed_point ... ok
[INFO] [stdout] test tests::type_changes_detects_variant_reorder ... ok
[INFO] [stdout] test tests::type_changes_treats_type_rename_as_remove_plus_add ... ok
[INFO] [stdout] test tests::type_removed_with_referencing_capability_is_incompatible ... ok
[INFO] [stdout] test tests::type_docs_changed_is_documentation ... ok
[INFO] [stdout] test tests::type_rename_is_remove_plus_unreferenced_add ... ok
[INFO] [stdout] test tests::types_only_difference_under_equal_revisions_is_integrity_error ... ok
[INFO] [stdout] test tests::unclassified_beside_named_finding_fails_closed ... ok
[INFO] [stdout] test tests::value_payload_metadata_and_type_changes_are_independent ... ok
[INFO] [stdout] test tests::unicode_format_controls_match_ucd_17_and_emit_surrogate_pairs ... FAILED
[INFO] [stdout] test tests::unreferenced_type_addition_fails_closed ... ok
[INFO] [stdout] test tests::variant_changes_outside_named_addition_fail_closed ... ok
[INFO] [stdout] test tests::variant_deprecation_changed_is_deprecation ... ok
[INFO] [stdout] test tests::variant_docs_changed_is_documentation ... ok
[INFO] [stdout] test tests::variant_rename_is_remove_plus_add ... ok
[INFO] [stdout] test tests::variant_payload_kind_change_is_incompatible_at_capability_error ... ok
[INFO] [stdout] test tests::variant_removed_is_incompatible ... ok
[INFO] [stdout] 
[INFO] [stdout] failures:
[INFO] [stdout] 
[INFO] [stdout] ---- tests::supplementary_format_control_is_escaped_end_to_end stdout ----
[INFO] [stdout] 
[INFO] [stdout] thread 'tests::supplementary_format_control_is_escaped_end_to_end' (551) panicked at src/tests.rs:1878:5:
[INFO] [stdout] assertion `left == right` failed
[INFO] [stdout]   left: (18, 0, 0)
[INFO] [stdout]  right: (17, 0, 0)
[INFO] [stdout] stack backtrace:
[INFO] [stdout]    0:     0x5eeba8da7171 - <<std[617be2ca0a6fd877]::sys::backtrace::BacktraceLock>::print::DisplayBacktrace as core[a373ad73a504971]::fmt::Display>::fmt
[INFO] [stdout]    1:     0x5eeba8dbc05a - core[a373ad73a504971]::fmt::write
[INFO] [stdout]    2:     0x5eeba8dab38c - <alloc[2e1b2a31b91974c5]::vec::Vec<u8> as core[a373ad73a504971]::io::write::Write>::write_fmt
[INFO] [stdout]    3:     0x5eeba8d835d6 - std[617be2ca0a6fd877]::panicking::default_hook::{closure#0}
[INFO] [stdout]    4:     0x5eeba8d9f809 - std[617be2ca0a6fd877]::panicking::default_hook
[INFO] [stdout]    5:     0x5eeba8d33840 - test[aada8e7e76ba119b]::test_main_inner::{closure#0}
[INFO] [stdout]    6:     0x5eeba8d9f9c2 - std[617be2ca0a6fd877]::panicking::panic_with_hook
[INFO] [stdout]    7:     0x5eeba8d83682 - std[617be2ca0a6fd877]::panicking::panic_handler::{closure#0}
[INFO] [stdout]    8:     0x5eeba8d7c399 - std[617be2ca0a6fd877]::sys::backtrace::__rust_end_short_backtrace::<std[617be2ca0a6fd877]::panicking::panic_handler::{closure#0}, !>
[INFO] [stdout]    9:     0x5eeba8d8428d - __rustc[ea4f61d10b84890b]::rust_begin_unwind
[INFO] [stdout]   10:     0x5eeba8dbc78c - core[a373ad73a504971]::panicking::panic_fmt
[INFO] [stdout]   11:     0x5eeba8dbc6a3 - core[a373ad73a504971]::panicking::assert_failed_inner
[INFO] [stdout]   12:     0x5eeba8d21788 - core[a373ad73a504971]::panicking::assert_failed::<(u8, u8, u8), (u8, u8, u8)>
[INFO] [stdout]   13:     0x5eeba8ce98ef - <boxology_classifier[24d32e5aa9461ca0]::tests::supplementary_format_control_is_escaped_end_to_end::{closure#0} as core[a373ad73a504971]::ops::function::FnOnce<()>>::call_once
[INFO] [stdout]   14:     0x5eeba8d26c8b - test[aada8e7e76ba119b]::__rust_begin_short_backtrace::<core[a373ad73a504971]::result::Result<(), alloc[2e1b2a31b91974c5]::string::String>, fn() -> core[a373ad73a504971]::result::Result<(), alloc[2e1b2a31b91974c5]::string::String>>
[INFO] [stdout]   15:     0x5eeba8d33e65 - test[aada8e7e76ba119b]::run_test::{closure#0}
[INFO] [stdout]   16:     0x5eeba8d2d754 - std[617be2ca0a6fd877]::sys::backtrace::__rust_begin_short_backtrace::<test[aada8e7e76ba119b]::run_test::{closure#1}, ()>
[INFO] [stdout]   17:     0x5eeba8d36ef2 - <std[617be2ca0a6fd877]::thread::lifecycle::spawn_unchecked<test[aada8e7e76ba119b]::run_test::{closure#1}, ()>::{closure#1} as core[a373ad73a504971]::ops::function::FnOnce<()>>::call_once::{shim:vtable#0}
[INFO] [stdout]   18:     0x5eeba8da69cf - <std[617be2ca0a6fd877]::sys::thread::unix::Thread>::new::thread_start
[INFO] [stdout]   19:     0x7b53047f6dfa - <unknown>
[INFO] [stdout]   20:     0x7b530488a3d4 - clone
[INFO] [stdout]   21:                0x0 - <unknown>
[INFO] [stdout] 
[INFO] [stdout] ---- tests::unicode_format_controls_match_ucd_17_and_emit_surrogate_pairs stdout ----
[INFO] [stdout] 
[INFO] [stdout] thread 'tests::unicode_format_controls_match_ucd_17_and_emit_surrogate_pairs' (564) panicked at src/tests.rs:1796:5:
[INFO] [stdout] assertion `left == right` failed
[INFO] [stdout]   left: (18, 0, 0)
[INFO] [stdout]  right: (17, 0, 0)
[INFO] [stdout] stack backtrace:
[INFO] [stdout]    0:     0x5eeba8da7171 - <<std[617be2ca0a6fd877]::sys::backtrace::BacktraceLock>::print::DisplayBacktrace as core[a373ad73a504971]::fmt::Display>::fmt
[INFO] [stdout]    1:     0x5eeba8dbc05a - core[a373ad73a504971]::fmt::write
[INFO] [stdout]    2:     0x5eeba8dab38c - <alloc[2e1b2a31b91974c5]::vec::Vec<u8> as core[a373ad73a504971]::io::write::Write>::write_fmt
[INFO] [stdout]    3:     0x5eeba8d835d6 - std[617be2ca0a6fd877]::panicking::default_hook::{closure#0}
[INFO] [stdout]    4:     0x5eeba8d9f809 - std[617be2ca0a6fd877]::panicking::default_hook
[INFO] [stdout]    5:     0x5eeba8d33840 - test[aada8e7e76ba119b]::test_main_inner::{closure#0}
[INFO] [stdout]    6:     0x5eeba8d9f9c2 - std[617be2ca0a6fd877]::panicking::panic_with_hook
[INFO] [stdout]    7:     0x5eeba8d83682 - std[617be2ca0a6fd877]::panicking::panic_handler::{closure#0}
[INFO] [stdout]    8:     0x5eeba8d7c399 - std[617be2ca0a6fd877]::sys::backtrace::__rust_end_short_backtrace::<std[617be2ca0a6fd877]::panicking::panic_handler::{closure#0}, !>
[INFO] [stdout]    9:     0x5eeba8d8428d - __rustc[ea4f61d10b84890b]::rust_begin_unwind
[INFO] [stdout]   10:     0x5eeba8dbc78c - core[a373ad73a504971]::panicking::panic_fmt
[INFO] [stdout]   11:     0x5eeba8dbc6a3 - core[a373ad73a504971]::panicking::assert_failed_inner
[INFO] [stdout]   12:     0x5eeba8d21788 - core[a373ad73a504971]::panicking::assert_failed::<(u8, u8, u8), (u8, u8, u8)>
[INFO] [stdout]   13:     0x5eeba8cef27f - <boxology_classifier[24d32e5aa9461ca0]::tests::unicode_format_controls_match_ucd_17_and_emit_surrogate_pairs::{closure#0} as core[a373ad73a504971]::ops::function::FnOnce<()>>::call_once
[INFO] [stdout]   14:     0x5eeba8d26c8b - test[aada8e7e76ba119b]::__rust_begin_short_backtrace::<core[a373ad73a504971]::result::Result<(), alloc[2e1b2a31b91974c5]::string::String>, fn() -> core[a373ad73a504971]::result::Result<(), alloc[2e1b2a31b91974c5]::string::String>>
[INFO] [stdout]   15:     0x5eeba8d33e65 - test[aada8e7e76ba119b]::run_test::{closure#0}
[INFO] [stdout]   16:     0x5eeba8d2d754 - std[617be2ca0a6fd877]::sys::backtrace::__rust_begin_short_backtrace::<test[aada8e7e76ba119b]::run_test::{closure#1}, ()>
[INFO] [stdout]   17:     0x5eeba8d36ef2 - <std[617be2ca0a6fd877]::thread::lifecycle::spawn_unchecked<test[aada8e7e76ba119b]::run_test::{closure#1}, ()>::{closure#1} as core[a373ad73a504971]::ops::function::FnOnce<()>>::call_once::{shim:vtable#0}
[INFO] [stdout]   18:     0x5eeba8da69cf - <std[617be2ca0a6fd877]::sys::thread::unix::Thread>::new::thread_start
[INFO] [stdout]   19:     0x7b53047f6dfa - <unknown>
[INFO] [stdout]   20:     0x7b530488a3d4 - clone
[INFO] [stdout]   21:                0x0 - <unknown>
[INFO] [stdout] 
[INFO] [stdout] 
[INFO] [stdout] failures:
[INFO] [stdout]     tests::supplementary_format_control_is_escaped_end_to_end
[INFO] [stdout]     tests::unicode_format_controls_match_ucd_17_and_emit_surrogate_pairs
[INFO] [stdout] 
[INFO] [stdout] test result: FAILED. 61 passed; 2 failed; 0 ignored; 0 measured; 0 filtered out; finished in 0.04s
[INFO] [stdout] 
[INFO] [stderr] error: test failed, to rerun pass `--lib`
[INFO] running `Command { std: "docker" "inspect" "e781b7b193c1d8a3288ad70591234a8f3d629afd661d4612ea77c72f0b57de7c", kill_on_drop: false }`
[INFO] running `Command { std: "docker" "rm" "-f" "e781b7b193c1d8a3288ad70591234a8f3d629afd661d4612ea77c72f0b57de7c", kill_on_drop: false }`
[INFO] [stdout] e781b7b193c1d8a3288ad70591234a8f3d629afd661d4612ea77c72f0b57de7c
