[INFO] fetching crate bkt 0.8.2...
[INFO] testing bkt-0.8.2 against 1.100.0-beta.1+cargoflags=--release for beta-release-1.100-2
[INFO] extracting crate bkt 0.8.2 into /workspace/builds/worker-0-tc2/source
[INFO] started tweaking crates.io crate bkt 0.8.2
[INFO] finished tweaking crates.io crate bkt 0.8.2
[INFO] tweaked toml for crates.io crate bkt 0.8.2 written to /workspace/builds/worker-0-tc2/source/Cargo.toml
[INFO] validating manifest of crates.io crate bkt 0.8.2 on toolchain 1.100.0-beta.1
[INFO] running `Command { std: CARGO_HOME="/workspace/cargo-home" RUSTUP_HOME="/workspace/rustup-home" "/workspace/cargo-home/bin/cargo" "+1.100.0-beta.1" "metadata" "--manifest-path" "Cargo.toml" "--no-deps", kill_on_drop: false }`
[INFO] crate crates.io crate bkt 0.8.2 already has a lockfile, it will not be regenerated
[INFO] running `Command { std: CARGO_HOME="/workspace/cargo-home" RUSTUP_HOME="/workspace/rustup-home" "/workspace/cargo-home/bin/cargo" "+1.100.0-beta.1" "fetch" "--manifest-path" "Cargo.toml", kill_on_drop: false }`
[INFO] running `Command { std: "docker" "create" "-v" "/var/lib/crater-agent-workspace/builds/worker-0-tc2/source:/opt/rustwide/workdir:ro,Z" "-v" "/var/lib/crater-agent-workspace/builds/worker-0-tc2/target:/opt/rustwide/target:rw,Z" "-v" "/var/lib/crater-agent-workspace/cargo-home:/opt/rustwide/cargo-home:ro,Z" "-v" "/var/lib/crater-agent-workspace/rustup-home:/opt/rustwide/rustup-home:ro,Z" "-m" "1610612736" "--network" "none" "ghcr.io/rust-lang/crates-build-env/linux@sha256:77db811e55d90add9212f6832c23229e3de5f1c1f9905e8cb07319ea15df73ac" "sleep" "infinity", kill_on_drop: false }`
[INFO] [stdout] c3049fbf7957120af93179567b21a4c7cabb9fa5d0b694577ffbfffce87ac078
[INFO] running `Command { std: "docker" "start" "c3049fbf7957120af93179567b21a4c7cabb9fa5d0b694577ffbfffce87ac078", kill_on_drop: false }`
[INFO] running `Command { std: "docker" "inspect" "c3049fbf7957120af93179567b21a4c7cabb9fa5d0b694577ffbfffce87ac078", kill_on_drop: false }`
[INFO] running `Command { std: "docker" "exec" "-e" "SOURCE_DIR=/opt/rustwide/workdir" "-e" "CARGO_HOME=/opt/rustwide/cargo-home" "-e" "RUSTUP_HOME=/opt/rustwide/rustup-home" "-e" "CARGO_TARGET_DIR=/opt/rustwide/target" "-w" "/opt/rustwide/workdir" "--user" "0:0" "c3049fbf7957120af93179567b21a4c7cabb9fa5d0b694577ffbfffce87ac078" "/opt/rustwide/cargo-home/bin/cargo" "+1.100.0-beta.1" "metadata" "--no-deps" "--format-version=1", kill_on_drop: false }`
[INFO] running `Command { std: "docker" "inspect" "c3049fbf7957120af93179567b21a4c7cabb9fa5d0b694577ffbfffce87ac078", kill_on_drop: false }`
[INFO] running `Command { std: "docker" "exec" "-e" "SOURCE_DIR=/opt/rustwide/workdir" "-e" "CARGO_HOME=/opt/rustwide/cargo-home" "-e" "RUSTUP_HOME=/opt/rustwide/rustup-home" "-e" "CARGO_TARGET_DIR=/opt/rustwide/target" "-e" "CARGO_INCREMENTAL=0" "-e" "RUST_BACKTRACE=full" "-e" "RUSTFLAGS=--cap-lints=warn" "-e" "RUSTDOCFLAGS=--cap-lints=warn" "-w" "/opt/rustwide/workdir" "--user" "0:0" "c3049fbf7957120af93179567b21a4c7cabb9fa5d0b694577ffbfffce87ac078" "/opt/rustwide/cargo-home/bin/cargo" "+1.100.0-beta.1" "build" "--frozen" "--message-format=json" "--release", kill_on_drop: false }`
[INFO] [stderr]    Compiling libc v0.2.152
[INFO] [stderr]    Compiling rustix v0.38.30
[INFO] [stderr]    Compiling serde v1.0.195
[INFO] [stderr]    Compiling anstyle v1.0.4
[INFO] [stderr]    Compiling clap_lex v0.6.0
[INFO] [stderr]    Compiling anyhow v1.0.79
[INFO] [stderr]    Compiling syn v2.0.48
[INFO] [stderr]    Compiling terminal_size v0.3.0
[INFO] [stderr]    Compiling clap_builder v4.4.18
[INFO] [stderr]    Compiling getrandom v0.2.12
[INFO] [stderr]    Compiling rand_core v0.6.4
[INFO] [stderr]    Compiling rand_chacha v0.3.1
[INFO] [stderr]    Compiling rand v0.8.5
[INFO] [stderr]    Compiling serde_derive v1.0.195
[INFO] [stderr]    Compiling clap_derive v4.4.7
[INFO] [stderr]    Compiling clap v4.4.18
[INFO] [stderr]    Compiling bincode v1.3.3
[INFO] [stderr]    Compiling bkt v0.8.2 (/opt/rustwide/workdir)
[INFO] [stderr]     Finished `release` profile [optimized] target(s) in 22.13s
[INFO] running `Command { std: "docker" "inspect" "c3049fbf7957120af93179567b21a4c7cabb9fa5d0b694577ffbfffce87ac078", kill_on_drop: false }`
[INFO] running `Command { std: "docker" "exec" "-e" "SOURCE_DIR=/opt/rustwide/workdir" "-e" "CARGO_HOME=/opt/rustwide/cargo-home" "-e" "RUSTUP_HOME=/opt/rustwide/rustup-home" "-e" "CARGO_TARGET_DIR=/opt/rustwide/target" "-e" "CARGO_INCREMENTAL=0" "-e" "RUST_BACKTRACE=full" "-e" "RUSTFLAGS=--cap-lints=warn" "-e" "RUSTDOCFLAGS=--cap-lints=warn" "-w" "/opt/rustwide/workdir" "--user" "0:0" "c3049fbf7957120af93179567b21a4c7cabb9fa5d0b694577ffbfffce87ac078" "/opt/rustwide/cargo-home/bin/cargo" "+1.100.0-beta.1" "test" "--frozen" "--no-run" "--message-format=json" "--release", kill_on_drop: false }`
[INFO] [stderr]    Compiling memchr v2.7.1
[INFO] [stderr]    Compiling regex-syntax v0.8.2
[INFO] [stderr]    Compiling filetime v0.2.23
[INFO] [stderr]    Compiling test_dir v0.2.0
[INFO] [stderr]    Compiling aho-corasick v1.1.2
[INFO] [stderr]    Compiling regex-automata v0.4.4
[INFO] [stderr]    Compiling regex v1.10.3
[INFO] [stderr]    Compiling bkt v0.8.2 (/opt/rustwide/workdir)
[INFO] [stderr]     Finished `release` profile [optimized] target(s) in 25.14s
[INFO] running `Command { std: "docker" "inspect" "c3049fbf7957120af93179567b21a4c7cabb9fa5d0b694577ffbfffce87ac078", kill_on_drop: false }`
[INFO] running `Command { std: "docker" "exec" "-e" "SOURCE_DIR=/opt/rustwide/workdir" "-e" "CARGO_HOME=/opt/rustwide/cargo-home" "-e" "RUSTUP_HOME=/opt/rustwide/rustup-home" "-e" "CARGO_TARGET_DIR=/opt/rustwide/target" "-e" "CARGO_INCREMENTAL=0" "-e" "RUST_BACKTRACE=full" "-e" "RUSTFLAGS=--cap-lints=warn" "-e" "RUSTDOCFLAGS=--cap-lints=warn" "-w" "/opt/rustwide/workdir" "--user" "0:0" "c3049fbf7957120af93179567b21a4c7cabb9fa5d0b694577ffbfffce87ac078" "/opt/rustwide/cargo-home/bin/cargo" "+1.100.0-beta.1" "test" "--frozen" "--release", kill_on_drop: false }`
[INFO] [stderr]     Finished `release` profile [optimized] target(s) in 0.09s
[INFO] [stderr]      Running unittests src/lib.rs (/opt/rustwide/target/release/build/bkt/2059d535e42b1eca/out/bkt-2059d535e42b1eca)
[INFO] [stdout] 
[INFO] [stdout] running 19 tests
[INFO] [stdout] test cache_tests::scopes_support_special_chars ... ok
[INFO] [stdout] test bkt_tests::cloneable ... ok
[INFO] [stdout] test cache_tests::stable_hash ... ok
[INFO] [stdout] test cache_tests::cleanup ... ok
[INFO] [stdout] test cache_tests::cache ... ok
[INFO] [stdout] test cache_tests::scoped ... ok
[INFO] [stdout] test cache_tests::lookup_ttls ... ok
[INFO] [stdout] test bkt_tests::with_env ... ok
[INFO] [stdout] test cmd_tests::collisions ... ok
[INFO] [stdout] test bkt_tests::with_working_dir ... ok
[INFO] [stdout] test bkt_tests::streaming_to_file ... ok
[INFO] [stdout] test bkt_tests::streaming_refresh ... ok
[INFO] [stdout] test bkt_tests::cached ... ok
[INFO] [stdout] test file_lock_tests::locks ... ok
[INFO] [stdout] test cmd_tests::debug_label ... ok
[INFO] [stdout] test file_lock_tests::already_locked ... ok
[INFO] [stdout] test bkt_tests::streaming_same_output ... ok
[INFO] [stdout] test bkt_tests::with_modtime ... ok
[INFO] [stderr]      Running unittests src/main.rs (/opt/rustwide/target/release/build/bkt/4d1b13f846c1f890/out/bkt-4d1b13f846c1f890)
[INFO] [stdout] test bkt_tests::discard_failures ... ok
[INFO] [stdout] 
[INFO] [stdout] test result: ok. 19 passed; 0 failed; 0 ignored; 0 measured; 0 filtered out; finished in 0.12s
[INFO] [stdout] 
[INFO] [stderr]      Running tests/cli.rs (/opt/rustwide/target/release/build/bkt/9231b851504fb5a5/out/cli-9231b851504fb5a5)
[INFO] [stdout] 
[INFO] [stdout] running 0 tests
[INFO] [stdout] 
[INFO] [stdout] test result: ok. 0 passed; 0 failed; 0 ignored; 0 measured; 0 filtered out; finished in 0.00s
[INFO] [stdout] 
[INFO] [stdout] 
[INFO] [stdout] running 27 tests
[INFO] [stdout] test cli::cache_dirs_multi_user ... ok
[INFO] [stdout] test cli::cache_refreshes_in_background ... FAILED
[INFO] [stdout] test cli::discard_failures ... FAILED
[INFO] [stdout] test cli::cached ... FAILED
[INFO] [stdout] test cli::discard_failure_cached_separately ... FAILED
[INFO] [stdout] test cli::cache_expires ... FAILED
[INFO] [stdout] test cli::cache_hits_with_different_settings ... FAILED
[INFO] [stdout] test cli::cache_expires_separately ... FAILED
[INFO] [stdout] test cli::help ... FAILED
[INFO] [stdout] test cli::discard_failures_in_background ... FAILED
[INFO] [stdout] test cli::force ... FAILED
[INFO] [stdout] test cli::respects_relative_cache ... FAILED
[INFO] [stdout] test cli::exit_code_preserved ... FAILED
[INFO] [stdout] test cli::sensitive_output ... FAILED
[INFO] [stdout] test cli::streaming ... FAILED
[INFO] [stdout] test cli::respects_modtime ... FAILED
[INFO] [stdout] test cli::respects_env ... FAILED
[INFO] [stdout] test cli::truncated_output ... FAILED
[INFO] [stdout] test cli::respects_cwd ... FAILED
[INFO] [stdout] test cli::output_preserved ... FAILED
[INFO] [stdout] test cli::respects_cache_dir ... FAILED
[INFO] [stdout] test cli::concurrent_call_race ... FAILED
[INFO] [stdout] test cli::warm ... FAILED
[INFO] [stdout] test cli::large_output ... FAILED
[INFO] [stdout] test cli::no_debug_output ... FAILED
[INFO] [stdout] test cli::respects_args ... FAILED
[INFO] [stdout] test cli::respects_cache_scope ... FAILED
[INFO] [stdout] 
[INFO] [stdout] failures:
[INFO] [stdout] 
[INFO] [stdout] ---- cli::cache_refreshes_in_background stdout ----
[INFO] [stdout] 
[INFO] [stdout] thread 'cli::cache_refreshes_in_background' (978) panicked at tests/cli.rs:33:9:
[INFO] [stdout] Could not find bkt binary in "/opt/rustwide/target/release/build/bkt/9231b851504fb5a5"
[INFO] [stdout] stack backtrace:
[INFO] [stdout]    0:     0x5771e4d99d11 - <<std[617be2ca0a6fd877]::sys::backtrace::BacktraceLock>::print::DisplayBacktrace as core[a373ad73a504971]::fmt::Display>::fmt
[INFO] [stdout]    1:     0x5771e4daf53a - core[a373ad73a504971]::fmt::write
[INFO] [stdout]    2:     0x5771e4d9eb4c - <alloc[2e1b2a31b91974c5]::vec::Vec<u8> as core[a373ad73a504971]::io::write::Write>::write_fmt
[INFO] [stdout]    3:     0x5771e4d72ae6 - std[617be2ca0a6fd877]::panicking::default_hook::{closure#0}
[INFO] [stdout]    4:     0x5771e4d90f09 - std[617be2ca0a6fd877]::panicking::default_hook
[INFO] [stdout]    5:     0x5771e4d238a0 - test[aada8e7e76ba119b]::test_main_inner::{closure#0}
[INFO] [stdout]    6:     0x5771e4d910c2 - std[617be2ca0a6fd877]::panicking::panic_with_hook
[INFO] [stdout]    7:     0x5771e4d72b92 - std[617be2ca0a6fd877]::panicking::panic_handler::{closure#0}
[INFO] [stdout]    8:     0x5771e4d6ae09 - std[617be2ca0a6fd877]::sys::backtrace::__rust_end_short_backtrace::<std[617be2ca0a6fd877]::panicking::panic_handler::{closure#0}, !>
[INFO] [stdout]    9:     0x5771e4d7394d - __rustc[ea4f61d10b84890b]::rust_begin_unwind
[INFO] [stdout]   10:     0x5771e4dafc6c - core[a373ad73a504971]::panicking::panic_fmt
[INFO] [stdout]   11:     0x5771e4d06cc1 - cli[a2ca06c7ac970909]::cli::bkt::<std[617be2ca0a6fd877]::path::PathBuf>
[INFO] [stdout]   12:     0x5771e4d0f9f8 - <cli[a2ca06c7ac970909]::cli::cache_refreshes_in_background::{closure#0} as core[a373ad73a504971]::ops::function::FnOnce<()>>::call_once
[INFO] [stdout]   13:     0x5771e4d16ceb - test[aada8e7e76ba119b]::__rust_begin_short_backtrace::<core[a373ad73a504971]::result::Result<(), alloc[2e1b2a31b91974c5]::string::String>, fn() -> core[a373ad73a504971]::result::Result<(), alloc[2e1b2a31b91974c5]::string::String>>
[INFO] [stdout]   14:     0x5771e4d23ec5 - test[aada8e7e76ba119b]::run_test::{closure#0}
[INFO] [stdout]   15:     0x5771e4d1d7b4 - std[617be2ca0a6fd877]::sys::backtrace::__rust_begin_short_backtrace::<test[aada8e7e76ba119b]::run_test::{closure#1}, ()>
[INFO] [stdout]   16:     0x5771e4d26f52 - <std[617be2ca0a6fd877]::thread::lifecycle::spawn_unchecked<test[aada8e7e76ba119b]::run_test::{closure#1}, ()>::{closure#1} as core[a373ad73a504971]::ops::function::FnOnce<()>>::call_once::{shim:vtable#0}
[INFO] [stdout]   17:     0x5771e4d9920f - <std[617be2ca0a6fd877]::sys::thread::unix::Thread>::new::thread_start
[INFO] [stdout]   18:     0x7b072e84bdfa - <unknown>
[INFO] [stdout]   19:     0x7b072e8df3d4 - clone
[INFO] [stdout]   20:                0x0 - <unknown>
[INFO] [stdout] 
[INFO] [stdout] ---- cli::discard_failures stdout ----
[INFO] [stdout] 
[INFO] [stdout] thread 'cli::discard_failures' (982) panicked at tests/cli.rs:33:9:
[INFO] [stdout] Could not find bkt binary in "/opt/rustwide/target/release/build/bkt/9231b851504fb5a5"
[INFO] [stdout] stack backtrace:
[INFO] [stdout]    0:     0x5771e4d99d11 - <<std[617be2ca0a6fd877]::sys::backtrace::BacktraceLock>::print::DisplayBacktrace as core[a373ad73a504971]::fmt::Display>::fmt
[INFO] [stdout]    1:     0x5771e4daf53a - core[a373ad73a504971]::fmt::write
[INFO] [stdout]    2:     0x5771e4d9eb4c - <alloc[2e1b2a31b91974c5]::vec::Vec<u8> as core[a373ad73a504971]::io::write::Write>::write_fmt
[INFO] [stdout]    3:     0x5771e4d72ae6 - std[617be2ca0a6fd877]::panicking::default_hook::{closure#0}
[INFO] [stdout]    4:     0x5771e4d90f09 - std[617be2ca0a6fd877]::panicking::default_hook
[INFO] [stdout]    5:     0x5771e4d238a0 - test[aada8e7e76ba119b]::test_main_inner::{closure#0}
[INFO] [stdout]    6:     0x5771e4d910c2 - std[617be2ca0a6fd877]::panicking::panic_with_hook
[INFO] [stdout]    7:     0x5771e4d72b92 - std[617be2ca0a6fd877]::panicking::panic_handler::{closure#0}
[INFO] [stdout]    8:     0x5771e4d6ae09 - std[617be2ca0a6fd877]::sys::backtrace::__rust_end_short_backtrace::<std[617be2ca0a6fd877]::panicking::panic_handler::{closure#0}, !>
[INFO] [stdout]    9:     0x5771e4d7394d - __rustc[ea4f61d10b84890b]::rust_begin_unwind
[INFO] [stdout]   10:     0x5771e4dafc6c - core[a373ad73a504971]::panicking::panic_fmt
[INFO] [stdout]   11:     0x5771e4d06cc1 - cli[a2ca06c7ac970909]::cli::bkt::<std[617be2ca0a6fd877]::path::PathBuf>
[INFO] [stdout]   12:     0x5771e4d0a347 - <cli[a2ca06c7ac970909]::cli::discard_failures::{closure#0} as core[a373ad73a504971]::ops::function::FnOnce<()>>::call_once
[INFO] [stdout]   13:     0x5771e4d16ceb - test[aada8e7e76ba119b]::__rust_begin_short_backtrace::<core[a373ad73a504971]::result::Result<(), alloc[2e1b2a31b91974c5]::string::String>, fn() -> core[a373ad73a504971]::result::Result<(), alloc[2e1b2a31b91974c5]::string::String>>
[INFO] [stdout]   14:     0x5771e4d23ec5 - test[aada8e7e76ba119b]::run_test::{closure#0}
[INFO] [stdout]   15:     0x5771e4d1d7b4 - std[617be2ca0a6fd877]::sys::backtrace::__rust_begin_short_backtrace::<test[aada8e7e76ba119b]::run_test::{closure#1}, ()>
[INFO] [stdout]   16:     0x5771e4d26f52 - <std[617be2ca0a6fd877]::thread::lifecycle::spawn_unchecked<test[aada8e7e76ba119b]::run_test::{closure#1}, ()>::{closure#1} as core[a373ad73a504971]::ops::function::FnOnce<()>>::call_once::{shim:vtable#0}
[INFO] [stdout]   17:     0x5771e4d9920f - <std[617be2ca0a6fd877]::sys::thread::unix::Thread>::new::thread_start
[INFO] [stdout]   18:     0x7b072e84bdfa - <unknown>
[INFO] [stdout]   19:     0x7b072e8df3d4 - clone
[INFO] [stdout]   20:                0x0 - <unknown>
[INFO] [stdout] 
[INFO] [stdout] ---- cli::cached stdout ----
[INFO] [stdout] 
[INFO] [stdout] thread 'cli::cached' (979) panicked at tests/cli.rs:33:9:
[INFO] [stdout] Could not find bkt binary in "/opt/rustwide/target/release/build/bkt/9231b851504fb5a5"
[INFO] [stdout] stack backtrace:
[INFO] [stdout]    0:     0x5771e4d99d11 - <<std[617be2ca0a6fd877]::sys::backtrace::BacktraceLock>::print::DisplayBacktrace as core[a373ad73a504971]::fmt::Display>::fmt
[INFO] [stdout]    1:     0x5771e4daf53a - core[a373ad73a504971]::fmt::write
[INFO] [stdout]    2:     0x5771e4d9eb4c - <alloc[2e1b2a31b91974c5]::vec::Vec<u8> as core[a373ad73a504971]::io::write::Write>::write_fmt
[INFO] [stdout]    3:     0x5771e4d72ae6 - std[617be2ca0a6fd877]::panicking::default_hook::{closure#0}
[INFO] [stdout]    4:     0x5771e4d90f09 - std[617be2ca0a6fd877]::panicking::default_hook
[INFO] [stdout]    5:     0x5771e4d238a0 - test[aada8e7e76ba119b]::test_main_inner::{closure#0}
[INFO] [stdout]    6:     0x5771e4d910c2 - std[617be2ca0a6fd877]::panicking::panic_with_hook
[INFO] [stdout]    7:     0x5771e4d72b92 - std[617be2ca0a6fd877]::panicking::panic_handler::{closure#0}
[INFO] [stdout]    8:     0x5771e4d6ae09 - std[617be2ca0a6fd877]::sys::backtrace::__rust_end_short_backtrace::<std[617be2ca0a6fd877]::panicking::panic_handler::{closure#0}, !>
[INFO] [stdout]    9:     0x5771e4d7394d - __rustc[ea4f61d10b84890b]::rust_begin_unwind
[INFO] [stdout]   10:     0x5771e4dafc6c - core[a373ad73a504971]::panicking::panic_fmt
[INFO] [stdout]   11:     0x5771e4d06cc1 - cli[a2ca06c7ac970909]::cli::bkt::<std[617be2ca0a6fd877]::path::PathBuf>
[INFO] [stdout]   12:     0x5771e4d133e9 - <cli[a2ca06c7ac970909]::cli::cached::{closure#0} as core[a373ad73a504971]::ops::function::FnOnce<()>>::call_once
[INFO] [stdout]   13:     0x5771e4d16ceb - test[aada8e7e76ba119b]::__rust_begin_short_backtrace::<core[a373ad73a504971]::result::Result<(), alloc[2e1b2a31b91974c5]::string::String>, fn() -> core[a373ad73a504971]::result::Result<(), alloc[2e1b2a31b91974c5]::string::String>>
[INFO] [stdout]   14:     0x5771e4d23ec5 - test[aada8e7e76ba119b]::run_test::{closure#0}
[INFO] [stdout]   15:     0x5771e4d1d7b4 - std[617be2ca0a6fd877]::sys::backtrace::__rust_begin_short_backtrace::<test[aada8e7e76ba119b]::run_test::{closure#1}, ()>
[INFO] [stdout]   16:     0x5771e4d26f52 - <std[617be2ca0a6fd877]::thread::lifecycle::spawn_unchecked<test[aada8e7e76ba119b]::run_test::{closure#1}, ()>::{closure#1} as core[a373ad73a504971]::ops::function::FnOnce<()>>::call_once::{shim:vtable#0}
[INFO] [stdout]   17:     0x5771e4d9920f - <std[617be2ca0a6fd877]::sys::thread::unix::Thread>::new::thread_start
[INFO] [stdout]   18:     0x7b072e84bdfa - <unknown>
[INFO] [stdout]   19:     0x7b072e8df3d4 - clone
[INFO] [stdout]   20:                0x0 - <unknown>
[INFO] [stdout] 
[INFO] [stdout] ---- cli::discard_failure_cached_separately stdout ----
[INFO] [stdout] 
[INFO] [stdout] thread 'cli::discard_failure_cached_separately' (981) panicked at tests/cli.rs:33:9:
[INFO] [stdout] Could not find bkt binary in "/opt/rustwide/target/release/build/bkt/9231b851504fb5a5"
[INFO] [stdout] stack backtrace:
[INFO] [stdout]    0:     0x5771e4d99d11 - <<std[617be2ca0a6fd877]::sys::backtrace::BacktraceLock>::print::DisplayBacktrace as core[a373ad73a504971]::fmt::Display>::fmt
[INFO] [stdout]    1:     0x5771e4daf53a - core[a373ad73a504971]::fmt::write
[INFO] [stdout]    2:     0x5771e4d9eb4c - <alloc[2e1b2a31b91974c5]::vec::Vec<u8> as core[a373ad73a504971]::io::write::Write>::write_fmt
[INFO] [stdout]    3:     0x5771e4d72ae6 - std[617be2ca0a6fd877]::panicking::default_hook::{closure#0}
[INFO] [stdout]    4:     0x5771e4d90f09 - std[617be2ca0a6fd877]::panicking::default_hook
[INFO] [stdout]    5:     0x5771e4d238a0 - test[aada8e7e76ba119b]::test_main_inner::{closure#0}
[INFO] [stdout]    6:     0x5771e4d910c2 - std[617be2ca0a6fd877]::panicking::panic_with_hook
[INFO] [stdout]    7:     0x5771e4d72b92 - std[617be2ca0a6fd877]::panicking::panic_handler::{closure#0}
[INFO] [stdout]    8:     0x5771e4d6ae09 - std[617be2ca0a6fd877]::sys::backtrace::__rust_end_short_backtrace::<std[617be2ca0a6fd877]::panicking::panic_handler::{closure#0}, !>
[INFO] [stdout]    9:     0x5771e4d7394d - __rustc[ea4f61d10b84890b]::rust_begin_unwind
[INFO] [stdout]   10:     0x5771e4dafc6c - core[a373ad73a504971]::panicking::panic_fmt
[INFO] [stdout]   11:     0x5771e4d06cc1 - cli[a2ca06c7ac970909]::cli::bkt::<std[617be2ca0a6fd877]::path::PathBuf>
[INFO] [stdout]   12:     0x5771e4d10b92 - <cli[a2ca06c7ac970909]::cli::discard_failure_cached_separately::{closure#0} as core[a373ad73a504971]::ops::function::FnOnce<()>>::call_once
[INFO] [stdout]   13:     0x5771e4d16ceb - test[aada8e7e76ba119b]::__rust_begin_short_backtrace::<core[a373ad73a504971]::result::Result<(), alloc[2e1b2a31b91974c5]::string::String>, fn() -> core[a373ad73a504971]::result::Result<(), alloc[2e1b2a31b91974c5]::string::String>>
[INFO] [stdout]   14:     0x5771e4d23ec5 - test[aada8e7e76ba119b]::run_test::{closure#0}
[INFO] [stdout]   15:     0x5771e4d1d7b4 - std[617be2ca0a6fd877]::sys::backtrace::__rust_begin_short_backtrace::<test[aada8e7e76ba119b]::run_test::{closure#1}, ()>
[INFO] [stdout]   16:     0x5771e4d26f52 - <std[617be2ca0a6fd877]::thread::lifecycle::spawn_unchecked<test[aada8e7e76ba119b]::run_test::{closure#1}, ()>::{closure#1} as core[a373ad73a504971]::ops::function::FnOnce<()>>::call_once::{shim:vtable#0}
[INFO] [stdout]   17:     0x5771e4d9920f - <std[617be2ca0a6fd877]::sys::thread::unix::Thread>::new::thread_start
[INFO] [stdout]   18:     0x7b072e84bdfa - <unknown>
[INFO] [stdout]   19:     0x7b072e8df3d4 - clone
[INFO] [stdout]   20:                0x0 - <unknown>
[INFO] [stdout] 
[INFO] [stdout] ---- cli::cache_expires stdout ----
[INFO] [stdout] 
[INFO] [stdout] thread 'cli::cache_expires' (975) panicked at tests/cli.rs:33:9:
[INFO] [stdout] Could not find bkt binary in "/opt/rustwide/target/release/build/bkt/9231b851504fb5a5"
[INFO] [stdout] stack backtrace:
[INFO] [stdout]    0:     0x5771e4d99d11 - <<std[617be2ca0a6fd877]::sys::backtrace::BacktraceLock>::print::DisplayBacktrace as core[a373ad73a504971]::fmt::Display>::fmt
[INFO] [stdout]    1:     0x5771e4daf53a - core[a373ad73a504971]::fmt::write
[INFO] [stdout]    2:     0x5771e4d9eb4c - <alloc[2e1b2a31b91974c5]::vec::Vec<u8> as core[a373ad73a504971]::io::write::Write>::write_fmt
[INFO] [stdout]    3:     0x5771e4d72ae6 - std[617be2ca0a6fd877]::panicking::default_hook::{closure#0}
[INFO] [stdout]    4:     0x5771e4d90f09 - std[617be2ca0a6fd877]::panicking::default_hook
[INFO] [stdout]    5:     0x5771e4d238a0 - test[aada8e7e76ba119b]::test_main_inner::{closure#0}
[INFO] [stdout]    6:     0x5771e4d910c2 - std[617be2ca0a6fd877]::panicking::panic_with_hook
[INFO] [stdout]    7:     0x5771e4d72b92 - std[617be2ca0a6fd877]::panicking::panic_handler::{closure#0}
[INFO] [stdout]    8:     0x5771e4d6ae09 - std[617be2ca0a6fd877]::sys::backtrace::__rust_end_short_backtrace::<std[617be2ca0a6fd877]::panicking::panic_handler::{closure#0}, !>
[INFO] [stdout]    9:     0x5771e4d7394d - __rustc[ea4f61d10b84890b]::rust_begin_unwind
[INFO] [stdout]   10:     0x5771e4dafc6c - core[a373ad73a504971]::panicking::panic_fmt
[INFO] [stdout]   11:     0x5771e4d06cc1 - cli[a2ca06c7ac970909]::cli::bkt::<std[617be2ca0a6fd877]::path::PathBuf>
[INFO] [stdout]   12:     0x5771e4d08f9f - <cli[a2ca06c7ac970909]::cli::cache_expires::{closure#0} as core[a373ad73a504971]::ops::function::FnOnce<()>>::call_once
[INFO] [stdout]   13:     0x5771e4d16ceb - test[aada8e7e76ba119b]::__rust_begin_short_backtrace::<core[a373ad73a504971]::result::Result<(), alloc[2e1b2a31b91974c5]::string::String>, fn() -> core[a373ad73a504971]::result::Result<(), alloc[2e1b2a31b91974c5]::string::String>>
[INFO] [stdout]   14:     0x5771e4d23ec5 - test[aada8e7e76ba119b]::run_test::{closure#0}
[INFO] [stdout]   15:     0x5771e4d1d7b4 - std[617be2ca0a6fd877]::sys::backtrace::__rust_begin_short_backtrace::<test[aada8e7e76ba119b]::run_test::{closure#1}, ()>
[INFO] [stdout]   16:     0x5771e4d26f52 - <std[617be2ca0a6fd877]::thread::lifecycle::spawn_unchecked<test[aada8e7e76ba119b]::run_test::{closure#1}, ()>::{closure#1} as core[a373ad73a504971]::ops::function::FnOnce<()>>::call_once::{shim:vtable#0}
[INFO] [stdout]   17:     0x5771e4d9920f - <std[617be2ca0a6fd877]::sys::thread::unix::Thread>::new::thread_start
[INFO] [stdout]   18:     0x7b072e84bdfa - <unknown>
[INFO] [stdout]   19:     0x7b072e8df3d4 - clone
[INFO] [stdout]   20:                0x0 - <unknown>
[INFO] [stdout] 
[INFO] [stdout] ---- cli::cache_hits_with_different_settings stdout ----
[INFO] [stdout] 
[INFO] [stdout] thread 'cli::cache_hits_with_different_settings' (977) panicked at tests/cli.rs:33:9:
[INFO] [stdout] Could not find bkt binary in "/opt/rustwide/target/release/build/bkt/9231b851504fb5a5"
[INFO] [stdout] stack backtrace:
[INFO] [stdout]    0:     0x5771e4d99d11 - <<std[617be2ca0a6fd877]::sys::backtrace::BacktraceLock>::print::DisplayBacktrace as core[a373ad73a504971]::fmt::Display>::fmt
[INFO] [stdout]    1:     0x5771e4daf53a - core[a373ad73a504971]::fmt::write
[INFO] [stdout]    2:     0x5771e4d9eb4c - <alloc[2e1b2a31b91974c5]::vec::Vec<u8> as core[a373ad73a504971]::io::write::Write>::write_fmt
[INFO] [stdout]    3:     0x5771e4d72ae6 - std[617be2ca0a6fd877]::panicking::default_hook::{closure#0}
[INFO] [stdout]    4:     0x5771e4d90f09 - std[617be2ca0a6fd877]::panicking::default_hook
[INFO] [stdout]    5:     0x5771e4d238a0 - test[aada8e7e76ba119b]::test_main_inner::{closure#0}
[INFO] [stdout]    6:     0x5771e4d910c2 - std[617be2ca0a6fd877]::panicking::panic_with_hook
[INFO] [stdout]    7:     0x5771e4d72b92 - std[617be2ca0a6fd877]::panicking::panic_handler::{closure#0}
[INFO] [stdout]    8:     0x5771e4d6ae09 - std[617be2ca0a6fd877]::sys::backtrace::__rust_end_short_backtrace::<std[617be2ca0a6fd877]::panicking::panic_handler::{closure#0}, !>
[INFO] [stdout]    9:     0x5771e4d7394d - __rustc[ea4f61d10b84890b]::rust_begin_unwind
[INFO] [stdout]   10:     0x5771e4dafc6c - core[a373ad73a504971]::panicking::panic_fmt
[INFO] [stdout]   11:     0x5771e4d06cc1 - cli[a2ca06c7ac970909]::cli::bkt::<std[617be2ca0a6fd877]::path::PathBuf>
[INFO] [stdout]   12:     0x5771e4d1115c - <cli[a2ca06c7ac970909]::cli::cache_hits_with_different_settings::{closure#0} as core[a373ad73a504971]::ops::function::FnOnce<()>>::call_once
[INFO] [stdout]   13:     0x5771e4d16ceb - test[aada8e7e76ba119b]::__rust_begin_short_backtrace::<core[a373ad73a504971]::result::Result<(), alloc[2e1b2a31b91974c5]::string::String>, fn() -> core[a373ad73a504971]::result::Result<(), alloc[2e1b2a31b91974c5]::string::String>>
[INFO] [stdout]   14:     0x5771e4d23ec5 - test[aada8e7e76ba119b]::run_test::{closure#0}
[INFO] [stdout]   15:     0x5771e4d1d7b4 - std[617be2ca0a6fd877]::sys::backtrace::__rust_begin_short_backtrace::<test[aada8e7e76ba119b]::run_test::{closure#1}, ()>
[INFO] [stdout]   16:     0x5771e4d26f52 - <std[617be2ca0a6fd877]::thread::lifecycle::spawn_unchecked<test[aada8e7e76ba119b]::run_test::{closure#1}, ()>::{closure#1} as core[a373ad73a504971]::ops::function::FnOnce<()>>::call_once::{shim:vtable#0}
[INFO] [stdout]   17:     0x5771e4d9920f - <std[617be2ca0a6fd877]::sys::thread::unix::Thread>::new::thread_start
[INFO] [stdout]   18:     0x7b072e84bdfa - <unknown>
[INFO] [stdout]   19:     0x7b072e8df3d4 - clone
[INFO] [stdout]   20:                0x0 - <unknown>
[INFO] [stdout] 
[INFO] [stdout] ---- cli::cache_expires_separately stdout ----
[INFO] [stdout] 
[INFO] [stdout] thread 'cli::cache_expires_separately' (976) panicked at tests/cli.rs:33:9:
[INFO] [stdout] Could not find bkt binary in "/opt/rustwide/target/release/build/bkt/9231b851504fb5a5"
[INFO] [stdout] stack backtrace:
[INFO] [stdout]    0:     0x5771e4d99d11 - <<std[617be2ca0a6fd877]::sys::backtrace::BacktraceLock>::print::DisplayBacktrace as core[a373ad73a504971]::fmt::Display>::fmt
[INFO] [stdout]    1:     0x5771e4daf53a - core[a373ad73a504971]::fmt::write
[INFO] [stdout]    2:     0x5771e4d9eb4c - <alloc[2e1b2a31b91974c5]::vec::Vec<u8> as core[a373ad73a504971]::io::write::Write>::write_fmt
[INFO] [stdout]    3:     0x5771e4d72ae6 - std[617be2ca0a6fd877]::panicking::default_hook::{closure#0}
[INFO] [stdout]    4:     0x5771e4d90f09 - std[617be2ca0a6fd877]::panicking::default_hook
[INFO] [stdout]    5:     0x5771e4d238a0 - test[aada8e7e76ba119b]::test_main_inner::{closure#0}
[INFO] [stdout]    6:     0x5771e4d910c2 - std[617be2ca0a6fd877]::panicking::panic_with_hook
[INFO] [stdout]    7:     0x5771e4d72b92 - std[617be2ca0a6fd877]::panicking::panic_handler::{closure#0}
[INFO] [stdout]    8:     0x5771e4d6ae09 - std[617be2ca0a6fd877]::sys::backtrace::__rust_end_short_backtrace::<std[617be2ca0a6fd877]::panicking::panic_handler::{closure#0}, !>
[INFO] [stdout]    9:     0x5771e4d7394d - __rustc[ea4f61d10b84890b]::rust_begin_unwind
[INFO] [stdout]   10:     0x5771e4dafc6c - core[a373ad73a504971]::panicking::panic_fmt
[INFO] [stdout]   11:     0x5771e4d06cc1 - cli[a2ca06c7ac970909]::cli::bkt::<std[617be2ca0a6fd877]::path::PathBuf>
[INFO] [stdout]   12:     0x5771e4d0efcd - <cli[a2ca06c7ac970909]::cli::cache_expires_separately::{closure#0} as core[a373ad73a504971]::ops::function::FnOnce<()>>::call_once
[INFO] [stdout]   13:     0x5771e4d16ceb - test[aada8e7e76ba119b]::__rust_begin_short_backtrace::<core[a373ad73a504971]::result::Result<(), alloc[2e1b2a31b91974c5]::string::String>, fn() -> core[a373ad73a504971]::result::Result<(), alloc[2e1b2a31b91974c5]::string::String>>
[INFO] [stdout]   14:     0x5771e4d23ec5 - test[aada8e7e76ba119b]::run_test::{closure#0}
[INFO] [stdout]   15:     0x5771e4d1d7b4 - std[617be2ca0a6fd877]::sys::backtrace::__rust_begin_short_backtrace::<test[aada8e7e76ba119b]::run_test::{closure#1}, ()>
[INFO] [stdout]   16:     0x5771e4d26f52 - <std[617be2ca0a6fd877]::thread::lifecycle::spawn_unchecked<test[aada8e7e76ba119b]::run_test::{closure#1}, ()>::{closure#1} as core[a373ad73a504971]::ops::function::FnOnce<()>>::call_once::{shim:vtable#0}
[INFO] [stdout]   17:     0x5771e4d9920f - <std[617be2ca0a6fd877]::sys::thread::unix::Thread>::new::thread_start
[INFO] [stdout]   18:     0x7b072e84bdfa - <unknown>
[INFO] [stdout]   19:     0x7b072e8df3d4 - clone
[INFO] [stdout]   20:                0x0 - <unknown>
[INFO] [stdout] 
[INFO] [stdout] ---- cli::help stdout ----
[INFO] [stdout] 
[INFO] [stdout] thread 'cli::help' (986) panicked at tests/cli.rs:33:9:
[INFO] [stdout] Could not find bkt binary in "/opt/rustwide/target/release/build/bkt/9231b851504fb5a5"
[INFO] [stdout] stack backtrace:
[INFO] [stdout]    0:     0x5771e4d99d11 - <<std[617be2ca0a6fd877]::sys::backtrace::BacktraceLock>::print::DisplayBacktrace as core[a373ad73a504971]::fmt::Display>::fmt
[INFO] [stdout]    1:     0x5771e4daf53a - core[a373ad73a504971]::fmt::write
[INFO] [stdout]    2:     0x5771e4d9eb4c - <alloc[2e1b2a31b91974c5]::vec::Vec<u8> as core[a373ad73a504971]::io::write::Write>::write_fmt
[INFO] [stdout]    3:     0x5771e4d72ae6 - std[617be2ca0a6fd877]::panicking::default_hook::{closure#0}
[INFO] [stdout]    4:     0x5771e4d90f09 - std[617be2ca0a6fd877]::panicking::default_hook
[INFO] [stdout]    5:     0x5771e4d238a0 - test[aada8e7e76ba119b]::test_main_inner::{closure#0}
[INFO] [stdout]    6:     0x5771e4d910c2 - std[617be2ca0a6fd877]::panicking::panic_with_hook
[INFO] [stdout]    7:     0x5771e4d72b92 - std[617be2ca0a6fd877]::panicking::panic_handler::{closure#0}
[INFO] [stdout]    8:     0x5771e4d6ae09 - std[617be2ca0a6fd877]::sys::backtrace::__rust_end_short_backtrace::<std[617be2ca0a6fd877]::panicking::panic_handler::{closure#0}, !>
[INFO] [stdout]    9:     0x5771e4d7394d - __rustc[ea4f61d10b84890b]::rust_begin_unwind
[INFO] [stdout]   10:     0x5771e4dafc6c - core[a373ad73a504971]::panicking::panic_fmt
[INFO] [stdout]   11:     0x5771e4d06cc1 - cli[a2ca06c7ac970909]::cli::bkt::<std[617be2ca0a6fd877]::path::PathBuf>
[INFO] [stdout]   12:     0x5771e4d1196e - <cli[a2ca06c7ac970909]::cli::help::{closure#0} as core[a373ad73a504971]::ops::function::FnOnce<()>>::call_once
[INFO] [stdout]   13:     0x5771e4d16ceb - test[aada8e7e76ba119b]::__rust_begin_short_backtrace::<core[a373ad73a504971]::result::Result<(), alloc[2e1b2a31b91974c5]::string::String>, fn() -> core[a373ad73a504971]::result::Result<(), alloc[2e1b2a31b91974c5]::string::String>>
[INFO] [stdout]   14:     0x5771e4d23ec5 - test[aada8e7e76ba119b]::run_test::{closure#0}
[INFO] [stdout]   15:     0x5771e4d1d7b4 - std[617be2ca0a6fd877]::sys::backtrace::__rust_begin_short_backtrace::<test[aada8e7e76ba119b]::run_test::{closure#1}, ()>
[INFO] [stdout]   16:     0x5771e4d26f52 - <std[617be2ca0a6fd877]::thread::lifecycle::spawn_unchecked<test[aada8e7e76ba119b]::run_test::{closure#1}, ()>::{closure#1} as core[a373ad73a504971]::ops::function::FnOnce<()>>::call_once::{shim:vtable#0}
[INFO] [stdout]   17:     0x5771e4d9920f - <std[617be2ca0a6fd877]::sys::thread::unix::Thread>::new::thread_start
[INFO] [stdout]   18:     0x7b072e84bdfa - <unknown>
[INFO] [stdout]   19:     0x7b072e8df3d4 - clone
[INFO] [stdout]   20:                0x0 - <unknown>
[INFO] [stdout] 
[INFO] [stdout] ---- cli::discard_failures_in_background stdout ----
[INFO] [stdout] 
[INFO] [stdout] thread 'cli::discard_failures_in_background' (983) panicked at tests/cli.rs:33:9:
[INFO] [stdout] Could not find bkt binary in "/opt/rustwide/target/release/build/bkt/9231b851504fb5a5"
[INFO] [stdout] stack backtrace:
[INFO] [stdout]    0:     0x5771e4d99d11 - <<std[617be2ca0a6fd877]::sys::backtrace::BacktraceLock>::print::DisplayBacktrace as core[a373ad73a504971]::fmt::Display>::fmt
[INFO] [stdout]    1:     0x5771e4daf53a - core[a373ad73a504971]::fmt::write
[INFO] [stdout]    2:     0x5771e4d9eb4c - <alloc[2e1b2a31b91974c5]::vec::Vec<u8> as core[a373ad73a504971]::io::write::Write>::write_fmt
[INFO] [stdout]    3:     0x5771e4d72ae6 - std[617be2ca0a6fd877]::panicking::default_hook::{closure#0}
[INFO] [stdout]    4:     0x5771e4d90f09 - std[617be2ca0a6fd877]::panicking::default_hook
[INFO] [stdout]    5:     0x5771e4d238a0 - test[aada8e7e76ba119b]::test_main_inner::{closure#0}
[INFO] [stdout]    6:     0x5771e4d910c2 - std[617be2ca0a6fd877]::panicking::panic_with_hook
[INFO] [stdout]    7:     0x5771e4d72b92 - std[617be2ca0a6fd877]::panicking::panic_handler::{closure#0}
[INFO] [stdout]    8:     0x5771e4d6ae09 - std[617be2ca0a6fd877]::sys::backtrace::__rust_end_short_backtrace::<std[617be2ca0a6fd877]::panicking::panic_handler::{closure#0}, !>
[INFO] [stdout]    9:     0x5771e4d7394d - __rustc[ea4f61d10b84890b]::rust_begin_unwind
[INFO] [stdout]   10:     0x5771e4dafc6c - core[a373ad73a504971]::panicking::panic_fmt
[INFO] [stdout]   11:     0x5771e4d06cc1 - cli[a2ca06c7ac970909]::cli::bkt::<std[617be2ca0a6fd877]::path::PathBuf>
[INFO] [stdout]   12:     0x5771e4d10223 - <cli[a2ca06c7ac970909]::cli::discard_failures_in_background::{closure#0} as core[a373ad73a504971]::ops::function::FnOnce<()>>::call_once
[INFO] [stdout]   13:     0x5771e4d16ceb - test[aada8e7e76ba119b]::__rust_begin_short_backtrace::<core[a373ad73a504971]::result::Result<(), alloc[2e1b2a31b91974c5]::string::String>, fn() -> core[a373ad73a504971]::result::Result<(), alloc[2e1b2a31b91974c5]::string::String>>
[INFO] [stdout]   14:     0x5771e4d23ec5 - test[aada8e7e76ba119b]::run_test::{closure#0}
[INFO] [stdout]   15:     0x5771e4d1d7b4 - std[617be2ca0a6fd877]::sys::backtrace::__rust_begin_short_backtrace::<test[aada8e7e76ba119b]::run_test::{closure#1}, ()>
[INFO] [stdout]   16:     0x5771e4d26f52 - <std[617be2ca0a6fd877]::thread::lifecycle::spawn_unchecked<test[aada8e7e76ba119b]::run_test::{closure#1}, ()>::{closure#1} as core[a373ad73a504971]::ops::function::FnOnce<()>>::call_once::{shim:vtable#0}
[INFO] [stdout]   17:     0x5771e4d9920f - <std[617be2ca0a6fd877]::sys::thread::unix::Thread>::new::thread_start
[INFO] [stdout]   18:     0x7b072e84bdfa - <unknown>
[INFO] [stdout]   19:     0x7b072e8df3d4 - clone
[INFO] [stdout]   20:                0x0 - <unknown>
[INFO] [stdout] 
[INFO] [stdout] ---- cli::force stdout ----
[INFO] [stdout] 
[INFO] [stdout] thread 'cli::force' (985) panicked at tests/cli.rs:33:9:
[INFO] [stdout] Could not find bkt binary in "/opt/rustwide/target/release/build/bkt/9231b851504fb5a5"
[INFO] [stdout] stack backtrace:
[INFO] [stdout]    0:     0x5771e4d99d11 - <<std[617be2ca0a6fd877]::sys::backtrace::BacktraceLock>::print::DisplayBacktrace as core[a373ad73a504971]::fmt::Display>::fmt
[INFO] [stdout]    1:     0x5771e4daf53a - core[a373ad73a504971]::fmt::write
[INFO] [stdout]    2:     0x5771e4d9eb4c - <alloc[2e1b2a31b91974c5]::vec::Vec<u8> as core[a373ad73a504971]::io::write::Write>::write_fmt
[INFO] [stdout]    3:     0x5771e4d72ae6 - std[617be2ca0a6fd877]::panicking::default_hook::{closure#0}
[INFO] [stdout]    4:     0x5771e4d90f09 - std[617be2ca0a6fd877]::panicking::default_hook
[INFO] [stdout]    5:     0x5771e4d238a0 - test[aada8e7e76ba119b]::test_main_inner::{closure#0}
[INFO] [stdout]    6:     0x5771e4d910c2 - std[617be2ca0a6fd877]::panicking::panic_with_hook
[INFO] [stdout]    7:     0x5771e4d72b92 - std[617be2ca0a6fd877]::panicking::panic_handler::{closure#0}
[INFO] [stdout]    8:     0x5771e4d6ae09 - std[617be2ca0a6fd877]::sys::backtrace::__rust_end_short_backtrace::<std[617be2ca0a6fd877]::panicking::panic_handler::{closure#0}, !>
[INFO] [stdout]    9:     0x5771e4d7394d - __rustc[ea4f61d10b84890b]::rust_begin_unwind
[INFO] [stdout]   10:     0x5771e4dafc6c - core[a373ad73a504971]::panicking::panic_fmt
[INFO] [stdout]   11:     0x5771e4d06cc1 - cli[a2ca06c7ac970909]::cli::bkt::<std[617be2ca0a6fd877]::path::PathBuf>
[INFO] [stdout]   12:     0x5771e4d12bc8 - <cli[a2ca06c7ac970909]::cli::force::{closure#0} as core[a373ad73a504971]::ops::function::FnOnce<()>>::call_once
[INFO] [stdout]   13:     0x5771e4d16ceb - test[aada8e7e76ba119b]::__rust_begin_short_backtrace::<core[a373ad73a504971]::result::Result<(), alloc[2e1b2a31b91974c5]::string::String>, fn() -> core[a373ad73a504971]::result::Result<(), alloc[2e1b2a31b91974c5]::string::String>>
[INFO] [stdout]   14:     0x5771e4d23ec5 - test[aada8e7e76ba119b]::run_test::{closure#0}
[INFO] [stdout]   15:     0x5771e4d1d7b4 - std[617be2ca0a6fd877]::sys::backtrace::__rust_begin_short_backtrace::<test[aada8e7e76ba119b]::run_test::{closure#1}, ()>
[INFO] [stdout]   16:     0x5771e4d26f52 - <std[617be2ca0a6fd877]::thread::lifecycle::spawn_unchecked<test[aada8e7e76ba119b]::run_test::{closure#1}, ()>::{closure#1} as core[a373ad73a504971]::ops::function::FnOnce<()>>::call_once::{shim:vtable#0}
[INFO] [stdout]   17:     0x5771e4d9920f - <std[617be2ca0a6fd877]::sys::thread::unix::Thread>::new::thread_start
[INFO] [stdout]   18:     0x7b072e84bdfa - <unknown>
[INFO] [stdout]   19:     0x7b072e8df3d4 - clone
[INFO] [stdout]   20:                0x0 - <unknown>
[INFO] [stdout] 
[INFO] [stdout] ---- cli::respects_relative_cache stdout ----
[INFO] [stdout] 
[INFO] [stdout] thread 'cli::respects_relative_cache' (996) panicked at tests/cli.rs:33:9:
[INFO] [stdout] Could not find bkt binary in "/opt/rustwide/target/release/build/bkt/9231b851504fb5a5"
[INFO] [stdout] stack backtrace:
[INFO] [stdout]    0:     0x5771e4d99d11 - <<std[617be2ca0a6fd877]::sys::backtrace::BacktraceLock>::print::DisplayBacktrace as core[a373ad73a504971]::fmt::Display>::fmt
[INFO] [stdout]    1:     0x5771e4daf53a - core[a373ad73a504971]::fmt::write
[INFO] [stdout]    2:     0x5771e4d9eb4c - <alloc[2e1b2a31b91974c5]::vec::Vec<u8> as core[a373ad73a504971]::io::write::Write>::write_fmt
[INFO] [stdout]    3:     0x5771e4d72ae6 - std[617be2ca0a6fd877]::panicking::default_hook::{closure#0}
[INFO] [stdout]    4:     0x5771e4d90f09 - std[617be2ca0a6fd877]::panicking::default_hook
[INFO] [stdout]    5:     0x5771e4d238a0 - test[aada8e7e76ba119b]::test_main_inner::{closure#0}
[INFO] [stdout]    6:     0x5771e4d910c2 - std[617be2ca0a6fd877]::panicking::panic_with_hook
[INFO] [stdout]    7:     0x5771e4d72b92 - std[617be2ca0a6fd877]::panicking::panic_handler::{closure#0}
[INFO] [stdout]    8:     0x5771e4d6ae09 - std[617be2ca0a6fd877]::sys::backtrace::__rust_end_short_backtrace::<std[617be2ca0a6fd877]::panicking::panic_handler::{closure#0}, !>
[INFO] [stdout]    9:     0x5771e4d7394d - __rustc[ea4f61d10b84890b]::rust_begin_unwind
[INFO] [stdout]   10:     0x5771e4dafc6c - core[a373ad73a504971]::panicking::panic_fmt
[INFO] [stdout]   11:     0x5771e4d06cc1 - cli[a2ca06c7ac970909]::cli::bkt::<std[617be2ca0a6fd877]::path::PathBuf>
[INFO] [stdout]   12:     0x5771e4d0eb18 - <cli[a2ca06c7ac970909]::cli::respects_relative_cache::{closure#0} as core[a373ad73a504971]::ops::function::FnOnce<()>>::call_once
[INFO] [stdout]   13:     0x5771e4d16ceb - test[aada8e7e76ba119b]::__rust_begin_short_backtrace::<core[a373ad73a504971]::result::Result<(), alloc[2e1b2a31b91974c5]::string::String>, fn() -> core[a373ad73a504971]::result::Result<(), alloc[2e1b2a31b91974c5]::string::String>>
[INFO] [stdout]   14:     0x5771e4d23ec5 - test[aada8e7e76ba119b]::run_test::{closure#0}
[INFO] [stdout]   15:     0x5771e4d1d7b4 - std[617be2ca0a6fd877]::sys::backtrace::__rust_begin_short_backtrace::<test[aada8e7e76ba119b]::run_test::{closure#1}, ()>
[INFO] [stdout]   16:     0x5771e4d26f52 - <std[617be2ca0a6fd877]::thread::lifecycle::spawn_unchecked<test[aada8e7e76ba119b]::run_test::{closure#1}, ()>::{closure#1} as core[a373ad73a504971]::ops::function::FnOnce<()>>::call_once::{shim:vtable#0}
[INFO] [stdout]   17:     0x5771e4d9920f - <std[617be2ca0a6fd877]::sys::thread::unix::Thread>::new::thread_start
[INFO] [stdout]   18:     0x7b072e84bdfa - <unknown>
[INFO] [stdout]   19:     0x7b072e8df3d4 - clone
[INFO] [stdout]   20:                0x0 - <unknown>
[INFO] [stdout] 
[INFO] [stdout] ---- cli::exit_code_preserved stdout ----
[INFO] [stdout] 
[INFO] [stdout] thread 'cli::exit_code_preserved' (984) panicked at tests/cli.rs:33:9:
[INFO] [stdout] Could not find bkt binary in "/opt/rustwide/target/release/build/bkt/9231b851504fb5a5"
[INFO] [stdout] stack backtrace:
[INFO] [stdout]    0:     0x5771e4d99d11 - <<std[617be2ca0a6fd877]::sys::backtrace::BacktraceLock>::print::DisplayBacktrace as core[a373ad73a504971]::fmt::Display>::fmt
[INFO] [stdout]    1:     0x5771e4daf53a - core[a373ad73a504971]::fmt::write
[INFO] [stdout]    2:     0x5771e4d9eb4c - <alloc[2e1b2a31b91974c5]::vec::Vec<u8> as core[a373ad73a504971]::io::write::Write>::write_fmt
[INFO] [stdout]    3:     0x5771e4d72ae6 - std[617be2ca0a6fd877]::panicking::default_hook::{closure#0}
[INFO] [stdout]    4:     0x5771e4d90f09 - std[617be2ca0a6fd877]::panicking::default_hook
[INFO] [stdout]    5:     0x5771e4d238a0 - test[aada8e7e76ba119b]::test_main_inner::{closure#0}
[INFO] [stdout]    6:     0x5771e4d910c2 - std[617be2ca0a6fd877]::panicking::panic_with_hook
[INFO] [stdout]    7:     0x5771e4d72b92 - std[617be2ca0a6fd877]::panicking::panic_handler::{closure#0}
[INFO] [stdout]    8:     0x5771e4d6ae09 - std[617be2ca0a6fd877]::sys::backtrace::__rust_end_short_backtrace::<std[617be2ca0a6fd877]::panicking::panic_handler::{closure#0}, !>
[INFO] [stdout]    9:     0x5771e4d7394d - __rustc[ea4f61d10b84890b]::rust_begin_unwind
[INFO] [stdout]   10:     0x5771e4dafc6c - core[a373ad73a504971]::panicking::panic_fmt
[INFO] [stdout]   11:     0x5771e4d06cc1 - cli[a2ca06c7ac970909]::cli::bkt::<std[617be2ca0a6fd877]::path::PathBuf>
[INFO] [stdout]   12:     0x5771e4d0ca27 - <cli[a2ca06c7ac970909]::cli::exit_code_preserved::{closure#0} as core[a373ad73a504971]::ops::function::FnOnce<()>>::call_once
[INFO] [stdout]   13:     0x5771e4d16ceb - test[aada8e7e76ba119b]::__rust_begin_short_backtrace::<core[a373ad73a504971]::result::Result<(), alloc[2e1b2a31b91974c5]::string::String>, fn() -> core[a373ad73a504971]::result::Result<(), alloc[2e1b2a31b91974c5]::string::String>>
[INFO] [stdout]   14:     0x5771e4d23ec5 - test[aada8e7e76ba119b]::run_test::{closure#0}
[INFO] [stdout]   15:     0x5771e4d1d7b4 - std[617be2ca0a6fd877]::sys::backtrace::__rust_begin_short_backtrace::<test[aada8e7e76ba119b]::run_test::{closure#1}, ()>
[INFO] [stdout]   16:     0x5771e4d26f52 - <std[617be2ca0a6fd877]::thread::lifecycle::spawn_unchecked<test[aada8e7e76ba119b]::run_test::{closure#1}, ()>::{closure#1} as core[a373ad73a504971]::ops::function::FnOnce<()>>::call_once::{shim:vtable#0}
[INFO] [stdout]   17:     0x5771e4d9920f - <std[617be2ca0a6fd877]::sys::thread::unix::Thread>::new::thread_start
[INFO] [stdout]   18:     0x7b072e84bdfa - <unknown>
[INFO] [stdout]   19:     0x7b072e8df3d4 - clone
[INFO] [stdout]   20:                0x0 - <unknown>
[INFO] [stdout] 
[INFO] [stdout] ---- cli::sensitive_output stdout ----
[INFO] [stdout] 
[INFO] [stdout] thread 'cli::sensitive_output' (997) panicked at tests/cli.rs:33:9:
[INFO] [stdout] Could not find bkt binary in "/opt/rustwide/target/release/build/bkt/9231b851504fb5a5"
[INFO] [stdout] stack backtrace:
[INFO] [stdout]    0:     0x5771e4d99d11 - <<std[617be2ca0a6fd877]::sys::backtrace::BacktraceLock>::print::DisplayBacktrace as core[a373ad73a504971]::fmt::Display>::fmt
[INFO] [stdout]    1:     0x5771e4daf53a - core[a373ad73a504971]::fmt::write
[INFO] [stdout]    2:     0x5771e4d9eb4c - <alloc[2e1b2a31b91974c5]::vec::Vec<u8> as core[a373ad73a504971]::io::write::Write>::write_fmt
[INFO] [stdout]    3:     0x5771e4d72ae6 - std[617be2ca0a6fd877]::panicking::default_hook::{closure#0}
[INFO] [stdout]    4:     0x5771e4d90f09 - std[617be2ca0a6fd877]::panicking::default_hook
[INFO] [stdout]    5:     0x5771e4d238a0 - test[aada8e7e76ba119b]::test_main_inner::{closure#0}
[INFO] [stdout]    6:     0x5771e4d910c2 - std[617be2ca0a6fd877]::panicking::panic_with_hook
[INFO] [stdout]    7:     0x5771e4d72b92 - std[617be2ca0a6fd877]::panicking::panic_handler::{closure#0}
[INFO] [stdout]    8:     0x5771e4d6ae09 - std[617be2ca0a6fd877]::sys::backtrace::__rust_end_short_backtrace::<std[617be2ca0a6fd877]::panicking::panic_handler::{closure#0}, !>
[INFO] [stdout]    9:     0x5771e4d7394d - __rustc[ea4f61d10b84890b]::rust_begin_unwind
[INFO] [stdout]   10:     0x5771e4dafc6c - core[a373ad73a504971]::panicking::panic_fmt
[INFO] [stdout]   11:     0x5771e4d06cc1 - cli[a2ca06c7ac970909]::cli::bkt::<std[617be2ca0a6fd877]::path::PathBuf>
[INFO] [stdout]   12:     0x5771e4d0b591 - <cli[a2ca06c7ac970909]::cli::sensitive_output::{closure#0} as core[a373ad73a504971]::ops::function::FnOnce<()>>::call_once
[INFO] [stdout]   13:     0x5771e4d16ceb - test[aada8e7e76ba119b]::__rust_begin_short_backtrace::<core[a373ad73a504971]::result::Result<(), alloc[2e1b2a31b91974c5]::string::String>, fn() -> core[a373ad73a504971]::result::Result<(), alloc[2e1b2a31b91974c5]::string::String>>
[INFO] [stdout]   14:     0x5771e4d23ec5 - test[aada8e7e76ba119b]::run_test::{closure#0}
[INFO] [stdout]   15:     0x5771e4d1d7b4 - std[617be2ca0a6fd877]::sys::backtrace::__rust_begin_short_backtrace::<test[aada8e7e76ba119b]::run_test::{closure#1}, ()>
[INFO] [stdout]   16:     0x5771e4d26f52 - <std[617be2ca0a6fd877]::thread::lifecycle::spawn_unchecked<test[aada8e7e76ba119b]::run_test::{closure#1}, ()>::{closure#1} as core[a373ad73a504971]::ops::function::FnOnce<()>>::call_once::{shim:vtable#0}
[INFO] [stdout]   17:     0x5771e4d9920f - <std[617be2ca0a6fd877]::sys::thread::unix::Thread>::new::thread_start
[INFO] [stdout]   18:     0x7b072e84bdfa - <unknown>
[INFO] [stdout]   19:     0x7b072e8df3d4 - clone
[INFO] [stdout]   20:                0x0 - <unknown>
[INFO] [stdout] 
[INFO] [stdout] ---- cli::streaming stdout ----
[INFO] [stdout] 
[INFO] [stdout] thread 'cli::streaming' (998) panicked at tests/cli.rs:33:9:
[INFO] [stdout] Could not find bkt binary in "/opt/rustwide/target/release/build/bkt/9231b851504fb5a5"
[INFO] [stdout] stack backtrace:
[INFO] [stdout]    0:     0x5771e4d99d11 - <<std[617be2ca0a6fd877]::sys::backtrace::BacktraceLock>::print::DisplayBacktrace as core[a373ad73a504971]::fmt::Display>::fmt
[INFO] [stdout]    1:     0x5771e4daf53a - core[a373ad73a504971]::fmt::write
[INFO] [stdout]    2:     0x5771e4d9eb4c - <alloc[2e1b2a31b91974c5]::vec::Vec<u8> as core[a373ad73a504971]::io::write::Write>::write_fmt
[INFO] [stdout]    3:     0x5771e4d72ae6 - std[617be2ca0a6fd877]::panicking::default_hook::{closure#0}
[INFO] [stdout]    4:     0x5771e4d90f09 - std[617be2ca0a6fd877]::panicking::default_hook
[INFO] [stdout]    5:     0x5771e4d238a0 - test[aada8e7e76ba119b]::test_main_inner::{closure#0}
[INFO] [stdout]    6:     0x5771e4d910c2 - std[617be2ca0a6fd877]::panicking::panic_with_hook
[INFO] [stdout]    7:     0x5771e4d72b92 - std[617be2ca0a6fd877]::panicking::panic_handler::{closure#0}
[INFO] [stdout]    8:     0x5771e4d6ae09 - std[617be2ca0a6fd877]::sys::backtrace::__rust_end_short_backtrace::<std[617be2ca0a6fd877]::panicking::panic_handler::{closure#0}, !>
[INFO] [stdout]    9:     0x5771e4d7394d - __rustc[ea4f61d10b84890b]::rust_begin_unwind
[INFO] [stderr] error: test failed, to rerun pass `--test cli`
[INFO] [stdout]   10:     0x5771e4dafc6c - core[a373ad73a504971]::panicking::panic_fmt
[INFO] [stdout]   11:     0x5771e4d06cc1 - cli[a2ca06c7ac970909]::cli::bkt::<std[617be2ca0a6fd877]::path::PathBuf>
[INFO] [stdout]   12:     0x5771e4d13bbb - <cli[a2ca06c7ac970909]::cli::streaming::{closure#0} as core[a373ad73a504971]::ops::function::FnOnce<()>>::call_once
[INFO] [stdout]   13:     0x5771e4d16ceb - test[aada8e7e76ba119b]::__rust_begin_short_backtrace::<core[a373ad73a504971]::result::Result<(), alloc[2e1b2a31b91974c5]::string::String>, fn() -> core[a373ad73a504971]::result::Result<(), alloc[2e1b2a31b91974c5]::string::String>>
[INFO] [stdout]   14:     0x5771e4d23ec5 - test[aada8e7e76ba119b]::run_test::{closure#0}
[INFO] [stdout]   15:     0x5771e4d1d7b4 - std[617be2ca0a6fd877]::sys::backtrace::__rust_begin_short_backtrace::<test[aada8e7e76ba119b]::run_test::{closure#1}, ()>
[INFO] [stdout]   16:     0x5771e4d26f52 - <std[617be2ca0a6fd877]::thread::lifecycle::spawn_unchecked<test[aada8e7e76ba119b]::run_test::{closure#1}, ()>::{closure#1} as core[a373ad73a504971]::ops::function::FnOnce<()>>::call_once::{shim:vtable#0}
[INFO] [stdout]   17:     0x5771e4d9920f - <std[617be2ca0a6fd877]::sys::thread::unix::Thread>::new::thread_start
[INFO] [stdout]   18:     0x7b072e84bdfa - <unknown>
[INFO] [stdout]   19:     0x7b072e8df3d4 - clone
[INFO] [stdout]   20:                0x0 - <unknown>
[INFO] [stdout] 
[INFO] [stdout] ---- cli::respects_modtime stdout ----
[INFO] [stdout] 
[INFO] [stdout] thread 'cli::respects_modtime' (995) panicked at tests/cli.rs:33:9:
[INFO] [stdout] Could not find bkt binary in "/opt/rustwide/target/release/build/bkt/9231b851504fb5a5"
[INFO] [stdout] stack backtrace:
[INFO] [stdout]    0:     0x5771e4d99d11 - <<std[617be2ca0a6fd877]::sys::backtrace::BacktraceLock>::print::DisplayBacktrace as core[a373ad73a504971]::fmt::Display>::fmt
[INFO] [stdout]    1:     0x5771e4daf53a - core[a373ad73a504971]::fmt::write
[INFO] [stdout]    2:     0x5771e4d9eb4c - <alloc[2e1b2a31b91974c5]::vec::Vec<u8> as core[a373ad73a504971]::io::write::Write>::write_fmt
[INFO] [stdout]    3:     0x5771e4d72ae6 - std[617be2ca0a6fd877]::panicking::default_hook::{closure#0}
[INFO] [stdout]    4:     0x5771e4d90f09 - std[617be2ca0a6fd877]::panicking::default_hook
[INFO] [stdout]    5:     0x5771e4d238a0 - test[aada8e7e76ba119b]::test_main_inner::{closure#0}
[INFO] [stdout]    6:     0x5771e4d910c2 - std[617be2ca0a6fd877]::panicking::panic_with_hook
[INFO] [stdout]    7:     0x5771e4d72b92 - std[617be2ca0a6fd877]::panicking::panic_handler::{closure#0}
[INFO] [stdout]    8:     0x5771e4d6ae09 - std[617be2ca0a6fd877]::sys::backtrace::__rust_end_short_backtrace::<std[617be2ca0a6fd877]::panicking::panic_handler::{closure#0}, !>
[INFO] [stdout]    9:     0x5771e4d7394d - __rustc[ea4f61d10b84890b]::rust_begin_unwind
[INFO] [stdout]   10:     0x5771e4dafc6c - core[a373ad73a504971]::panicking::panic_fmt
[INFO] [stdout]   11:     0x5771e4d06cc1 - cli[a2ca06c7ac970909]::cli::bkt::<std[617be2ca0a6fd877]::path::PathBuf>
[INFO] [stdout]   12:     0x5771e4d0aa63 - <cli[a2ca06c7ac970909]::cli::respects_modtime::{closure#0} as core[a373ad73a504971]::ops::function::FnOnce<()>>::call_once
[INFO] [stdout]   13:     0x5771e4d16ceb - test[aada8e7e76ba119b]::__rust_begin_short_backtrace::<core[a373ad73a504971]::result::Result<(), alloc[2e1b2a31b91974c5]::string::String>, fn() -> core[a373ad73a504971]::result::Result<(), alloc[2e1b2a31b91974c5]::string::String>>
[INFO] [stdout]   14:     0x5771e4d23ec5 - test[aada8e7e76ba119b]::run_test::{closure#0}
[INFO] [stdout]   15:     0x5771e4d1d7b4 - std[617be2ca0a6fd877]::sys::backtrace::__rust_begin_short_backtrace::<test[aada8e7e76ba119b]::run_test::{closure#1}, ()>
[INFO] [stdout]   16:     0x5771e4d26f52 - <std[617be2ca0a6fd877]::thread::lifecycle::spawn_unchecked<test[aada8e7e76ba119b]::run_test::{closure#1}, ()>::{closure#1} as core[a373ad73a504971]::ops::function::FnOnce<()>>::call_once::{shim:vtable#0}
[INFO] [stdout]   17:     0x5771e4d9920f - <std[617be2ca0a6fd877]::sys::thread::unix::Thread>::new::thread_start
[INFO] [stdout]   18:     0x7b072e84bdfa - <unknown>
[INFO] [stdout]   19:     0x7b072e8df3d4 - clone
[INFO] [stdout]   20:                0x0 - <unknown>
[INFO] [stdout] 
[INFO] [stdout] ---- cli::respects_env stdout ----
[INFO] [stdout] 
[INFO] [stdout] thread 'cli::respects_env' (994) panicked at tests/cli.rs:33:9:
[INFO] [stdout] Could not find bkt binary in "/opt/rustwide/target/release/build/bkt/9231b851504fb5a5"
[INFO] [stdout] stack backtrace:
[INFO] [stdout]    0:     0x5771e4d99d11 - <<std[617be2ca0a6fd877]::sys::backtrace::BacktraceLock>::print::DisplayBacktrace as core[a373ad73a504971]::fmt::Display>::fmt
[INFO] [stdout]    1:     0x5771e4daf53a - core[a373ad73a504971]::fmt::write
[INFO] [stdout]    2:     0x5771e4d9eb4c - <alloc[2e1b2a31b91974c5]::vec::Vec<u8> as core[a373ad73a504971]::io::write::Write>::write_fmt
[INFO] [stdout]    3:     0x5771e4d72ae6 - std[617be2ca0a6fd877]::panicking::default_hook::{closure#0}
[INFO] [stdout]    4:     0x5771e4d90f09 - std[617be2ca0a6fd877]::panicking::default_hook
[INFO] [stdout]    5:     0x5771e4d238a0 - test[aada8e7e76ba119b]::test_main_inner::{closure#0}
[INFO] [stdout]    6:     0x5771e4d910c2 - std[617be2ca0a6fd877]::panicking::panic_with_hook
[INFO] [stdout]    7:     0x5771e4d72b92 - std[617be2ca0a6fd877]::panicking::panic_handler::{closure#0}
[INFO] [stdout]    8:     0x5771e4d6ae09 - std[617be2ca0a6fd877]::sys::backtrace::__rust_end_short_backtrace::<std[617be2ca0a6fd877]::panicking::panic_handler::{closure#0}, !>
[INFO] [stdout]    9:     0x5771e4d7394d - __rustc[ea4f61d10b84890b]::rust_begin_unwind
[INFO] [stdout]   10:     0x5771e4dafc6c - core[a373ad73a504971]::panicking::panic_fmt
[INFO] [stdout]   11:     0x5771e4d06cc1 - cli[a2ca06c7ac970909]::cli::bkt::<std[617be2ca0a6fd877]::path::PathBuf>
[INFO] [stdout]   12:     0x5771e4d083b8 - <cli[a2ca06c7ac970909]::cli::respects_env::{closure#0} as core[a373ad73a504971]::ops::function::FnOnce<()>>::call_once
[INFO] [stdout]   13:     0x5771e4d16ceb - test[aada8e7e76ba119b]::__rust_begin_short_backtrace::<core[a373ad73a504971]::result::Result<(), alloc[2e1b2a31b91974c5]::string::String>, fn() -> core[a373ad73a504971]::result::Result<(), alloc[2e1b2a31b91974c5]::string::String>>
[INFO] [stdout]   14:     0x5771e4d23ec5 - test[aada8e7e76ba119b]::run_test::{closure#0}
[INFO] [stdout]   15:     0x5771e4d1d7b4 - std[617be2ca0a6fd877]::sys::backtrace::__rust_begin_short_backtrace::<test[aada8e7e76ba119b]::run_test::{closure#1}, ()>
[INFO] [stdout]   16:     0x5771e4d26f52 - <std[617be2ca0a6fd877]::thread::lifecycle::spawn_unchecked<test[aada8e7e76ba119b]::run_test::{closure#1}, ()>::{closure#1} as core[a373ad73a504971]::ops::function::FnOnce<()>>::call_once::{shim:vtable#0}
[INFO] [stdout]   17:     0x5771e4d9920f - <std[617be2ca0a6fd877]::sys::thread::unix::Thread>::new::thread_start
[INFO] [stdout]   18:     0x7b072e84bdfa - <unknown>
[INFO] [stdout]   19:     0x7b072e8df3d4 - clone
[INFO] [stdout]   20:                0x0 - <unknown>
[INFO] [stdout] 
[INFO] [stdout] ---- cli::truncated_output stdout ----
[INFO] [stdout] 
[INFO] [stdout] thread 'cli::truncated_output' (999) panicked at tests/cli.rs:33:9:
[INFO] [stdout] Could not find bkt binary in "/opt/rustwide/target/release/build/bkt/9231b851504fb5a5"
[INFO] [stdout] stack backtrace:
[INFO] [stdout]    0:     0x5771e4d99d11 - <<std[617be2ca0a6fd877]::sys::backtrace::BacktraceLock>::print::DisplayBacktrace as core[a373ad73a504971]::fmt::Display>::fmt
[INFO] [stdout]    1:     0x5771e4daf53a - core[a373ad73a504971]::fmt::write
[INFO] [stdout]    2:     0x5771e4d9eb4c - <alloc[2e1b2a31b91974c5]::vec::Vec<u8> as core[a373ad73a504971]::io::write::Write>::write_fmt
[INFO] [stdout]    3:     0x5771e4d72ae6 - std[617be2ca0a6fd877]::panicking::default_hook::{closure#0}
[INFO] [stdout]    4:     0x5771e4d90f09 - std[617be2ca0a6fd877]::panicking::default_hook
[INFO] [stdout]    5:     0x5771e4d238a0 - test[aada8e7e76ba119b]::test_main_inner::{closure#0}
[INFO] [stdout]    6:     0x5771e4d910c2 - std[617be2ca0a6fd877]::panicking::panic_with_hook
[INFO] [stdout]    7:     0x5771e4d72b92 - std[617be2ca0a6fd877]::panicking::panic_handler::{closure#0}
[INFO] [stdout]    8:     0x5771e4d6ae09 - std[617be2ca0a6fd877]::sys::backtrace::__rust_end_short_backtrace::<std[617be2ca0a6fd877]::panicking::panic_handler::{closure#0}, !>
[INFO] [stdout]    9:     0x5771e4d7394d - __rustc[ea4f61d10b84890b]::rust_begin_unwind
[INFO] [stdout]   10:     0x5771e4dafc6c - core[a373ad73a504971]::panicking::panic_fmt
[INFO] [stdout]   11:     0x5771e4d06cc1 - cli[a2ca06c7ac970909]::cli::bkt::<std[617be2ca0a6fd877]::path::PathBuf>
[INFO] [stdout]   12:     0x5771e4d0bbe0 - <cli[a2ca06c7ac970909]::cli::truncated_output::{closure#0} as core[a373ad73a504971]::ops::function::FnOnce<()>>::call_once
[INFO] [stdout]   13:     0x5771e4d16ceb - test[aada8e7e76ba119b]::__rust_begin_short_backtrace::<core[a373ad73a504971]::result::Result<(), alloc[2e1b2a31b91974c5]::string::String>, fn() -> core[a373ad73a504971]::result::Result<(), alloc[2e1b2a31b91974c5]::string::String>>
[INFO] [stdout]   14:     0x5771e4d23ec5 - test[aada8e7e76ba119b]::run_test::{closure#0}
[INFO] [stdout]   15:     0x5771e4d1d7b4 - std[617be2ca0a6fd877]::sys::backtrace::__rust_begin_short_backtrace::<test[aada8e7e76ba119b]::run_test::{closure#1}, ()>
[INFO] [stdout]   16:     0x5771e4d26f52 - <std[617be2ca0a6fd877]::thread::lifecycle::spawn_unchecked<test[aada8e7e76ba119b]::run_test::{closure#1}, ()>::{closure#1} as core[a373ad73a504971]::ops::function::FnOnce<()>>::call_once::{shim:vtable#0}
[INFO] [stdout]   17:     0x5771e4d9920f - <std[617be2ca0a6fd877]::sys::thread::unix::Thread>::new::thread_start
[INFO] [stdout]   18:     0x7b072e84bdfa - <unknown>
[INFO] [stdout]   19:     0x7b072e8df3d4 - clone
[INFO] [stdout]   20:                0x0 - <unknown>
[INFO] [stdout] 
[INFO] [stdout] ---- cli::respects_cwd stdout ----
[INFO] [stdout] 
[INFO] [stdout] thread 'cli::respects_cwd' (993) panicked at tests/cli.rs:33:9:
[INFO] [stdout] Could not find bkt binary in "/opt/rustwide/target/release/build/bkt/9231b851504fb5a5"
[INFO] [stdout] stack backtrace:
[INFO] [stdout]    0:     0x5771e4d99d11 - <<std[617be2ca0a6fd877]::sys::backtrace::BacktraceLock>::print::DisplayBacktrace as core[a373ad73a504971]::fmt::Display>::fmt
[INFO] [stdout]    1:     0x5771e4daf53a - core[a373ad73a504971]::fmt::write
[INFO] [stdout]    2:     0x5771e4d9eb4c - <alloc[2e1b2a31b91974c5]::vec::Vec<u8> as core[a373ad73a504971]::io::write::Write>::write_fmt
[INFO] [stdout]    3:     0x5771e4d72ae6 - std[617be2ca0a6fd877]::panicking::default_hook::{closure#0}
[INFO] [stdout]    4:     0x5771e4d90f09 - std[617be2ca0a6fd877]::panicking::default_hook
[INFO] [stdout]    5:     0x5771e4d238a0 - test[aada8e7e76ba119b]::test_main_inner::{closure#0}
[INFO] [stdout]    6:     0x5771e4d910c2 - std[617be2ca0a6fd877]::panicking::panic_with_hook
[INFO] [stdout]    7:     0x5771e4d72b92 - std[617be2ca0a6fd877]::panicking::panic_handler::{closure#0}
[INFO] [stdout]    8:     0x5771e4d6ae09 - std[617be2ca0a6fd877]::sys::backtrace::__rust_end_short_backtrace::<std[617be2ca0a6fd877]::panicking::panic_handler::{closure#0}, !>
[INFO] [stdout]    9:     0x5771e4d7394d - __rustc[ea4f61d10b84890b]::rust_begin_unwind
[INFO] [stdout]   10:     0x5771e4dafc6c - core[a373ad73a504971]::panicking::panic_fmt
[INFO] [stdout]   11:     0x5771e4d06cc1 - cli[a2ca06c7ac970909]::cli::bkt::<std[617be2ca0a6fd877]::path::PathBuf>
[INFO] [stdout]   12:     0x5771e4d07b65 - <cli[a2ca06c7ac970909]::cli::respects_cwd::{closure#0} as core[a373ad73a504971]::ops::function::FnOnce<()>>::call_once
[INFO] [stdout]   13:     0x5771e4d16ceb - test[aada8e7e76ba119b]::__rust_begin_short_backtrace::<core[a373ad73a504971]::result::Result<(), alloc[2e1b2a31b91974c5]::string::String>, fn() -> core[a373ad73a504971]::result::Result<(), alloc[2e1b2a31b91974c5]::string::String>>
[INFO] [stdout]   14:     0x5771e4d23ec5 - test[aada8e7e76ba119b]::run_test::{closure#0}
[INFO] [stdout]   15:     0x5771e4d1d7b4 - std[617be2ca0a6fd877]::sys::backtrace::__rust_begin_short_backtrace::<test[aada8e7e76ba119b]::run_test::{closure#1}, ()>
[INFO] [stdout]   16:     0x5771e4d26f52 - <std[617be2ca0a6fd877]::thread::lifecycle::spawn_unchecked<test[aada8e7e76ba119b]::run_test::{closure#1}, ()>::{closure#1} as core[a373ad73a504971]::ops::function::FnOnce<()>>::call_once::{shim:vtable#0}
[INFO] [stdout]   17:     0x5771e4d9920f - <std[617be2ca0a6fd877]::sys::thread::unix::Thread>::new::thread_start
[INFO] [stdout]   18:     0x7b072e84bdfa - <unknown>
[INFO] [stdout]   19:     0x7b072e8df3d4 - clone
[INFO] [stdout]   20:                0x0 - <unknown>
[INFO] [stdout] 
[INFO] [stdout] ---- cli::output_preserved stdout ----
[INFO] [stdout] 
[INFO] [stdout] thread 'cli::output_preserved' (989) panicked at tests/cli.rs:33:9:
[INFO] [stdout] Could not find bkt binary in "/opt/rustwide/target/release/build/bkt/9231b851504fb5a5"
[INFO] [stdout] stack backtrace:
[INFO] [stdout]    0:     0x5771e4d99d11 - <<std[617be2ca0a6fd877]::sys::backtrace::BacktraceLock>::print::DisplayBacktrace as core[a373ad73a504971]::fmt::Display>::fmt
[INFO] [stdout]    1:     0x5771e4daf53a - core[a373ad73a504971]::fmt::write
[INFO] [stdout]    2:     0x5771e4d9eb4c - <alloc[2e1b2a31b91974c5]::vec::Vec<u8> as core[a373ad73a504971]::io::write::Write>::write_fmt
[INFO] [stdout]    3:     0x5771e4d72ae6 - std[617be2ca0a6fd877]::panicking::default_hook::{closure#0}
[INFO] [stdout]    4:     0x5771e4d90f09 - std[617be2ca0a6fd877]::panicking::default_hook
[INFO] [stdout]    5:     0x5771e4d238a0 - test[aada8e7e76ba119b]::test_main_inner::{closure#0}
[INFO] [stdout]    6:     0x5771e4d910c2 - std[617be2ca0a6fd877]::panicking::panic_with_hook
[INFO] [stdout]    7:     0x5771e4d72b92 - std[617be2ca0a6fd877]::panicking::panic_handler::{closure#0}
[INFO] [stdout]    8:     0x5771e4d6ae09 - std[617be2ca0a6fd877]::sys::backtrace::__rust_end_short_backtrace::<std[617be2ca0a6fd877]::panicking::panic_handler::{closure#0}, !>
[INFO] [stdout]    9:     0x5771e4d7394d - __rustc[ea4f61d10b84890b]::rust_begin_unwind
[INFO] [stdout]   10:     0x5771e4dafc6c - core[a373ad73a504971]::panicking::panic_fmt
[INFO] [stdout]   11:     0x5771e4d06cc1 - cli[a2ca06c7ac970909]::cli::bkt::<std[617be2ca0a6fd877]::path::PathBuf>
[INFO] [stdout]   12:     0x5771e4d070bc - cli[a2ca06c7ac970909]::cli::output_preserved::same_output
[INFO] [stdout]   13:     0x5771e4d0a8d5 - <cli[a2ca06c7ac970909]::cli::output_preserved::{closure#0} as core[a373ad73a504971]::ops::function::FnOnce<()>>::call_once
[INFO] [stdout]   14:     0x5771e4d16ceb - test[aada8e7e76ba119b]::__rust_begin_short_backtrace::<core[a373ad73a504971]::result::Result<(), alloc[2e1b2a31b91974c5]::string::String>, fn() -> core[a373ad73a504971]::result::Result<(), alloc[2e1b2a31b91974c5]::string::String>>
[INFO] [stdout]   15:     0x5771e4d23ec5 - test[aada8e7e76ba119b]::run_test::{closure#0}
[INFO] [stdout]   16:     0x5771e4d1d7b4 - std[617be2ca0a6fd877]::sys::backtrace::__rust_begin_short_backtrace::<test[aada8e7e76ba119b]::run_test::{closure#1}, ()>
[INFO] [stdout]   17:     0x5771e4d26f52 - <std[617be2ca0a6fd877]::thread::lifecycle::spawn_unchecked<test[aada8e7e76ba119b]::run_test::{closure#1}, ()>::{closure#1} as core[a373ad73a504971]::ops::function::FnOnce<()>>::call_once::{shim:vtable#0}
[INFO] [stdout]   18:     0x5771e4d9920f - <std[617be2ca0a6fd877]::sys::thread::unix::Thread>::new::thread_start
[INFO] [stdout]   19:     0x7b072e84bdfa - <unknown>
[INFO] [stdout]   20:     0x7b072e8df3d4 - clone
[INFO] [stdout]   21:                0x0 - <unknown>
[INFO] [stdout] 
[INFO] [stdout] ---- cli::respects_cache_dir stdout ----
[INFO] [stdout] 
[INFO] [stdout] thread 'cli::respects_cache_dir' (991) panicked at tests/cli.rs:33:9:
[INFO] [stdout] Could not find bkt binary in "/opt/rustwide/target/release/build/bkt/9231b851504fb5a5"
[INFO] [stdout] stack backtrace:
[INFO] [stdout]    0:     0x5771e4d99d11 - <<std[617be2ca0a6fd877]::sys::backtrace::BacktraceLock>::print::DisplayBacktrace as core[a373ad73a504971]::fmt::Display>::fmt
[INFO] [stdout]    1:     0x5771e4daf53a - core[a373ad73a504971]::fmt::write
[INFO] [stdout]    2:     0x5771e4d9eb4c - <alloc[2e1b2a31b91974c5]::vec::Vec<u8> as core[a373ad73a504971]::io::write::Write>::write_fmt
[INFO] [stdout]    3:     0x5771e4d72ae6 - std[617be2ca0a6fd877]::panicking::default_hook::{closure#0}
[INFO] [stdout]    4:     0x5771e4d90f09 - std[617be2ca0a6fd877]::panicking::default_hook
[INFO] [stdout]    5:     0x5771e4d238a0 - test[aada8e7e76ba119b]::test_main_inner::{closure#0}
[INFO] [stdout]    6:     0x5771e4d910c2 - std[617be2ca0a6fd877]::panicking::panic_with_hook
[INFO] [stdout]    7:     0x5771e4d72b92 - std[617be2ca0a6fd877]::panicking::panic_handler::{closure#0}
[INFO] [stdout]    8:     0x5771e4d6ae09 - std[617be2ca0a6fd877]::sys::backtrace::__rust_end_short_backtrace::<std[617be2ca0a6fd877]::panicking::panic_handler::{closure#0}, !>
[INFO] [stdout]    9:     0x5771e4d7394d - __rustc[ea4f61d10b84890b]::rust_begin_unwind
[INFO] [stdout]   10:     0x5771e4dafc6c - core[a373ad73a504971]::panicking::panic_fmt
[INFO] [stdout]   11:     0x5771e4d06cc1 - cli[a2ca06c7ac970909]::cli::bkt::<std[617be2ca0a6fd877]::path::PathBuf>
[INFO] [stdout]   12:     0x5771e4d0c0d0 - <cli[a2ca06c7ac970909]::cli::respects_cache_dir::{closure#0} as core[a373ad73a504971]::ops::function::FnOnce<()>>::call_once
[INFO] [stdout]   13:     0x5771e4d16ceb - test[aada8e7e76ba119b]::__rust_begin_short_backtrace::<core[a373ad73a504971]::result::Result<(), alloc[2e1b2a31b91974c5]::string::String>, fn() -> core[a373ad73a504971]::result::Result<(), alloc[2e1b2a31b91974c5]::string::String>>
[INFO] [stdout]   14:     0x5771e4d23ec5 - test[aada8e7e76ba119b]::run_test::{closure#0}
[INFO] [stdout]   15:     0x5771e4d1d7b4 - std[617be2ca0a6fd877]::sys::backtrace::__rust_begin_short_backtrace::<test[aada8e7e76ba119b]::run_test::{closure#1}, ()>
[INFO] [stdout]   16:     0x5771e4d26f52 - <std[617be2ca0a6fd877]::thread::lifecycle::spawn_unchecked<test[aada8e7e76ba119b]::run_test::{closure#1}, ()>::{closure#1} as core[a373ad73a504971]::ops::function::FnOnce<()>>::call_once::{shim:vtable#0}
[INFO] [stdout]   17:     0x5771e4d9920f - <std[617be2ca0a6fd877]::sys::thread::unix::Thread>::new::thread_start
[INFO] [stdout]   18:     0x7b072e84bdfa - <unknown>
[INFO] [stdout]   19:     0x7b072e8df3d4 - clone
[INFO] [stdout]   20:                0x0 - <unknown>
[INFO] [stdout] 
[INFO] [stdout] ---- cli::concurrent_call_race stdout ----
[INFO] [stdout] ["--", "bash", "-c", "sleep \"0.5$RANDOM\"; file=${1:?} lines=0; \\\n                                       printf '%s' '.' >> \"$file\"; \\\n                                       read < \"$file\"; \\\n                                       printf '%s' \"${#REPLY}\";", "arg0", "/tmp/uPWCxVU9/file"]
[INFO] [stdout] 
[INFO] [stdout] thread 'cli::concurrent_call_race' (980) panicked at tests/cli.rs:33:9:
[INFO] [stdout] Could not find bkt binary in "/opt/rustwide/target/release/build/bkt/9231b851504fb5a5"
[INFO] [stdout] stack backtrace:
[INFO] [stdout]    0:     0x5771e4d99d11 - <<std[617be2ca0a6fd877]::sys::backtrace::BacktraceLock>::print::DisplayBacktrace as core[a373ad73a504971]::fmt::Display>::fmt
[INFO] [stdout]    1:     0x5771e4daf53a - core[a373ad73a504971]::fmt::write
[INFO] [stdout]    2:     0x5771e4d9eb4c - <alloc[2e1b2a31b91974c5]::vec::Vec<u8> as core[a373ad73a504971]::io::write::Write>::write_fmt
[INFO] [stdout]    3:     0x5771e4d72ae6 - std[617be2ca0a6fd877]::panicking::default_hook::{closure#0}
[INFO] [stdout]    4:     0x5771e4d90f09 - std[617be2ca0a6fd877]::panicking::default_hook
[INFO] [stdout]    5:     0x5771e4d238a0 - test[aada8e7e76ba119b]::test_main_inner::{closure#0}
[INFO] [stdout]    6:     0x5771e4d910c2 - std[617be2ca0a6fd877]::panicking::panic_with_hook
[INFO] [stdout]    7:     0x5771e4d72b92 - std[617be2ca0a6fd877]::panicking::panic_handler::{closure#0}
[INFO] [stdout]    8:     0x5771e4d6ae09 - std[617be2ca0a6fd877]::sys::backtrace::__rust_end_short_backtrace::<std[617be2ca0a6fd877]::panicking::panic_handler::{closure#0}, !>
[INFO] [stdout]    9:     0x5771e4d7394d - __rustc[ea4f61d10b84890b]::rust_begin_unwind
[INFO] [stdout]   10:     0x5771e4dafc6c - core[a373ad73a504971]::panicking::panic_fmt
[INFO] [stdout]   11:     0x5771e4d06cc1 - cli[a2ca06c7ac970909]::cli::bkt::<std[617be2ca0a6fd877]::path::PathBuf>
[INFO] [stdout]   12:     0x5771e4d0cff0 - <cli[a2ca06c7ac970909]::cli::concurrent_call_race::{closure#0} as core[a373ad73a504971]::ops::function::FnOnce<()>>::call_once
[INFO] [stdout]   13:     0x5771e4d16ceb - test[aada8e7e76ba119b]::__rust_begin_short_backtrace::<core[a373ad73a504971]::result::Result<(), alloc[2e1b2a31b91974c5]::string::String>, fn() -> core[a373ad73a504971]::result::Result<(), alloc[2e1b2a31b91974c5]::string::String>>
[INFO] [stdout]   14:     0x5771e4d23ec5 - test[aada8e7e76ba119b]::run_test::{closure#0}
[INFO] [stdout]   15:     0x5771e4d1d7b4 - std[617be2ca0a6fd877]::sys::backtrace::__rust_begin_short_backtrace::<test[aada8e7e76ba119b]::run_test::{closure#1}, ()>
[INFO] [stdout]   16:     0x5771e4d26f52 - <std[617be2ca0a6fd877]::thread::lifecycle::spawn_unchecked<test[aada8e7e76ba119b]::run_test::{closure#1}, ()>::{closure#1} as core[a373ad73a504971]::ops::function::FnOnce<()>>::call_once::{shim:vtable#0}
[INFO] [stdout]   17:     0x5771e4d9920f - <std[617be2ca0a6fd877]::sys::thread::unix::Thread>::new::thread_start
[INFO] [stdout]   18:     0x7b072e84bdfa - <unknown>
[INFO] [stdout]   19:     0x7b072e8df3d4 - clone
[INFO] [stdout]   20:                0x0 - <unknown>
[INFO] [stdout] 
[INFO] [stdout] ---- cli::warm stdout ----
[INFO] [stdout] 
[INFO] [stdout] thread 'cli::warm' (1000) panicked at tests/cli.rs:33:9:
[INFO] [stdout] Could not find bkt binary in "/opt/rustwide/target/release/build/bkt/9231b851504fb5a5"
[INFO] [stdout] stack backtrace:
[INFO] [stdout]    0:     0x5771e4d99d11 - <<std[617be2ca0a6fd877]::sys::backtrace::BacktraceLock>::print::DisplayBacktrace as core[a373ad73a504971]::fmt::Display>::fmt
[INFO] [stdout]    1:     0x5771e4daf53a - core[a373ad73a504971]::fmt::write
[INFO] [stdout]    2:     0x5771e4d9eb4c - <alloc[2e1b2a31b91974c5]::vec::Vec<u8> as core[a373ad73a504971]::io::write::Write>::write_fmt
[INFO] [stdout]    3:     0x5771e4d72ae6 - std[617be2ca0a6fd877]::panicking::default_hook::{closure#0}
[INFO] [stdout]    4:     0x5771e4d90f09 - std[617be2ca0a6fd877]::panicking::default_hook
[INFO] [stdout]    5:     0x5771e4d238a0 - test[aada8e7e76ba119b]::test_main_inner::{closure#0}
[INFO] [stdout]    6:     0x5771e4d910c2 - std[617be2ca0a6fd877]::panicking::panic_with_hook
[INFO] [stdout]    7:     0x5771e4d72b92 - std[617be2ca0a6fd877]::panicking::panic_handler::{closure#0}
[INFO] [stdout]    8:     0x5771e4d6ae09 - std[617be2ca0a6fd877]::sys::backtrace::__rust_end_short_backtrace::<std[617be2ca0a6fd877]::panicking::panic_handler::{closure#0}, !>
[INFO] [stdout]    9:     0x5771e4d7394d - __rustc[ea4f61d10b84890b]::rust_begin_unwind
[INFO] [stdout]   10:     0x5771e4dafc6c - core[a373ad73a504971]::panicking::panic_fmt
[INFO] [stdout]   11:     0x5771e4d06cc1 - cli[a2ca06c7ac970909]::cli::bkt::<std[617be2ca0a6fd877]::path::PathBuf>
[INFO] [stdout]   12:     0x5771e4d120ae - <cli[a2ca06c7ac970909]::cli::warm::{closure#0} as core[a373ad73a504971]::ops::function::FnOnce<()>>::call_once
[INFO] [stdout]   13:     0x5771e4d16ceb - test[aada8e7e76ba119b]::__rust_begin_short_backtrace::<core[a373ad73a504971]::result::Result<(), alloc[2e1b2a31b91974c5]::string::String>, fn() -> core[a373ad73a504971]::result::Result<(), alloc[2e1b2a31b91974c5]::string::String>>
[INFO] [stdout]   14:     0x5771e4d23ec5 - test[aada8e7e76ba119b]::run_test::{closure#0}
[INFO] [stdout]   15:     0x5771e4d1d7b4 - std[617be2ca0a6fd877]::sys::backtrace::__rust_begin_short_backtrace::<test[aada8e7e76ba119b]::run_test::{closure#1}, ()>
[INFO] [stdout]   16:     0x5771e4d26f52 - <std[617be2ca0a6fd877]::thread::lifecycle::spawn_unchecked<test[aada8e7e76ba119b]::run_test::{closure#1}, ()>::{closure#1} as core[a373ad73a504971]::ops::function::FnOnce<()>>::call_once::{shim:vtable#0}
[INFO] [stdout]   17:     0x5771e4d9920f - <std[617be2ca0a6fd877]::sys::thread::unix::Thread>::new::thread_start
[INFO] [stdout]   18:     0x7b072e84bdfa - <unknown>
[INFO] [stdout]   19:     0x7b072e8df3d4 - clone
[INFO] [stdout]   20:                0x0 - <unknown>
[INFO] [stdout] 
[INFO] [stdout] ---- cli::large_output stdout ----
[INFO] [stdout] 
[INFO] [stdout] thread 'cli::large_output' (987) panicked at tests/cli.rs:33:9:
[INFO] [stdout] Could not find bkt binary in "/opt/rustwide/target/release/build/bkt/9231b851504fb5a5"
[INFO] [stdout] stack backtrace:
[INFO] [stdout]    0:     0x5771e4d99d11 - <<std[617be2ca0a6fd877]::sys::backtrace::BacktraceLock>::print::DisplayBacktrace as core[a373ad73a504971]::fmt::Display>::fmt
[INFO] [stdout]    1:     0x5771e4daf53a - core[a373ad73a504971]::fmt::write
[INFO] [stdout]    2:     0x5771e4d9eb4c - <alloc[2e1b2a31b91974c5]::vec::Vec<u8> as core[a373ad73a504971]::io::write::Write>::write_fmt
[INFO] [stdout]    3:     0x5771e4d72ae6 - std[617be2ca0a6fd877]::panicking::default_hook::{closure#0}
[INFO] [stdout]    4:     0x5771e4d90f09 - std[617be2ca0a6fd877]::panicking::default_hook
[INFO] [stdout]    5:     0x5771e4d238a0 - test[aada8e7e76ba119b]::test_main_inner::{closure#0}
[INFO] [stdout]    6:     0x5771e4d910c2 - std[617be2ca0a6fd877]::panicking::panic_with_hook
[INFO] [stdout]    7:     0x5771e4d72b92 - std[617be2ca0a6fd877]::panicking::panic_handler::{closure#0}
[INFO] [stdout]    8:     0x5771e4d6ae09 - std[617be2ca0a6fd877]::sys::backtrace::__rust_end_short_backtrace::<std[617be2ca0a6fd877]::panicking::panic_handler::{closure#0}, !>
[INFO] [stdout]    9:     0x5771e4d7394d - __rustc[ea4f61d10b84890b]::rust_begin_unwind
[INFO] [stdout]   10:     0x5771e4dafc6c - core[a373ad73a504971]::panicking::panic_fmt
[INFO] [stdout]   11:     0x5771e4d06cc1 - cli[a2ca06c7ac970909]::cli::bkt::<std[617be2ca0a6fd877]::path::PathBuf>
[INFO] [stdout]   12:     0x5771e4d077b1 - <cli[a2ca06c7ac970909]::cli::large_output::{closure#0} as core[a373ad73a504971]::ops::function::FnOnce<()>>::call_once
[INFO] [stdout]   13:     0x5771e4d16ceb - test[aada8e7e76ba119b]::__rust_begin_short_backtrace::<core[a373ad73a504971]::result::Result<(), alloc[2e1b2a31b91974c5]::string::String>, fn() -> core[a373ad73a504971]::result::Result<(), alloc[2e1b2a31b91974c5]::string::String>>
[INFO] [stdout]   14:     0x5771e4d23ec5 - test[aada8e7e76ba119b]::run_test::{closure#0}
[INFO] [stdout]   15:     0x5771e4d1d7b4 - std[617be2ca0a6fd877]::sys::backtrace::__rust_begin_short_backtrace::<test[aada8e7e76ba119b]::run_test::{closure#1}, ()>
[INFO] [stdout]   16:     0x5771e4d26f52 - <std[617be2ca0a6fd877]::thread::lifecycle::spawn_unchecked<test[aada8e7e76ba119b]::run_test::{closure#1}, ()>::{closure#1} as core[a373ad73a504971]::ops::function::FnOnce<()>>::call_once::{shim:vtable#0}
[INFO] [stdout]   17:     0x5771e4d9920f - <std[617be2ca0a6fd877]::sys::thread::unix::Thread>::new::thread_start
[INFO] [stdout]   18:     0x7b072e84bdfa - <unknown>
[INFO] [stdout]   19:     0x7b072e8df3d4 - clone
[INFO] [stdout]   20:                0x0 - <unknown>
[INFO] [stdout] 
[INFO] [stdout] ---- cli::no_debug_output stdout ----
[INFO] [stdout] 
[INFO] [stdout] thread 'cli::no_debug_output' (988) panicked at tests/cli.rs:33:9:
[INFO] [stdout] Could not find bkt binary in "/opt/rustwide/target/release/build/bkt/9231b851504fb5a5"
[INFO] [stdout] stack backtrace:
[INFO] [stdout]    0:     0x5771e4d99d11 - <<std[617be2ca0a6fd877]::sys::backtrace::BacktraceLock>::print::DisplayBacktrace as core[a373ad73a504971]::fmt::Display>::fmt
[INFO] [stdout]    1:     0x5771e4daf53a - core[a373ad73a504971]::fmt::write
[INFO] [stdout]    2:     0x5771e4d9eb4c - <alloc[2e1b2a31b91974c5]::vec::Vec<u8> as core[a373ad73a504971]::io::write::Write>::write_fmt
[INFO] [stdout]    3:     0x5771e4d72ae6 - std[617be2ca0a6fd877]::panicking::default_hook::{closure#0}
[INFO] [stdout]    4:     0x5771e4d90f09 - std[617be2ca0a6fd877]::panicking::default_hook
[INFO] [stdout]    5:     0x5771e4d238a0 - test[aada8e7e76ba119b]::test_main_inner::{closure#0}
[INFO] [stdout]    6:     0x5771e4d910c2 - std[617be2ca0a6fd877]::panicking::panic_with_hook
[INFO] [stdout]    7:     0x5771e4d72b92 - std[617be2ca0a6fd877]::panicking::panic_handler::{closure#0}
[INFO] [stdout]    8:     0x5771e4d6ae09 - std[617be2ca0a6fd877]::sys::backtrace::__rust_end_short_backtrace::<std[617be2ca0a6fd877]::panicking::panic_handler::{closure#0}, !>
[INFO] [stdout]    9:     0x5771e4d7394d - __rustc[ea4f61d10b84890b]::rust_begin_unwind
[INFO] [stdout]   10:     0x5771e4dafc6c - core[a373ad73a504971]::panicking::panic_fmt
[INFO] [stdout]   11:     0x5771e4d06cc1 - cli[a2ca06c7ac970909]::cli::bkt::<std[617be2ca0a6fd877]::path::PathBuf>
[INFO] [stdout]   12:     0x5771e4d09de6 - <cli[a2ca06c7ac970909]::cli::no_debug_output::{closure#0} as core[a373ad73a504971]::ops::function::FnOnce<()>>::call_once
[INFO] [stdout]   13:     0x5771e4d16ceb - test[aada8e7e76ba119b]::__rust_begin_short_backtrace::<core[a373ad73a504971]::result::Result<(), alloc[2e1b2a31b91974c5]::string::String>, fn() -> core[a373ad73a504971]::result::Result<(), alloc[2e1b2a31b91974c5]::string::String>>
[INFO] [stdout]   14:     0x5771e4d23ec5 - test[aada8e7e76ba119b]::run_test::{closure#0}
[INFO] [stdout]   15:     0x5771e4d1d7b4 - std[617be2ca0a6fd877]::sys::backtrace::__rust_begin_short_backtrace::<test[aada8e7e76ba119b]::run_test::{closure#1}, ()>
[INFO] [stdout]   16:     0x5771e4d26f52 - <std[617be2ca0a6fd877]::thread::lifecycle::spawn_unchecked<test[aada8e7e76ba119b]::run_test::{closure#1}, ()>::{closure#1} as core[a373ad73a504971]::ops::function::FnOnce<()>>::call_once::{shim:vtable#0}
[INFO] [stdout]   17:     0x5771e4d9920f - <std[617be2ca0a6fd877]::sys::thread::unix::Thread>::new::thread_start
[INFO] [stdout]   18:     0x7b072e84bdfa - <unknown>
[INFO] [stdout]   19:     0x7b072e8df3d4 - clone
[INFO] [stdout]   20:                0x0 - <unknown>
[INFO] [stdout] 
[INFO] [stdout] ---- cli::respects_args stdout ----
[INFO] [stdout] 
[INFO] [stdout] thread 'cli::respects_args' (990) panicked at tests/cli.rs:33:9:
[INFO] [stdout] Could not find bkt binary in "/opt/rustwide/target/release/build/bkt/9231b851504fb5a5"
[INFO] [stdout] stack backtrace:
[INFO] [stdout]    0:     0x5771e4d99d11 - <<std[617be2ca0a6fd877]::sys::backtrace::BacktraceLock>::print::DisplayBacktrace as core[a373ad73a504971]::fmt::Display>::fmt
[INFO] [stdout]    1:     0x5771e4daf53a - core[a373ad73a504971]::fmt::write
[INFO] [stdout]    2:     0x5771e4d9eb4c - <alloc[2e1b2a31b91974c5]::vec::Vec<u8> as core[a373ad73a504971]::io::write::Write>::write_fmt
[INFO] [stdout]    3:     0x5771e4d72ae6 - std[617be2ca0a6fd877]::panicking::default_hook::{closure#0}
[INFO] [stdout]    4:     0x5771e4d90f09 - std[617be2ca0a6fd877]::panicking::default_hook
[INFO] [stdout]    5:     0x5771e4d238a0 - test[aada8e7e76ba119b]::test_main_inner::{closure#0}
[INFO] [stdout]    6:     0x5771e4d910c2 - std[617be2ca0a6fd877]::panicking::panic_with_hook
[INFO] [stdout]    7:     0x5771e4d72b92 - std[617be2ca0a6fd877]::panicking::panic_handler::{closure#0}
[INFO] [stdout]    8:     0x5771e4d6ae09 - std[617be2ca0a6fd877]::sys::backtrace::__rust_end_short_backtrace::<std[617be2ca0a6fd877]::panicking::panic_handler::{closure#0}, !>
[INFO] [stdout]    9:     0x5771e4d7394d - __rustc[ea4f61d10b84890b]::rust_begin_unwind
[INFO] [stdout]   10:     0x5771e4dafc6c - core[a373ad73a504971]::panicking::panic_fmt
[INFO] [stdout]   11:     0x5771e4d06cc1 - cli[a2ca06c7ac970909]::cli::bkt::<std[617be2ca0a6fd877]::path::PathBuf>
[INFO] [stdout]   12:     0x5771e4d097de - <cli[a2ca06c7ac970909]::cli::respects_args::{closure#0} as core[a373ad73a504971]::ops::function::FnOnce<()>>::call_once
[INFO] [stdout]   13:     0x5771e4d16ceb - test[aada8e7e76ba119b]::__rust_begin_short_backtrace::<core[a373ad73a504971]::result::Result<(), alloc[2e1b2a31b91974c5]::string::String>, fn() -> core[a373ad73a504971]::result::Result<(), alloc[2e1b2a31b91974c5]::string::String>>
[INFO] [stdout]   14:     0x5771e4d23ec5 - test[aada8e7e76ba119b]::run_test::{closure#0}
[INFO] [stdout]   15:     0x5771e4d1d7b4 - std[617be2ca0a6fd877]::sys::backtrace::__rust_begin_short_backtrace::<test[aada8e7e76ba119b]::run_test::{closure#1}, ()>
[INFO] [stdout]   16:     0x5771e4d26f52 - <std[617be2ca0a6fd877]::thread::lifecycle::spawn_unchecked<test[aada8e7e76ba119b]::run_test::{closure#1}, ()>::{closure#1} as core[a373ad73a504971]::ops::function::FnOnce<()>>::call_once::{shim:vtable#0}
[INFO] [stdout]   17:     0x5771e4d9920f - <std[617be2ca0a6fd877]::sys::thread::unix::Thread>::new::thread_start
[INFO] [stdout]   18:     0x7b072e84bdfa - <unknown>
[INFO] [stdout]   19:     0x7b072e8df3d4 - clone
[INFO] [stdout]   20:                0x0 - <unknown>
[INFO] [stdout] 
[INFO] [stdout] ---- cli::respects_cache_scope stdout ----
[INFO] [stdout] 
[INFO] [stdout] thread 'cli::respects_cache_scope' (992) panicked at tests/cli.rs:33:9:
[INFO] [stdout] Could not find bkt binary in "/opt/rustwide/target/release/build/bkt/9231b851504fb5a5"
[INFO] [stdout] stack backtrace:
[INFO] [stdout]    0:     0x5771e4d99d11 - <<std[617be2ca0a6fd877]::sys::backtrace::BacktraceLock>::print::DisplayBacktrace as core[a373ad73a504971]::fmt::Display>::fmt
[INFO] [stdout]    1:     0x5771e4daf53a - core[a373ad73a504971]::fmt::write
[INFO] [stdout]    2:     0x5771e4d9eb4c - <alloc[2e1b2a31b91974c5]::vec::Vec<u8> as core[a373ad73a504971]::io::write::Write>::write_fmt
[INFO] [stdout]    3:     0x5771e4d72ae6 - std[617be2ca0a6fd877]::panicking::default_hook::{closure#0}
[INFO] [stdout]    4:     0x5771e4d90f09 - std[617be2ca0a6fd877]::panicking::default_hook
[INFO] [stdout]    5:     0x5771e4d238a0 - test[aada8e7e76ba119b]::test_main_inner::{closure#0}
[INFO] [stdout]    6:     0x5771e4d910c2 - std[617be2ca0a6fd877]::panicking::panic_with_hook
[INFO] [stdout]    7:     0x5771e4d72b92 - std[617be2ca0a6fd877]::panicking::panic_handler::{closure#0}
[INFO] [stdout]    8:     0x5771e4d6ae09 - std[617be2ca0a6fd877]::sys::backtrace::__rust_end_short_backtrace::<std[617be2ca0a6fd877]::panicking::panic_handler::{closure#0}, !>
[INFO] [stdout]    9:     0x5771e4d7394d - __rustc[ea4f61d10b84890b]::rust_begin_unwind
[INFO] [stdout]   10:     0x5771e4dafc6c - core[a373ad73a504971]::panicking::panic_fmt
[INFO] [stdout]   11:     0x5771e4d06cc1 - cli[a2ca06c7ac970909]::cli::bkt::<std[617be2ca0a6fd877]::path::PathBuf>
[INFO] [stdout]   12:     0x5771e4d0d9ee - <cli[a2ca06c7ac970909]::cli::respects_cache_scope::{closure#0} as core[a373ad73a504971]::ops::function::FnOnce<()>>::call_once
[INFO] [stdout]   13:     0x5771e4d16ceb - test[aada8e7e76ba119b]::__rust_begin_short_backtrace::<core[a373ad73a504971]::result::Result<(), alloc[2e1b2a31b91974c5]::string::String>, fn() -> core[a373ad73a504971]::result::Result<(), alloc[2e1b2a31b91974c5]::string::String>>
[INFO] [stdout]   14:     0x5771e4d23ec5 - test[aada8e7e76ba119b]::run_test::{closure#0}
[INFO] [stdout]   15:     0x5771e4d1d7b4 - std[617be2ca0a6fd877]::sys::backtrace::__rust_begin_short_backtrace::<test[aada8e7e76ba119b]::run_test::{closure#1}, ()>
[INFO] [stdout]   16:     0x5771e4d26f52 - <std[617be2ca0a6fd877]::thread::lifecycle::spawn_unchecked<test[aada8e7e76ba119b]::run_test::{closure#1}, ()>::{closure#1} as core[a373ad73a504971]::ops::function::FnOnce<()>>::call_once::{shim:vtable#0}
[INFO] [stdout]   17:     0x5771e4d9920f - <std[617be2ca0a6fd877]::sys::thread::unix::Thread>::new::thread_start
[INFO] [stdout]   18:     0x7b072e84bdfa - <unknown>
[INFO] [stdout]   19:     0x7b072e8df3d4 - clone
[INFO] [stdout]   20:                0x0 - <unknown>
[INFO] [stdout] 
[INFO] [stdout] 
[INFO] [stdout] failures:
[INFO] [stdout]     cli::cache_expires
[INFO] [stdout]     cli::cache_expires_separately
[INFO] [stdout]     cli::cache_hits_with_different_settings
[INFO] [stdout]     cli::cache_refreshes_in_background
[INFO] [stdout]     cli::cached
[INFO] [stdout]     cli::concurrent_call_race
[INFO] [stdout]     cli::discard_failure_cached_separately
[INFO] [stdout]     cli::discard_failures
[INFO] [stdout]     cli::discard_failures_in_background
[INFO] [stdout]     cli::exit_code_preserved
[INFO] [stdout]     cli::force
[INFO] [stdout]     cli::help
[INFO] [stdout]     cli::large_output
[INFO] [stdout]     cli::no_debug_output
[INFO] [stdout]     cli::output_preserved
[INFO] [stdout]     cli::respects_args
[INFO] [stdout]     cli::respects_cache_dir
[INFO] [stdout]     cli::respects_cache_scope
[INFO] [stdout]     cli::respects_cwd
[INFO] [stdout]     cli::respects_env
[INFO] [stdout]     cli::respects_modtime
[INFO] [stdout]     cli::respects_relative_cache
[INFO] [stdout]     cli::sensitive_output
[INFO] [stdout]     cli::streaming
[INFO] [stdout]     cli::truncated_output
[INFO] [stdout]     cli::warm
[INFO] [stdout] 
[INFO] [stdout] test result: FAILED. 1 passed; 26 failed; 0 ignored; 0 measured; 0 filtered out; finished in 0.05s
[INFO] [stdout] 
[INFO] running `Command { std: "docker" "inspect" "c3049fbf7957120af93179567b21a4c7cabb9fa5d0b694577ffbfffce87ac078", kill_on_drop: false }`
[INFO] running `Command { std: "docker" "rm" "-f" "c3049fbf7957120af93179567b21a4c7cabb9fa5d0b694577ffbfffce87ac078", kill_on_drop: false }`
[INFO] [stdout] c3049fbf7957120af93179567b21a4c7cabb9fa5d0b694577ffbfffce87ac078
