[INFO] fetching crate bitx 0.2.2...
[INFO] testing bitx-0.2.2 against 1.100.0-beta.1+cargoflags=--release for beta-release-1.100-2
[INFO] extracting crate bitx 0.2.2 into /workspace/builds/worker-6-tc2/source
[INFO] started tweaking crates.io crate bitx 0.2.2
[INFO] removed 0 missing tests
[INFO] finished tweaking crates.io crate bitx 0.2.2
[INFO] tweaked toml for crates.io crate bitx 0.2.2 written to /workspace/builds/worker-6-tc2/source/Cargo.toml
[INFO] validating manifest of crates.io crate bitx 0.2.2 on toolchain 1.100.0-beta.1
[INFO] running `Command { std: CARGO_HOME="/workspace/cargo-home" RUSTUP_HOME="/workspace/rustup-home" "/workspace/cargo-home/bin/cargo" "+1.100.0-beta.1" "metadata" "--manifest-path" "Cargo.toml" "--no-deps", kill_on_drop: false }`
[INFO] crate crates.io crate bitx 0.2.2 already has a lockfile, it will not be regenerated
[INFO] running `Command { std: CARGO_HOME="/workspace/cargo-home" RUSTUP_HOME="/workspace/rustup-home" "/workspace/cargo-home/bin/cargo" "+1.100.0-beta.1" "fetch" "--manifest-path" "Cargo.toml", kill_on_drop: false }`
[INFO] running `Command { std: "docker" "create" "-v" "/var/lib/crater-agent-workspace/builds/worker-6-tc2/source:/opt/rustwide/workdir:ro,Z" "-v" "/var/lib/crater-agent-workspace/builds/worker-6-tc2/target:/opt/rustwide/target:rw,Z" "-v" "/var/lib/crater-agent-workspace/cargo-home:/opt/rustwide/cargo-home:ro,Z" "-v" "/var/lib/crater-agent-workspace/rustup-home:/opt/rustwide/rustup-home:ro,Z" "-m" "1610612736" "--network" "none" "ghcr.io/rust-lang/crates-build-env/linux@sha256:77db811e55d90add9212f6832c23229e3de5f1c1f9905e8cb07319ea15df73ac" "sleep" "infinity", kill_on_drop: false }`
[INFO] [stdout] f75cff708b7cc2066b0909549af0a816f7748a5f82f59579dba60df034f1eee5
[INFO] running `Command { std: "docker" "start" "f75cff708b7cc2066b0909549af0a816f7748a5f82f59579dba60df034f1eee5", kill_on_drop: false }`
[INFO] running `Command { std: "docker" "inspect" "f75cff708b7cc2066b0909549af0a816f7748a5f82f59579dba60df034f1eee5", kill_on_drop: false }`
[INFO] running `Command { std: "docker" "exec" "-e" "SOURCE_DIR=/opt/rustwide/workdir" "-e" "CARGO_HOME=/opt/rustwide/cargo-home" "-e" "RUSTUP_HOME=/opt/rustwide/rustup-home" "-e" "CARGO_TARGET_DIR=/opt/rustwide/target" "-w" "/opt/rustwide/workdir" "--user" "0:0" "f75cff708b7cc2066b0909549af0a816f7748a5f82f59579dba60df034f1eee5" "/opt/rustwide/cargo-home/bin/cargo" "+1.100.0-beta.1" "metadata" "--no-deps" "--format-version=1", kill_on_drop: false }`
[INFO] running `Command { std: "docker" "inspect" "f75cff708b7cc2066b0909549af0a816f7748a5f82f59579dba60df034f1eee5", kill_on_drop: false }`
[INFO] running `Command { std: "docker" "exec" "-e" "SOURCE_DIR=/opt/rustwide/workdir" "-e" "CARGO_HOME=/opt/rustwide/cargo-home" "-e" "RUSTUP_HOME=/opt/rustwide/rustup-home" "-e" "CARGO_TARGET_DIR=/opt/rustwide/target" "-e" "CARGO_INCREMENTAL=0" "-e" "RUST_BACKTRACE=full" "-e" "RUSTFLAGS=--cap-lints=warn" "-e" "RUSTDOCFLAGS=--cap-lints=warn" "-w" "/opt/rustwide/workdir" "--user" "0:0" "f75cff708b7cc2066b0909549af0a816f7748a5f82f59579dba60df034f1eee5" "/opt/rustwide/cargo-home/bin/cargo" "+1.100.0-beta.1" "build" "--frozen" "--message-format=json" "--release", kill_on_drop: false }`
[INFO] [stderr]    Compiling syn v2.0.117
[INFO] [stderr]    Compiling bitx-macros v0.2.2
[INFO] [stderr]    Compiling bitx v0.2.2 (/opt/rustwide/workdir)
[INFO] [stderr]     Finished `release` profile [optimized] target(s) in 3.45s
[INFO] running `Command { std: "docker" "inspect" "f75cff708b7cc2066b0909549af0a816f7748a5f82f59579dba60df034f1eee5", kill_on_drop: false }`
[INFO] running `Command { std: "docker" "exec" "-e" "SOURCE_DIR=/opt/rustwide/workdir" "-e" "CARGO_HOME=/opt/rustwide/cargo-home" "-e" "RUSTUP_HOME=/opt/rustwide/rustup-home" "-e" "CARGO_TARGET_DIR=/opt/rustwide/target" "-e" "CARGO_INCREMENTAL=0" "-e" "RUST_BACKTRACE=full" "-e" "RUSTFLAGS=--cap-lints=warn" "-e" "RUSTDOCFLAGS=--cap-lints=warn" "-w" "/opt/rustwide/workdir" "--user" "0:0" "f75cff708b7cc2066b0909549af0a816f7748a5f82f59579dba60df034f1eee5" "/opt/rustwide/cargo-home/bin/cargo" "+1.100.0-beta.1" "test" "--frozen" "--no-run" "--message-format=json" "--release", kill_on_drop: false }`
[INFO] [stderr]    Compiling libc v0.2.186
[INFO] [stderr]    Compiling serde_core v1.0.228
[INFO] [stderr]    Compiling getrandom v0.3.4
[INFO] [stderr]    Compiling zerocopy v0.8.50
[INFO] [stderr]    Compiling rustix v1.1.4
[INFO] [stderr]    Compiling getrandom v0.4.2
[INFO] [stderr]    Compiling linux-raw-sys v0.12.1
[INFO] [stderr]    Compiling zmij v1.0.21
[INFO] [stderr]    Compiling autocfg v1.5.1
[INFO] [stderr]    Compiling once_cell v1.21.4
[INFO] [stderr]    Compiling winnow v1.0.3
[INFO] [stderr]    Compiling target-triple v1.0.0
[INFO] [stderr]    Compiling serde v1.0.228
[INFO] [stderr]    Compiling serde_json v1.0.150
[INFO] [stderr]    Compiling num-traits v0.2.19
[INFO] [stderr]    Compiling itoa v1.0.18
[INFO] [stderr]    Compiling toml_writer v1.1.1+spec-1.1.0
[INFO] [stderr]    Compiling toml_parser v1.1.2+spec-1.1.0
[INFO] [stderr]    Compiling fnv v1.0.7
[INFO] [stderr]    Compiling memchr v2.8.1
[INFO] [stderr]    Compiling quick-error v1.2.3
[INFO] [stderr]    Compiling bit-vec v0.8.0
[INFO] [stderr]    Compiling bit-set v0.8.0
[INFO] [stderr]    Compiling serde_derive v1.0.228
[INFO] [stderr]    Compiling rand_core v0.9.5
[INFO] [stderr]    Compiling wait-timeout v0.2.1
[INFO] [stderr]    Compiling rand v0.9.4
[INFO] [stderr]    Compiling rand_xorshift v0.4.0
[INFO] [stderr]    Compiling unarray v0.1.4
[INFO] [stderr]    Compiling termcolor v1.4.1
[INFO] [stderr]    Compiling regex-syntax v0.8.10
[INFO] [stderr]    Compiling glob v0.3.3
[INFO] [stderr]    Compiling tempfile v3.27.0
[INFO] [stderr]    Compiling rusty-fork v0.3.1
[INFO] [stderr]    Compiling toml_datetime v1.1.1+spec-1.1.0
[INFO] [stderr]    Compiling serde_spanned v1.1.1
[INFO] [stderr]    Compiling toml v1.1.2+spec-1.1.0
[INFO] [stderr]    Compiling trybuild v1.0.116
[INFO] [stderr]    Compiling ppv-lite86 v0.2.21
[INFO] [stderr]    Compiling rand_chacha v0.9.0
[INFO] [stderr]    Compiling proptest v1.11.0
[INFO] [stderr]    Compiling bitx v0.2.2 (/opt/rustwide/workdir)
[INFO] [stderr]     Finished `release` profile [optimized] target(s) in 1m 19s
[INFO] running `Command { std: "docker" "inspect" "f75cff708b7cc2066b0909549af0a816f7748a5f82f59579dba60df034f1eee5", kill_on_drop: false }`
[INFO] running `Command { std: "docker" "exec" "-e" "SOURCE_DIR=/opt/rustwide/workdir" "-e" "CARGO_HOME=/opt/rustwide/cargo-home" "-e" "RUSTUP_HOME=/opt/rustwide/rustup-home" "-e" "CARGO_TARGET_DIR=/opt/rustwide/target" "-e" "CARGO_INCREMENTAL=0" "-e" "RUST_BACKTRACE=full" "-e" "RUSTFLAGS=--cap-lints=warn" "-e" "RUSTDOCFLAGS=--cap-lints=warn" "-w" "/opt/rustwide/workdir" "--user" "0:0" "f75cff708b7cc2066b0909549af0a816f7748a5f82f59579dba60df034f1eee5" "/opt/rustwide/cargo-home/bin/cargo" "+1.100.0-beta.1" "test" "--frozen" "--release", kill_on_drop: false }`
[INFO] [stderr]     Finished `release` profile [optimized] target(s) in 0.17s
[INFO] [stderr]      Running unittests src/lib.rs (/opt/rustwide/target/release/build/bitx/06798eb06d71e12d/out/bitx-06798eb06d71e12d)
[INFO] [stderr]      Running tests/enum.rs (/opt/rustwide/target/release/build/bitx/0dc1ec99f0b71605/out/enum-0dc1ec99f0b71605)
[INFO] [stdout] 
[INFO] [stdout] running 0 tests
[INFO] [stdout] 
[INFO] [stdout] test result: ok. 0 passed; 0 failed; 0 ignored; 0 measured; 0 filtered out; finished in 0.00s
[INFO] [stdout] 
[INFO] [stdout] 
[INFO] [stdout] running 2 tests
[INFO] [stdout] test test_coverage ... ok
[INFO] [stdout] test test_fallback ... ok
[INFO] [stderr]      Running tests/enum_nested.rs (/opt/rustwide/target/release/build/bitx/79780767fe6d09d7/out/enum_nested-79780767fe6d09d7)
[INFO] [stdout] 
[INFO] [stdout] test result: ok. 2 passed; 0 failed; 0 ignored; 0 measured; 0 filtered out; finished in 0.00s
[INFO] [stdout] 
[INFO] [stdout] 
[INFO] [stdout] running 4 tests
[INFO] [stdout] test test_enum_full_coverage ... ok
[INFO] [stdout] test test_enum_attributes ... ok
[INFO] [stderr]      Running tests/enum_no_std.rs (/opt/rustwide/target/release/build/bitx/d5f24596db0eb24f/out/enum_no_std-d5f24596db0eb24f)
[INFO] [stdout] test test_enum_in_struct ... ok
[INFO] [stdout] test test_enum_with_fallback ... ok
[INFO] [stdout] 
[INFO] [stdout] test result: ok. 4 passed; 0 failed; 0 ignored; 0 measured; 0 filtered out; finished in 0.00s
[INFO] [stdout] 
[INFO] [stderr]      Running tests/ip.rs (/opt/rustwide/target/release/build/bitx/1a46db53e98bc6d6/out/ip-1a46db53e98bc6d6)
[INFO] [stdout] 
[INFO] [stdout] running 1 test
[INFO] [stdout] test test_enum_full_coverage ... ok
[INFO] [stdout] 
[INFO] [stdout] test result: ok. 1 passed; 0 failed; 0 ignored; 0 measured; 0 filtered out; finished in 0.00s
[INFO] [stdout] 
[INFO] [stdout] 
[INFO] [stdout] running 3 tests
[INFO] [stdout] test test_from_slice_bounds ... ok
[INFO] [stdout] test test_ipv4_header_extraction ... ok
[INFO] [stdout] test test_complex_unaligned_nested ... ok
[INFO] [stdout] 
[INFO] [stdout] test result: ok. 3 passed; 0 failed; 0 ignored; 0 measured; 0 filtered out; finished in 0.00s
[INFO] [stdout] 
[INFO] [stderr]      Running tests/proptest.rs (/opt/rustwide/target/release/build/bitx/f86c739e910f8a48/out/proptest-f86c739e910f8a48)
[INFO] [stdout] 
[INFO] [stdout] running 1 test
[INFO] [stdout] test fuzz_struct_reads ... ok
[INFO] [stdout] 
[INFO] [stdout] test result: ok. 1 passed; 0 failed; 0 ignored; 0 measured; 0 filtered out; finished in 0.00s
[INFO] [stdout] 
[INFO] [stderr]      Running tests/ui_tests.rs (/opt/rustwide/target/release/build/bitx/77b636c893bd280c/out/ui_tests-77b636c893bd280c)
[INFO] [stdout] 
[INFO] [stdout] running 1 test
[INFO] [stderr]    Compiling libc v0.2.186
[INFO] [stderr]     Checking cfg-if v1.0.4
[INFO] [stderr]    Compiling getrandom v0.3.4
[INFO] [stderr]    Compiling proc-macro2 v1.0.106
[INFO] [stderr]    Compiling unicode-ident v1.0.24
[INFO] [stderr]    Compiling quote v1.0.45
[INFO] [stderr]    Compiling getrandom v0.4.2
[INFO] [stderr]    Compiling rustix v1.1.4
[INFO] [stderr]    Compiling zerocopy v0.8.50
[INFO] [stderr]     Checking bitflags v2.11.1
[INFO] [stderr]    Compiling autocfg v1.5.1
[INFO] [stderr]     Checking linux-raw-sys v0.12.1
[INFO] [stderr]     Checking fastrand v2.4.1
[INFO] [stderr]     Checking once_cell v1.21.4
[INFO] [stderr]     Checking bit-vec v0.8.0
[INFO] [stderr]     Checking fnv v1.0.7
[INFO] [stderr]     Checking quick-error v1.2.3
[INFO] [stderr]     Checking regex-syntax v0.8.10
[INFO] [stderr]     Checking unarray v0.1.4
[INFO] [stderr]     Checking bit-set v0.8.0
[INFO] [stderr]    Compiling num-traits v0.2.19
[INFO] [stderr]    Compiling syn v2.0.117
[INFO] [stderr]     Checking wait-timeout v0.2.1
[INFO] [stderr]     Checking rand_core v0.9.5
[INFO] [stderr]     Checking rand v0.9.4
[INFO] [stderr]     Checking rand_xorshift v0.4.0
[INFO] [stderr]     Checking tempfile v3.27.0
[INFO] [stderr]     Checking rusty-fork v0.3.1
[INFO] [stderr]    Compiling bitx-macros v0.2.2
[INFO] [stderr]     Checking bitx v0.2.2 (/opt/rustwide/workdir)
[INFO] [stderr]     Checking ppv-lite86 v0.2.21
[INFO] [stderr]     Checking rand_chacha v0.9.0
[INFO] [stderr]     Checking proptest v1.11.0
[INFO] [stderr]     Checking bitx-tests v0.0.0 (/opt/rustwide/target/tests/trybuild/bitx)
[INFO] [stderr]     Finished `dev` profile [unoptimized + debuginfo] target(s) in 22.18s
[INFO] [stderr] 
[INFO] [stderr] 
[INFO] [stderr] test tests/ui/enum.empty.rs ... ok
[INFO] [stderr] test tests/ui/enum.overstuffed.rs ... ok
[INFO] [stderr] test tests/ui/field.align.lit.rs ... ok
[INFO] [stderr] test tests/ui/field.align.nested.rs ... mismatch
[INFO] [stderr] 
[INFO] [stderr] EXPECTED:
[INFO] [stderr] ┈┈┈┈┈┈┈┈┈┈┈┈┈┈┈┈┈┈┈┈┈┈┈┈┈┈┈┈┈┈┈┈┈┈┈┈┈┈┈┈┈┈┈┈┈┈┈┈┈┈┈┈┈┈┈┈┈┈┈┈
[INFO] [stderr] error[E0369]: no implementation for `() & ()`
[INFO] [stderr]   --> tests/ui/field.align.nested.rs:11:1
[INFO] [stderr]    |
[INFO] [stderr] 11 | / bits! {
[INFO] [stderr] 12 | |     pub struct HugePacket: 33.0 {
[INFO] [stderr] 13 | |         0.1 pub huge_field: LargeData,
[INFO] [stderr] ...  |
[INFO] [stderr] 16 | | }
[INFO] [stderr]    | |_^
[INFO] [stderr]    |
[INFO] [stderr]    = note: this error originates in the macro `bits` (in Nightly builds, run with -Z macro-backtrace for more info)
[INFO] [stderr] 
[INFO] [stderr] error[E0599]: no associated function or constant named `__from_mask` found for struct `LargeData` in the current scope
[INFO] [stderr]   --> tests/ui/field.align.nested.rs:11:1
[INFO] [stderr]    |
[INFO] [stderr]  4 |   pub struct LargeData([u8; 32]);
[INFO] [stderr]    |   -------------------- associated function or constant `__from_mask` not found for this struct
[INFO] [stderr] ...
[INFO] [stderr] 11 |   bits! {
[INFO] [stderr]    |  _^
[INFO] [stderr] 12 | |     pub struct HugePacket: 33.0 {
[INFO] [stderr] 13 | |         0.1 pub huge_field: LargeData,
[INFO] [stderr] ...  |
[INFO] [stderr] 16 | | }
[INFO] [stderr]    | |_^ associated function or constant not found in `LargeData`
[INFO] [stderr]    |
[INFO] [stderr]    = note: this error originates in the macro `bits` (in Nightly builds, run with -Z macro-backtrace for more info)
[INFO] [stderr] 
[INFO] [stderr] error[E0605]: non-primitive cast: `u128` as `()`
[INFO] [stderr]   --> tests/ui/field.align.nested.rs:11:1
[INFO] [stderr]    |
[INFO] [stderr] 11 | / bits! {
[INFO] [stderr] 12 | |     pub struct HugePacket: 33.0 {
[INFO] [stderr] 13 | |         0.1 pub huge_field: LargeData,
[INFO] [stderr] ...  |
[INFO] [stderr] 16 | | }
[INFO] [stderr]    | |_^ an `as` expression can only be used to convert between primitive types or to coerce to a specific trait object
[INFO] [stderr]    |
[INFO] [stderr]    = note: this error originates in the macro `bits` (in Nightly builds, run with -Z macro-backtrace for more info)
[INFO] [stderr] 
[INFO] [stderr] error[E0599]: no associated function or constant named `MAX` found for unit type `()` in the current scope
[INFO] [stderr]   --> tests/ui/field.align.nested.rs:11:1
[INFO] [stderr]    |
[INFO] [stderr] 11 |   bits! {
[INFO] [stderr]    |  _^
[INFO] [stderr] 12 | |     pub struct HugePacket: 33.0 {
[INFO] [stderr] 13 | |         0.1 pub huge_field: LargeData,
[INFO] [stderr] ...  |
[INFO] [stderr] 16 | | }
[INFO] [stderr]    | |_^ associated function or constant not found in `()`
[INFO] [stderr]    |
[INFO] [stderr]    = note: this error originates in the macro `bits` (in Nightly builds, run with -Z macro-backtrace for more info)
[INFO] [stderr] 
[INFO] [stderr] error[E0599]: no associated function or constant named `BITS` found for unit type `()` in the current scope
[INFO] [stderr]   --> tests/ui/field.align.nested.rs:11:1
[INFO] [stderr]    |
[INFO] [stderr] 11 |   bits! {
[INFO] [stderr]    |  _^
[INFO] [stderr] 12 | |     pub struct HugePacket: 33.0 {
[INFO] [stderr] 13 | |         0.1 pub huge_field: LargeData,
[INFO] [stderr] ...  |
[INFO] [stderr] 16 | | }
[INFO] [stderr]    | |_^ associated function or constant not found in `()`
[INFO] [stderr]    |
[INFO] [stderr]    = note: this error originates in the macro `bits` (in Nightly builds, run with -Z macro-backtrace for more info)
[INFO] [stderr] 
[INFO] [stderr] error[E0080]: evaluation panicked: bit-offseted field cannot exceed 128 bits
[INFO] [stderr]   --> tests/ui/field.align.nested.rs:11:1
[INFO] [stderr]    |
[INFO] [stderr] 11 | / bits! {
[INFO] [stderr] 12 | |     pub struct HugePacket: 33.0 {
[INFO] [stderr] 13 | |         0.1 pub huge_field: LargeData,
[INFO] [stderr] ...  |
[INFO] [stderr] 16 | | }
[INFO] [stderr]    | |_^ evaluation of `HugePacket::huge_field::_` failed here
[INFO] [stderr] ┈┈┈┈┈┈┈┈┈┈┈┈┈┈┈┈┈┈┈┈┈┈┈┈┈┈┈┈┈┈┈┈┈┈┈┈┈┈┈┈┈┈┈┈┈┈┈┈┈┈┈┈┈┈┈┈┈┈┈┈
[INFO] [stderr] 
[INFO] [stderr] ACTUAL OUTPUT:
[INFO] [stderr] ┈┈┈┈┈┈┈┈┈┈┈┈┈┈┈┈┈┈┈┈┈┈┈┈┈┈┈┈┈┈┈┈┈┈┈┈┈┈┈┈┈┈┈┈┈┈┈┈┈┈┈┈┈┈┈┈┈┈┈┈
[INFO] [stderr] error[E0369]: no implementation for `() & ()`
[INFO] [stderr]   --> tests/ui/field.align.nested.rs:11:1
[INFO] [stderr]    |
[INFO] [stderr] 11 | / bits! {
[INFO] [stderr] 12 | |     pub struct HugePacket: 33.0 {
[INFO] [stderr] 13 | |         0.1 pub huge_field: LargeData,
[INFO] [stderr] ...  |
[INFO] [stderr] 16 | | }
[INFO] [stderr]    | |_^
[INFO] [stderr]    |
[INFO] [stderr]    = note: this error originates in the macro `bits` (in Nightly builds, run with -Z macro-backtrace for more info)
[INFO] [stderr] 
[INFO] [stderr] error[E0599]: no associated function or constant named `__from_mask` found for struct `LargeData` in the current scope
[INFO] [stderr]   --> tests/ui/field.align.nested.rs:11:1
[INFO] [stderr]    |
[INFO] [stderr]  4 |   pub struct LargeData([u8; 32]);
[INFO] [stderr]    |   -------------------- associated function or constant `__from_mask` not found for this struct
[INFO] [stderr] ...
[INFO] [stderr] 11 | / bits! {
[INFO] [stderr] 12 | |     pub struct HugePacket: 33.0 {
[INFO] [stderr] 13 | |         0.1 pub huge_field: LargeData,
[INFO] [stderr] ...  |
[INFO] [stderr] 16 | | }
[INFO] [stderr]    | |_^ associated function or constant not found in `LargeData`
[INFO] [stderr]    |
[INFO] [stderr]    = note: this error originates in the macro `bits` (in Nightly builds, run with -Z macro-backtrace for more info)
[INFO] [stderr] 
[INFO] [stderr] error[E0605]: non-primitive cast: `u128` as `()`
[INFO] [stderr]   --> tests/ui/field.align.nested.rs:11:1
[INFO] [stderr]    |
[INFO] [stderr] 11 | / bits! {
[INFO] [stderr] 12 | |     pub struct HugePacket: 33.0 {
[INFO] [stderr] 13 | |         0.1 pub huge_field: LargeData,
[INFO] [stderr] ...  |
[INFO] [stderr] 16 | | }
[INFO] [stderr]    | |_^ an `as` expression can only be used to convert between primitive types or to coerce to a specific trait object
[INFO] [stderr]    |
[INFO] [stderr]    = note: this error originates in the macro `bits` (in Nightly builds, run with -Z macro-backtrace for more info)
[INFO] [stderr] 
[INFO] [stderr] error[E0599]: no associated function or constant named `MAX` found for unit type `()` in the current scope
[INFO] [stderr]   --> tests/ui/field.align.nested.rs:11:1
[INFO] [stderr]    |
[INFO] [stderr] 11 | / bits! {
[INFO] [stderr] 12 | |     pub struct HugePacket: 33.0 {
[INFO] [stderr] 13 | |         0.1 pub huge_field: LargeData,
[INFO] [stderr] ...  |
[INFO] [stderr] 16 | | }
[INFO] [stderr]    | |_^ associated function or constant not found in `()`
[INFO] [stderr]    |
[INFO] [stderr]    = note: this error originates in the macro `bits` (in Nightly builds, run with -Z macro-backtrace for more info)
[INFO] [stderr] 
[INFO] [stderr] error[E0599]: no associated function or constant named `BITS` found for unit type `()` in the current scope
[INFO] [stderr]   --> tests/ui/field.align.nested.rs:11:1
[INFO] [stderr]    |
[INFO] [stderr] 11 | / bits! {
[INFO] [stderr] 12 | |     pub struct HugePacket: 33.0 {
[INFO] [stderr] 13 | |         0.1 pub huge_field: LargeData,
[INFO] [stderr] ...  |
[INFO] [stderr] 16 | | }
[INFO] [stderr]    | |_^ associated function or constant not found in `()`
[INFO] [stderr]    |
[INFO] [stderr]    = note: this error originates in the macro `bits` (in Nightly builds, run with -Z macro-backtrace for more info)
[INFO] [stderr] 
[INFO] [stderr] error[E0080]: evaluation panicked: bit-offseted field cannot exceed 128 bits
[INFO] [stderr]   --> tests/ui/field.align.nested.rs:11:1
[INFO] [stderr]    |
[INFO] [stderr] 11 | / bits! {
[INFO] [stderr] 12 | |     pub struct HugePacket: 33.0 {
[INFO] [stderr] 13 | |         0.1 pub huge_field: LargeData,
[INFO] [stderr] ...  |
[INFO] [stderr] 16 | | }
[INFO] [stderr]    | |_^ evaluation of `HugePacket::huge_field::_` failed here
[INFO] [stderr] ┈┈┈┈┈┈┈┈┈┈┈┈┈┈┈┈┈┈┈┈┈┈┈┈┈┈┈┈┈┈┈┈┈┈┈┈┈┈┈┈┈┈┈┈┈┈┈┈┈┈┈┈┈┈┈┈┈┈┈┈
[INFO] [stderr] note: If the actual output is the correct output you can bless it by rerunning
[INFO] [stderr]       your test with the environment variable TRYBUILD=overwrite
[INFO] [stderr] 
[INFO] [stderr] test tests/ui/field.exceeds.rs ... ok
[INFO] [stderr] test tests/ui/offset.invalid.rs ... ok
[INFO] [stderr] test tests/ui/offset.suffix.rs ... ok
[INFO] [stderr] 
[INFO] [stderr] 
[INFO] [stderr] error: test failed, to rerun pass `--test ui_tests`
[INFO] [stdout] test ui ... FAILED
[INFO] [stdout] 
[INFO] [stdout] failures:
[INFO] [stdout] 
[INFO] [stdout] ---- ui stdout ----
[INFO] [stdout] 
[INFO] [stdout] thread 'ui' (1136) panicked at /opt/rustwide/cargo-home/registry/src/index.crates.io-1949cf8c6b5b557f/trybuild-1.0.116/src/run.rs:102:13:
[INFO] [stdout] 1 of 7 tests failed
[INFO] [stdout] stack backtrace:
[INFO] [stdout]    0:     0x5cc63e396a41 - <<std[617be2ca0a6fd877]::sys::backtrace::BacktraceLock>::print::DisplayBacktrace as core[a373ad73a504971]::fmt::Display>::fmt
[INFO] [stdout]    1:     0x5cc63e3acd2a - core[a373ad73a504971]::fmt::write
[INFO] [stdout]    2:     0x5cc63e39b28c - <alloc[2e1b2a31b91974c5]::vec::Vec<u8> as core[a373ad73a504971]::io::write::Write>::write_fmt
[INFO] [stdout]    3:     0x5cc63e36fea6 - std[617be2ca0a6fd877]::panicking::default_hook::{closure#0}
[INFO] [stdout]    4:     0x5cc63e38dfe9 - std[617be2ca0a6fd877]::panicking::default_hook
[INFO] [stdout]    5:     0x5cc63e3275f0 - test[aada8e7e76ba119b]::test_main_inner::{closure#0}
[INFO] [stdout]    6:     0x5cc63e38e1a2 - std[617be2ca0a6fd877]::panicking::panic_with_hook
[INFO] [stdout]    7:     0x5cc63e36ff52 - std[617be2ca0a6fd877]::panicking::panic_handler::{closure#0}
[INFO] [stdout]    8:     0x5cc63e3687a9 - std[617be2ca0a6fd877]::sys::backtrace::__rust_end_short_backtrace::<std[617be2ca0a6fd877]::panicking::panic_handler::{closure#0}, !>
[INFO] [stdout]    9:     0x5cc63e370b5d - __rustc[ea4f61d10b84890b]::rust_begin_unwind
[INFO] [stdout]   10:     0x5cc63e3ad49c - core[a373ad73a504971]::panicking::panic_fmt
[INFO] [stdout]   11:     0x5cc63e279acb - <trybuild[fc9c9166507025a9]::Runner>::run
[INFO] [stdout]   12:     0x5cc63e27cbe0 - <trybuild[fc9c9166507025a9]::TestCases as core[a373ad73a504971]::ops::drop::Drop>::drop
[INFO] [stdout]   13:     0x5cc63e272e38 - ui_tests[1f43a24d0be7537e]::ui
[INFO] [stdout]   14:     0x5cc63e273039 - <ui_tests[1f43a24d0be7537e]::ui::{closure#0} as core[a373ad73a504971]::ops::function::FnOnce<()>>::call_once
[INFO] [stdout]   15:     0x5cc63e31aa3b - test[aada8e7e76ba119b]::__rust_begin_short_backtrace::<core[a373ad73a504971]::result::Result<(), alloc[2e1b2a31b91974c5]::string::String>, fn() -> core[a373ad73a504971]::result::Result<(), alloc[2e1b2a31b91974c5]::string::String>>
[INFO] [stdout]   16:     0x5cc63e327c15 - test[aada8e7e76ba119b]::run_test::{closure#0}
[INFO] [stdout]   17:     0x5cc63e321504 - std[617be2ca0a6fd877]::sys::backtrace::__rust_begin_short_backtrace::<test[aada8e7e76ba119b]::run_test::{closure#1}, ()>
[INFO] [stdout]   18:     0x5cc63e32aca2 - <std[617be2ca0a6fd877]::thread::lifecycle::spawn_unchecked<test[aada8e7e76ba119b]::run_test::{closure#1}, ()>::{closure#1} as core[a373ad73a504971]::ops::function::FnOnce<()>>::call_once::{shim:vtable#0}
[INFO] [stdout]   19:     0x5cc63e395c9f - <std[617be2ca0a6fd877]::sys::thread::unix::Thread>::new::thread_start
[INFO] [stdout]   20:     0x736a227badfa - <unknown>
[INFO] [stdout]   21:     0x736a2284e3d4 - clone
[INFO] [stdout]   22:                0x0 - <unknown>
[INFO] [stdout] 
[INFO] [stdout] 
[INFO] [stdout] failures:
[INFO] [stdout]     ui
[INFO] [stdout] 
[INFO] [stdout] test result: FAILED. 0 passed; 1 failed; 0 ignored; 0 measured; 0 filtered out; finished in 35.91s
[INFO] [stdout] 
[INFO] running `Command { std: "docker" "inspect" "f75cff708b7cc2066b0909549af0a816f7748a5f82f59579dba60df034f1eee5", kill_on_drop: false }`
[INFO] running `Command { std: "docker" "rm" "-f" "f75cff708b7cc2066b0909549af0a816f7748a5f82f59579dba60df034f1eee5", kill_on_drop: false }`
[INFO] [stdout] f75cff708b7cc2066b0909549af0a816f7748a5f82f59579dba60df034f1eee5
