[INFO] fetching crate bepr 0.4.2...
[INFO] testing bepr-0.4.2 against 1.100.0-beta.1+cargoflags=--release for beta-release-1.100-2
[INFO] extracting crate bepr 0.4.2 into /workspace/builds/worker-0-tc2/source
[INFO] started tweaking crates.io crate bepr 0.4.2
[INFO] removed 0 missing tests
[INFO] finished tweaking crates.io crate bepr 0.4.2
[INFO] tweaked toml for crates.io crate bepr 0.4.2 written to /workspace/builds/worker-0-tc2/source/Cargo.toml
[INFO] validating manifest of crates.io crate bepr 0.4.2 on toolchain 1.100.0-beta.1
[INFO] running `Command { std: CARGO_HOME="/workspace/cargo-home" RUSTUP_HOME="/workspace/rustup-home" "/workspace/cargo-home/bin/cargo" "+1.100.0-beta.1" "metadata" "--manifest-path" "Cargo.toml" "--no-deps", kill_on_drop: false }`
[INFO] crate crates.io crate bepr 0.4.2 already has a lockfile, it will not be regenerated
[INFO] running `Command { std: CARGO_HOME="/workspace/cargo-home" RUSTUP_HOME="/workspace/rustup-home" "/workspace/cargo-home/bin/cargo" "+1.100.0-beta.1" "fetch" "--manifest-path" "Cargo.toml", kill_on_drop: false }`
[INFO] running `Command { std: "docker" "create" "-v" "/var/lib/crater-agent-workspace/builds/worker-0-tc2/source:/opt/rustwide/workdir:ro,Z" "-v" "/var/lib/crater-agent-workspace/builds/worker-0-tc2/target:/opt/rustwide/target:rw,Z" "-v" "/var/lib/crater-agent-workspace/cargo-home:/opt/rustwide/cargo-home:ro,Z" "-v" "/var/lib/crater-agent-workspace/rustup-home:/opt/rustwide/rustup-home:ro,Z" "-m" "1610612736" "--network" "none" "ghcr.io/rust-lang/crates-build-env/linux@sha256:77db811e55d90add9212f6832c23229e3de5f1c1f9905e8cb07319ea15df73ac" "sleep" "infinity", kill_on_drop: false }`
[INFO] [stdout] 9206b7e03f7c50c3ebc7f80983a00de008d301f06fa89fac397b655690fb658f
[INFO] running `Command { std: "docker" "start" "9206b7e03f7c50c3ebc7f80983a00de008d301f06fa89fac397b655690fb658f", kill_on_drop: false }`
[INFO] running `Command { std: "docker" "inspect" "9206b7e03f7c50c3ebc7f80983a00de008d301f06fa89fac397b655690fb658f", kill_on_drop: false }`
[INFO] running `Command { std: "docker" "exec" "-e" "SOURCE_DIR=/opt/rustwide/workdir" "-e" "CARGO_HOME=/opt/rustwide/cargo-home" "-e" "RUSTUP_HOME=/opt/rustwide/rustup-home" "-e" "CARGO_TARGET_DIR=/opt/rustwide/target" "-w" "/opt/rustwide/workdir" "--user" "0:0" "9206b7e03f7c50c3ebc7f80983a00de008d301f06fa89fac397b655690fb658f" "/opt/rustwide/cargo-home/bin/cargo" "+1.100.0-beta.1" "metadata" "--no-deps" "--format-version=1", kill_on_drop: false }`
[INFO] running `Command { std: "docker" "inspect" "9206b7e03f7c50c3ebc7f80983a00de008d301f06fa89fac397b655690fb658f", kill_on_drop: false }`
[INFO] running `Command { std: "docker" "exec" "-e" "SOURCE_DIR=/opt/rustwide/workdir" "-e" "CARGO_HOME=/opt/rustwide/cargo-home" "-e" "RUSTUP_HOME=/opt/rustwide/rustup-home" "-e" "CARGO_TARGET_DIR=/opt/rustwide/target" "-e" "CARGO_INCREMENTAL=0" "-e" "RUST_BACKTRACE=full" "-e" "RUSTFLAGS=--cap-lints=warn" "-e" "RUSTDOCFLAGS=--cap-lints=warn" "-w" "/opt/rustwide/workdir" "--user" "0:0" "9206b7e03f7c50c3ebc7f80983a00de008d301f06fa89fac397b655690fb658f" "/opt/rustwide/cargo-home/bin/cargo" "+1.100.0-beta.1" "build" "--frozen" "--message-format=json" "--release", kill_on_drop: false }`
[INFO] [stderr]    Compiling libc v0.2.186
[INFO] [stderr]    Compiling proc-macro2 v1.0.106
[INFO] [stderr]    Compiling quote v1.0.45
[INFO] [stderr]    Compiling cfg-if v1.0.4
[INFO] [stderr]    Compiling unicode-ident v1.0.24
[INFO] [stderr]    Compiling version_check v0.9.5
[INFO] [stderr]    Compiling typenum v1.20.1
[INFO] [stderr]    Compiling find-msvc-tools v0.1.9
[INFO] [stderr]    Compiling zeroize v1.8.2
[INFO] [stderr]    Compiling shlex v2.0.1
[INFO] [stderr]    Compiling zerocopy v0.8.50
[INFO] [stderr]    Compiling cpufeatures v0.2.17
[INFO] [stderr]    Compiling bytes v1.11.1
[INFO] [stderr]    Compiling subtle v2.6.1
[INFO] [stderr]    Compiling untrusted v0.9.0
[INFO] [stderr]    Compiling semver v1.0.28
[INFO] [stderr]    Compiling rustls v0.23.40
[INFO] [stderr]    Compiling pin-project-lite v0.2.17
[INFO] [stderr]    Compiling thiserror v1.0.69
[INFO] [stderr]    Compiling once_cell v1.21.4
[INFO] [stderr]    Compiling httparse v1.10.1
[INFO] [stderr]    Compiling itoa v1.0.18
[INFO] [stderr]    Compiling rustls-pki-types v1.14.1
[INFO] [stderr]    Compiling rustix v1.1.4
[INFO] [stderr]    Compiling bitflags v2.13.0
[INFO] [stderr]    Compiling cc v1.2.63
[INFO] [stderr]    Compiling generic-array v0.14.7
[INFO] [stderr]    Compiling slab v0.4.12
[INFO] [stderr]    Compiling data-encoding v2.11.0
[INFO] [stderr]    Compiling futures-core v0.3.32
[INFO] [stderr]    Compiling linux-raw-sys v0.12.1
[INFO] [stderr]    Compiling futures-task v0.3.32
[INFO] [stderr]    Compiling rustc_version v0.4.1
[INFO] [stderr]    Compiling signature v2.2.0
[INFO] [stderr]    Compiling openssl-probe v0.2.1
[INFO] [stderr]    Compiling futures-sink v0.3.32
[INFO] [stderr]    Compiling log v0.4.32
[INFO] [stderr]    Compiling byteorder v1.5.0
[INFO] [stderr]    Compiling utf-8 v0.7.6
[INFO] [stderr]    Compiling rustls-native-certs v0.8.4
[INFO] [stderr]    Compiling http v1.4.1
[INFO] [stderr]    Compiling futures-util v0.3.32
[INFO] [stderr]    Compiling ed25519 v2.2.3
[INFO] [stderr]    Compiling rustls-pemfile v2.2.0
[INFO] [stderr]    Compiling curve25519-dalek v4.1.3
[INFO] [stderr]    Compiling base64ct v1.8.3
[INFO] [stderr]    Compiling syn v2.0.117
[INFO] [stderr]    Compiling ring v0.17.14
[INFO] [stderr]    Compiling getrandom v0.2.17
[INFO] [stderr]    Compiling errno v0.3.14
[INFO] [stderr]    Compiling socket2 v0.6.4
[INFO] [stderr]    Compiling mio v1.2.1
[INFO] [stderr]    Compiling signal-hook-registry v1.4.8
[INFO] [stderr]    Compiling rand_core v0.6.4
[INFO] [stderr]    Compiling block-buffer v0.10.4
[INFO] [stderr]    Compiling crypto-common v0.1.7
[INFO] [stderr]    Compiling digest v0.10.7
[INFO] [stderr]    Compiling sha1 v0.10.6
[INFO] [stderr]    Compiling sha2 v0.10.9
[INFO] [stderr]    Compiling tokio-macros v2.7.0
[INFO] [stderr]    Compiling thiserror-impl v1.0.69
[INFO] [stderr]    Compiling curve25519-dalek-derive v0.1.1
[INFO] [stderr]    Compiling tokio v1.52.3
[INFO] [stderr]    Compiling ppv-lite86 v0.2.21
[INFO] [stderr]    Compiling rand_chacha v0.3.1
[INFO] [stderr]    Compiling rand v0.8.6
[INFO] [stderr]    Compiling ed25519-dalek v2.2.0
[INFO] [stderr]    Compiling rustls-webpki v0.103.13
[INFO] [stderr]    Compiling pty-process v0.5.3
[INFO] [stderr]    Compiling tokio-rustls v0.26.4
[INFO] [stderr]    Compiling tungstenite v0.24.0
[INFO] [stderr]    Compiling tokio-tungstenite v0.24.0
[INFO] [stderr]    Compiling bepr v0.4.2 (/opt/rustwide/workdir)
[INFO] [stderr]     Finished `release` profile [optimized] target(s) in 1m 06s
[INFO] running `Command { std: "docker" "inspect" "9206b7e03f7c50c3ebc7f80983a00de008d301f06fa89fac397b655690fb658f", kill_on_drop: false }`
[INFO] running `Command { std: "docker" "exec" "-e" "SOURCE_DIR=/opt/rustwide/workdir" "-e" "CARGO_HOME=/opt/rustwide/cargo-home" "-e" "RUSTUP_HOME=/opt/rustwide/rustup-home" "-e" "CARGO_TARGET_DIR=/opt/rustwide/target" "-e" "CARGO_INCREMENTAL=0" "-e" "RUST_BACKTRACE=full" "-e" "RUSTFLAGS=--cap-lints=warn" "-e" "RUSTDOCFLAGS=--cap-lints=warn" "-w" "/opt/rustwide/workdir" "--user" "0:0" "9206b7e03f7c50c3ebc7f80983a00de008d301f06fa89fac397b655690fb658f" "/opt/rustwide/cargo-home/bin/cargo" "+1.100.0-beta.1" "test" "--frozen" "--no-run" "--message-format=json" "--release", kill_on_drop: false }`
[INFO] [stderr]    Compiling bepr v0.4.2 (/opt/rustwide/workdir)
[INFO] [stderr]     Finished `release` profile [optimized] target(s) in 24.68s
[INFO] running `Command { std: "docker" "inspect" "9206b7e03f7c50c3ebc7f80983a00de008d301f06fa89fac397b655690fb658f", kill_on_drop: false }`
[INFO] running `Command { std: "docker" "exec" "-e" "SOURCE_DIR=/opt/rustwide/workdir" "-e" "CARGO_HOME=/opt/rustwide/cargo-home" "-e" "RUSTUP_HOME=/opt/rustwide/rustup-home" "-e" "CARGO_TARGET_DIR=/opt/rustwide/target" "-e" "CARGO_INCREMENTAL=0" "-e" "RUST_BACKTRACE=full" "-e" "RUSTFLAGS=--cap-lints=warn" "-e" "RUSTDOCFLAGS=--cap-lints=warn" "-w" "/opt/rustwide/workdir" "--user" "0:0" "9206b7e03f7c50c3ebc7f80983a00de008d301f06fa89fac397b655690fb658f" "/opt/rustwide/cargo-home/bin/cargo" "+1.100.0-beta.1" "test" "--frozen" "--release", kill_on_drop: false }`
[INFO] [stderr]     Finished `release` profile [optimized] target(s) in 0.11s
[INFO] [stderr]      Running unittests src/main.rs (/opt/rustwide/target/release/build/bepr/ee4423a8348c3baf/out/bepr-ee4423a8348c3baf)
[INFO] [stdout] 
[INFO] [stdout] running 34 tests
[INFO] [stdout] test cli::tests::parse_connect_args_rejects_missing_client_id ... ok
[INFO] [stdout] test config::tests::decode_hex_round_trips_encoded_bytes ... ok
[INFO] [stdout] test cli::tests::version_reports_package_version ... ok
[INFO] [stdout] test config::tests::decode_hex_rejects_odd_length ... ok
[INFO] [stdout] test cli::tests::parse_list_args_rejects_unknown_flag ... ok
[INFO] [stdout] test cli::tests::parse_connect_args_accepts_client_id ... ok
[INFO] [stdout] test config::tests::client_config_from_args_accepts_positional_hex_key ... ok
[INFO] [stdout] test config::tests::client_config_parse_reads_required_fields_and_shell ... ok
[INFO] [stdout] test cli::tests::parse_list_args_accepts_wss_socket_with_key ... ok
[INFO] [stdout] test cli::tests::lf_to_cr_translates_piped_newlines_for_pty_input ... ok
[INFO] [stdout] test config::tests::server_config_parse_requires_tls_cert ... ok
[INFO] [stdout] test config::tests::server_config_parse_rejects_unknown_key ... ok
[INFO] [stdout] test config::tests::client_config_parse_rejects_unknown_key ... ok
[INFO] [stdout] test config::tests::server_config_parse_requires_tls_key ... ok
[INFO] [stdout] test cli::tests::parse_connect_args_accepts_socket_flag ... ok
[INFO] [stdout] test config::tests::server_config_parse_defaults_bind ... ok
[INFO] [stdout] test config::tests::parse_public_key_reads_openssh_ed25519 ... ok
[INFO] [stdout] test config::tests::parse_public_key_rejects_non_ed25519_kind ... ok
[INFO] [stdout] test config::tests::server_config_parse_reads_all_fields ... ok
[INFO] [stdout] test config::tests::server_config_parse_requires_key_dir ... ok
[INFO] [stdout] test config::tests::signing_key_from_hex_rejects_wrong_length ... ok
[INFO] [stdout] test config::tests::load_public_keys_from_key_dir ... ok
[INFO] [stdout] test cli::tests::parse_connect_args_accepts_wss_socket_with_key ... ok
[INFO] [stdout] test config::tests::user_config_parse_reads_fields ... ok
[INFO] [stdout] test cli::tests::parse_list_args_accepts_no_args ... ok
[INFO] [stdout] test config::tests::client_config_parse_rejects_plaintext_ws_url ... ok
[INFO] [stdout] test config::tests::client_config_parse_defaults_shell ... ok
[INFO] [stdout] test config::tests::user_config_parse_rejects_plaintext_ws_url ... ok
[INFO] [stdout] test config::tests::user_config_parse_requires_private_key_path ... ok
[INFO] [stdout] test config::tests::user_config_parse_requires_server ... ok
[INFO] [stdout] test server::tests::list_sessions_uses_current_public_keys_map ... ok
[INFO] [stdout] test server::tests::network_operator_clears_to_operator_on_abrupt_disconnect ... ok
[INFO] [stdout] test server::tests::network_operator_allows_reconnect_after_disconnect ... ok
[INFO] [stdout] test server::tests::network_operator_heartbeat_detaches_unresponsive_operator ... ok
[INFO] [stdout] 
[INFO] [stdout] test result: ok. 34 passed; 0 failed; 0 ignored; 0 measured; 0 filtered out; finished in 0.43s
[INFO] [stdout] 
[INFO] [stderr]      Running tests/e2e.rs (/opt/rustwide/target/release/build/bepr/02eded39d44810e3/out/e2e-02eded39d44810e3)
[INFO] [stdout] 
[INFO] [stdout] running 5 tests
[INFO] [stderr]    Compiling libc v0.2.186
[INFO] [stderr]    Compiling proc-macro2 v1.0.106
[INFO] [stderr]    Compiling unicode-ident v1.0.24
[INFO] [stderr]    Compiling quote v1.0.45
[INFO] [stderr]    Compiling cfg-if v1.0.4
[INFO] [stderr]    Compiling version_check v0.9.5
[INFO] [stderr]    Compiling shlex v2.0.1
[INFO] [stderr]    Compiling zeroize v1.8.2
[INFO] [stderr]    Compiling find-msvc-tools v0.1.9
[INFO] [stderr]    Compiling typenum v1.20.1
[INFO] [stderr]    Compiling zerocopy v0.8.50
[INFO] [stderr]    Compiling subtle v2.6.1
[INFO] [stderr]    Compiling cpufeatures v0.2.17
[INFO] [stderr]    Compiling bytes v1.11.1
[INFO] [stderr]    Compiling untrusted v0.9.0
[INFO] [stderr]    Compiling pin-project-lite v0.2.17
[INFO] [stderr]    Compiling semver v1.0.28
[INFO] [stderr]    Compiling rustls v0.23.40
[INFO] [stderr]    Compiling thiserror v1.0.69
[INFO] [stderr]    Compiling once_cell v1.21.4
[INFO] [stderr]    Compiling rustls-pki-types v1.14.1
[INFO] [stderr]    Compiling httparse v1.10.1
[INFO] [stderr]    Compiling itoa v1.0.18
[INFO] [stderr]    Compiling cc v1.2.63
[INFO] [stderr]    Compiling rustix v1.1.4
[INFO] [stderr]    Compiling generic-array v0.14.7
[INFO] [stderr]    Compiling byteorder v1.5.0
[INFO] [stderr]    Compiling rustc_version v0.4.1
[INFO] [stderr]    Compiling utf-8 v0.7.6
[INFO] [stderr]    Compiling bitflags v2.13.0
[INFO] [stderr]    Compiling slab v0.4.12
[INFO] [stderr]    Compiling futures-core v0.3.32
[INFO] [stderr]    Compiling data-encoding v2.11.0
[INFO] [stderr]    Compiling linux-raw-sys v0.12.1
[INFO] [stderr]    Compiling curve25519-dalek v4.1.3
[INFO] [stderr]    Compiling futures-task v0.3.32
[INFO] [stderr]    Compiling signature v2.2.0
[INFO] [stderr]    Compiling openssl-probe v0.2.1
[INFO] [stderr]    Compiling log v0.4.32
[INFO] [stderr]    Compiling futures-sink v0.3.32
[INFO] [stderr]    Compiling ed25519 v2.2.3
[INFO] [stderr]    Compiling rustls-native-certs v0.8.4
[INFO] [stderr]    Compiling rustls-pemfile v2.2.0
[INFO] [stderr]    Compiling base64ct v1.8.3
[INFO] [stderr]    Compiling futures-util v0.3.32
[INFO] [stderr]    Compiling syn v2.0.117
[INFO] [stderr]    Compiling http v1.4.1
[INFO] [stderr]    Compiling ring v0.17.14
[INFO] [stderr]    Compiling crypto-common v0.1.7
[INFO] [stderr]    Compiling block-buffer v0.10.4
[INFO] [stderr]    Compiling digest v0.10.7
[INFO] [stderr]    Compiling getrandom v0.2.17
[INFO] [stderr]    Compiling errno v0.3.14
[INFO] [stderr]    Compiling socket2 v0.6.4
[INFO] [stderr]    Compiling mio v1.2.1
[INFO] [stderr]    Compiling sha1 v0.10.6
[INFO] [stderr]    Compiling sha2 v0.10.9
[INFO] [stderr]    Compiling signal-hook-registry v1.4.8
[INFO] [stderr]    Compiling rand_core v0.6.4
[INFO] [stderr]    Compiling tokio-macros v2.7.0
[INFO] [stderr]    Compiling thiserror-impl v1.0.69
[INFO] [stderr]    Compiling curve25519-dalek-derive v0.1.1
[INFO] [stderr]    Compiling tokio v1.52.3
[INFO] [stderr]    Compiling ed25519-dalek v2.2.0
[INFO] [stderr]    Compiling rustls-webpki v0.103.13
[INFO] [stderr]    Compiling ppv-lite86 v0.2.21
[INFO] [stderr]    Compiling rand_chacha v0.3.1
[INFO] [stderr]    Compiling rand v0.8.6
[INFO] [stderr]    Compiling pty-process v0.5.3
[INFO] [stderr]    Compiling tokio-rustls v0.26.4
[INFO] [stderr]    Compiling tungstenite v0.24.0
[INFO] [stderr]    Compiling tokio-tungstenite v0.24.0
[INFO] [stderr]    Compiling bepr v0.4.2 (/opt/rustwide/workdir)
[INFO] [stderr]     Finished `dev` profile [unoptimized + debuginfo] target(s) in 37.26s
[INFO] [stdout] test network_operator_uses_user_config_when_no_flags ... FAILED
[INFO] [stdout] test client_disconnect_clears_session_and_allows_reconnect ... FAILED
[INFO] [stdout] test network_operator_connects_and_pipes_shell_output ... FAILED
[INFO] [stdout] test authenticated_client_pipes_shell_output_to_server ... FAILED
[INFO] [stdout] test terminal_connect_pipes_tty_input_and_exits ... FAILED
[INFO] [stdout] 
[INFO] [stdout] failures:
[INFO] [stdout] 
[INFO] [stdout] ---- network_operator_uses_user_config_when_no_flags stdout ----
[INFO] [stdout] 
[INFO] [stdout] thread 'network_operator_uses_user_config_when_no_flags' (1399) panicked at tests/e2e.rs:439:18:
[INFO] [stdout] spawn bepr server: Os { code: 2, kind: NotFound, message: "No such file or directory" }
[INFO] [stdout] stack backtrace:
[INFO] [stdout]    0:     0x645f2f2cf247 - <unknown>
[INFO] [stdout]    1:     0x645f2f2b1e44 - <unknown>
[INFO] [stdout]    2:     0x645f2f2ce80b - <unknown>
[INFO] [stdout]    3:     0x645f2f2ce409 - <unknown>
[INFO] [stdout]    4:     0x645f2f2ce08a - <unknown>
[INFO] [stdout]    5:     0x645f2f2cdbbb - <unknown>
[INFO] [stdout]    6:     0x645f2f2f3991 - <unknown>
[INFO] [stdout]    7:     0x645f2f2f3949 - <unknown>
[INFO] [stdout]    8:     0x645f2f2f3e3c - <unknown>
[INFO] [stdout]    9:     0x645f2f2b1cdb - <unknown>
[INFO] [stdout]   10:     0x645f2f2b5401 - <unknown>
[INFO] [stdout]   11:     0x645f2f2a9aa7 - <unknown>
[INFO] [stdout]   12:     0x645f2f2ac38c - <unknown>
[INFO] [stdout]   13:     0x645f2f30c9cb - <unknown>
[INFO] [stdout]   14:     0x645f2f308726 - <unknown>
[INFO] [stdout]   15:     0x645f2f307e8c - <unknown>
[INFO] [stdout]   16:     0x645f2f3262ec - <unknown>
[INFO] [stdout]   17:     0x645f2f2f5a88 - <unknown>
[INFO] [stdout]   18:     0x71d81f249dfa - <unknown>
[INFO] [stdout]   19:     0x71d81f2dd3d4 - clone
[INFO] [stdout]   20:                0x0 - <unknown>
[INFO] [stdout] 
[INFO] [stdout] ---- client_disconnect_clears_session_and_allows_reconnect stdout ----
[INFO] [stdout] 
[INFO] [stdout] thread 'client_disconnect_clears_session_and_allows_reconnect' (1397) panicked at tests/e2e.rs:143:10:
[INFO] [stdout] spawn bepr server: Os { code: 2, kind: NotFound, message: "No such file or directory" }
[INFO] [stdout] stack backtrace:
[INFO] [stdout]    0:     0x645f2f2cf247 - <unknown>
[INFO] [stdout]    1:     0x645f2f2b1e44 - <unknown>
[INFO] [stdout]    2:     0x645f2f2ce80b - <unknown>
[INFO] [stdout]    3:     0x645f2f2ce409 - <unknown>
[INFO] [stdout]    4:     0x645f2f2ce08a - <unknown>
[INFO] [stdout]    5:     0x645f2f2cdbbb - <unknown>
[INFO] [stdout]    6:     0x645f2f2f3991 - <unknown>
[INFO] [stdout]    7:     0x645f2f2f3949 - <unknown>
[INFO] [stdout]    8:     0x645f2f2f3e3c - <unknown>
[INFO] [stdout]    9:     0x645f2f2b1cdb - <unknown>
[INFO] [stdout]   10:     0x645f2f2b5401 - <unknown>
[INFO] [stdout]   11:     0x645f2f2a9aa7 - <unknown>
[INFO] [stdout]   12:     0x645f2f2af5ec - <unknown>
[INFO] [stdout]   13:     0x645f2f30c9cb - <unknown>
[INFO] [stdout]   14:     0x645f2f308726 - <unknown>
[INFO] [stdout]   15:     0x645f2f307e8c - <unknown>
[INFO] [stdout]   16:     0x645f2f3262ec - <unknown>
[INFO] [stdout]   17:     0x645f2f2f5a88 - <unknown>
[INFO] [stdout]   18:     0x71d81f249dfa - <unknown>
[INFO] [stdout]   19:     0x71d81f2dd3d4 - clone
[INFO] [stdout]   20:                0x0 - <unknown>
[INFO] [stdout] 
[INFO] [stdout] ---- network_operator_connects_and_pipes_shell_output stdout ----
[INFO] [stdout] 
[INFO] [stdout] thread 'network_operator_connects_and_pipes_shell_output' (1398) panicked at tests/e2e.rs:349:18:
[INFO] [stdout] spawn bepr server: Os { code: 2, kind: NotFound, message: "No such file or directory" }
[INFO] [stdout] stack backtrace:
[INFO] [stdout]    0:     0x645f2f2cf247 - <unknown>
[INFO] [stdout]    1:     0x645f2f2b1e44 - <unknown>
[INFO] [stdout]    2:     0x645f2f2ce80b - <unknown>
[INFO] [stdout]    3:     0x645f2f2ce409 - <unknown>
[INFO] [stdout]    4:     0x645f2f2ce08a - <unknown>
[INFO] [stdout]    5:     0x645f2f2cdbbb - <unknown>
[INFO] [stdout]    6:     0x645f2f2f3991 - <unknown>
[INFO] [stdout]    7:     0x645f2f2f3949 - <unknown>
[INFO] [stdout]    8:     0x645f2f2f3e3c - <unknown>
[INFO] [stdout]    9:     0x645f2f2b1cdb - <unknown>
[INFO] [stdout]   10:     0x645f2f2b5401 - <unknown>
[INFO] [stdout]   11:     0x645f2f2a9aa7 - <unknown>
[INFO] [stdout]   12:     0x645f2f2ad544 - <unknown>
[INFO] [stdout]   13:     0x645f2f30c9cb - <unknown>
[INFO] [stdout]   14:     0x645f2f308726 - <unknown>
[INFO] [stdout]   15:     0x645f2f307e8c - <unknown>
[INFO] [stdout]   16:     0x645f2f3262ec - <unknown>
[INFO] [stdout]   17:     0x645f2f2f5a88 - <unknown>
[INFO] [stdout]   18:     0x71d81f249dfa - <unknown>
[INFO] [stdout]   19:     0x71d81f2dd3d4 - clone
[INFO] [stdout]   20:                0x0 - <unknown>
[INFO] [stdout] 
[INFO] [stdout] ---- authenticated_client_pipes_shell_output_to_server stdout ----
[INFO] [stdout] 
[INFO] [stdout] thread 'authenticated_client_pipes_shell_output_to_server' (1396) panicked at tests/e2e.rs:42:10:
[INFO] [stdout] spawn bepr server: Os { code: 2, kind: NotFound, message: "No such file or directory" }
[INFO] [stdout] stack backtrace:
[INFO] [stdout]    0:     0x645f2f2cf247 - <unknown>
[INFO] [stdout]    1:     0x645f2f2b1e44 - <unknown>
[INFO] [stdout]    2:     0x645f2f2ce80b - <unknown>
[INFO] [stdout]    3:     0x645f2f2ce409 - <unknown>
[INFO] [stdout]    4:     0x645f2f2ce08a - <unknown>
[INFO] [stdout]    5:     0x645f2f2cdbbb - <unknown>
[INFO] [stdout]    6:     0x645f2f2f3991 - <unknown>
[INFO] [stdout]    7:     0x645f2f2f3949 - <unknown>
[INFO] [stdout]    8:     0x645f2f2f3e3c - <unknown>
[INFO] [stdout]    9:     0x645f2f2b1cdb - <unknown>
[INFO] [stdout]   10:     0x645f2f2b5401 - <unknown>
[INFO] [stdout]   11:     0x645f2f2a9aa7 - <unknown>
[INFO] [stdout]   12:     0x645f2f2ae4db - <unknown>
[INFO] [stdout]   13:     0x645f2f30c9cb - <unknown>
[INFO] [stdout]   14:     0x645f2f308726 - <unknown>
[INFO] [stdout]   15:     0x645f2f307e8c - <unknown>
[INFO] [stdout]   16:     0x645f2f3262ec - <unknown>
[INFO] [stdout]   17:     0x645f2f2f5a88 - <unknown>
[INFO] [stdout]   18:     0x71d81f249dfa - <unknown>
[INFO] [stdout]   19:     0x71d81f2dd3d4 - clone
[INFO] [stdout]   20:                0x0 - <unknown>
[INFO] [stdout] 
[INFO] [stdout] ---- terminal_connect_pipes_tty_input_and_exits stdout ----
[INFO] [stdout] 
[INFO] [stdout] thread 'terminal_connect_pipes_tty_input_and_exits' (1400) panicked at tests/e2e.rs:267:10:
[INFO] [stdout] spawn bepr server: Os { code: 2, kind: NotFound, message: "No such file or directory" }
[INFO] [stdout] stack backtrace:
[INFO] [stdout]    0:     0x645f2f2cf247 - <unknown>
[INFO] [stdout]    1:     0x645f2f2b1e44 - <unknown>
[INFO] [stdout]    2:     0x645f2f2ce80b - <unknown>
[INFO] [stdout]    3:     0x645f2f2ce409 - <unknown>
[INFO] [stdout]    4:     0x645f2f2ce08a - <unknown>
[INFO] [stdout]    5:     0x645f2f2cdbbb - <unknown>
[INFO] [stdout]    6:     0x645f2f2f3991 - <unknown>
[INFO] [stdout]    7:     0x645f2f2f3949 - <unknown>
[INFO] [stdout]    8:     0x645f2f2f3e3c - <unknown>
[INFO] [stdout]    9:     0x645f2f2b1cdb - <unknown>
[INFO] [stdout]   10:     0x645f2f2b5401 - <unknown>
[INFO] [stdout]   11:     0x645f2f2a9aa7 - <unknown>
[INFO] [stdout]   12:     0x645f2f2aa66f - <unknown>
[INFO] [stdout]   13:     0x645f2f30c9cb - <unknown>
[INFO] [stdout]   14:     0x645f2f308726 - <unknown>
[INFO] [stdout]   15:     0x645f2f307e8c - <unknown>
[INFO] [stdout]   16:     0x645f2f3262ec - <unknown>
[INFO] [stdout]   17:     0x645f2f2f5a88 - <unknown>
[INFO] [stdout]   18:     0x71d81f249dfa - <unknown>
[INFO] [stdout]   19:     0x71d81f2dd3d4 - clone
[INFO] [stdout]   20:                0x0 - <unknown>
[INFO] [stdout] 
[INFO] [stdout] 
[INFO] [stdout] failures:
[INFO] [stdout]     authenticated_client_pipes_shell_output_to_server
[INFO] [stdout]     client_disconnect_clears_session_and_allows_reconnect
[INFO] [stdout]     network_operator_connects_and_pipes_shell_output
[INFO] [stdout]     network_operator_uses_user_config_when_no_flags
[INFO] [stdout]     terminal_connect_pipes_tty_input_and_exits
[INFO] [stdout] 
[INFO] [stdout] test result: FAILED. 0 passed; 5 failed; 0 ignored; 0 measured; 0 filtered out; finished in 37.91s
[INFO] [stdout] 
[INFO] [stderr] error: test failed, to rerun pass `--test e2e`
[INFO] running `Command { std: "docker" "inspect" "9206b7e03f7c50c3ebc7f80983a00de008d301f06fa89fac397b655690fb658f", kill_on_drop: false }`
[INFO] running `Command { std: "docker" "rm" "-f" "9206b7e03f7c50c3ebc7f80983a00de008d301f06fa89fac397b655690fb658f", kill_on_drop: false }`
[INFO] [stdout] 9206b7e03f7c50c3ebc7f80983a00de008d301f06fa89fac397b655690fb658f
